2019-06-04 19:02:51.003 725 DEBUG glanceclient.common.http [-] Request returned failure status 404. _handle_response /usr/lib/python2.7/site-packages/glanceclient/common/http.py:125
2019-06-04 19:02:51.036 725 DEBUG glanceclient.common.http [-] Request returned failure status 404. _handle_response /usr/lib/python2.7/site-packages/glanceclient/common/http.py:125
2019-06-04 19:02:51.060 725 DEBUG glanceclient.common.http [-] Request returned failure status 404. _handle_response /usr/lib/python2.7/site-packages/glanceclient/common/http.py:125
2019-06-04 19:02:51.220 725 DEBUG glanceclient.common.http [-] Request returned failure status 404. _handle_response /usr/lib/python2.7/site-packages/glanceclient/common/http.py:125
2019-06-04 19:02:51.227 725 DEBUG glanceclient.common.http [-] Request returned failure status 404. _handle_response /usr/lib/python2.7/site-packages/glanceclient/common/http.py:125
2019-06-04 19:02:51.248 725 DEBUG glanceclient.common.http [-] Request returned failure status 404. _handle_response /usr/lib/python2.7/site-packages/glanceclient/common/http.py:125
2019-06-04 19:02:51.266 725 DEBUG glanceclient.common.http [-] Request returned failure status 404. _handle_response /usr/lib/python2.7/site-packages/glanceclient/common/http.py:125
2019-06-04 19:02:51.292 725 DEBUG glanceclient.common.http [-] Request returned failure status 404. _handle_response /usr/lib/python2.7/site-packages/glanceclient/common/http.py:125
2019-06-04 19:02:51.293 725 DEBUG glanceclient.common.http [-] Request returned failure status 404. _handle_response /usr/lib/python2.7/site-packages/glanceclient/common/http.py:125
2019-06-04 19:02:51.293 725 DEBUG glanceclient.common.http [-] Request returned failure status 404. _handle_response /usr/lib/python2.7/site-packages/glanceclient/common/http.py:125
2019-06-04 19:02:51.313 725 DEBUG glanceclient.common.http [-] Request returned failure status 404. _handle_response /usr/lib/python2.7/site-packages/glanceclient/common/http.py:125
2019-06-04 19:02:51.457 725 DEBUG glanceclient.common.http [-] Request returned failure status 404. _handle_response /usr/lib/python2.7/site-packages/glanceclient/common/http.py:125
2019-06-04 19:02:51.504 725 DEBUG glanceclient.common.http [-] Request returned failure status 404. _handle_response /usr/lib/python2.7/site-packages/glanceclient/common/http.py:125
2019-06-04 19:02:51.630 725 DEBUG glanceclient.common.http [-] Request returned failure status 404. _handle_response /usr/lib/python2.7/site-packages/glanceclient/common/http.py:125
2019-06-04 19:02:52.633 725 INFO rally.task.context [-] Task 8c8ce18c-8043-4b44-98b9-abb630c801a9 | Context cleanup@openstack cleanup() finished in 8.39 sec
2019-06-04 19:02:52.634 725 INFO rally.task.context [-] Task 8c8ce18c-8043-4b44-98b9-abb630c801a9 | Context users@openstack cleanup() started
2019-06-04 19:03:00.840 725 INFO rally.task.context [-] Task 8c8ce18c-8043-4b44-98b9-abb630c801a9 | Context users@openstack cleanup() finished in 8.21 sec
2019-06-04 19:03:02.248 725 INFO rally.task.engine [-] Load duration is: 16.492022
2019-06-04 19:03:02.248 725 INFO rally.task.engine [-] Full runner duration is: 17.407236
2019-06-04 19:03:02.249 725 INFO rally.task.engine [-] Full duration is: 38.772023
2019-06-04 19:03:02.560 725 INFO rally.task.engine [-] Running workload: position = 0 config = { "version": 2, "title": "A cropped version of a bigger task.", "description": "Auto-generated task from a single workload (uuid=ac111424-c254-4f7d-a075-68c2fcc490da)", "subtasks": [ { "title": "GlanceImages.create_and_download_image", "description": "Create an image, then download data of the image.", "scenario": { "GlanceImages.create_and_download_image": { "container_format": "bare", "disk_format": "qcow2", "image_location": "/home/opnfv/functest/images/cirros-0.4.0-x86_64-disk.img" } }, "contexts": { "users": { "tenants": 3, "users_per_tenant": 2 } }, "runner": { "constant": { "concurrency": 4, "times": 10 } }, "hooks": [], "sla": { "failure_rate": { "max": 0 } } } ] }
2019-06-04 19:03:02.583 725 RALLYDEBUG rally_openstack.contexts.keystone.users [-] Creating 3 tenants using 20 threads
2019-06-04 19:03:04.571 725 RALLYDEBUG rally_openstack.contexts.keystone.users [-] Creating 6 users using 20 threads
2019-06-04 19:03:07.426 725 INFO rally.task.context [-] Task 8c8ce18c-8043-4b44-98b9-abb630c801a9 | Context users@openstack setup() finished in 4.84 sec
2019-06-04 19:03:07.427 725 INFO rally.task.context [-] Task 8c8ce18c-8043-4b44-98b9-abb630c801a9 | Context cleanup@openstack setup() finished in 0.01 msec
2019-06-04 19:03:07.435 725 RALLYDEBUG rally.task.runner [-] Starting the constant runner (task UUID: 8c8ce18c-8043-4b44-98b9-abb630c801a9). timeout: 0 concurrency: 4 concurrency_per_worker: 1 times: 10 concurrency_overhead: 0 processes_to_start: 4 max_cpu_used: 16
2019-06-04 19:03:07.447 1509 RALLYDEBUG rally.task.runner [-] Starting a worker. concurrency: 1 args: {"container_format": "bare", "disk_format": "qcow2", "image_location": "/home/opnfv/functest/images/cirros-0.4.0-x86_64-disk.img"} times: 10 method_name: run timeout: 0 duration: None cls:
2019-06-04 19:03:07.452 1509 INFO rally.task.runner [-] Task 8c8ce18c-8043-4b44-98b9-abb630c801a9 | ITER: 1 START
2019-06-04 19:03:07.452 1511 RALLYDEBUG rally.task.runner [-] Starting a worker. concurrency: 1 args: {"container_format": "bare", "disk_format": "qcow2", "image_location": "/home/opnfv/functest/images/cirros-0.4.0-x86_64-disk.img"} times: 10 method_name: run timeout: 0 duration: None cls:
2019-06-04 19:03:07.451 1510 RALLYDEBUG rally.task.runner [-] Starting a worker. concurrency: 1 args: {"container_format": "bare", "disk_format": "qcow2", "image_location": "/home/opnfv/functest/images/cirros-0.4.0-x86_64-disk.img"} times: 10 method_name: run timeout: 0 duration: None cls:
2019-06-04 19:03:07.457 1511 INFO rally.task.runner [-] Task 8c8ce18c-8043-4b44-98b9-abb630c801a9 | ITER: 2 START
2019-06-04 19:03:07.458 1510 INFO rally.task.runner [-] Task 8c8ce18c-8043-4b44-98b9-abb630c801a9 | ITER: 3 START
2019-06-04 19:03:07.459 1512 RALLYDEBUG rally.task.runner [-] Starting a worker. concurrency: 1 args: {"container_format": "bare", "disk_format": "qcow2", "image_location": "/home/opnfv/functest/images/cirros-0.4.0-x86_64-disk.img"} times: 10 method_name: run timeout: 0 duration: None cls:
2019-06-04 19:03:07.467 1512 INFO rally.task.runner [-] Task 8c8ce18c-8043-4b44-98b9-abb630c801a9 | ITER: 4 START
2019-06-04 19:03:11.237 1510 RALLYDEBUG rally.task.utils [-] Waiting for resource u'be2da70b-936f-4d69-8d33-d0e72adaeb31'. Status changed: NONE => QUEUED in 0.519712924957
2019-06-04 19:03:11.329 1512 RALLYDEBUG rally.task.utils [-] Waiting for resource u'cbbf2649-b389-4c9c-b66c-ca603f1fc29d'. Status changed: NONE => QUEUED in 0.291224956512
2019-06-04 19:03:11.339 1511 RALLYDEBUG rally.task.utils [-] Waiting for resource u'23055aa7-5fd2-4995-bec9-bcceb2500fec'. Status changed: NONE => QUEUED in 0.31467294693
2019-06-04 19:03:11.391 1509 RALLYDEBUG rally.task.utils [-] Waiting for resource u'34e01e67-06ad-4f48-ab8d-641a72c82211'. Status changed: NONE => QUEUED in 0.298634052277
2019-06-04 19:03:11.984 1510 RALLYDEBUG rally.task.utils [-] Waiting for resource s_rally_ac111424_hfYGz986. Status changed: QUEUED => ACTIVE in 0.303237915039
2019-06-04 19:03:12.612 1510 INFO rally.task.runner [-] Task 8c8ce18c-8043-4b44-98b9-abb630c801a9 | ITER: 3 END: OK
2019-06-04 19:03:12.616 1510 INFO rally.task.runner [-] Task 8c8ce18c-8043-4b44-98b9-abb630c801a9 | ITER: 5 START
2019-06-04 19:03:12.734 1511 RALLYDEBUG rally.task.utils [-] Waiting for resource s_rally_ac111424_tgkWcZwT. Status changed: QUEUED => ACTIVE in 0.0177729129791
2019-06-04 19:03:12.757 1509 RALLYDEBUG rally.task.utils [-] Waiting for resource s_rally_ac111424_JB8ZIzPo. Status changed: QUEUED => ACTIVE in 0.0229268074036
2019-06-04 19:03:13.071 1512 RALLYDEBUG rally.task.utils [-] Waiting for resource s_rally_ac111424_PRClpGv8. Status changed: QUEUED => ACTIVE in 0.212134122849
2019-06-04 19:03:13.313 1511 INFO rally.task.runner [-] Task 8c8ce18c-8043-4b44-98b9-abb630c801a9 | ITER: 2 END: OK
2019-06-04 19:03:13.317 1511 INFO rally.task.runner [-] Task 8c8ce18c-8043-4b44-98b9-abb630c801a9 | ITER: 6 START
2019-06-04 19:03:13.320 1509 INFO rally.task.runner [-] Task 8c8ce18c-8043-4b44-98b9-abb630c801a9 | ITER: 1 END: OK
2019-06-04 19:03:13.324 1509 INFO rally.task.runner [-] Task 8c8ce18c-8043-4b44-98b9-abb630c801a9 | ITER: 7 START
2019-06-04 19:03:13.535 1512 INFO rally.task.runner [-] Task 8c8ce18c-8043-4b44-98b9-abb630c801a9 | ITER: 4 END: OK
2019-06-04 19:03:13.539 1512 INFO rally.task.runner [-] Task 8c8ce18c-8043-4b44-98b9-abb630c801a9 | ITER: 8 START
2019-06-04 19:03:16.696 1510 RALLYDEBUG rally.task.utils [-] Waiting for resource u'bfae3985-f9ba-4eb3-abd6-6c5946b7739e'. Status changed: NONE => QUEUED in 0.521502017975
2019-06-04 19:03:17.003 1512 RALLYDEBUG rally.task.utils [-] Waiting for resource u'3e0b03ca-91eb-4433-b76e-5bbf9ae80fb3'. Status changed: NONE => QUEUED in 0.223555088043
2019-06-04 19:03:17.082 1509 RALLYDEBUG rally.task.utils [-] Waiting for resource u'6e773668-adb7-476b-990e-fa5909793310'. Status changed: NONE => QUEUED in 0.526607990265
2019-06-04 19:03:17.100 1511 RALLYDEBUG rally.task.utils [-] Waiting for resource u'bf7c253f-5295-4f19-8342-a10cd336ce7d'. Status changed: NONE => QUEUED in 0.603407859802
2019-06-04 19:03:18.280 1510 RALLYDEBUG rally.task.utils [-] Waiting for resource s_rally_ac111424_hOuqcUj4. Status changed: QUEUED => ACTIVE in 0.301647901535
2019-06-04 19:03:18.304 1512 RALLYDEBUG rally.task.utils [-] Waiting for resource s_rally_ac111424_OeBkRd6j. Status changed: QUEUED => ACTIVE in 0.311830997467
2019-06-04 19:03:18.625 1510 INFO rally.task.runner [-] Task 8c8ce18c-8043-4b44-98b9-abb630c801a9 | ITER: 5 END: OK
2019-06-04 19:03:18.629 1510 INFO rally.task.runner [-] Task 8c8ce18c-8043-4b44-98b9-abb630c801a9 | ITER: 9 START
2019-06-04 19:03:18.776 1509 RALLYDEBUG rally.task.utils [-] Waiting for resource s_rally_ac111424_UTkp2wpx. Status changed: QUEUED => ACTIVE in 0.0179800987244
2019-06-04 19:03:18.818 1512 INFO rally.task.runner [-] Task 8c8ce18c-8043-4b44-98b9-abb630c801a9 | ITER: 8 END: OK
2019-06-04 19:03:18.821 1512 INFO rally.task.runner [-] Task 8c8ce18c-8043-4b44-98b9-abb630c801a9 | ITER: 10 START
2019-06-04 19:03:18.974 1511 RALLYDEBUG rally.task.utils [-] Waiting for resource s_rally_ac111424_q6HltAuz. Status changed: QUEUED => ACTIVE in 0.227742195129
2019-06-04 19:03:19.303 1509 INFO rally.task.runner [-] Task 8c8ce18c-8043-4b44-98b9-abb630c801a9 | ITER: 7 END: OK
2019-06-04 19:03:19.425 1511 INFO rally.task.runner [-] Task 8c8ce18c-8043-4b44-98b9-abb630c801a9 | ITER: 6 END: OK
2019-06-04 19:03:22.706 1510 RALLYDEBUG rally.task.utils [-] Waiting for resource u'a5f46b3d-b73d-4627-b91b-023907084b97'. Status changed: NONE => QUEUED in 0.590143918991
2019-06-04 19:03:22.877 1512 RALLYDEBUG rally.task.utils [-] Waiting for resource u'f6969919-adca-43f1-9346-369a6a2c7e09'. Status changed: NONE => QUEUED in 0.596382141113
2019-06-04 19:03:23.968 1512 RALLYDEBUG rally.task.utils [-] Waiting for resource s_rally_ac111424_c6r6Xpw1. Status changed: QUEUED => ACTIVE in 0.0190348625183
2019-06-04 19:03:23.985 1510 RALLYDEBUG rally.task.utils [-] Waiting for resource s_rally_ac111424_97rM4Exq. Status changed: QUEUED => ACTIVE in 0.0188670158386
2019-06-04 19:03:24.791 1510 INFO rally.task.runner [-] Task 8c8ce18c-8043-4b44-98b9-abb630c801a9 | ITER: 9 END: OK
2019-06-04 19:03:24.803 1512 INFO rally.task.runner [-] Task 8c8ce18c-8043-4b44-98b9-abb630c801a9 | ITER: 10 END: OK
2019-06-04 19:03:24.834 725 INFO rally.task.context [-] Task 8c8ce18c-8043-4b44-98b9-abb630c801a9 | Context cleanup@openstack cleanup() started
2019-06-04 19:03:24.837 725 RALLYDEBUG rally_openstack.cleanup.manager [-] Cleaning up glance images objects
2019-06-04 19:03:28.880 725 RALLYDEBUG rally_openstack.cleanup.manager [-] Deleting glance.images object s_rally_ac111424_UTkp2wpx (6e773668-adb7-476b-990e-fa5909793310)
2019-06-04 19:03:28.882 725 RALLYDEBUG rally_openstack.cleanup.manager [-] Deleting glance.images object s_rally_ac111424_JB8ZIzPo (34e01e67-06ad-4f48-ab8d-641a72c82211)
2019-06-04 19:03:28.886 725 RALLYDEBUG rally_openstack.cleanup.manager [-] Deleting glance.images object s_rally_ac111424_c6r6Xpw1 (f6969919-adca-43f1-9346-369a6a2c7e09)
2019-06-04 19:03:28.900 725 RALLYDEBUG rally_openstack.cleanup.manager [-] Deleting glance.images object s_rally_ac111424_hOuqcUj4 (bfae3985-f9ba-4eb3-abd6-6c5946b7739e)
2019-06-04 19:03:28.900 725 RALLYDEBUG rally_openstack.cleanup.manager [-] Deleting glance.images object s_rally_ac111424_q6HltAuz (bf7c253f-5295-4f19-8342-a10cd336ce7d)
2019-06-04 19:03:28.917 725 RALLYDEBUG rally_openstack.cleanup.manager [-] Deleting glance.images object s_rally_ac111424_PRClpGv8 (cbbf2649-b389-4c9c-b66c-ca603f1fc29d)
2019-06-04 19:03:28.917 725 RALLYDEBUG rally_openstack.cleanup.manager [-] Deleting glance.images object s_rally_ac111424_tgkWcZwT (23055aa7-5fd2-4995-bec9-bcceb2500fec)
2019-06-04 19:03:28.918 725 RALLYDEBUG rally_openstack.cleanup.manager [-] Deleting glance.images object s_rally_ac111424_97rM4Exq (a5f46b3d-b73d-4627-b91b-023907084b97)
2019-06-04 19:03:28.926 725 RALLYDEBUG rally_openstack.cleanup.manager [-] Deleting glance.images object s_rally_ac111424_OeBkRd6j (3e0b03ca-91eb-4433-b76e-5bbf9ae80fb3)
2019-06-04 19:03:28.926 725 RALLYDEBUG rally_openstack.cleanup.manager [-] Deleting glance.images object s_rally_ac111424_hfYGz986 (be2da70b-936f-4d69-8d33-d0e72adaeb31)
2019-06-04 19:03:31.001 725 DEBUG glanceclient.common.http [-] Request returned failure status 404. _handle_response /usr/lib/python2.7/site-packages/glanceclient/common/http.py:125
2019-06-04 19:03:31.025 725 DEBUG glanceclient.common.http [-] Request returned failure status 404. _handle_response /usr/lib/python2.7/site-packages/glanceclient/common/http.py:125
2019-06-04 19:03:31.061 725 DEBUG glanceclient.common.http [-] Request returned failure status 404. _handle_response /usr/lib/python2.7/site-packages/glanceclient/common/http.py:125
2019-06-04 19:03:31.269 725 DEBUG glanceclient.common.http [-] Request returned failure status 404. _handle_response /usr/lib/python2.7/site-packages/glanceclient/common/http.py:125
2019-06-04 19:03:31.290 725 DEBUG glanceclient.common.http [-] Request returned failure status 404. _handle_response /usr/lib/python2.7/site-packages/glanceclient/common/http.py:125
2019-06-04 19:03:31.293 725 DEBUG glanceclient.common.http [-] Request returned failure status 404. _handle_response /usr/lib/python2.7/site-packages/glanceclient/common/http.py:125
2019-06-04 19:03:31.298 725 DEBUG glanceclient.common.http [-] Request returned failure status 404. _handle_response /usr/lib/python2.7/site-packages/glanceclient/common/http.py:125
2019-06-04 19:03:31.353 725 DEBUG glanceclient.common.http [-] Request returned failure status 404. _handle_response /usr/lib/python2.7/site-packages/glanceclient/common/http.py:125
2019-06-04 19:03:31.397 725 DEBUG glanceclient.common.http [-] Request returned failure status 404. _handle_response /usr/lib/python2.7/site-packages/glanceclient/common/http.py:125
2019-06-04 19:03:31.410 725 DEBUG glanceclient.common.http [-] Request returned failure status 404. _handle_response /usr/lib/python2.7/site-packages/glanceclient/common/http.py:125
2019-06-04 19:03:31.424 725 DEBUG glanceclient.common.http [-] Request returned failure status 404. _handle_response /usr/lib/python2.7/site-packages/glanceclient/common/http.py:125
2019-06-04 19:03:31.437 725 DEBUG glanceclient.common.http [-] Request returned failure status 404. _handle_response /usr/lib/python2.7/site-packages/glanceclient/common/http.py:125
2019-06-04 19:03:31.582 725 DEBUG glanceclient.common.http [-] Request returned failure status 404. _handle_response /usr/lib/python2.7/site-packages/glanceclient/common/http.py:125
2019-06-04 19:03:31.584 725 DEBUG glanceclient.common.http [-] Request returned failure status 404. _handle_response /usr/lib/python2.7/site-packages/glanceclient/common/http.py:125
2019-06-04 19:03:31.608 725 DEBUG glanceclient.common.http [-] Request returned failure status 404. _handle_response /usr/lib/python2.7/site-packages/glanceclient/common/http.py:125
2019-06-04 19:03:31.615 725 DEBUG glanceclient.common.http [-] Request returned failure status 404. _handle_response /usr/lib/python2.7/site-packages/glanceclient/common/http.py:125
2019-06-04 19:03:31.953 725 DEBUG glanceclient.common.http [-] Request returned failure status 404. _handle_response /usr/lib/python2.7/site-packages/glanceclient/common/http.py:125
2019-06-04 19:03:32.216 725 DEBUG glanceclient.common.http [-] Request returned failure status 404. _handle_response /usr/lib/python2.7/site-packages/glanceclient/common/http.py:125
2019-06-04 19:03:32.229 725 DEBUG glanceclient.common.http [-] Request returned failure status 404. _handle_response /usr/lib/python2.7/site-packages/glanceclient/common/http.py:125
2019-06-04 19:03:32.250 725 DEBUG glanceclient.common.http [-] Request returned failure status 404. _handle_response /usr/lib/python2.7/site-packages/glanceclient/common/http.py:125
2019-06-04 19:03:33.253 725 INFO rally.task.context [-] Task 8c8ce18c-8043-4b44-98b9-abb630c801a9 | Context cleanup@openstack cleanup() finished in 8.42 sec
2019-06-04 19:03:33.253 725 INFO rally.task.context [-] Task 8c8ce18c-8043-4b44-98b9-abb630c801a9 | Context users@openstack cleanup() started
2019-06-04 19:03:41.673 725 INFO rally.task.context [-] Task 8c8ce18c-8043-4b44-98b9-abb630c801a9 | Context users@openstack cleanup() finished in 8.42 sec
2019-06-04 19:03:42.764 725 INFO rally.task.engine [-] Load duration is: 16.466966
2019-06-04 19:03:42.764 725 INFO rally.task.engine [-] Full runner duration is: 17.398742
2019-06-04 19:03:42.765 725 INFO rally.task.engine [-] Full duration is: 39.093876
2019-06-04 19:03:43.041 725 INFO rally.task.engine [-] Running workload: position = 0 config = { "version": 2, "title": "A cropped version of a bigger task.", "description": "Auto-generated task from a single workload (uuid=1e3877cd-6fd4-4fa6-8341-8f32359d606a)", "subtasks": [ { "title": "GlanceImages.create_and_get_image", "description": "Create and get detailed information of an image.", "scenario": { "GlanceImages.create_and_get_image": { "container_format": "bare", "disk_format": "qcow2", "image_location": "/home/opnfv/functest/images/cirros-0.4.0-x86_64-disk.img" } }, "contexts": { "users": { "tenants": 3, "users_per_tenant": 2 } }, "runner": { "constant": { "concurrency": 4, "times": 10 } }, "hooks": [], "sla": { "failure_rate": { "max": 0 } } } ] }
2019-06-04 19:03:43.084 725 RALLYDEBUG rally_openstack.contexts.keystone.users [-] Creating 3 tenants using 20 threads
2019-06-04 19:03:44.979 725 RALLYDEBUG rally_openstack.contexts.keystone.users [-] Creating 6 users using 20 threads
2019-06-04 19:03:47.888 725 INFO rally.task.context [-] Task 8c8ce18c-8043-4b44-98b9-abb630c801a9 | Context users@openstack setup() finished in 4.80 sec
2019-06-04 19:03:47.888 725 INFO rally.task.context [-] Task 8c8ce18c-8043-4b44-98b9-abb630c801a9 | Context cleanup@openstack setup() finished in 0.01 msec
2019-06-04 19:03:47.896 725 RALLYDEBUG rally.task.runner [-] Starting the constant runner (task UUID: 8c8ce18c-8043-4b44-98b9-abb630c801a9). timeout: 0 concurrency: 4 concurrency_per_worker: 1 times: 10 concurrency_overhead: 0 processes_to_start: 4 max_cpu_used: 16
2019-06-04 19:03:47.907 1633 RALLYDEBUG rally.task.runner [-] Starting a worker. concurrency: 1 args: {"container_format": "bare", "disk_format": "qcow2", "image_location": "/home/opnfv/functest/images/cirros-0.4.0-x86_64-disk.img"} times: 10 method_name: run timeout: 0 duration: None cls:
2019-06-04 19:03:47.913 1633 INFO rally.task.runner [-] Task 8c8ce18c-8043-4b44-98b9-abb630c801a9 | ITER: 1 START
2019-06-04 19:03:47.912 1634 RALLYDEBUG rally.task.runner [-] Starting a worker. concurrency: 1 args: {"container_format": "bare", "disk_format": "qcow2", "image_location": "/home/opnfv/functest/images/cirros-0.4.0-x86_64-disk.img"} times: 10 method_name: run timeout: 0 duration: None cls:
2019-06-04 19:03:47.916 1637 RALLYDEBUG rally.task.runner [-] Starting a worker. concurrency: 1 args: {"container_format": "bare", "disk_format": "qcow2", "image_location": "/home/opnfv/functest/images/cirros-0.4.0-x86_64-disk.img"} times: 10 method_name: run timeout: 0 duration: None cls:
2019-06-04 19:03:47.915 1635 RALLYDEBUG rally.task.runner [-] Starting a worker. concurrency: 1 args: {"container_format": "bare", "disk_format": "qcow2", "image_location": "/home/opnfv/functest/images/cirros-0.4.0-x86_64-disk.img"} times: 10 method_name: run timeout: 0 duration: None cls:
2019-06-04 19:03:47.919 1634 INFO rally.task.runner [-] Task 8c8ce18c-8043-4b44-98b9-abb630c801a9 | ITER: 2 START
2019-06-04 19:03:47.920 1637 INFO rally.task.runner [-] Task 8c8ce18c-8043-4b44-98b9-abb630c801a9 | ITER: 3 START
2019-06-04 19:03:47.921 1635 INFO rally.task.runner [-] Task 8c8ce18c-8043-4b44-98b9-abb630c801a9 | ITER: 4 START
2019-06-04 19:03:52.021 1637 RALLYDEBUG rally.task.utils [-] Waiting for resource u'8b5874eb-fd25-4bb3-9717-7d1a24297857'. Status changed: NONE => QUEUED in 0.544512033463
2019-06-04 19:03:52.116 1633 RALLYDEBUG rally.task.utils [-] Waiting for resource u'd7bf6d72-2e5c-4cf1-9edd-ac2ffd7862cd'. Status changed: NONE => QUEUED in 0.584839105606
2019-06-04 19:03:52.126 1634 RALLYDEBUG rally.task.utils [-] Waiting for resource u'087936ef-1669-4f42-a4a3-22a9615483e9'. Status changed: NONE => QUEUED in 0.572830200195
2019-06-04 19:03:52.197 1635 RALLYDEBUG rally.task.utils [-] Waiting for resource u'ff9f925f-192b-45a5-a710-f2c0030cb874'. Status changed: NONE => QUEUED in 0.609016895294
2019-06-04 19:03:52.778 1637 RALLYDEBUG rally.task.utils [-] Waiting for resource s_rally_1e3877cd_GEOGsbSk. Status changed: QUEUED => ACTIVE in 0.0177450180054
2019-06-04 19:03:52.796 1637 INFO rally.task.runner [-] Task 8c8ce18c-8043-4b44-98b9-abb630c801a9 | ITER: 3 END: OK
2019-06-04 19:03:52.799 1637 INFO rally.task.runner [-] Task 8c8ce18c-8043-4b44-98b9-abb630c801a9 | ITER: 5 START
2019-06-04 19:03:54.146 1634 RALLYDEBUG rally.task.utils [-] Waiting for resource s_rally_1e3877cd_z2TEivpP. Status changed: QUEUED => ACTIVE in 0.245747089386
2019-06-04 19:03:54.151 1633 RALLYDEBUG rally.task.utils [-] Waiting for resource s_rally_1e3877cd_cbMY9Bif. Status changed: QUEUED => ACTIVE in 0.252182006836
2019-06-04 19:03:54.167 1634 INFO rally.task.runner [-] Task 8c8ce18c-8043-4b44-98b9-abb630c801a9 | ITER: 2 END: OK
2019-06-04 19:03:54.171 1634 INFO rally.task.runner [-] Task 8c8ce18c-8043-4b44-98b9-abb630c801a9 | ITER: 6 START
2019-06-04 19:03:54.200 1635 RALLYDEBUG rally.task.utils [-] Waiting for resource s_rally_1e3877cd_D6qcMWvM. Status changed: QUEUED => ACTIVE in 0.33543920517
2019-06-04 19:03:54.219 1635 INFO rally.task.runner [-] Task 8c8ce18c-8043-4b44-98b9-abb630c801a9 | ITER: 4 END: OK
2019-06-04 19:03:54.223 1635 INFO rally.task.runner [-] Task 8c8ce18c-8043-4b44-98b9-abb630c801a9 | ITER: 7 START
2019-06-04 19:03:54.483 1633 INFO rally.task.runner [-] Task 8c8ce18c-8043-4b44-98b9-abb630c801a9 | ITER: 1 END: OK
2019-06-04 19:03:54.487 1633 INFO rally.task.runner [-] Task 8c8ce18c-8043-4b44-98b9-abb630c801a9 | ITER: 8 START
2019-06-04 19:03:56.767 1637 RALLYDEBUG rally.task.utils [-] Waiting for resource u'de18270e-8657-4e13-84eb-5ca25a946a8c'. Status changed: NONE => QUEUED in 0.501729011536
2019-06-04 19:03:57.783 1637 RALLYDEBUG rally.task.utils [-] Waiting for resource s_rally_1e3877cd_P0SCbRCl. Status changed: QUEUED => ACTIVE in 0.0178070068359
2019-06-04 19:03:58.011 1637 INFO rally.task.runner [-] Task 8c8ce18c-8043-4b44-98b9-abb630c801a9 | ITER: 5 END: OK
2019-06-04 19:03:58.014 1637 INFO rally.task.runner [-] Task 8c8ce18c-8043-4b44-98b9-abb630c801a9 | ITER: 9 START
2019-06-04 19:03:58.041 1635 RALLYDEBUG rally.task.utils [-] Waiting for resource u'6464523b-5963-41c4-9a91-38a5f8be78e0'. Status changed: NONE => QUEUED in 0.512872934341
2019-06-04 19:03:58.188 1634 RALLYDEBUG rally.task.utils [-] Waiting for resource u'aa108848-471c-4500-9673-8032a0fc335a'. Status changed: NONE => QUEUED in 0.534290075302
2019-06-04 19:03:58.501 1633 RALLYDEBUG rally.task.utils [-] Waiting for resource u'ef5940ec-94d3-4e01-aff5-3a2ba4beba9d'. Status changed: NONE => QUEUED in 0.414521932602
2019-06-04 19:03:58.880 1634 RALLYDEBUG rally.task.utils [-] Waiting for resource s_rally_1e3877cd_afIbo1KF. Status changed: QUEUED => ACTIVE in 0.0190131664276
2019-06-04 19:03:58.888 1635 RALLYDEBUG rally.task.utils [-] Waiting for resource s_rally_1e3877cd_JIJmZukl. Status changed: QUEUED => ACTIVE in 0.0174739360809
2019-06-04 19:03:58.906 1635 INFO rally.task.runner [-] Task 8c8ce18c-8043-4b44-98b9-abb630c801a9 | ITER: 7 END: OK
2019-06-04 19:03:58.909 1635 INFO rally.task.runner [-] Task 8c8ce18c-8043-4b44-98b9-abb630c801a9 | ITER: 10 START
2019-06-04 19:03:59.090 1634 INFO rally.task.runner [-] Task 8c8ce18c-8043-4b44-98b9-abb630c801a9 | ITER: 6 END: OK
2019-06-04 19:04:00.270 1633 RALLYDEBUG rally.task.utils [-] Waiting for resource s_rally_1e3877cd_V068LCnn. Status changed: QUEUED => ACTIVE in 0.310242891312
2019-06-04 19:04:00.561 1633 INFO rally.task.runner [-] Task 8c8ce18c-8043-4b44-98b9-abb630c801a9 | ITER: 8 END: OK
2019-06-04 19:04:02.385 1637 RALLYDEBUG rally.task.utils [-] Waiting for resource u'93851f91-725a-44f6-81f5-ecf50a3dea67'. Status changed: NONE => QUEUED in 0.607172966003
2019-06-04 19:04:02.859 1635 RALLYDEBUG rally.task.utils [-] Waiting for resource u'3a48dfa5-7a26-41e1-93d4-96ec65fb104c'. Status changed: NONE => QUEUED in 0.488281011581
2019-06-04 19:04:03.739 1637 RALLYDEBUG rally.task.utils [-] Waiting for resource s_rally_1e3877cd_usu6aGmo. Status changed: QUEUED => ACTIVE in 0.0175368785858
2019-06-04 19:04:03.774 1635 RALLYDEBUG rally.task.utils [-] Waiting for resource s_rally_1e3877cd_kXmKOU3H. Status changed: QUEUED => ACTIVE in 0.0173010826111
2019-06-04 19:04:04.019 1637 INFO rally.task.runner [-] Task 8c8ce18c-8043-4b44-98b9-abb630c801a9 | ITER: 9 END: OK
2019-06-04 19:04:04.093 1635 INFO rally.task.runner [-] Task 8c8ce18c-8043-4b44-98b9-abb630c801a9 | ITER: 10 END: OK
2019-06-04 19:04:04.122 725 INFO rally.task.context [-] Task 8c8ce18c-8043-4b44-98b9-abb630c801a9 | Context cleanup@openstack cleanup() started
2019-06-04 19:04:04.124 725 RALLYDEBUG rally_openstack.cleanup.manager [-] Cleaning up glance images objects
2019-06-04 19:04:08.312 725 RALLYDEBUG rally_openstack.cleanup.manager [-] Deleting glance.images object s_rally_1e3877cd_kXmKOU3H (3a48dfa5-7a26-41e1-93d4-96ec65fb104c)
2019-06-04 19:04:08.313 725 RALLYDEBUG rally_openstack.cleanup.manager [-] Deleting glance.images object s_rally_1e3877cd_P0SCbRCl (de18270e-8657-4e13-84eb-5ca25a946a8c)
2019-06-04 19:04:08.315 725 RALLYDEBUG rally_openstack.cleanup.manager [-] Deleting glance.images object s_rally_1e3877cd_usu6aGmo (93851f91-725a-44f6-81f5-ecf50a3dea67)
2019-06-04 19:04:08.318 725 RALLYDEBUG rally_openstack.cleanup.manager [-] Deleting glance.images object s_rally_1e3877cd_cbMY9Bif (d7bf6d72-2e5c-4cf1-9edd-ac2ffd7862cd)
2019-06-04 19:04:08.319 725 RALLYDEBUG rally_openstack.cleanup.manager [-] Deleting glance.images object s_rally_1e3877cd_V068LCnn (ef5940ec-94d3-4e01-aff5-3a2ba4beba9d)
2019-06-04 19:04:08.320 725 RALLYDEBUG rally_openstack.cleanup.manager [-] Deleting glance.images object s_rally_1e3877cd_afIbo1KF (aa108848-471c-4500-9673-8032a0fc335a)
2019-06-04 19:04:08.320 725 RALLYDEBUG rally_openstack.cleanup.manager [-] Deleting glance.images object s_rally_1e3877cd_z2TEivpP (087936ef-1669-4f42-a4a3-22a9615483e9)
2019-06-04 19:04:08.322 725 RALLYDEBUG rally_openstack.cleanup.manager [-] Deleting glance.images object s_rally_1e3877cd_D6qcMWvM (ff9f925f-192b-45a5-a710-f2c0030cb874)
2019-06-04 19:04:08.325 725 RALLYDEBUG rally_openstack.cleanup.manager [-] Deleting glance.images object s_rally_1e3877cd_GEOGsbSk (8b5874eb-fd25-4bb3-9717-7d1a24297857)
2019-06-04 19:04:08.347 725 RALLYDEBUG rally_openstack.cleanup.manager [-] Deleting glance.images object s_rally_1e3877cd_JIJmZukl (6464523b-5963-41c4-9a91-38a5f8be78e0)
2019-06-04 19:04:10.181 725 DEBUG glanceclient.common.http [-] Request returned failure status 404. _handle_response /usr/lib/python2.7/site-packages/glanceclient/common/http.py:125
2019-06-04 19:04:10.206 725 DEBUG glanceclient.common.http [-] Request returned failure status 404. _handle_response /usr/lib/python2.7/site-packages/glanceclient/common/http.py:125
2019-06-04 19:04:10.219 725 DEBUG glanceclient.common.http [-] Request returned failure status 404. _handle_response /usr/lib/python2.7/site-packages/glanceclient/common/http.py:125
2019-06-04 19:04:10.480 725 DEBUG glanceclient.common.http [-] Request returned failure status 404. _handle_response /usr/lib/python2.7/site-packages/glanceclient/common/http.py:125
2019-06-04 19:04:10.843 725 DEBUG glanceclient.common.http [-] Request returned failure status 404. _handle_response /usr/lib/python2.7/site-packages/glanceclient/common/http.py:125
2019-06-04 19:04:10.863 725 DEBUG glanceclient.common.http [-] Request returned failure status 404. _handle_response /usr/lib/python2.7/site-packages/glanceclient/common/http.py:125
2019-06-04 19:04:10.872 725 DEBUG glanceclient.common.http [-] Request returned failure status 404. _handle_response /usr/lib/python2.7/site-packages/glanceclient/common/http.py:125
2019-06-04 19:04:10.886 725 DEBUG glanceclient.common.http [-] Request returned failure status 404. _handle_response /usr/lib/python2.7/site-packages/glanceclient/common/http.py:125
2019-06-04 19:04:10.889 725 DEBUG glanceclient.common.http [-] Request returned failure status 404. _handle_response /usr/lib/python2.7/site-packages/glanceclient/common/http.py:125
2019-06-04 19:04:11.070 725 DEBUG glanceclient.common.http [-] Request returned failure status 404. _handle_response /usr/lib/python2.7/site-packages/glanceclient/common/http.py:125
2019-06-04 19:04:11.080 725 DEBUG glanceclient.common.http [-] Request returned failure status 404. _handle_response /usr/lib/python2.7/site-packages/glanceclient/common/http.py:125
2019-06-04 19:04:11.182 725 DEBUG glanceclient.common.http [-] Request returned failure status 404. _handle_response /usr/lib/python2.7/site-packages/glanceclient/common/http.py:125
2019-06-04 19:04:13.367 725 DEBUG glanceclient.common.http [-] Request returned failure status 404. _handle_response /usr/lib/python2.7/site-packages/glanceclient/common/http.py:125
2019-06-04 19:04:13.595 725 DEBUG glanceclient.common.http [-] Request returned failure status 404. _handle_response /usr/lib/python2.7/site-packages/glanceclient/common/http.py:125
2019-06-04 19:04:13.626 725 DEBUG glanceclient.common.http [-] Request returned failure status 404. _handle_response /usr/lib/python2.7/site-packages/glanceclient/common/http.py:125
2019-06-04 19:04:13.630 725 DEBUG glanceclient.common.http [-] Request returned failure status 404. _handle_response /usr/lib/python2.7/site-packages/glanceclient/common/http.py:125
2019-06-04 19:04:13.684 725 DEBUG glanceclient.common.http [-] Request returned failure status 404. _handle_response /usr/lib/python2.7/site-packages/glanceclient/common/http.py:125
2019-06-04 19:04:13.803 725 DEBUG glanceclient.common.http [-] Request returned failure status 404. _handle_response /usr/lib/python2.7/site-packages/glanceclient/common/http.py:125
2019-06-04 19:04:13.842 725 DEBUG glanceclient.common.http [-] Request returned failure status 404. _handle_response /usr/lib/python2.7/site-packages/glanceclient/common/http.py:125
2019-06-04 19:04:13.938 725 DEBUG glanceclient.common.http [-] Request returned failure status 404. _handle_response /usr/lib/python2.7/site-packages/glanceclient/common/http.py:125
2019-06-04 19:04:14.941 725 INFO rally.task.context [-] Task 8c8ce18c-8043-4b44-98b9-abb630c801a9 | Context cleanup@openstack cleanup() finished in 10.82 sec
2019-06-04 19:04:14.942 725 INFO rally.task.context [-] Task 8c8ce18c-8043-4b44-98b9-abb630c801a9 | Context users@openstack cleanup() started
2019-06-04 19:04:23.217 725 INFO rally.task.context [-] Task 8c8ce18c-8043-4b44-98b9-abb630c801a9 | Context users@openstack cleanup() finished in 8.28 sec
2019-06-04 19:04:23.274 725 INFO rally.task.engine [-] Load duration is: 15.286547
2019-06-04 19:04:23.275 725 INFO rally.task.engine [-] Full runner duration is: 16.225869
2019-06-04 19:04:23.275 725 INFO rally.task.engine [-] Full duration is: 40.135867
2019-06-04 19:04:23.642 725 INFO rally.task.engine [-] Running workload: position = 0 config = { "version": 2, "title": "A cropped version of a bigger task.", "description": "Auto-generated task from a single workload (uuid=7094ac62-600c-4adc-b1cd-8e8170eae0f5)", "subtasks": [ { "title": "GlanceImages.create_and_update_image", "description": "Create an image then update it.", "scenario": { "GlanceImages.create_and_update_image": { "container_format": "bare", "disk_format": "qcow2", "image_location": "/home/opnfv/functest/images/cirros-0.4.0-x86_64-disk.img" } }, "contexts": { "users": { "tenants": 3, "users_per_tenant": 2 } }, "runner": { "constant": { "concurrency": 4, "times": 10 } }, "hooks": [], "sla": { "failure_rate": { "max": 0 } } } ] }
2019-06-04 19:04:23.664 725 RALLYDEBUG rally_openstack.contexts.keystone.users [-] Creating 3 tenants using 20 threads
2019-06-04 19:04:25.537 725 RALLYDEBUG rally_openstack.contexts.keystone.users [-] Creating 6 users using 20 threads
2019-06-04 19:04:28.303 725 INFO rally.task.context [-] Task 8c8ce18c-8043-4b44-98b9-abb630c801a9 | Context users@openstack setup() finished in 4.64 sec
2019-06-04 19:04:28.304 725 INFO rally.task.context [-] Task 8c8ce18c-8043-4b44-98b9-abb630c801a9 | Context cleanup@openstack setup() finished in 0.01 msec
2019-06-04 19:04:28.311 725 RALLYDEBUG rally.task.runner [-] Starting the constant runner (task UUID: 8c8ce18c-8043-4b44-98b9-abb630c801a9). timeout: 0 concurrency: 4 concurrency_per_worker: 1 times: 10 concurrency_overhead: 0 processes_to_start: 4 max_cpu_used: 16
2019-06-04 19:04:28.324 1757 RALLYDEBUG rally.task.runner [-] Starting a worker. concurrency: 1 args: {"container_format": "bare", "disk_format": "qcow2", "image_location": "/home/opnfv/functest/images/cirros-0.4.0-x86_64-disk.img"} times: 10 method_name: run timeout: 0 duration: None cls:
2019-06-04 19:04:28.327 1758 RALLYDEBUG rally.task.runner [-] Starting a worker. concurrency: 1 args: {"container_format": "bare", "disk_format": "qcow2", "image_location": "/home/opnfv/functest/images/cirros-0.4.0-x86_64-disk.img"} times: 10 method_name: run timeout: 0 duration: None cls:
2019-06-04 19:04:28.330 1757 INFO rally.task.runner [-] Task 8c8ce18c-8043-4b44-98b9-abb630c801a9 | ITER: 1 START
2019-06-04 19:04:28.330 1759 RALLYDEBUG rally.task.runner [-] Starting a worker. concurrency: 1 args: {"container_format": "bare", "disk_format": "qcow2", "image_location": "/home/opnfv/functest/images/cirros-0.4.0-x86_64-disk.img"} times: 10 method_name: run timeout: 0 duration: None cls:
2019-06-04 19:04:28.333 1758 INFO rally.task.runner [-] Task 8c8ce18c-8043-4b44-98b9-abb630c801a9 | ITER: 2 START
2019-06-04 19:04:28.333 1760 RALLYDEBUG rally.task.runner [-] Starting a worker. concurrency: 1 args: {"container_format": "bare", "disk_format": "qcow2", "image_location": "/home/opnfv/functest/images/cirros-0.4.0-x86_64-disk.img"} times: 10 method_name: run timeout: 0 duration: None cls:
2019-06-04 19:04:28.337 1759 INFO rally.task.runner [-] Task 8c8ce18c-8043-4b44-98b9-abb630c801a9 | ITER: 3 START
2019-06-04 19:04:28.339 1760 INFO rally.task.runner [-] Task 8c8ce18c-8043-4b44-98b9-abb630c801a9 | ITER: 4 START
2019-06-04 19:04:31.622 1757 RALLYDEBUG rally.task.utils [-] Waiting for resource u'07db6b63-2304-4b6c-81e5-c63b3b145deb'. Status changed: NONE => QUEUED in 0.0290169715881
2019-06-04 19:04:31.885 1759 RALLYDEBUG rally.task.utils [-] Waiting for resource u'2e2768ed-f994-4bdf-a9fb-233ce9c29111'. Status changed: NONE => QUEUED in 0.301491975784
2019-06-04 19:04:32.204 1758 RALLYDEBUG rally.task.utils [-] Waiting for resource u'86d29893-e5fe-4584-81f3-2d010dc17870'. Status changed: NONE => QUEUED in 0.32643699646
2019-06-04 19:04:32.346 1760 RALLYDEBUG rally.task.utils [-] Waiting for resource u'95913129-78a8-4c86-a739-ec1aab73407f'. Status changed: NONE => QUEUED in 0.741226911545
2019-06-04 19:04:32.715 1757 RALLYDEBUG rally.task.utils [-] Waiting for resource s_rally_7094ac62_t0Gc2ZTG. Status changed: QUEUED => ACTIVE in 0.309734106064
2019-06-04 19:04:33.760 1757 INFO rally.task.runner [-] Task 8c8ce18c-8043-4b44-98b9-abb630c801a9 | ITER: 1 END: OK
2019-06-04 19:04:33.764 1757 INFO rally.task.runner [-] Task 8c8ce18c-8043-4b44-98b9-abb630c801a9 | ITER: 5 START
2019-06-04 19:04:33.882 1760 RALLYDEBUG rally.task.utils [-] Waiting for resource s_rally_7094ac62_fzdaHjIk. Status changed: QUEUED => ACTIVE in 0.351515054703
2019-06-04 19:04:33.912 1759 RALLYDEBUG rally.task.utils [-] Waiting for resource s_rally_7094ac62_phnjWrog. Status changed: QUEUED => ACTIVE in 0.326783180237
2019-06-04 19:04:33.935 1758 RALLYDEBUG rally.task.utils [-] Waiting for resource s_rally_7094ac62_L7D9xBK4. Status changed: QUEUED => ACTIVE in 0.332306146622
2019-06-04 19:04:34.251 1759 INFO rally.task.runner [-] Task 8c8ce18c-8043-4b44-98b9-abb630c801a9 | ITER: 3 END: OK
2019-06-04 19:04:34.255 1759 INFO rally.task.runner [-] Task 8c8ce18c-8043-4b44-98b9-abb630c801a9 | ITER: 6 START
2019-06-04 19:04:34.306 1760 INFO rally.task.runner [-] Task 8c8ce18c-8043-4b44-98b9-abb630c801a9 | ITER: 4 END: OK
2019-06-04 19:04:34.310 1760 INFO rally.task.runner [-] Task 8c8ce18c-8043-4b44-98b9-abb630c801a9 | ITER: 7 START
2019-06-04 19:04:34.529 1758 INFO rally.task.runner [-] Task 8c8ce18c-8043-4b44-98b9-abb630c801a9 | ITER: 2 END: OK
2019-06-04 19:04:34.533 1758 INFO rally.task.runner [-] Task 8c8ce18c-8043-4b44-98b9-abb630c801a9 | ITER: 8 START
2019-06-04 19:04:37.608 1757 RALLYDEBUG rally.task.utils [-] Waiting for resource u'f4f318da-b482-406c-8d34-49beb8c65613'. Status changed: NONE => QUEUED in 0.320045948029
2019-06-04 19:04:37.770 1760 RALLYDEBUG rally.task.utils [-] Waiting for resource u'29edfdaf-1c06-4624-8612-1979367d51cb'. Status changed: NONE => QUEUED in 0.0300948619843
2019-06-04 19:04:38.082 1758 RALLYDEBUG rally.task.utils [-] Waiting for resource u'ba9472c8-a3f7-4b5c-815f-3f5586b836a9'. Status changed: NONE => QUEUED in 0.31032204628
2019-06-04 19:04:38.262 1759 RALLYDEBUG rally.task.utils [-] Waiting for resource u'83a8afef-25c1-4b4f-a26d-60bed496ea5a'. Status changed: NONE => QUEUED in 0.447700023651
2019-06-04 19:04:38.709 1757 RALLYDEBUG rally.task.utils [-] Waiting for resource s_rally_7094ac62_7VyuRWGq. Status changed: QUEUED => ACTIVE in 0.296187162399
2019-06-04 19:04:39.447 1757 INFO rally.task.runner [-] Task 8c8ce18c-8043-4b44-98b9-abb630c801a9 | ITER: 5 END: OK
2019-06-04 19:04:39.451 1757 INFO rally.task.runner [-] Task 8c8ce18c-8043-4b44-98b9-abb630c801a9 | ITER: 9 START
2019-06-04 19:04:39.535 1758 RALLYDEBUG rally.task.utils [-] Waiting for resource s_rally_7094ac62_7KFzkJ7r. Status changed: QUEUED => ACTIVE in 0.0174870491028
2019-06-04 19:04:40.095 1758 INFO rally.task.runner [-] Task 8c8ce18c-8043-4b44-98b9-abb630c801a9 | ITER: 8 END: OK
2019-06-04 19:04:40.099 1758 INFO rally.task.runner [-] Task 8c8ce18c-8043-4b44-98b9-abb630c801a9 | ITER: 10 START
2019-06-04 19:04:40.784 1760 RALLYDEBUG rally.task.utils [-] Waiting for resource s_rally_7094ac62_Vx7FYull. Status changed: QUEUED => ACTIVE in 0.228475093842
2019-06-04 19:04:40.905 1759 RALLYDEBUG rally.task.utils [-] Waiting for resource s_rally_7094ac62_3a1FUJ0x. Status changed: QUEUED => ACTIVE in 0.310414075851
2019-06-04 19:04:41.109 1760 INFO rally.task.runner [-] Task 8c8ce18c-8043-4b44-98b9-abb630c801a9 | ITER: 7 END: OK
2019-06-04 19:04:41.533 1759 INFO rally.task.runner [-] Task 8c8ce18c-8043-4b44-98b9-abb630c801a9 | ITER: 6 END: OK
2019-06-04 19:04:42.977 1757 RALLYDEBUG rally.task.utils [-] Waiting for resource u'c97b875a-6d26-4169-9647-436295df9e4a'. Status changed: NONE => QUEUED in 0.323012113571
2019-06-04 19:04:43.813 1757 RALLYDEBUG rally.task.utils [-] Waiting for resource s_rally_7094ac62_K4KWxZqp. Status changed: QUEUED => ACTIVE in 0.0213220119476
2019-06-04 19:04:43.901 1758 RALLYDEBUG rally.task.utils [-] Waiting for resource u'6533b44a-50fb-467d-882b-c4afe52654d5'. Status changed: NONE => QUEUED in 0.440014123917
2019-06-04 19:04:44.539 1757 INFO rally.task.runner [-] Task 8c8ce18c-8043-4b44-98b9-abb630c801a9 | ITER: 9 END: OK
2019-06-04 19:04:44.917 1758 RALLYDEBUG rally.task.utils [-] Waiting for resource s_rally_7094ac62_GIf0OoUx. Status changed: QUEUED => ACTIVE in 0.0167391300201
2019-06-04 19:04:45.845 1758 INFO rally.task.runner [-] Task 8c8ce18c-8043-4b44-98b9-abb630c801a9 | ITER: 10 END: OK
2019-06-04 19:04:45.873 725 INFO rally.task.context [-] Task 8c8ce18c-8043-4b44-98b9-abb630c801a9 | Context cleanup@openstack cleanup() started
2019-06-04 19:04:45.876 725 RALLYDEBUG rally_openstack.cleanup.manager [-] Cleaning up glance images objects
2019-06-04 19:04:49.983 725 RALLYDEBUG rally_openstack.cleanup.manager [-] Deleting glance.images object s_rally_7094ac62_AsDhYK7M (07db6b63-2304-4b6c-81e5-c63b3b145deb)
2019-06-04 19:04:49.984 725 RALLYDEBUG rally_openstack.cleanup.manager [-] Deleting glance.images object s_rally_7094ac62_pENvvJ8l (95913129-78a8-4c86-a739-ec1aab73407f)
2019-06-04 19:04:49.985 725 RALLYDEBUG rally_openstack.cleanup.manager [-] Deleting glance.images object s_rally_7094ac62_0Lk6iDzc (f4f318da-b482-406c-8d34-49beb8c65613)
2019-06-04 19:04:49.990 725 RALLYDEBUG rally_openstack.cleanup.manager [-] Deleting glance.images object s_rally_7094ac62_V4l0BtDw (c97b875a-6d26-4169-9647-436295df9e4a)
2019-06-04 19:04:49.991 725 RALLYDEBUG rally_openstack.cleanup.manager [-] Deleting glance.images object s_rally_7094ac62_wVJqJYCG (6533b44a-50fb-467d-882b-c4afe52654d5)
2019-06-04 19:04:49.992 725 RALLYDEBUG rally_openstack.cleanup.manager [-] Deleting glance.images object s_rally_7094ac62_XB12CiIw (2e2768ed-f994-4bdf-a9fb-233ce9c29111)
2019-06-04 19:04:49.997 725 RALLYDEBUG rally_openstack.cleanup.manager [-] Deleting glance.images object s_rally_7094ac62_cY3fgFFJ (ba9472c8-a3f7-4b5c-815f-3f5586b836a9)
2019-06-04 19:04:50.000 725 RALLYDEBUG rally_openstack.cleanup.manager [-] Deleting glance.images object s_rally_7094ac62_lPpq7H0D (29edfdaf-1c06-4624-8612-1979367d51cb)
2019-06-04 19:04:50.024 725 RALLYDEBUG rally_openstack.cleanup.manager [-] Deleting glance.images object s_rally_7094ac62_9WvYfAwM (86d29893-e5fe-4584-81f3-2d010dc17870)
2019-06-04 19:04:50.027 725 RALLYDEBUG rally_openstack.cleanup.manager [-] Deleting glance.images object s_rally_7094ac62_hiGMemkV (83a8afef-25c1-4b4f-a26d-60bed496ea5a)
2019-06-04 19:04:52.048 725 DEBUG glanceclient.common.http [-] Request returned failure status 404. _handle_response /usr/lib/python2.7/site-packages/glanceclient/common/http.py:125
2019-06-04 19:04:52.069 725 DEBUG glanceclient.common.http [-] Request returned failure status 404. _handle_response /usr/lib/python2.7/site-packages/glanceclient/common/http.py:125
2019-06-04 19:04:52.136 725 DEBUG glanceclient.common.http [-] Request returned failure status 404. _handle_response /usr/lib/python2.7/site-packages/glanceclient/common/http.py:125
2019-06-04 19:04:52.216 725 DEBUG glanceclient.common.http [-] Request returned failure status 404. _handle_response /usr/lib/python2.7/site-packages/glanceclient/common/http.py:125
2019-06-04 19:04:52.277 725 DEBUG glanceclient.common.http [-] Request returned failure status 404. _handle_response /usr/lib/python2.7/site-packages/glanceclient/common/http.py:125
2019-06-04 19:04:52.305 725 DEBUG glanceclient.common.http [-] Request returned failure status 404. _handle_response /usr/lib/python2.7/site-packages/glanceclient/common/http.py:125
2019-06-04 19:04:52.323 725 DEBUG glanceclient.common.http [-] Request returned failure status 404. _handle_response /usr/lib/python2.7/site-packages/glanceclient/common/http.py:125
2019-06-04 19:04:52.343 725 DEBUG glanceclient.common.http [-] Request returned failure status 404. _handle_response /usr/lib/python2.7/site-packages/glanceclient/common/http.py:125
2019-06-04 19:04:52.346 725 DEBUG glanceclient.common.http [-] Request returned failure status 404. _handle_response /usr/lib/python2.7/site-packages/glanceclient/common/http.py:125
2019-06-04 19:04:52.358 725 DEBUG glanceclient.common.http [-] Request returned failure status 404. _handle_response /usr/lib/python2.7/site-packages/glanceclient/common/http.py:125
2019-06-04 19:04:52.365 725 DEBUG glanceclient.common.http [-] Request returned failure status 404. _handle_response /usr/lib/python2.7/site-packages/glanceclient/common/http.py:125
2019-06-04 19:04:52.473 725 DEBUG glanceclient.common.http [-] Request returned failure status 404. _handle_response /usr/lib/python2.7/site-packages/glanceclient/common/http.py:125
2019-06-04 19:04:52.530 725 DEBUG glanceclient.common.http [-] Request returned failure status 404. _handle_response /usr/lib/python2.7/site-packages/glanceclient/common/http.py:125
2019-06-04 19:04:52.555 725 DEBUG glanceclient.common.http [-] Request returned failure status 404. _handle_response /usr/lib/python2.7/site-packages/glanceclient/common/http.py:125
2019-06-04 19:04:52.621 725 DEBUG glanceclient.common.http [-] Request returned failure status 404. _handle_response /usr/lib/python2.7/site-packages/glanceclient/common/http.py:125
2019-06-04 19:04:52.685 725 DEBUG glanceclient.common.http [-] Request returned failure status 404. _handle_response /usr/lib/python2.7/site-packages/glanceclient/common/http.py:125
2019-06-04 19:04:52.970 725 DEBUG glanceclient.common.http [-] Request returned failure status 404. _handle_response /usr/lib/python2.7/site-packages/glanceclient/common/http.py:125
2019-06-04 19:04:53.171 725 DEBUG glanceclient.common.http [-] Request returned failure status 404. _handle_response /usr/lib/python2.7/site-packages/glanceclient/common/http.py:125
2019-06-04 19:04:53.226 725 DEBUG glanceclient.common.http [-] Request returned failure status 404. _handle_response /usr/lib/python2.7/site-packages/glanceclient/common/http.py:125
2019-06-04 19:04:53.239 725 DEBUG glanceclient.common.http [-] Request returned failure status 404. _handle_response /usr/lib/python2.7/site-packages/glanceclient/common/http.py:125
2019-06-04 19:04:54.241 725 INFO rally.task.context [-] Task 8c8ce18c-8043-4b44-98b9-abb630c801a9 | Context cleanup@openstack cleanup() finished in 8.37 sec
2019-06-04 19:04:54.242 725 INFO rally.task.context [-] Task 8c8ce18c-8043-4b44-98b9-abb630c801a9 | Context users@openstack cleanup() started
2019-06-04 19:05:02.469 725 INFO rally.task.context [-] Task 8c8ce18c-8043-4b44-98b9-abb630c801a9 | Context users@openstack cleanup() finished in 8.23 sec
2019-06-04 19:05:03.832 725 INFO rally.task.engine [-] Load duration is: 16.644252
2019-06-04 19:05:03.833 725 INFO rally.task.engine [-] Full runner duration is: 17.562098
2019-06-04 19:05:03.833 725 INFO rally.task.engine [-] Full duration is: 38.806556
2019-06-04 19:05:04.037 725 INFO rally.task.engine [-] Task 8c8ce18c-8043-4b44-98b9-abb630c801a9 | Completed: Running task.
2019-06-04 19:05:04.868 1839 RALLYDEBUG rally.api [-] INFO logs from urllib3 and requests module are hide.
2019-06-04 19:05:04.868 1839 RALLYDEBUG rally.api [-] urllib3 insecure warnings are hidden.
2019-06-04 19:05:04.869 1839 RALLYDEBUG rally.api [-] ERROR log from boto module is hide.
2019-06-04 19:05:05.676 1840 RALLYDEBUG rally.api [-] INFO logs from urllib3 and requests module are hide.
2019-06-04 19:05:05.676 1840 RALLYDEBUG rally.api [-] urllib3 insecure warnings are hidden.
2019-06-04 19:05:05.676 1840 RALLYDEBUG rally.api [-] ERROR log from boto module is hide.
2019-06-04 19:05:06.889 1840 INFO rally.api [-] Building 'json' report for the following task(s): '8c8ce18c-8043-4b44-98b9-abb630c801a9'.
2019-06-04 19:05:06.906 1840 INFO rally.api [-] The report has been successfully built.
2019-06-04 19:05:07.665 1842 RALLYDEBUG rally.api [-] INFO logs from urllib3 and requests module are hide.
2019-06-04 19:05:07.666 1842 RALLYDEBUG rally.api [-] urllib3 insecure warnings are hidden.
2019-06-04 19:05:07.666 1842 RALLYDEBUG rally.api [-] ERROR log from boto module is hide.
2019-06-04 19:05:09.117 1842 INFO rally.task.engine [-] Task 388226ed-d1fa-4986-a516-b0a3bbc548d8 | Starting: Task validation.
2019-06-04 19:05:09.162 1842 INFO rally.task.engine [-] Task 388226ed-d1fa-4986-a516-b0a3bbc548d8 | Starting: Task validation of syntax.
2019-06-04 19:05:09.507 1842 INFO rally.task.engine [-] Task 388226ed-d1fa-4986-a516-b0a3bbc548d8 | Completed: Task validation of syntax.
2019-06-04 19:05:09.507 1842 INFO rally.task.engine [-] Task 388226ed-d1fa-4986-a516-b0a3bbc548d8 | Starting: Task validation of required platforms.
2019-06-04 19:05:09.610 1842 INFO rally.task.engine [-] Task 388226ed-d1fa-4986-a516-b0a3bbc548d8 | Completed: Task validation of required platforms.
2019-06-04 19:05:09.610 1842 INFO rally.task.engine [-] Task 388226ed-d1fa-4986-a516-b0a3bbc548d8 | Starting: Task validation of semantic.
2019-06-04 19:05:09.610 1842 INFO rally.task.engine [-] Check health of the environment '1057abbc-2c8d-4550-9d38-3b5020c56109'.
2019-06-04 19:05:10.574 1842 INFO rally.task.engine [-] Platform existing@openstack (available: True): OK!
2019-06-04 19:05:10.591 1842 RALLYDEBUG rally_openstack.contexts.keystone.users [-] Creating 1 tenants using 20 threads
2019-06-04 19:05:12.436 1842 RALLYDEBUG rally_openstack.contexts.keystone.users [-] Creating 1 users using 20 threads
2019-06-04 19:05:15.308 1842 INFO rally.task.context [-] Task 388226ed-d1fa-4986-a516-b0a3bbc548d8 | Context users@openstack setup() finished in 4.72 sec
