2019-06-04 19:30:47.200 6398 DEBUG cinderclient.v2.client [-] REQ: curl -g -i -X GET http://172.30.9.22:8776/v3/914b003bfcb34bbe8903d2d48d7c8e47/types/f906de5d-07f4-41c1-866a-76c2268fe625/os-volume-type-access -H "Accept: application/json" -H "User-Agent: python-cinderclient" -H "X-Auth-Token: {SHA1}e209aafcbb7755f1ddde97b3ce1d80cde9403a86" -H "X-OpenStack-Request-ID: req-7070ad74-13e4-41ff-8180-21102cfa5ae8" _http_log_request /usr/lib/python2.7/site-packages/keystoneauth1/session.py:448
2019-06-04 19:30:47.210 6401 DEBUG cinderclient.v2.client [-] RESP: [202] Content-Length: 0 Content-Type: text/html; charset=UTF-8 Date: Tue, 04 Jun 2019 19:30:46 GMT OpenStack-API-Version: volume 3.0 Server: Apache Vary: OpenStack-API-Version x-openstack-request-id: req-e4fdc40f-c269-4ddc-b123-423ea069da66 _http_log_response /usr/lib/python2.7/site-packages/keystoneauth1/session.py:479
2019-06-04 19:30:47.210 6401 DEBUG cinderclient.v2.client [-] RESP BODY: Omitted, Content-Type is set to text/html; charset=UTF-8. Only application/json responses have their bodies logged. _http_log_response /usr/lib/python2.7/site-packages/keystoneauth1/session.py:511
2019-06-04 19:30:47.211 6401 DEBUG cinderclient.v2.client [-] POST call to volumev2 for http://172.30.9.22:8776/v3/914b003bfcb34bbe8903d2d48d7c8e47/types/dbd996f3-7116-49a6-ab98-6727411d49b1/action used request id req-e4fdc40f-c269-4ddc-b123-423ea069da66 request /usr/lib/python2.7/site-packages/keystoneauth1/session.py:844
2019-06-04 19:30:47.212 6401 DEBUG cinderclient.v2.client [-] REQ: curl -g -i -X GET http://172.30.9.22:8776/v3/914b003bfcb34bbe8903d2d48d7c8e47/types/dbd996f3-7116-49a6-ab98-6727411d49b1/os-volume-type-access -H "Accept: application/json" -H "User-Agent: python-cinderclient" -H "X-Auth-Token: {SHA1}eb116632b4dd7de5ab8faa6781576cc54df5296a" -H "X-OpenStack-Request-ID: req-729c2042-bed8-4cd5-8a1a-a5c88346aa69" _http_log_request /usr/lib/python2.7/site-packages/keystoneauth1/session.py:448
2019-06-04 19:30:47.424 6400 DEBUG cinderclient.v2.client [-] RESP: [200] Content-Encoding: gzip Content-Length: 128 Content-Type: application/json Date: Tue, 04 Jun 2019 19:30:47 GMT OpenStack-API-Version: volume 3.0 Server: Apache Vary: OpenStack-API-Version,Accept-Encoding x-compute-request-id: req-1a18b373-eb74-4f24-b1b8-0452b73a7333 x-openstack-request-id: req-1a18b373-eb74-4f24-b1b8-0452b73a7333 _http_log_response /usr/lib/python2.7/site-packages/keystoneauth1/session.py:479
2019-06-04 19:30:47.424 6400 DEBUG cinderclient.v2.client [-] RESP BODY: {"volume_type_access": [{"volume_type_id": "f062cbd9-0360-4c3a-aac5-16139dea8c0b", "project_id": "bc3bfafa50e34a90a066c18b069e2aec"}]} _http_log_response /usr/lib/python2.7/site-packages/keystoneauth1/session.py:511
2019-06-04 19:30:47.425 6400 DEBUG cinderclient.v2.client [-] GET call to volumev2 for http://172.30.9.22:8776/v3/914b003bfcb34bbe8903d2d48d7c8e47/types/f062cbd9-0360-4c3a-aac5-16139dea8c0b/os-volume-type-access used request id req-1a18b373-eb74-4f24-b1b8-0452b73a7333 request /usr/lib/python2.7/site-packages/keystoneauth1/session.py:844
2019-06-04 19:30:47.426 6400 INFO rally.task.runner [-] Task 388226ed-d1fa-4986-a516-b0a3bbc548d8 | ITER: 3 END: OK
2019-06-04 19:30:47.432 6400 INFO rally.task.runner [-] Task 388226ed-d1fa-4986-a516-b0a3bbc548d8 | ITER: 5 START
2019-06-04 19:30:47.468 6399 DEBUG cinderclient.v2.client [-] RESP: [200] Content-Encoding: gzip Content-Length: 127 Content-Type: application/json Date: Tue, 04 Jun 2019 19:30:47 GMT OpenStack-API-Version: volume 3.0 Server: Apache Vary: OpenStack-API-Version,Accept-Encoding x-compute-request-id: req-b1beaac6-bd77-4025-9417-3fc4aed82446 x-openstack-request-id: req-b1beaac6-bd77-4025-9417-3fc4aed82446 _http_log_response /usr/lib/python2.7/site-packages/keystoneauth1/session.py:479
2019-06-04 19:30:47.468 6399 DEBUG cinderclient.v2.client [-] RESP BODY: {"volume_type_access": [{"volume_type_id": "dc35c2ed-133c-4cea-9d27-53002e5da07a", "project_id": "9da34fdc17d54f349587294a92a2a7d3"}]} _http_log_response /usr/lib/python2.7/site-packages/keystoneauth1/session.py:511
2019-06-04 19:30:47.469 6399 DEBUG cinderclient.v2.client [-] GET call to volumev2 for http://172.30.9.22:8776/v3/914b003bfcb34bbe8903d2d48d7c8e47/types/dc35c2ed-133c-4cea-9d27-53002e5da07a/os-volume-type-access used request id req-b1beaac6-bd77-4025-9417-3fc4aed82446 request /usr/lib/python2.7/site-packages/keystoneauth1/session.py:844
2019-06-04 19:30:47.470 6399 INFO rally.task.runner [-] Task 388226ed-d1fa-4986-a516-b0a3bbc548d8 | ITER: 2 END: OK
2019-06-04 19:30:47.474 6399 INFO rally.task.runner [-] Task 388226ed-d1fa-4986-a516-b0a3bbc548d8 | ITER: 6 START
2019-06-04 19:30:47.486 6398 DEBUG cinderclient.v2.client [-] RESP: [200] Content-Encoding: gzip Content-Length: 128 Content-Type: application/json Date: Tue, 04 Jun 2019 19:30:47 GMT OpenStack-API-Version: volume 3.0 Server: Apache Vary: OpenStack-API-Version,Accept-Encoding x-compute-request-id: req-6e6f44a8-bcdc-4138-830c-3b8e6d413ffb x-openstack-request-id: req-6e6f44a8-bcdc-4138-830c-3b8e6d413ffb _http_log_response /usr/lib/python2.7/site-packages/keystoneauth1/session.py:479
2019-06-04 19:30:47.486 6398 DEBUG cinderclient.v2.client [-] RESP BODY: {"volume_type_access": [{"volume_type_id": "f906de5d-07f4-41c1-866a-76c2268fe625", "project_id": "bc3bfafa50e34a90a066c18b069e2aec"}]} _http_log_response /usr/lib/python2.7/site-packages/keystoneauth1/session.py:511
2019-06-04 19:30:47.486 6398 DEBUG cinderclient.v2.client [-] GET call to volumev2 for http://172.30.9.22:8776/v3/914b003bfcb34bbe8903d2d48d7c8e47/types/f906de5d-07f4-41c1-866a-76c2268fe625/os-volume-type-access used request id req-6e6f44a8-bcdc-4138-830c-3b8e6d413ffb request /usr/lib/python2.7/site-packages/keystoneauth1/session.py:844
2019-06-04 19:30:47.487 6398 INFO rally.task.runner [-] Task 388226ed-d1fa-4986-a516-b0a3bbc548d8 | ITER: 1 END: OK
2019-06-04 19:30:47.492 6398 INFO rally.task.runner [-] Task 388226ed-d1fa-4986-a516-b0a3bbc548d8 | ITER: 7 START
2019-06-04 19:30:47.513 6401 DEBUG cinderclient.v2.client [-] RESP: [200] Content-Encoding: gzip Content-Length: 129 Content-Type: application/json Date: Tue, 04 Jun 2019 19:30:47 GMT OpenStack-API-Version: volume 3.0 Server: Apache Vary: OpenStack-API-Version,Accept-Encoding x-compute-request-id: req-82824536-4e8a-41e5-b48a-e029ae665e40 x-openstack-request-id: req-82824536-4e8a-41e5-b48a-e029ae665e40 _http_log_response /usr/lib/python2.7/site-packages/keystoneauth1/session.py:479
2019-06-04 19:30:47.513 6401 DEBUG cinderclient.v2.client [-] RESP BODY: {"volume_type_access": [{"volume_type_id": "dbd996f3-7116-49a6-ab98-6727411d49b1", "project_id": "bc3bfafa50e34a90a066c18b069e2aec"}]} _http_log_response /usr/lib/python2.7/site-packages/keystoneauth1/session.py:511
2019-06-04 19:30:47.513 6401 DEBUG cinderclient.v2.client [-] GET call to volumev2 for http://172.30.9.22:8776/v3/914b003bfcb34bbe8903d2d48d7c8e47/types/dbd996f3-7116-49a6-ab98-6727411d49b1/os-volume-type-access used request id req-82824536-4e8a-41e5-b48a-e029ae665e40 request /usr/lib/python2.7/site-packages/keystoneauth1/session.py:844
2019-06-04 19:30:47.514 6401 INFO rally.task.runner [-] Task 388226ed-d1fa-4986-a516-b0a3bbc548d8 | ITER: 4 END: OK
2019-06-04 19:30:47.519 6401 INFO rally.task.runner [-] Task 388226ed-d1fa-4986-a516-b0a3bbc548d8 | ITER: 8 START
2019-06-04 19:30:47.882 6400 DEBUG cinderclient.v2.client [-] REQ: curl -g -i -X POST http://172.30.9.22:8776/v3/914b003bfcb34bbe8903d2d48d7c8e47/types -H "Accept: application/json" -H "Content-Type: application/json" -H "User-Agent: python-cinderclient" -H "X-Auth-Token: {SHA1}4c07aa1dfdff29fd036fb35e584d78d9233c8431" -d '{"volume_type": {"os-volume-type-access:is_public": false, "name": "s_rally_f3f4f28d_p47K3RVN", "description": "rally tests creating types"}}' _http_log_request /usr/lib/python2.7/site-packages/keystoneauth1/session.py:448
2019-06-04 19:30:47.928 6399 DEBUG cinderclient.v2.client [-] REQ: curl -g -i -X POST http://172.30.9.22:8776/v3/914b003bfcb34bbe8903d2d48d7c8e47/types -H "Accept: application/json" -H "Content-Type: application/json" -H "User-Agent: python-cinderclient" -H "X-Auth-Token: {SHA1}bb767aab5a3c434527205e6b70010d83c35417d4" -d '{"volume_type": {"os-volume-type-access:is_public": false, "name": "s_rally_f3f4f28d_dfis4uOI", "description": "rally tests creating types"}}' _http_log_request /usr/lib/python2.7/site-packages/keystoneauth1/session.py:448
2019-06-04 19:30:47.948 6398 DEBUG cinderclient.v2.client [-] REQ: curl -g -i -X POST http://172.30.9.22:8776/v3/914b003bfcb34bbe8903d2d48d7c8e47/types -H "Accept: application/json" -H "Content-Type: application/json" -H "User-Agent: python-cinderclient" -H "X-Auth-Token: {SHA1}f9b780bb35bce34c23704de4aba737e654ca16dc" -d '{"volume_type": {"os-volume-type-access:is_public": false, "name": "s_rally_f3f4f28d_SjBfP0PW", "description": "rally tests creating types"}}' _http_log_request /usr/lib/python2.7/site-packages/keystoneauth1/session.py:448
2019-06-04 19:30:47.983 6401 DEBUG cinderclient.v2.client [-] REQ: curl -g -i -X POST http://172.30.9.22:8776/v3/914b003bfcb34bbe8903d2d48d7c8e47/types -H "Accept: application/json" -H "Content-Type: application/json" -H "User-Agent: python-cinderclient" -H "X-Auth-Token: {SHA1}064baf6d7275c7e6623bc761b2b35428a7f9bf23" -d '{"volume_type": {"os-volume-type-access:is_public": false, "name": "s_rally_f3f4f28d_Ojotc33t", "description": "rally tests creating types"}}' _http_log_request /usr/lib/python2.7/site-packages/keystoneauth1/session.py:448
2019-06-04 19:30:48.245 6399 DEBUG cinderclient.v2.client [-] RESP: [200] Content-Encoding: gzip Content-Length: 180 Content-Type: application/json Date: Tue, 04 Jun 2019 19:30:47 GMT OpenStack-API-Version: volume 3.0 Server: Apache Vary: OpenStack-API-Version,Accept-Encoding x-compute-request-id: req-81e0a056-1e85-45a0-ac5f-622378536ebe x-openstack-request-id: req-81e0a056-1e85-45a0-ac5f-622378536ebe _http_log_response /usr/lib/python2.7/site-packages/keystoneauth1/session.py:479
2019-06-04 19:30:48.246 6399 DEBUG cinderclient.v2.client [-] RESP BODY: {"volume_type": {"name": "s_rally_f3f4f28d_dfis4uOI", "extra_specs": {}, "os-volume-type-access:is_public": false, "is_public": false, "id": "b628c22b-54e2-424a-a924-f7b510c3e533", "description": "rally tests creating types"}} _http_log_response /usr/lib/python2.7/site-packages/keystoneauth1/session.py:511
2019-06-04 19:30:48.246 6399 DEBUG cinderclient.v2.client [-] POST call to volumev2 for http://172.30.9.22:8776/v3/914b003bfcb34bbe8903d2d48d7c8e47/types used request id req-81e0a056-1e85-45a0-ac5f-622378536ebe request /usr/lib/python2.7/site-packages/keystoneauth1/session.py:844
2019-06-04 19:30:48.248 6399 DEBUG cinderclient.v2.client [-] REQ: curl -g -i -X POST http://172.30.9.22:8776/v3/914b003bfcb34bbe8903d2d48d7c8e47/types/b628c22b-54e2-424a-a924-f7b510c3e533/action -H "Accept: application/json" -H "Content-Type: application/json" -H "User-Agent: python-cinderclient" -H "X-Auth-Token: {SHA1}bb767aab5a3c434527205e6b70010d83c35417d4" -H "X-OpenStack-Request-ID: req-81e0a056-1e85-45a0-ac5f-622378536ebe" -d '{"addProjectAccess": {"project": "9da34fdc17d54f349587294a92a2a7d3"}}' _http_log_request /usr/lib/python2.7/site-packages/keystoneauth1/session.py:448
2019-06-04 19:30:48.263 6400 DEBUG cinderclient.v2.client [-] RESP: [200] Content-Encoding: gzip Content-Length: 182 Content-Type: application/json Date: Tue, 04 Jun 2019 19:30:47 GMT OpenStack-API-Version: volume 3.0 Server: Apache Vary: OpenStack-API-Version,Accept-Encoding x-compute-request-id: req-5c6f8f6c-8e09-493b-811a-f6a5ea973c45 x-openstack-request-id: req-5c6f8f6c-8e09-493b-811a-f6a5ea973c45 _http_log_response /usr/lib/python2.7/site-packages/keystoneauth1/session.py:479
2019-06-04 19:30:48.264 6400 DEBUG cinderclient.v2.client [-] RESP BODY: {"volume_type": {"name": "s_rally_f3f4f28d_p47K3RVN", "extra_specs": {}, "os-volume-type-access:is_public": false, "is_public": false, "id": "868c4a32-af51-4a70-9fea-a4ed4f8c3737", "description": "rally tests creating types"}} _http_log_response /usr/lib/python2.7/site-packages/keystoneauth1/session.py:511
2019-06-04 19:30:48.264 6400 DEBUG cinderclient.v2.client [-] POST call to volumev2 for http://172.30.9.22:8776/v3/914b003bfcb34bbe8903d2d48d7c8e47/types used request id req-5c6f8f6c-8e09-493b-811a-f6a5ea973c45 request /usr/lib/python2.7/site-packages/keystoneauth1/session.py:844
2019-06-04 19:30:48.266 6400 DEBUG cinderclient.v2.client [-] REQ: curl -g -i -X POST http://172.30.9.22:8776/v3/914b003bfcb34bbe8903d2d48d7c8e47/types/868c4a32-af51-4a70-9fea-a4ed4f8c3737/action -H "Accept: application/json" -H "Content-Type: application/json" -H "User-Agent: python-cinderclient" -H "X-Auth-Token: {SHA1}4c07aa1dfdff29fd036fb35e584d78d9233c8431" -H "X-OpenStack-Request-ID: req-5c6f8f6c-8e09-493b-811a-f6a5ea973c45" -d '{"addProjectAccess": {"project": "bc3bfafa50e34a90a066c18b069e2aec"}}' _http_log_request /usr/lib/python2.7/site-packages/keystoneauth1/session.py:448
2019-06-04 19:30:48.281 6398 DEBUG cinderclient.v2.client [-] RESP: [200] Content-Encoding: gzip Content-Length: 184 Content-Type: application/json Date: Tue, 04 Jun 2019 19:30:47 GMT OpenStack-API-Version: volume 3.0 Server: Apache Vary: OpenStack-API-Version,Accept-Encoding x-compute-request-id: req-b2f2fa1c-3ebb-46a7-b934-d677e2be6b03 x-openstack-request-id: req-b2f2fa1c-3ebb-46a7-b934-d677e2be6b03 _http_log_response /usr/lib/python2.7/site-packages/keystoneauth1/session.py:479
2019-06-04 19:30:48.281 6398 DEBUG cinderclient.v2.client [-] RESP BODY: {"volume_type": {"name": "s_rally_f3f4f28d_SjBfP0PW", "extra_specs": {}, "os-volume-type-access:is_public": false, "is_public": false, "id": "5c644160-b313-49c3-aea6-d3470fbf34ac", "description": "rally tests creating types"}} _http_log_response /usr/lib/python2.7/site-packages/keystoneauth1/session.py:511
2019-06-04 19:30:48.282 6398 DEBUG cinderclient.v2.client [-] POST call to volumev2 for http://172.30.9.22:8776/v3/914b003bfcb34bbe8903d2d48d7c8e47/types used request id req-b2f2fa1c-3ebb-46a7-b934-d677e2be6b03 request /usr/lib/python2.7/site-packages/keystoneauth1/session.py:844
2019-06-04 19:30:48.284 6398 DEBUG cinderclient.v2.client [-] REQ: curl -g -i -X POST http://172.30.9.22:8776/v3/914b003bfcb34bbe8903d2d48d7c8e47/types/5c644160-b313-49c3-aea6-d3470fbf34ac/action -H "Accept: application/json" -H "Content-Type: application/json" -H "User-Agent: python-cinderclient" -H "X-Auth-Token: {SHA1}f9b780bb35bce34c23704de4aba737e654ca16dc" -H "X-OpenStack-Request-ID: req-b2f2fa1c-3ebb-46a7-b934-d677e2be6b03" -d '{"addProjectAccess": {"project": "bc3bfafa50e34a90a066c18b069e2aec"}}' _http_log_request /usr/lib/python2.7/site-packages/keystoneauth1/session.py:448
2019-06-04 19:30:48.319 6401 DEBUG cinderclient.v2.client [-] RESP: [200] Content-Encoding: gzip Content-Length: 179 Content-Type: application/json Date: Tue, 04 Jun 2019 19:30:47 GMT OpenStack-API-Version: volume 3.0 Server: Apache Vary: OpenStack-API-Version,Accept-Encoding x-compute-request-id: req-f6d5eb95-bb30-46b5-ba49-cb8906f8925f x-openstack-request-id: req-f6d5eb95-bb30-46b5-ba49-cb8906f8925f _http_log_response /usr/lib/python2.7/site-packages/keystoneauth1/session.py:479
2019-06-04 19:30:48.320 6401 DEBUG cinderclient.v2.client [-] RESP BODY: {"volume_type": {"name": "s_rally_f3f4f28d_Ojotc33t", "extra_specs": {}, "os-volume-type-access:is_public": false, "is_public": false, "id": "b1d39305-ce4b-42e4-a4ad-6f9e2f6dd057", "description": "rally tests creating types"}} _http_log_response /usr/lib/python2.7/site-packages/keystoneauth1/session.py:511
2019-06-04 19:30:48.320 6401 DEBUG cinderclient.v2.client [-] POST call to volumev2 for http://172.30.9.22:8776/v3/914b003bfcb34bbe8903d2d48d7c8e47/types used request id req-f6d5eb95-bb30-46b5-ba49-cb8906f8925f request /usr/lib/python2.7/site-packages/keystoneauth1/session.py:844
2019-06-04 19:30:48.322 6401 DEBUG cinderclient.v2.client [-] REQ: curl -g -i -X POST http://172.30.9.22:8776/v3/914b003bfcb34bbe8903d2d48d7c8e47/types/b1d39305-ce4b-42e4-a4ad-6f9e2f6dd057/action -H "Accept: application/json" -H "Content-Type: application/json" -H "User-Agent: python-cinderclient" -H "X-Auth-Token: {SHA1}064baf6d7275c7e6623bc761b2b35428a7f9bf23" -H "X-OpenStack-Request-ID: req-f6d5eb95-bb30-46b5-ba49-cb8906f8925f" -d '{"addProjectAccess": {"project": "9da34fdc17d54f349587294a92a2a7d3"}}' _http_log_request /usr/lib/python2.7/site-packages/keystoneauth1/session.py:448
2019-06-04 19:30:48.501 6400 DEBUG cinderclient.v2.client [-] RESP: [202] Content-Length: 0 Content-Type: text/html; charset=UTF-8 Date: Tue, 04 Jun 2019 19:30:48 GMT OpenStack-API-Version: volume 3.0 Server: Apache Vary: OpenStack-API-Version x-openstack-request-id: req-5d29bbae-d60e-4ac8-a536-6e869d338d45 _http_log_response /usr/lib/python2.7/site-packages/keystoneauth1/session.py:479
2019-06-04 19:30:48.501 6400 DEBUG cinderclient.v2.client [-] RESP BODY: Omitted, Content-Type is set to text/html; charset=UTF-8. Only application/json responses have their bodies logged. _http_log_response /usr/lib/python2.7/site-packages/keystoneauth1/session.py:511
2019-06-04 19:30:48.501 6400 DEBUG cinderclient.v2.client [-] POST call to volumev2 for http://172.30.9.22:8776/v3/914b003bfcb34bbe8903d2d48d7c8e47/types/868c4a32-af51-4a70-9fea-a4ed4f8c3737/action used request id req-5d29bbae-d60e-4ac8-a536-6e869d338d45 request /usr/lib/python2.7/site-packages/keystoneauth1/session.py:844
2019-06-04 19:30:48.503 6400 DEBUG cinderclient.v2.client [-] REQ: curl -g -i -X GET http://172.30.9.22:8776/v3/914b003bfcb34bbe8903d2d48d7c8e47/types/868c4a32-af51-4a70-9fea-a4ed4f8c3737/os-volume-type-access -H "Accept: application/json" -H "User-Agent: python-cinderclient" -H "X-Auth-Token: {SHA1}4c07aa1dfdff29fd036fb35e584d78d9233c8431" -H "X-OpenStack-Request-ID: req-5c6f8f6c-8e09-493b-811a-f6a5ea973c45" _http_log_request /usr/lib/python2.7/site-packages/keystoneauth1/session.py:448
2019-06-04 19:30:48.538 6398 DEBUG cinderclient.v2.client [-] RESP: [202] Content-Length: 0 Content-Type: text/html; charset=UTF-8 Date: Tue, 04 Jun 2019 19:30:48 GMT OpenStack-API-Version: volume 3.0 Server: Apache Vary: OpenStack-API-Version x-openstack-request-id: req-e4f02480-6dee-4eb1-8bd3-44566fa8a278 _http_log_response /usr/lib/python2.7/site-packages/keystoneauth1/session.py:479
2019-06-04 19:30:48.539 6398 DEBUG cinderclient.v2.client [-] RESP BODY: Omitted, Content-Type is set to text/html; charset=UTF-8. Only application/json responses have their bodies logged. _http_log_response /usr/lib/python2.7/site-packages/keystoneauth1/session.py:511
2019-06-04 19:30:48.539 6398 DEBUG cinderclient.v2.client [-] POST call to volumev2 for http://172.30.9.22:8776/v3/914b003bfcb34bbe8903d2d48d7c8e47/types/5c644160-b313-49c3-aea6-d3470fbf34ac/action used request id req-e4f02480-6dee-4eb1-8bd3-44566fa8a278 request /usr/lib/python2.7/site-packages/keystoneauth1/session.py:844
2019-06-04 19:30:48.540 6398 DEBUG cinderclient.v2.client [-] REQ: curl -g -i -X GET http://172.30.9.22:8776/v3/914b003bfcb34bbe8903d2d48d7c8e47/types/5c644160-b313-49c3-aea6-d3470fbf34ac/os-volume-type-access -H "Accept: application/json" -H "User-Agent: python-cinderclient" -H "X-Auth-Token: {SHA1}f9b780bb35bce34c23704de4aba737e654ca16dc" -H "X-OpenStack-Request-ID: req-b2f2fa1c-3ebb-46a7-b934-d677e2be6b03" _http_log_request /usr/lib/python2.7/site-packages/keystoneauth1/session.py:448
2019-06-04 19:30:48.562 6401 DEBUG cinderclient.v2.client [-] RESP: [202] Content-Length: 0 Content-Type: text/html; charset=UTF-8 Date: Tue, 04 Jun 2019 19:30:48 GMT OpenStack-API-Version: volume 3.0 Server: Apache Vary: OpenStack-API-Version x-openstack-request-id: req-d3187e2b-c457-4259-bb9a-edb32bc132ba _http_log_response /usr/lib/python2.7/site-packages/keystoneauth1/session.py:479
2019-06-04 19:30:48.562 6401 DEBUG cinderclient.v2.client [-] RESP BODY: Omitted, Content-Type is set to text/html; charset=UTF-8. Only application/json responses have their bodies logged. _http_log_response /usr/lib/python2.7/site-packages/keystoneauth1/session.py:511
2019-06-04 19:30:48.563 6401 DEBUG cinderclient.v2.client [-] POST call to volumev2 for http://172.30.9.22:8776/v3/914b003bfcb34bbe8903d2d48d7c8e47/types/b1d39305-ce4b-42e4-a4ad-6f9e2f6dd057/action used request id req-d3187e2b-c457-4259-bb9a-edb32bc132ba request /usr/lib/python2.7/site-packages/keystoneauth1/session.py:844
2019-06-04 19:30:48.563 6401 DEBUG cinderclient.v2.client [-] REQ: curl -g -i -X GET http://172.30.9.22:8776/v3/914b003bfcb34bbe8903d2d48d7c8e47/types/b1d39305-ce4b-42e4-a4ad-6f9e2f6dd057/os-volume-type-access -H "Accept: application/json" -H "User-Agent: python-cinderclient" -H "X-Auth-Token: {SHA1}064baf6d7275c7e6623bc761b2b35428a7f9bf23" -H "X-OpenStack-Request-ID: req-f6d5eb95-bb30-46b5-ba49-cb8906f8925f" _http_log_request /usr/lib/python2.7/site-packages/keystoneauth1/session.py:448
2019-06-04 19:30:48.575 6399 DEBUG cinderclient.v2.client [-] RESP: [202] Content-Length: 0 Content-Type: text/html; charset=UTF-8 Date: Tue, 04 Jun 2019 19:30:48 GMT OpenStack-API-Version: volume 3.0 Server: Apache Vary: OpenStack-API-Version x-openstack-request-id: req-7e92638f-ade4-4560-b3f5-1d98a2e8347d _http_log_response /usr/lib/python2.7/site-packages/keystoneauth1/session.py:479
2019-06-04 19:30:48.575 6399 DEBUG cinderclient.v2.client [-] RESP BODY: Omitted, Content-Type is set to text/html; charset=UTF-8. Only application/json responses have their bodies logged. _http_log_response /usr/lib/python2.7/site-packages/keystoneauth1/session.py:511
2019-06-04 19:30:48.576 6399 DEBUG cinderclient.v2.client [-] POST call to volumev2 for http://172.30.9.22:8776/v3/914b003bfcb34bbe8903d2d48d7c8e47/types/b628c22b-54e2-424a-a924-f7b510c3e533/action used request id req-7e92638f-ade4-4560-b3f5-1d98a2e8347d request /usr/lib/python2.7/site-packages/keystoneauth1/session.py:844
2019-06-04 19:30:48.577 6399 DEBUG cinderclient.v2.client [-] REQ: curl -g -i -X GET http://172.30.9.22:8776/v3/914b003bfcb34bbe8903d2d48d7c8e47/types/b628c22b-54e2-424a-a924-f7b510c3e533/os-volume-type-access -H "Accept: application/json" -H "User-Agent: python-cinderclient" -H "X-Auth-Token: {SHA1}bb767aab5a3c434527205e6b70010d83c35417d4" -H "X-OpenStack-Request-ID: req-81e0a056-1e85-45a0-ac5f-622378536ebe" _http_log_request /usr/lib/python2.7/site-packages/keystoneauth1/session.py:448
2019-06-04 19:30:48.804 6399 DEBUG cinderclient.v2.client [-] RESP: [200] Content-Encoding: gzip Content-Length: 128 Content-Type: application/json Date: Tue, 04 Jun 2019 19:30:48 GMT OpenStack-API-Version: volume 3.0 Server: Apache Vary: OpenStack-API-Version,Accept-Encoding x-compute-request-id: req-27002cdc-25c8-4bf7-97e6-77eff43eb6e1 x-openstack-request-id: req-27002cdc-25c8-4bf7-97e6-77eff43eb6e1 _http_log_response /usr/lib/python2.7/site-packages/keystoneauth1/session.py:479
2019-06-04 19:30:48.804 6399 DEBUG cinderclient.v2.client [-] RESP BODY: {"volume_type_access": [{"volume_type_id": "b628c22b-54e2-424a-a924-f7b510c3e533", "project_id": "9da34fdc17d54f349587294a92a2a7d3"}]} _http_log_response /usr/lib/python2.7/site-packages/keystoneauth1/session.py:511
2019-06-04 19:30:48.805 6399 DEBUG cinderclient.v2.client [-] GET call to volumev2 for http://172.30.9.22:8776/v3/914b003bfcb34bbe8903d2d48d7c8e47/types/b628c22b-54e2-424a-a924-f7b510c3e533/os-volume-type-access used request id req-27002cdc-25c8-4bf7-97e6-77eff43eb6e1 request /usr/lib/python2.7/site-packages/keystoneauth1/session.py:844
2019-06-04 19:30:48.805 6400 DEBUG cinderclient.v2.client [-] RESP: [200] Content-Encoding: gzip Content-Length: 129 Content-Type: application/json Date: Tue, 04 Jun 2019 19:30:48 GMT OpenStack-API-Version: volume 3.0 Server: Apache Vary: OpenStack-API-Version,Accept-Encoding x-compute-request-id: req-6cb1c13a-c9f0-4b4e-992f-254233e83352 x-openstack-request-id: req-6cb1c13a-c9f0-4b4e-992f-254233e83352 _http_log_response /usr/lib/python2.7/site-packages/keystoneauth1/session.py:479
2019-06-04 19:30:48.806 6399 INFO rally.task.runner [-] Task 388226ed-d1fa-4986-a516-b0a3bbc548d8 | ITER: 6 END: OK
2019-06-04 19:30:48.806 6400 DEBUG cinderclient.v2.client [-] RESP BODY: {"volume_type_access": [{"volume_type_id": "868c4a32-af51-4a70-9fea-a4ed4f8c3737", "project_id": "bc3bfafa50e34a90a066c18b069e2aec"}]} _http_log_response /usr/lib/python2.7/site-packages/keystoneauth1/session.py:511
2019-06-04 19:30:48.806 6400 DEBUG cinderclient.v2.client [-] GET call to volumev2 for http://172.30.9.22:8776/v3/914b003bfcb34bbe8903d2d48d7c8e47/types/868c4a32-af51-4a70-9fea-a4ed4f8c3737/os-volume-type-access used request id req-6cb1c13a-c9f0-4b4e-992f-254233e83352 request /usr/lib/python2.7/site-packages/keystoneauth1/session.py:844
2019-06-04 19:30:48.807 6400 INFO rally.task.runner [-] Task 388226ed-d1fa-4986-a516-b0a3bbc548d8 | ITER: 5 END: OK
2019-06-04 19:30:48.809 6399 INFO rally.task.runner [-] Task 388226ed-d1fa-4986-a516-b0a3bbc548d8 | ITER: 9 START
2019-06-04 19:30:48.812 6400 INFO rally.task.runner [-] Task 388226ed-d1fa-4986-a516-b0a3bbc548d8 | ITER: 10 START
2019-06-04 19:30:48.861 6398 DEBUG cinderclient.v2.client [-] RESP: [200] Content-Encoding: gzip Content-Length: 128 Content-Type: application/json Date: Tue, 04 Jun 2019 19:30:48 GMT OpenStack-API-Version: volume 3.0 Server: Apache Vary: OpenStack-API-Version,Accept-Encoding x-compute-request-id: req-81c3308d-5434-4250-aa4c-01aeb66068c6 x-openstack-request-id: req-81c3308d-5434-4250-aa4c-01aeb66068c6 _http_log_response /usr/lib/python2.7/site-packages/keystoneauth1/session.py:479
2019-06-04 19:30:48.862 6398 DEBUG cinderclient.v2.client [-] RESP BODY: {"volume_type_access": [{"volume_type_id": "5c644160-b313-49c3-aea6-d3470fbf34ac", "project_id": "bc3bfafa50e34a90a066c18b069e2aec"}]} _http_log_response /usr/lib/python2.7/site-packages/keystoneauth1/session.py:511
2019-06-04 19:30:48.862 6398 DEBUG cinderclient.v2.client [-] GET call to volumev2 for http://172.30.9.22:8776/v3/914b003bfcb34bbe8903d2d48d7c8e47/types/5c644160-b313-49c3-aea6-d3470fbf34ac/os-volume-type-access used request id req-81c3308d-5434-4250-aa4c-01aeb66068c6 request /usr/lib/python2.7/site-packages/keystoneauth1/session.py:844
2019-06-04 19:30:48.863 6398 INFO rally.task.runner [-] Task 388226ed-d1fa-4986-a516-b0a3bbc548d8 | ITER: 7 END: OK
2019-06-04 19:30:48.871 6401 DEBUG cinderclient.v2.client [-] RESP: [200] Content-Encoding: gzip Content-Length: 128 Content-Type: application/json Date: Tue, 04 Jun 2019 19:30:48 GMT OpenStack-API-Version: volume 3.0 Server: Apache Vary: OpenStack-API-Version,Accept-Encoding x-compute-request-id: req-80fc1d18-8baa-43a8-9462-ab2288a26241 x-openstack-request-id: req-80fc1d18-8baa-43a8-9462-ab2288a26241 _http_log_response /usr/lib/python2.7/site-packages/keystoneauth1/session.py:479
2019-06-04 19:30:48.871 6401 DEBUG cinderclient.v2.client [-] RESP BODY: {"volume_type_access": [{"volume_type_id": "b1d39305-ce4b-42e4-a4ad-6f9e2f6dd057", "project_id": "9da34fdc17d54f349587294a92a2a7d3"}]} _http_log_response /usr/lib/python2.7/site-packages/keystoneauth1/session.py:511
2019-06-04 19:30:48.871 6401 DEBUG cinderclient.v2.client [-] GET call to volumev2 for http://172.30.9.22:8776/v3/914b003bfcb34bbe8903d2d48d7c8e47/types/b1d39305-ce4b-42e4-a4ad-6f9e2f6dd057/os-volume-type-access used request id req-80fc1d18-8baa-43a8-9462-ab2288a26241 request /usr/lib/python2.7/site-packages/keystoneauth1/session.py:844
2019-06-04 19:30:48.872 6401 INFO rally.task.runner [-] Task 388226ed-d1fa-4986-a516-b0a3bbc548d8 | ITER: 8 END: OK
2019-06-04 19:30:49.231 6399 DEBUG cinderclient.v2.client [-] REQ: curl -g -i -X POST http://172.30.9.22:8776/v3/914b003bfcb34bbe8903d2d48d7c8e47/types -H "Accept: application/json" -H "Content-Type: application/json" -H "User-Agent: python-cinderclient" -H "X-Auth-Token: {SHA1}98e9091e2f749175e937188c23682c6956aa18ea" -d '{"volume_type": {"os-volume-type-access:is_public": false, "name": "s_rally_f3f4f28d_x6IWCdM7", "description": "rally tests creating types"}}' _http_log_request /usr/lib/python2.7/site-packages/keystoneauth1/session.py:448
2019-06-04 19:30:49.243 6400 DEBUG cinderclient.v2.client [-] REQ: curl -g -i -X POST http://172.30.9.22:8776/v3/914b003bfcb34bbe8903d2d48d7c8e47/types -H "Accept: application/json" -H "Content-Type: application/json" -H "User-Agent: python-cinderclient" -H "X-Auth-Token: {SHA1}ac296fc3d4ee9cf1d4ed1fdf8780d192b659dbf7" -d '{"volume_type": {"os-volume-type-access:is_public": false, "name": "s_rally_f3f4f28d_X6u1RlJs", "description": "rally tests creating types"}}' _http_log_request /usr/lib/python2.7/site-packages/keystoneauth1/session.py:448
2019-06-04 19:30:49.476 6399 DEBUG cinderclient.v2.client [-] RESP: [200] Content-Encoding: gzip Content-Length: 183 Content-Type: application/json Date: Tue, 04 Jun 2019 19:30:49 GMT OpenStack-API-Version: volume 3.0 Server: Apache Vary: OpenStack-API-Version,Accept-Encoding x-compute-request-id: req-75dd1a5c-74fa-49ec-8b90-d3c9b220e485 x-openstack-request-id: req-75dd1a5c-74fa-49ec-8b90-d3c9b220e485 _http_log_response /usr/lib/python2.7/site-packages/keystoneauth1/session.py:479
2019-06-04 19:30:49.477 6399 DEBUG cinderclient.v2.client [-] RESP BODY: {"volume_type": {"name": "s_rally_f3f4f28d_x6IWCdM7", "extra_specs": {}, "os-volume-type-access:is_public": false, "is_public": false, "id": "8ace1c7b-110b-4a3d-b605-23185a0f32e5", "description": "rally tests creating types"}} _http_log_response /usr/lib/python2.7/site-packages/keystoneauth1/session.py:511
2019-06-04 19:30:49.477 6399 DEBUG cinderclient.v2.client [-] POST call to volumev2 for http://172.30.9.22:8776/v3/914b003bfcb34bbe8903d2d48d7c8e47/types used request id req-75dd1a5c-74fa-49ec-8b90-d3c9b220e485 request /usr/lib/python2.7/site-packages/keystoneauth1/session.py:844
2019-06-04 19:30:49.479 6399 DEBUG cinderclient.v2.client [-] REQ: curl -g -i -X POST http://172.30.9.22:8776/v3/914b003bfcb34bbe8903d2d48d7c8e47/types/8ace1c7b-110b-4a3d-b605-23185a0f32e5/action -H "Accept: application/json" -H "Content-Type: application/json" -H "User-Agent: python-cinderclient" -H "X-Auth-Token: {SHA1}98e9091e2f749175e937188c23682c6956aa18ea" -H "X-OpenStack-Request-ID: req-75dd1a5c-74fa-49ec-8b90-d3c9b220e485" -d '{"addProjectAccess": {"project": "9da34fdc17d54f349587294a92a2a7d3"}}' _http_log_request /usr/lib/python2.7/site-packages/keystoneauth1/session.py:448
2019-06-04 19:30:49.583 6400 DEBUG cinderclient.v2.client [-] RESP: [200] Content-Encoding: gzip Content-Length: 182 Content-Type: application/json Date: Tue, 04 Jun 2019 19:30:49 GMT OpenStack-API-Version: volume 3.0 Server: Apache Vary: OpenStack-API-Version,Accept-Encoding x-compute-request-id: req-f2076583-c9bd-4983-9fea-fe5fc9b886bf x-openstack-request-id: req-f2076583-c9bd-4983-9fea-fe5fc9b886bf _http_log_response /usr/lib/python2.7/site-packages/keystoneauth1/session.py:479
2019-06-04 19:30:49.584 6400 DEBUG cinderclient.v2.client [-] RESP BODY: {"volume_type": {"name": "s_rally_f3f4f28d_X6u1RlJs", "extra_specs": {}, "os-volume-type-access:is_public": false, "is_public": false, "id": "c6809636-0074-4ec8-ac34-a53fbd854122", "description": "rally tests creating types"}} _http_log_response /usr/lib/python2.7/site-packages/keystoneauth1/session.py:511
2019-06-04 19:30:49.584 6400 DEBUG cinderclient.v2.client [-] POST call to volumev2 for http://172.30.9.22:8776/v3/914b003bfcb34bbe8903d2d48d7c8e47/types used request id req-f2076583-c9bd-4983-9fea-fe5fc9b886bf request /usr/lib/python2.7/site-packages/keystoneauth1/session.py:844
2019-06-04 19:30:49.586 6400 DEBUG cinderclient.v2.client [-] REQ: curl -g -i -X POST http://172.30.9.22:8776/v3/914b003bfcb34bbe8903d2d48d7c8e47/types/c6809636-0074-4ec8-ac34-a53fbd854122/action -H "Accept: application/json" -H "Content-Type: application/json" -H "User-Agent: python-cinderclient" -H "X-Auth-Token: {SHA1}ac296fc3d4ee9cf1d4ed1fdf8780d192b659dbf7" -H "X-OpenStack-Request-ID: req-f2076583-c9bd-4983-9fea-fe5fc9b886bf" -d '{"addProjectAccess": {"project": "b449bf35797b427e8c5ca9c24a484966"}}' _http_log_request /usr/lib/python2.7/site-packages/keystoneauth1/session.py:448
2019-06-04 19:30:49.808 6399 DEBUG cinderclient.v2.client [-] RESP: [202] Content-Length: 0 Content-Type: text/html; charset=UTF-8 Date: Tue, 04 Jun 2019 19:30:49 GMT OpenStack-API-Version: volume 3.0 Server: Apache Vary: OpenStack-API-Version x-openstack-request-id: req-743e63f4-d175-4340-86ec-1edf9baecd08 _http_log_response /usr/lib/python2.7/site-packages/keystoneauth1/session.py:479
2019-06-04 19:30:49.808 6399 DEBUG cinderclient.v2.client [-] RESP BODY: Omitted, Content-Type is set to text/html; charset=UTF-8. Only application/json responses have their bodies logged. _http_log_response /usr/lib/python2.7/site-packages/keystoneauth1/session.py:511
2019-06-04 19:30:49.808 6399 DEBUG cinderclient.v2.client [-] POST call to volumev2 for http://172.30.9.22:8776/v3/914b003bfcb34bbe8903d2d48d7c8e47/types/8ace1c7b-110b-4a3d-b605-23185a0f32e5/action used request id req-743e63f4-d175-4340-86ec-1edf9baecd08 request /usr/lib/python2.7/site-packages/keystoneauth1/session.py:844
2019-06-04 19:30:49.809 6399 DEBUG cinderclient.v2.client [-] REQ: curl -g -i -X GET http://172.30.9.22:8776/v3/914b003bfcb34bbe8903d2d48d7c8e47/types/8ace1c7b-110b-4a3d-b605-23185a0f32e5/os-volume-type-access -H "Accept: application/json" -H "User-Agent: python-cinderclient" -H "X-Auth-Token: {SHA1}98e9091e2f749175e937188c23682c6956aa18ea" -H "X-OpenStack-Request-ID: req-75dd1a5c-74fa-49ec-8b90-d3c9b220e485" _http_log_request /usr/lib/python2.7/site-packages/keystoneauth1/session.py:448
2019-06-04 19:30:49.896 6400 DEBUG cinderclient.v2.client [-] RESP: [202] Content-Length: 0 Content-Type: text/html; charset=UTF-8 Date: Tue, 04 Jun 2019 19:30:49 GMT OpenStack-API-Version: volume 3.0 Server: Apache Vary: OpenStack-API-Version x-openstack-request-id: req-74a46ba4-ed58-49ed-b59b-5f7cd19551c0 _http_log_response /usr/lib/python2.7/site-packages/keystoneauth1/session.py:479
2019-06-04 19:30:49.896 6400 DEBUG cinderclient.v2.client [-] RESP BODY: Omitted, Content-Type is set to text/html; charset=UTF-8. Only application/json responses have their bodies logged. _http_log_response /usr/lib/python2.7/site-packages/keystoneauth1/session.py:511
2019-06-04 19:30:49.897 6400 DEBUG cinderclient.v2.client [-] POST call to volumev2 for http://172.30.9.22:8776/v3/914b003bfcb34bbe8903d2d48d7c8e47/types/c6809636-0074-4ec8-ac34-a53fbd854122/action used request id req-74a46ba4-ed58-49ed-b59b-5f7cd19551c0 request /usr/lib/python2.7/site-packages/keystoneauth1/session.py:844
2019-06-04 19:30:49.898 6400 DEBUG cinderclient.v2.client [-] REQ: curl -g -i -X GET http://172.30.9.22:8776/v3/914b003bfcb34bbe8903d2d48d7c8e47/types/c6809636-0074-4ec8-ac34-a53fbd854122/os-volume-type-access -H "Accept: application/json" -H "User-Agent: python-cinderclient" -H "X-Auth-Token: {SHA1}ac296fc3d4ee9cf1d4ed1fdf8780d192b659dbf7" -H "X-OpenStack-Request-ID: req-f2076583-c9bd-4983-9fea-fe5fc9b886bf" _http_log_request /usr/lib/python2.7/site-packages/keystoneauth1/session.py:448
2019-06-04 19:30:50.023 6399 DEBUG cinderclient.v2.client [-] RESP: [200] Content-Encoding: gzip Content-Length: 130 Content-Type: application/json Date: Tue, 04 Jun 2019 19:30:49 GMT OpenStack-API-Version: volume 3.0 Server: Apache Vary: OpenStack-API-Version,Accept-Encoding x-compute-request-id: req-cd088a94-2e70-41bb-bb5a-ac4b162b6e2c x-openstack-request-id: req-cd088a94-2e70-41bb-bb5a-ac4b162b6e2c _http_log_response /usr/lib/python2.7/site-packages/keystoneauth1/session.py:479
2019-06-04 19:30:50.023 6399 DEBUG cinderclient.v2.client [-] RESP BODY: {"volume_type_access": [{"volume_type_id": "8ace1c7b-110b-4a3d-b605-23185a0f32e5", "project_id": "9da34fdc17d54f349587294a92a2a7d3"}]} _http_log_response /usr/lib/python2.7/site-packages/keystoneauth1/session.py:511
2019-06-04 19:30:50.023 6399 DEBUG cinderclient.v2.client [-] GET call to volumev2 for http://172.30.9.22:8776/v3/914b003bfcb34bbe8903d2d48d7c8e47/types/8ace1c7b-110b-4a3d-b605-23185a0f32e5/os-volume-type-access used request id req-cd088a94-2e70-41bb-bb5a-ac4b162b6e2c request /usr/lib/python2.7/site-packages/keystoneauth1/session.py:844
2019-06-04 19:30:50.024 6399 INFO rally.task.runner [-] Task 388226ed-d1fa-4986-a516-b0a3bbc548d8 | ITER: 9 END: OK
2019-06-04 19:30:50.197 6400 DEBUG cinderclient.v2.client [-] RESP: [200] Content-Encoding: gzip Content-Length: 129 Content-Type: application/json Date: Tue, 04 Jun 2019 19:30:49 GMT OpenStack-API-Version: volume 3.0 Server: Apache Vary: OpenStack-API-Version,Accept-Encoding x-compute-request-id: req-ae5d03a8-d810-412e-92bc-c677da07f13f x-openstack-request-id: req-ae5d03a8-d810-412e-92bc-c677da07f13f _http_log_response /usr/lib/python2.7/site-packages/keystoneauth1/session.py:479
2019-06-04 19:30:50.198 6400 DEBUG cinderclient.v2.client [-] RESP BODY: {"volume_type_access": [{"volume_type_id": "c6809636-0074-4ec8-ac34-a53fbd854122", "project_id": "b449bf35797b427e8c5ca9c24a484966"}]} _http_log_response /usr/lib/python2.7/site-packages/keystoneauth1/session.py:511
2019-06-04 19:30:50.198 6400 DEBUG cinderclient.v2.client [-] GET call to volumev2 for http://172.30.9.22:8776/v3/914b003bfcb34bbe8903d2d48d7c8e47/types/c6809636-0074-4ec8-ac34-a53fbd854122/os-volume-type-access used request id req-ae5d03a8-d810-412e-92bc-c677da07f13f request /usr/lib/python2.7/site-packages/keystoneauth1/session.py:844
2019-06-04 19:30:50.199 6400 INFO rally.task.runner [-] Task 388226ed-d1fa-4986-a516-b0a3bbc548d8 | ITER: 10 END: OK
2019-06-04 19:30:50.226 1842 INFO rally.task.context [-] Task 388226ed-d1fa-4986-a516-b0a3bbc548d8 | Context admin_cleanup@openstack cleanup() started
2019-06-04 19:30:50.228 1842 RALLYDEBUG rally_openstack.cleanup.manager [-] Cleaning up cinder volume_types objects
2019-06-04 19:30:50.939 1842 RALLYDEBUG rally_openstack.cleanup.manager [-] Deleting cinder.volume_types object s_rally_f3f4f28d_X6u1RlJs (c6809636-0074-4ec8-ac34-a53fbd854122)
2019-06-04 19:30:50.952 1842 RALLYDEBUG rally_openstack.cleanup.manager [-] Deleting cinder.volume_types object s_rally_f3f4f28d_pt8fI6Tl (f062cbd9-0360-4c3a-aac5-16139dea8c0b)
2019-06-04 19:30:50.954 1842 RALLYDEBUG rally_openstack.cleanup.manager [-] Deleting cinder.volume_types object s_rally_f3f4f28d_da5QoM6y (f906de5d-07f4-41c1-866a-76c2268fe625)
2019-06-04 19:30:50.961 1842 RALLYDEBUG rally_openstack.cleanup.manager [-] Deleting cinder.volume_types object s_rally_f3f4f28d_dZ3D3oLg (dc35c2ed-133c-4cea-9d27-53002e5da07a)
2019-06-04 19:30:50.964 1842 RALLYDEBUG rally_openstack.cleanup.manager [-] Deleting cinder.volume_types object s_rally_f3f4f28d_JKFwzu99 (dbd996f3-7116-49a6-ab98-6727411d49b1)
2019-06-04 19:30:50.979 1842 RALLYDEBUG rally_openstack.cleanup.manager [-] Deleting cinder.volume_types object s_rally_f3f4f28d_x6IWCdM7 (8ace1c7b-110b-4a3d-b605-23185a0f32e5)
2019-06-04 19:30:50.980 1842 RALLYDEBUG rally_openstack.cleanup.manager [-] Deleting cinder.volume_types object s_rally_f3f4f28d_SjBfP0PW (5c644160-b313-49c3-aea6-d3470fbf34ac)
2019-06-04 19:30:50.983 1842 RALLYDEBUG rally_openstack.cleanup.manager [-] Deleting cinder.volume_types object s_rally_f3f4f28d_Ojotc33t (b1d39305-ce4b-42e4-a4ad-6f9e2f6dd057)
2019-06-04 19:30:50.986 1842 RALLYDEBUG rally_openstack.cleanup.manager [-] Deleting cinder.volume_types object s_rally_f3f4f28d_p47K3RVN (868c4a32-af51-4a70-9fea-a4ed4f8c3737)
2019-06-04 19:30:50.987 1842 RALLYDEBUG rally_openstack.cleanup.manager [-] Deleting cinder.volume_types object s_rally_f3f4f28d_dfis4uOI (b628c22b-54e2-424a-a924-f7b510c3e533)
2019-06-04 19:30:53.327 1842 RALLYDEBUG rally_openstack.cleanup.manager [-] Cleaning up cinder image_volumes_cache objects
2019-06-04 19:30:54.824 1842 RALLYDEBUG rally_openstack.cleanup.manager [-] Cleaning up cinder quotas objects
2019-06-04 19:30:56.476 1842 RALLYDEBUG rally_openstack.cleanup.manager [-] Cleaning up cinder qos_specs objects
2019-06-04 19:30:57.142 1842 INFO rally.task.context [-] Task 388226ed-d1fa-4986-a516-b0a3bbc548d8 | Context admin_cleanup@openstack cleanup() finished in 6.92 sec
2019-06-04 19:30:57.143 1842 INFO rally.task.context [-] Task 388226ed-d1fa-4986-a516-b0a3bbc548d8 | Context api_versions@openstack cleanup() started
2019-06-04 19:30:57.143 1842 INFO rally.task.context [-] Task 388226ed-d1fa-4986-a516-b0a3bbc548d8 | Context api_versions@openstack cleanup() finished in 0.33 msec
2019-06-04 19:30:57.144 1842 INFO rally.task.context [-] Task 388226ed-d1fa-4986-a516-b0a3bbc548d8 | Context users@openstack cleanup() started
2019-06-04 19:31:06.171 1842 INFO rally.task.context [-] Task 388226ed-d1fa-4986-a516-b0a3bbc548d8 | Context users@openstack cleanup() finished in 9.03 sec
2019-06-04 19:31:06.904 1842 INFO rally.task.engine [-] Load duration is: 4.167176
2019-06-04 19:31:06.905 1842 INFO rally.task.engine [-] Full runner duration is: 4.214375
2019-06-04 19:31:06.905 1842 INFO rally.task.engine [-] Full duration is: 25.388383
2019-06-04 19:31:07.115 1842 INFO rally.task.engine [-] Task 388226ed-d1fa-4986-a516-b0a3bbc548d8 | Completed: Running task.
2019-06-04 19:31:08.285 6540 RALLYDEBUG rally.api [-] INFO logs from urllib3 and requests module are hide.
2019-06-04 19:31:08.285 6540 RALLYDEBUG rally.api [-] urllib3 insecure warnings are hidden.
2019-06-04 19:31:08.285 6540 RALLYDEBUG rally.api [-] ERROR log from boto module is hide.
2019-06-04 19:31:09.258 6541 RALLYDEBUG rally.api [-] INFO logs from urllib3 and requests module are hide.
2019-06-04 19:31:09.259 6541 RALLYDEBUG rally.api [-] urllib3 insecure warnings are hidden.
2019-06-04 19:31:09.259 6541 RALLYDEBUG rally.api [-] ERROR log from boto module is hide.
2019-06-04 19:31:10.539 6541 INFO rally.api [-] Building 'json' report for the following task(s): '388226ed-d1fa-4986-a516-b0a3bbc548d8'.
2019-06-04 19:31:10.582 6541 INFO rally.api [-] The report has been successfully built.
2019-06-04 19:31:11.345 6543 RALLYDEBUG rally.api [-] INFO logs from urllib3 and requests module are hide.
2019-06-04 19:31:11.345 6543 RALLYDEBUG rally.api [-] urllib3 insecure warnings are hidden.
2019-06-04 19:31:11.346 6543 RALLYDEBUG rally.api [-] ERROR log from boto module is hide.
2019-06-04 19:31:12.701 6543 INFO rally.task.engine [-] Task 7266bd24-7e3a-41df-bb85-11f4ed310ea3 | Starting: Task validation.
2019-06-04 19:31:12.743 6543 INFO rally.task.engine [-] Task 7266bd24-7e3a-41df-bb85-11f4ed310ea3 | Starting: Task validation of syntax.
2019-06-04 19:31:12.927 6543 INFO rally.task.engine [-] Task 7266bd24-7e3a-41df-bb85-11f4ed310ea3 | Completed: Task validation of syntax.
2019-06-04 19:31:12.928 6543 INFO rally.task.engine [-] Task 7266bd24-7e3a-41df-bb85-11f4ed310ea3 | Starting: Task validation of required platforms.
2019-06-04 19:31:12.996 6543 INFO rally.task.engine [-] Task 7266bd24-7e3a-41df-bb85-11f4ed310ea3 | Completed: Task validation of required platforms.
2019-06-04 19:31:12.996 6543 INFO rally.task.engine [-] Task 7266bd24-7e3a-41df-bb85-11f4ed310ea3 | Starting: Task validation of semantic.
2019-06-04 19:31:12.996 6543 INFO rally.task.engine [-] Check health of the environment '1057abbc-2c8d-4550-9d38-3b5020c56109'.
2019-06-04 19:31:13.811 6543 INFO rally.task.engine [-] Platform existing@openstack (available: True): OK!
2019-06-04 19:31:13.825 6543 RALLYDEBUG rally_openstack.contexts.keystone.users [-] Creating 1 tenants using 20 threads
2019-06-04 19:31:15.725 6543 RALLYDEBUG rally_openstack.contexts.keystone.users [-] Creating 1 users using 20 threads
2019-06-04 19:31:18.688 6543 INFO rally.task.context [-] Task 7266bd24-7e3a-41df-bb85-11f4ed310ea3 | Context users@openstack setup() finished in 4.86 sec
2019-06-04 19:31:25.997 6543 INFO rally.task.context [-] Task 7266bd24-7e3a-41df-bb85-11f4ed310ea3 | Context users@openstack cleanup() started
2019-06-04 19:31:31.176 6543 INFO rally.task.context [-] Task 7266bd24-7e3a-41df-bb85-11f4ed310ea3 | Context users@openstack cleanup() finished in 5.18 sec
2019-06-04 19:31:31.176 6543 INFO rally.task.engine [-] Task 7266bd24-7e3a-41df-bb85-11f4ed310ea3 | Completed: Task validation of semantic.
2019-06-04 19:31:31.176 6543 INFO rally.task.engine [-] Task 7266bd24-7e3a-41df-bb85-11f4ed310ea3 | Completed: Task validation.
2019-06-04 19:31:31.177 6543 INFO rally.api [-] Task 7266bd24-7e3a-41df-bb85-11f4ed310ea3 input file is valid.
2019-06-04 19:31:31.177 6543 INFO rally.api [-] Run Task 7266bd24-7e3a-41df-bb85-11f4ed310ea3 against Deployment 1057abbc-2c8d-4550-9d38-3b5020c56109
2019-06-04 19:31:31.177 6543 INFO rally.task.engine [-] Task 7266bd24-7e3a-41df-bb85-11f4ed310ea3 | Starting: Running task.
2019-06-04 19:31:31.348 6543 INFO rally.task.engine [-] Running workload: position = 0 config = { "version": 2, "title": "A cropped version of a bigger task.", "description": "Auto-generated task from a single workload (uuid=fd4fd0f0-c985-4daf-8b7d-e47ae67dd314)", "subtasks": [ { "title": "Gnocchi.list_capabilities", "description": "List supported aggregation methods.", "scenario": { "Gnocchi.list_capabilities": {} }, "contexts": { "users": { "tenants": 3, "users_per_tenant": 2 } }, "runner": { "constant": { "concurrency": 4, "times": 10 } }, "hooks": [], "sla": { "failure_rate": { "max": 0 } } } ] }
2019-06-04 19:31:31.368 6543 RALLYDEBUG rally_openstack.contexts.keystone.users [-] Creating 3 tenants using 20 threads
2019-06-04 19:31:33.391 6543 RALLYDEBUG rally_openstack.contexts.keystone.users [-] Creating 6 users using 20 threads
2019-06-04 19:31:36.094 6543 INFO rally.task.context [-] Task 7266bd24-7e3a-41df-bb85-11f4ed310ea3 | Context users@openstack setup() finished in 4.73 sec
2019-06-04 19:31:36.099 6543 RALLYDEBUG rally.task.runner [-] Starting the constant runner (task UUID: 7266bd24-7e3a-41df-bb85-11f4ed310ea3). timeout: 0 concurrency: 4 concurrency_per_worker: 1 times: 10 concurrency_overhead: 0 processes_to_start: 4 max_cpu_used: 16
2019-06-04 19:31:36.110 6667 RALLYDEBUG rally.task.runner [-] Starting a worker. concurrency: 1 args: {} times: 10 method_name: run timeout: 0 duration: None cls:
2019-06-04 19:31:36.112 6668 RALLYDEBUG rally.task.runner [-] Starting a worker. concurrency: 1 args: {} times: 10 method_name: run timeout: 0 duration: None cls:
2019-06-04 19:31:36.114 6667 INFO rally.task.runner [-] Task 7266bd24-7e3a-41df-bb85-11f4ed310ea3 | ITER: 1 START
2019-06-04 19:31:36.113 6669 RALLYDEBUG rally.task.runner [-] Starting a worker. concurrency: 1 args: {} times: 10 method_name: run timeout: 0 duration: None cls:
2019-06-04 19:31:36.116 6670 RALLYDEBUG rally.task.runner [-] Starting a worker. concurrency: 1 args: {} times: 10 method_name: run timeout: 0 duration: None cls:
2019-06-04 19:31:36.117 6668 INFO rally.task.runner [-] Task 7266bd24-7e3a-41df-bb85-11f4ed310ea3 | ITER: 2 START
2019-06-04 19:31:36.119 6669 INFO rally.task.runner [-] Task 7266bd24-7e3a-41df-bb85-11f4ed310ea3 | ITER: 3 START
2019-06-04 19:31:36.122 6670 INFO rally.task.runner [-] Task 7266bd24-7e3a-41df-bb85-11f4ed310ea3 | ITER: 4 START
2019-06-04 19:31:36.835 6669 INFO rally.task.runner [-] Task 7266bd24-7e3a-41df-bb85-11f4ed310ea3 | ITER: 3 END: OK
2019-06-04 19:31:36.840 6669 INFO rally.task.runner [-] Task 7266bd24-7e3a-41df-bb85-11f4ed310ea3 | ITER: 5 START
2019-06-04 19:31:36.852 6668 INFO rally.task.runner [-] Task 7266bd24-7e3a-41df-bb85-11f4ed310ea3 | ITER: 2 END: OK
2019-06-04 19:31:36.855 6668 INFO rally.task.runner [-] Task 7266bd24-7e3a-41df-bb85-11f4ed310ea3 | ITER: 6 START
2019-06-04 19:31:36.861 6670 INFO rally.task.runner [-] Task 7266bd24-7e3a-41df-bb85-11f4ed310ea3 | ITER: 4 END: OK
2019-06-04 19:31:36.865 6670 INFO rally.task.runner [-] Task 7266bd24-7e3a-41df-bb85-11f4ed310ea3 | ITER: 7 START
2019-06-04 19:31:36.945 6667 INFO rally.task.runner [-] Task 7266bd24-7e3a-41df-bb85-11f4ed310ea3 | ITER: 1 END: OK
2019-06-04 19:31:36.948 6667 INFO rally.task.runner [-] Task 7266bd24-7e3a-41df-bb85-11f4ed310ea3 | ITER: 8 START
2019-06-04 19:31:37.552 6669 INFO rally.task.runner [-] Task 7266bd24-7e3a-41df-bb85-11f4ed310ea3 | ITER: 5 END: OK
2019-06-04 19:31:37.555 6669 INFO rally.task.runner [-] Task 7266bd24-7e3a-41df-bb85-11f4ed310ea3 | ITER: 9 START
2019-06-04 19:31:37.592 6670 INFO rally.task.runner [-] Task 7266bd24-7e3a-41df-bb85-11f4ed310ea3 | ITER: 7 END: OK
2019-06-04 19:31:37.595 6670 INFO rally.task.runner [-] Task 7266bd24-7e3a-41df-bb85-11f4ed310ea3 | ITER: 10 START
2019-06-04 19:31:37.646 6668 INFO rally.task.runner [-] Task 7266bd24-7e3a-41df-bb85-11f4ed310ea3 | ITER: 6 END: OK
2019-06-04 19:31:37.663 6667 INFO rally.task.runner [-] Task 7266bd24-7e3a-41df-bb85-11f4ed310ea3 | ITER: 8 END: OK
2019-06-04 19:31:38.224 6670 INFO rally.task.runner [-] Task 7266bd24-7e3a-41df-bb85-11f4ed310ea3 | ITER: 10 END: OK
2019-06-04 19:31:38.295 6669 INFO rally.task.runner [-] Task 7266bd24-7e3a-41df-bb85-11f4ed310ea3 | ITER: 9 END: OK
2019-06-04 19:31:38.317 6543 INFO rally.task.context [-] Task 7266bd24-7e3a-41df-bb85-11f4ed310ea3 | Context users@openstack cleanup() started
2019-06-04 19:31:46.448 6543 INFO rally.task.context [-] Task 7266bd24-7e3a-41df-bb85-11f4ed310ea3 | Context users@openstack cleanup() finished in 8.13 sec
2019-06-04 19:31:47.448 6543 INFO rally.task.engine [-] Load duration is: 2.180015
2019-06-04 19:31:47.448 6543 INFO rally.task.engine [-] Full runner duration is: 2.218645
2019-06-04 19:31:47.448 6543 INFO rally.task.engine [-] Full duration is: 15.080965
2019-06-04 19:31:47.763 6543 INFO rally.task.engine [-] Running workload: position = 0 config = { "version": 2, "title": "A cropped version of a bigger task.", "description": "Auto-generated task from a single workload (uuid=65b3cec5-53e8-4698-b67a-7339c9409fa5)", "subtasks": [ { "title": "Gnocchi.get_status", "description": "Get the status of measurements processing.", "scenario": { "Gnocchi.get_status": { "detailed": false } }, "contexts": { "users": { "tenants": 3, "users_per_tenant": 2 } }, "runner": { "constant": { "concurrency": 4, "times": 10 } }, "hooks": [], "sla": { "failure_rate": { "max": 0 } } } ] }
