2019-06-04 19:19:05.109 1842 DEBUG novaclient.v2.client [-] RESP: [200] Content-Length: 16 Content-Type: application/json Date: Tue, 04 Jun 2019 19:19:04 GMT OpenStack-API-Version: compute 2.1 Server: Apache Vary: OpenStack-API-Version,X-OpenStack-Nova-API-Version X-OpenStack-Nova-API-Version: 2.1 x-compute-request-id: req-0d349b16-d34b-45ac-9166-45423d728dcf x-openstack-request-id: req-0d349b16-d34b-45ac-9166-45423d728dcf _http_log_response /usr/lib/python2.7/site-packages/keystoneauth1/session.py:479
2019-06-04 19:19:05.110 1842 DEBUG novaclient.v2.client [-] RESP BODY: {"keypairs": []} _http_log_response /usr/lib/python2.7/site-packages/keystoneauth1/session.py:511
2019-06-04 19:19:05.110 1842 DEBUG novaclient.v2.client [-] GET call to compute for http://172.30.9.22:8774/v2.1/os-keypairs used request id req-0d349b16-d34b-45ac-9166-45423d728dcf request /usr/lib/python2.7/site-packages/keystoneauth1/session.py:844
2019-06-04 19:19:05.534 1842 DEBUG novaclient.v2.client [-] REQ: curl -g -i -X GET http://172.30.9.22:8774/v2.1/os-keypairs -H "Accept: application/json" -H "User-Agent: python-novaclient" -H "X-Auth-Token: {SHA1}6efd0238ea256a8a59670b60eaab45187ad78e82" _http_log_request /usr/lib/python2.7/site-packages/keystoneauth1/session.py:448
2019-06-04 19:19:05.743 1842 DEBUG novaclient.v2.client [-] RESP: [200] Content-Length: 16 Content-Type: application/json Date: Tue, 04 Jun 2019 19:19:05 GMT OpenStack-API-Version: compute 2.1 Server: Apache Vary: OpenStack-API-Version,X-OpenStack-Nova-API-Version X-OpenStack-Nova-API-Version: 2.1 x-compute-request-id: req-ee93894c-5e53-4441-9de7-2f1a848bc75e x-openstack-request-id: req-ee93894c-5e53-4441-9de7-2f1a848bc75e _http_log_response /usr/lib/python2.7/site-packages/keystoneauth1/session.py:479
2019-06-04 19:19:05.743 1842 DEBUG novaclient.v2.client [-] RESP BODY: {"keypairs": []} _http_log_response /usr/lib/python2.7/site-packages/keystoneauth1/session.py:511
2019-06-04 19:19:05.744 1842 DEBUG novaclient.v2.client [-] GET call to compute for http://172.30.9.22:8774/v2.1/os-keypairs used request id req-ee93894c-5e53-4441-9de7-2f1a848bc75e request /usr/lib/python2.7/site-packages/keystoneauth1/session.py:844
2019-06-04 19:19:06.180 1842 DEBUG novaclient.v2.client [-] REQ: curl -g -i -X GET http://172.30.9.22:8774/v2.1/os-keypairs -H "Accept: application/json" -H "User-Agent: python-novaclient" -H "X-Auth-Token: {SHA1}f377c5166bc9c18d364e0c34901151cae9c6cce2" _http_log_request /usr/lib/python2.7/site-packages/keystoneauth1/session.py:448
2019-06-04 19:19:06.510 1842 DEBUG novaclient.v2.client [-] RESP: [200] Content-Length: 16 Content-Type: application/json Date: Tue, 04 Jun 2019 19:19:06 GMT OpenStack-API-Version: compute 2.1 Server: Apache Vary: OpenStack-API-Version,X-OpenStack-Nova-API-Version X-OpenStack-Nova-API-Version: 2.1 x-compute-request-id: req-a700ccc5-5c43-4447-8dc7-61d396296c51 x-openstack-request-id: req-a700ccc5-5c43-4447-8dc7-61d396296c51 _http_log_response /usr/lib/python2.7/site-packages/keystoneauth1/session.py:479
2019-06-04 19:19:06.510 1842 DEBUG novaclient.v2.client [-] RESP BODY: {"keypairs": []} _http_log_response /usr/lib/python2.7/site-packages/keystoneauth1/session.py:511
2019-06-04 19:19:06.511 1842 DEBUG novaclient.v2.client [-] GET call to compute for http://172.30.9.22:8774/v2.1/os-keypairs used request id req-a700ccc5-5c43-4447-8dc7-61d396296c51 request /usr/lib/python2.7/site-packages/keystoneauth1/session.py:844
2019-06-04 19:19:06.934 1842 DEBUG novaclient.v2.client [-] REQ: curl -g -i -X GET http://172.30.9.22:8774/v2.1/os-keypairs -H "Accept: application/json" -H "User-Agent: python-novaclient" -H "X-Auth-Token: {SHA1}ea55c2c007ecee774df0ebcc282e76be03addf91" _http_log_request /usr/lib/python2.7/site-packages/keystoneauth1/session.py:448
2019-06-04 19:19:07.249 1842 DEBUG novaclient.v2.client [-] RESP: [200] Content-Length: 16 Content-Type: application/json Date: Tue, 04 Jun 2019 19:19:06 GMT OpenStack-API-Version: compute 2.1 Server: Apache Vary: OpenStack-API-Version,X-OpenStack-Nova-API-Version X-OpenStack-Nova-API-Version: 2.1 x-compute-request-id: req-037f96ab-4c6b-4d68-95f0-e60f38f8d3e5 x-openstack-request-id: req-037f96ab-4c6b-4d68-95f0-e60f38f8d3e5 _http_log_response /usr/lib/python2.7/site-packages/keystoneauth1/session.py:479
2019-06-04 19:19:07.250 1842 DEBUG novaclient.v2.client [-] RESP BODY: {"keypairs": []} _http_log_response /usr/lib/python2.7/site-packages/keystoneauth1/session.py:511
2019-06-04 19:19:07.250 1842 DEBUG novaclient.v2.client [-] GET call to compute for http://172.30.9.22:8774/v2.1/os-keypairs used request id req-037f96ab-4c6b-4d68-95f0-e60f38f8d3e5 request /usr/lib/python2.7/site-packages/keystoneauth1/session.py:844
2019-06-04 19:19:07.678 1842 DEBUG novaclient.v2.client [-] REQ: curl -g -i -X GET http://172.30.9.22:8774/v2.1/os-keypairs -H "Accept: application/json" -H "User-Agent: python-novaclient" -H "X-Auth-Token: {SHA1}be2600b5ff28ef4d672c49cf66987db3fd1552a1" _http_log_request /usr/lib/python2.7/site-packages/keystoneauth1/session.py:448
2019-06-04 19:19:07.970 1842 DEBUG novaclient.v2.client [-] RESP: [200] Content-Length: 16 Content-Type: application/json Date: Tue, 04 Jun 2019 19:19:07 GMT OpenStack-API-Version: compute 2.1 Server: Apache Vary: OpenStack-API-Version,X-OpenStack-Nova-API-Version X-OpenStack-Nova-API-Version: 2.1 x-compute-request-id: req-86550449-0aed-41db-b565-3947df07f1b6 x-openstack-request-id: req-86550449-0aed-41db-b565-3947df07f1b6 _http_log_response /usr/lib/python2.7/site-packages/keystoneauth1/session.py:479
2019-06-04 19:19:07.970 1842 DEBUG novaclient.v2.client [-] RESP BODY: {"keypairs": []} _http_log_response /usr/lib/python2.7/site-packages/keystoneauth1/session.py:511
2019-06-04 19:19:07.971 1842 DEBUG novaclient.v2.client [-] GET call to compute for http://172.30.9.22:8774/v2.1/os-keypairs used request id req-86550449-0aed-41db-b565-3947df07f1b6 request /usr/lib/python2.7/site-packages/keystoneauth1/session.py:844
2019-06-04 19:19:07.978 1842 RALLYDEBUG rally_openstack.cleanup.manager [-] Cleaning up cinder backups objects
2019-06-04 19:19:10.235 1842 RALLYDEBUG rally_openstack.cleanup.manager [-] Cleaning up cinder volume_snapshots objects
2019-06-04 19:19:12.347 1842 RALLYDEBUG rally_openstack.cleanup.manager [-] Cleaning up cinder transfers objects
2019-06-04 19:19:14.653 1842 RALLYDEBUG rally_openstack.cleanup.manager [-] Cleaning up cinder volumes objects
2019-06-04 19:19:16.768 1842 INFO rally.task.context [-] Task 388226ed-d1fa-4986-a516-b0a3bbc548d8 | Context cleanup@openstack cleanup() finished in 17.71 sec
2019-06-04 19:19:16.768 1842 INFO rally.task.context [-] Task 388226ed-d1fa-4986-a516-b0a3bbc548d8 | Context quotas@openstack cleanup() started
2019-06-04 19:19:17.401 1842 INFO rally.task.context [-] Task 388226ed-d1fa-4986-a516-b0a3bbc548d8 | Context quotas@openstack cleanup() finished in 0.63 sec
2019-06-04 19:19:17.402 1842 INFO rally.task.context [-] Task 388226ed-d1fa-4986-a516-b0a3bbc548d8 | Context api_versions@openstack cleanup() started
2019-06-04 19:19:17.402 1842 INFO rally.task.context [-] Task 388226ed-d1fa-4986-a516-b0a3bbc548d8 | Context api_versions@openstack cleanup() finished in 0.32 msec
2019-06-04 19:19:17.402 1842 INFO rally.task.context [-] Task 388226ed-d1fa-4986-a516-b0a3bbc548d8 | Context users@openstack cleanup() started
2019-06-04 19:19:25.645 1842 INFO rally.task.context [-] Task 388226ed-d1fa-4986-a516-b0a3bbc548d8 | Context users@openstack cleanup() finished in 8.24 sec
2019-06-04 19:19:26.551 1842 INFO rally.task.engine [-] Load duration is: 113.573052
2019-06-04 19:19:26.552 1842 INFO rally.task.engine [-] Full runner duration is: 114.620632
2019-06-04 19:19:26.552 1842 INFO rally.task.engine [-] Full duration is: 149.634557
2019-06-04 19:19:26.862 1842 INFO rally.task.engine [-] Running workload: position = 0 config = { "version": 2, "title": "A cropped version of a bigger task.", "description": "Auto-generated task from a single workload (uuid=0ec8cecd-646c-4f8e-b988-36b934327fb6)", "subtasks": [ { "title": "CinderVolumes.create_volume", "description": "Create a volume.", "scenario": { "CinderVolumes.create_volume": { "size": 1 } }, "contexts": { "users": { "tenants": 3, "users_per_tenant": 2 }, "api_versions": { "cinder": { "version": 3, "service_type": "volumev3" } } }, "runner": { "constant": { "concurrency": 4, "times": 10 } }, "hooks": [], "sla": { "failure_rate": { "max": 0 } } } ] }
2019-06-04 19:19:26.887 1842 RALLYDEBUG rally_openstack.contexts.keystone.users [-] Creating 3 tenants using 20 threads
2019-06-04 19:19:28.767 1842 RALLYDEBUG rally_openstack.contexts.keystone.users [-] Creating 6 users using 20 threads
2019-06-04 19:19:31.548 1842 INFO rally.task.context [-] Task 388226ed-d1fa-4986-a516-b0a3bbc548d8 | Context users@openstack setup() finished in 4.66 sec
2019-06-04 19:19:31.973 1842 INFO rally.task.context [-] Task 388226ed-d1fa-4986-a516-b0a3bbc548d8 | Context api_versions@openstack setup() finished in 0.42 sec
2019-06-04 19:19:31.974 1842 INFO rally.task.context [-] Task 388226ed-d1fa-4986-a516-b0a3bbc548d8 | Context cleanup@openstack setup() finished in 0.00 msec
2019-06-04 19:19:31.981 1842 RALLYDEBUG rally.task.runner [-] Starting the constant runner (task UUID: 388226ed-d1fa-4986-a516-b0a3bbc548d8). timeout: 0 concurrency: 4 concurrency_per_worker: 1 times: 10 concurrency_overhead: 0 processes_to_start: 4 max_cpu_used: 16
2019-06-04 19:19:31.989 3474 RALLYDEBUG rally.task.runner [-] Starting a worker. concurrency: 1 args: {"size": 1} times: 10 method_name: run timeout: 0 duration: None cls:
2019-06-04 19:19:31.994 3475 RALLYDEBUG rally.task.runner [-] Starting a worker. concurrency: 1 args: {"size": 1} times: 10 method_name: run timeout: 0 duration: None cls:
2019-06-04 19:19:31.995 3474 INFO rally.task.runner [-] Task 388226ed-d1fa-4986-a516-b0a3bbc548d8 | ITER: 1 START
2019-06-04 19:19:31.997 3476 RALLYDEBUG rally.task.runner [-] Starting a worker. concurrency: 1 args: {"size": 1} times: 10 method_name: run timeout: 0 duration: None cls:
2019-06-04 19:19:31.998 3477 RALLYDEBUG rally.task.runner [-] Starting a worker. concurrency: 1 args: {"size": 1} times: 10 method_name: run timeout: 0 duration: None cls:
2019-06-04 19:19:32.000 3475 INFO rally.task.runner [-] Task 388226ed-d1fa-4986-a516-b0a3bbc548d8 | ITER: 2 START
2019-06-04 19:19:32.004 3476 INFO rally.task.runner [-] Task 388226ed-d1fa-4986-a516-b0a3bbc548d8 | ITER: 3 START
2019-06-04 19:19:32.004 3477 INFO rally.task.runner [-] Task 388226ed-d1fa-4986-a516-b0a3bbc548d8 | ITER: 4 START
2019-06-04 19:19:35.818 3474 INFO rally.task.runner [-] Task 388226ed-d1fa-4986-a516-b0a3bbc548d8 | ITER: 1 END: OK
2019-06-04 19:19:35.824 3474 INFO rally.task.runner [-] Task 388226ed-d1fa-4986-a516-b0a3bbc548d8 | ITER: 5 START
2019-06-04 19:19:35.842 3477 INFO rally.task.runner [-] Task 388226ed-d1fa-4986-a516-b0a3bbc548d8 | ITER: 4 END: OK
2019-06-04 19:19:35.848 3477 INFO rally.task.runner [-] Task 388226ed-d1fa-4986-a516-b0a3bbc548d8 | ITER: 6 START
2019-06-04 19:19:35.856 3475 INFO rally.task.runner [-] Task 388226ed-d1fa-4986-a516-b0a3bbc548d8 | ITER: 2 END: OK
2019-06-04 19:19:35.861 3475 INFO rally.task.runner [-] Task 388226ed-d1fa-4986-a516-b0a3bbc548d8 | ITER: 7 START
2019-06-04 19:19:35.875 3476 INFO rally.task.runner [-] Task 388226ed-d1fa-4986-a516-b0a3bbc548d8 | ITER: 3 END: OK
2019-06-04 19:19:35.882 3476 INFO rally.task.runner [-] Task 388226ed-d1fa-4986-a516-b0a3bbc548d8 | ITER: 8 START
2019-06-04 19:19:39.292 3476 INFO rally.task.runner [-] Task 388226ed-d1fa-4986-a516-b0a3bbc548d8 | ITER: 8 END: OK
2019-06-04 19:19:39.298 3476 INFO rally.task.runner [-] Task 388226ed-d1fa-4986-a516-b0a3bbc548d8 | ITER: 9 START
2019-06-04 19:19:39.438 3475 INFO rally.task.runner [-] Task 388226ed-d1fa-4986-a516-b0a3bbc548d8 | ITER: 7 END: OK
2019-06-04 19:19:39.443 3475 INFO rally.task.runner [-] Task 388226ed-d1fa-4986-a516-b0a3bbc548d8 | ITER: 10 START
2019-06-04 19:19:39.702 3474 INFO rally.task.runner [-] Task 388226ed-d1fa-4986-a516-b0a3bbc548d8 | ITER: 5 END: OK
2019-06-04 19:19:39.738 3477 INFO rally.task.runner [-] Task 388226ed-d1fa-4986-a516-b0a3bbc548d8 | ITER: 6 END: OK
2019-06-04 19:19:42.893 3476 INFO rally.task.runner [-] Task 388226ed-d1fa-4986-a516-b0a3bbc548d8 | ITER: 9 END: OK
2019-06-04 19:19:43.056 3475 INFO rally.task.runner [-] Task 388226ed-d1fa-4986-a516-b0a3bbc548d8 | ITER: 10 END: OK
2019-06-04 19:19:43.086 1842 INFO rally.task.context [-] Task 388226ed-d1fa-4986-a516-b0a3bbc548d8 | Context cleanup@openstack cleanup() started
2019-06-04 19:19:43.088 1842 RALLYDEBUG rally_openstack.cleanup.manager [-] Cleaning up cinder backups objects
2019-06-04 19:19:45.243 1842 RALLYDEBUG rally_openstack.cleanup.manager [-] Cleaning up cinder volume_snapshots objects
2019-06-04 19:19:47.390 1842 RALLYDEBUG rally_openstack.cleanup.manager [-] Cleaning up cinder transfers objects
2019-06-04 19:19:49.537 1842 RALLYDEBUG rally_openstack.cleanup.manager [-] Cleaning up cinder volumes objects
2019-06-04 19:19:52.233 1842 RALLYDEBUG rally_openstack.cleanup.manager [-] Deleting cinder.volumes object s_rally_0ec8cecd_K86xOAPn (d29a1279-5e5f-4b58-80e3-2d978b4dc4db)
2019-06-04 19:19:52.237 1842 RALLYDEBUG rally_openstack.cleanup.manager [-] Deleting cinder.volumes object s_rally_0ec8cecd_9WnY0uMV (033d45b8-9ba8-4ef1-8da3-43136a92eb51)
2019-06-04 19:19:52.241 1842 RALLYDEBUG rally_openstack.cleanup.manager [-] Deleting cinder.volumes object s_rally_0ec8cecd_zEHOCh6v (164edb1f-77be-4896-9851-95f0d6571cad)
2019-06-04 19:19:52.244 1842 RALLYDEBUG rally_openstack.cleanup.manager [-] Deleting cinder.volumes object s_rally_0ec8cecd_ysmdBzLp (92773fe7-984e-470a-b716-dbddb29d729e)
2019-06-04 19:19:52.246 1842 RALLYDEBUG rally_openstack.cleanup.manager [-] Deleting cinder.volumes object s_rally_0ec8cecd_Vfk7C9L3 (84d7ade9-7e1e-4f7c-8e71-deba25f0141f)
2019-06-04 19:19:52.247 1842 RALLYDEBUG rally_openstack.cleanup.manager [-] Deleting cinder.volumes object s_rally_0ec8cecd_gZzzWXN7 (609009dc-bae9-4caa-8477-c3a1587a903e)
2019-06-04 19:19:52.250 1842 RALLYDEBUG rally_openstack.cleanup.manager [-] Deleting cinder.volumes object s_rally_0ec8cecd_ckV5v8pO (1e47caff-67ba-44e9-bfe9-cf2d2709642f)
2019-06-04 19:19:52.251 1842 RALLYDEBUG rally_openstack.cleanup.manager [-] Deleting cinder.volumes object s_rally_0ec8cecd_ZIyCMhOz (e382d8d1-42ca-4b1e-b6db-3d1a11fa145b)
2019-06-04 19:19:52.257 1842 RALLYDEBUG rally_openstack.cleanup.manager [-] Deleting cinder.volumes object s_rally_0ec8cecd_8tl004yJ (ed39773a-116d-4911-b497-dfd0a7a0160e)
2019-06-04 19:19:52.263 1842 RALLYDEBUG rally_openstack.cleanup.manager [-] Deleting cinder.volumes object s_rally_0ec8cecd_SnxFCwZq (6975a89b-83cc-4575-9d5d-b6f235edd58d)
2019-06-04 19:19:56.222 1842 INFO rally.task.context [-] Task 388226ed-d1fa-4986-a516-b0a3bbc548d8 | Context cleanup@openstack cleanup() finished in 13.14 sec
2019-06-04 19:19:56.223 1842 INFO rally.task.context [-] Task 388226ed-d1fa-4986-a516-b0a3bbc548d8 | Context api_versions@openstack cleanup() started
2019-06-04 19:19:56.223 1842 INFO rally.task.context [-] Task 388226ed-d1fa-4986-a516-b0a3bbc548d8 | Context api_versions@openstack cleanup() finished in 0.32 msec
2019-06-04 19:19:56.223 1842 INFO rally.task.context [-] Task 388226ed-d1fa-4986-a516-b0a3bbc548d8 | Context users@openstack cleanup() started
2019-06-04 19:20:04.025 1842 INFO rally.task.context [-] Task 388226ed-d1fa-4986-a516-b0a3bbc548d8 | Context users@openstack cleanup() finished in 7.80 sec
2019-06-04 19:20:05.054 1842 INFO rally.task.engine [-] Load duration is: 11.057833
2019-06-04 19:20:05.055 1842 INFO rally.task.engine [-] Full runner duration is: 11.105353
2019-06-04 19:20:05.055 1842 INFO rally.task.engine [-] Full duration is: 37.141299
2019-06-04 19:20:05.232 1842 INFO rally.task.engine [-] Running workload: position = 1 config = { "version": 2, "title": "A cropped version of a bigger task.", "description": "Auto-generated task from a single workload (uuid=1b628598-9874-4887-bdd3-30deff69159c)", "subtasks": [ { "title": "CinderVolumes.create_volume", "description": "Create a volume.", "scenario": { "CinderVolumes.create_volume": { "size": { "min": 1, "max": 1 } } }, "contexts": { "users": { "tenants": 3, "users_per_tenant": 2 }, "quotas": { "cinder": { "gigabytes": -1, "snapshots": -1, "volumes": -1 } }, "api_versions": { "cinder": { "version": 3, "service_type": "volumev3" } } }, "runner": { "constant": { "concurrency": 4, "times": 10 } }, "hooks": [], "sla": { "failure_rate": { "max": 0 } } } ] }
2019-06-04 19:20:05.252 1842 RALLYDEBUG rally_openstack.contexts.keystone.users [-] Creating 3 tenants using 20 threads
2019-06-04 19:20:07.296 1842 RALLYDEBUG rally_openstack.contexts.keystone.users [-] Creating 6 users using 20 threads
2019-06-04 19:20:10.253 1842 INFO rally.task.context [-] Task 388226ed-d1fa-4986-a516-b0a3bbc548d8 | Context users@openstack setup() finished in 5.00 sec
2019-06-04 19:20:10.676 1842 INFO rally.task.context [-] Task 388226ed-d1fa-4986-a516-b0a3bbc548d8 | Context api_versions@openstack setup() finished in 0.42 sec
2019-06-04 19:20:12.441 1842 INFO rally.task.context [-] Task 388226ed-d1fa-4986-a516-b0a3bbc548d8 | Context quotas@openstack setup() finished in 1.76 sec
2019-06-04 19:20:12.441 1842 INFO rally.task.context [-] Task 388226ed-d1fa-4986-a516-b0a3bbc548d8 | Context cleanup@openstack setup() finished in 0.01 msec
2019-06-04 19:20:12.449 1842 RALLYDEBUG rally.task.runner [-] Starting the constant runner (task UUID: 388226ed-d1fa-4986-a516-b0a3bbc548d8). timeout: 0 concurrency: 4 concurrency_per_worker: 1 times: 10 concurrency_overhead: 0 processes_to_start: 4 max_cpu_used: 16
2019-06-04 19:20:12.462 3658 RALLYDEBUG rally.task.runner [-] Starting a worker. concurrency: 1 args: {"size": {"min": 1, "max": 1}} times: 10 method_name: run timeout: 0 duration: None cls:
2019-06-04 19:20:12.464 3659 RALLYDEBUG rally.task.runner [-] Starting a worker. concurrency: 1 args: {"size": {"min": 1, "max": 1}} times: 10 method_name: run timeout: 0 duration: None cls:
2019-06-04 19:20:12.467 3660 RALLYDEBUG rally.task.runner [-] Starting a worker. concurrency: 1 args: {"size": {"min": 1, "max": 1}} times: 10 method_name: run timeout: 0 duration: None cls:
2019-06-04 19:20:12.471 3658 INFO rally.task.runner [-] Task 388226ed-d1fa-4986-a516-b0a3bbc548d8 | ITER: 1 START
2019-06-04 19:20:12.470 3661 RALLYDEBUG rally.task.runner [-] Starting a worker. concurrency: 1 args: {"size": {"min": 1, "max": 1}} times: 10 method_name: run timeout: 0 duration: None cls:
2019-06-04 19:20:12.472 3659 INFO rally.task.runner [-] Task 388226ed-d1fa-4986-a516-b0a3bbc548d8 | ITER: 2 START
2019-06-04 19:20:12.475 3660 INFO rally.task.runner [-] Task 388226ed-d1fa-4986-a516-b0a3bbc548d8 | ITER: 3 START
2019-06-04 19:20:12.478 3661 INFO rally.task.runner [-] Task 388226ed-d1fa-4986-a516-b0a3bbc548d8 | ITER: 4 START
2019-06-04 19:20:16.293 3661 INFO rally.task.runner [-] Task 388226ed-d1fa-4986-a516-b0a3bbc548d8 | ITER: 4 END: OK
2019-06-04 19:20:16.297 3660 INFO rally.task.runner [-] Task 388226ed-d1fa-4986-a516-b0a3bbc548d8 | ITER: 3 END: OK
2019-06-04 19:20:16.298 3661 INFO rally.task.runner [-] Task 388226ed-d1fa-4986-a516-b0a3bbc548d8 | ITER: 5 START
2019-06-04 19:20:16.303 3660 INFO rally.task.runner [-] Task 388226ed-d1fa-4986-a516-b0a3bbc548d8 | ITER: 6 START
2019-06-04 19:20:16.355 3659 INFO rally.task.runner [-] Task 388226ed-d1fa-4986-a516-b0a3bbc548d8 | ITER: 2 END: OK
2019-06-04 19:20:16.360 3659 INFO rally.task.runner [-] Task 388226ed-d1fa-4986-a516-b0a3bbc548d8 | ITER: 7 START
2019-06-04 19:20:16.399 3658 INFO rally.task.runner [-] Task 388226ed-d1fa-4986-a516-b0a3bbc548d8 | ITER: 1 END: OK
2019-06-04 19:20:16.404 3658 INFO rally.task.runner [-] Task 388226ed-d1fa-4986-a516-b0a3bbc548d8 | ITER: 8 START
2019-06-04 19:20:20.122 3658 INFO rally.task.runner [-] Task 388226ed-d1fa-4986-a516-b0a3bbc548d8 | ITER: 8 END: OK
2019-06-04 19:20:20.124 3660 INFO rally.task.runner [-] Task 388226ed-d1fa-4986-a516-b0a3bbc548d8 | ITER: 6 END: OK
2019-06-04 19:20:20.128 3658 INFO rally.task.runner [-] Task 388226ed-d1fa-4986-a516-b0a3bbc548d8 | ITER: 9 START
2019-06-04 19:20:20.129 3660 INFO rally.task.runner [-] Task 388226ed-d1fa-4986-a516-b0a3bbc548d8 | ITER: 10 START
2019-06-04 19:20:20.174 3661 INFO rally.task.runner [-] Task 388226ed-d1fa-4986-a516-b0a3bbc548d8 | ITER: 5 END: OK
2019-06-04 19:20:20.235 3659 INFO rally.task.runner [-] Task 388226ed-d1fa-4986-a516-b0a3bbc548d8 | ITER: 7 END: OK
2019-06-04 19:20:23.727 3658 INFO rally.task.runner [-] Task 388226ed-d1fa-4986-a516-b0a3bbc548d8 | ITER: 9 END: OK
2019-06-04 19:20:23.911 3660 INFO rally.task.runner [-] Task 388226ed-d1fa-4986-a516-b0a3bbc548d8 | ITER: 10 END: OK
2019-06-04 19:20:23.939 1842 INFO rally.task.context [-] Task 388226ed-d1fa-4986-a516-b0a3bbc548d8 | Context cleanup@openstack cleanup() started
2019-06-04 19:20:23.942 1842 RALLYDEBUG rally_openstack.cleanup.manager [-] Cleaning up cinder backups objects
2019-06-04 19:20:26.173 1842 RALLYDEBUG rally_openstack.cleanup.manager [-] Cleaning up cinder volume_snapshots objects
2019-06-04 19:20:28.394 1842 RALLYDEBUG rally_openstack.cleanup.manager [-] Cleaning up cinder transfers objects
2019-06-04 19:20:30.659 1842 RALLYDEBUG rally_openstack.cleanup.manager [-] Cleaning up cinder volumes objects
2019-06-04 19:20:33.060 1842 RALLYDEBUG rally_openstack.cleanup.manager [-] Deleting cinder.volumes object s_rally_1b628598_JvT3mMS9 (151c1a6a-d804-4162-84d5-dbfcf798a998)
2019-06-04 19:20:33.064 1842 RALLYDEBUG rally_openstack.cleanup.manager [-] Deleting cinder.volumes object s_rally_1b628598_NQXN9wg3 (e0f7fd89-c293-41ba-b26e-bf8bb9c8054e)
2019-06-04 19:20:33.065 1842 RALLYDEBUG rally_openstack.cleanup.manager [-] Deleting cinder.volumes object s_rally_1b628598_0QCV0NVZ (b79a981d-6229-41a3-8e3b-fadb6dd298c9)
2019-06-04 19:20:33.070 1842 RALLYDEBUG rally_openstack.cleanup.manager [-] Deleting cinder.volumes object s_rally_1b628598_3KTjTLWy (f956e947-bfc1-4c82-a8b4-c99adb193c10)
2019-06-04 19:20:33.071 1842 RALLYDEBUG rally_openstack.cleanup.manager [-] Deleting cinder.volumes object s_rally_1b628598_9G8pReiH (a12031e9-8767-490c-9cd6-a6c34d75f77c)
2019-06-04 19:20:33.072 1842 RALLYDEBUG rally_openstack.cleanup.manager [-] Deleting cinder.volumes object s_rally_1b628598_d0weL2SV (f743ac64-d607-44b4-a9c3-e53b32a0faef)
2019-06-04 19:20:33.084 1842 RALLYDEBUG rally_openstack.cleanup.manager [-] Deleting cinder.volumes object s_rally_1b628598_NlESAuu7 (c2bc04e3-5213-4d70-a948-fc5d8cda96f8)
2019-06-04 19:20:33.099 1842 RALLYDEBUG rally_openstack.cleanup.manager [-] Deleting cinder.volumes object s_rally_1b628598_E0PA4vFr (700be28e-5fa6-41ea-b381-688494c2997c)
2019-06-04 19:20:33.117 1842 RALLYDEBUG rally_openstack.cleanup.manager [-] Deleting cinder.volumes object s_rally_1b628598_bmRX9T9r (d28aa1ec-a7c3-4edb-85a7-170228a831fa)
2019-06-04 19:20:33.119 1842 RALLYDEBUG rally_openstack.cleanup.manager [-] Deleting cinder.volumes object s_rally_1b628598_3DjQhOmV (a46e089c-683b-4a1c-8eea-2db8eceeea5a)
2019-06-04 19:20:36.948 1842 INFO rally.task.context [-] Task 388226ed-d1fa-4986-a516-b0a3bbc548d8 | Context cleanup@openstack cleanup() finished in 13.01 sec
2019-06-04 19:20:36.949 1842 INFO rally.task.context [-] Task 388226ed-d1fa-4986-a516-b0a3bbc548d8 | Context quotas@openstack cleanup() started
2019-06-04 19:20:37.953 1842 INFO rally.task.context [-] Task 388226ed-d1fa-4986-a516-b0a3bbc548d8 | Context quotas@openstack cleanup() finished in 1.00 sec
2019-06-04 19:20:37.954 1842 INFO rally.task.context [-] Task 388226ed-d1fa-4986-a516-b0a3bbc548d8 | Context api_versions@openstack cleanup() started
2019-06-04 19:20:37.954 1842 INFO rally.task.context [-] Task 388226ed-d1fa-4986-a516-b0a3bbc548d8 | Context api_versions@openstack cleanup() finished in 0.34 msec
2019-06-04 19:20:37.954 1842 INFO rally.task.context [-] Task 388226ed-d1fa-4986-a516-b0a3bbc548d8 | Context users@openstack cleanup() started
2019-06-04 19:20:46.084 1842 INFO rally.task.context [-] Task 388226ed-d1fa-4986-a516-b0a3bbc548d8 | Context users@openstack cleanup() finished in 8.13 sec
2019-06-04 19:20:47.418 1842 INFO rally.task.engine [-] Load duration is: 11.436591
2019-06-04 19:20:47.419 1842 INFO rally.task.engine [-] Full runner duration is: 11.491039
2019-06-04 19:20:47.419 1842 INFO rally.task.engine [-] Full duration is: 40.839198
2019-06-04 19:20:47.646 1842 INFO rally.task.engine [-] Running workload: position = 0 config = { "version": 2, "title": "A cropped version of a bigger task.", "description": "Auto-generated task from a single workload (uuid=e34a1a86-396d-47a2-9678-64db6be7ea19)", "subtasks": [ { "title": "CinderVolumes.list_volumes", "description": "List all volumes.", "scenario": { "CinderVolumes.list_volumes": { "detailed": true } }, "contexts": { "users": { "tenants": 3, "users_per_tenant": 2 }, "quotas": { "cinder": { "gigabytes": -1, "snapshots": -1, "volumes": -1 } }, "api_versions": { "cinder": { "version": 3, "service_type": "volumev3" } }, "volumes": { "size": 1, "volumes_per_tenant": 4 } }, "runner": { "constant": { "concurrency": 4, "times": 10 } }, "hooks": [], "sla": { "failure_rate": { "max": 0 } } } ] }
2019-06-04 19:20:47.663 1842 RALLYDEBUG rally_openstack.contexts.keystone.users [-] Creating 3 tenants using 20 threads
2019-06-04 19:20:49.499 1842 RALLYDEBUG rally_openstack.contexts.keystone.users [-] Creating 6 users using 20 threads
2019-06-04 19:20:52.644 1842 INFO rally.task.context [-] Task 388226ed-d1fa-4986-a516-b0a3bbc548d8 | Context users@openstack setup() finished in 4.98 sec
2019-06-04 19:20:53.177 1842 INFO rally.task.context [-] Task 388226ed-d1fa-4986-a516-b0a3bbc548d8 | Context api_versions@openstack setup() finished in 0.53 sec
2019-06-04 19:20:54.832 1842 INFO rally.task.context [-] Task 388226ed-d1fa-4986-a516-b0a3bbc548d8 | Context quotas@openstack setup() finished in 1.65 sec
2019-06-04 19:21:33.751 1842 INFO rally.task.context [-] Task 388226ed-d1fa-4986-a516-b0a3bbc548d8 | Context volumes@openstack setup() finished in 38.92 sec
2019-06-04 19:21:33.760 1842 RALLYDEBUG rally.task.runner [-] Starting the constant runner (task UUID: 388226ed-d1fa-4986-a516-b0a3bbc548d8). timeout: 0 concurrency: 4 concurrency_per_worker: 1 times: 10 concurrency_overhead: 0 processes_to_start: 4 max_cpu_used: 16
2019-06-04 19:21:33.773 3842 RALLYDEBUG rally.task.runner [-] Starting a worker. concurrency: 1 args: {"detailed": true} times: 10 method_name: run timeout: 0 duration: None cls:
2019-06-04 19:21:33.776 3843 RALLYDEBUG rally.task.runner [-] Starting a worker. concurrency: 1 args: {"detailed": true} times: 10 method_name: run timeout: 0 duration: None cls:
2019-06-04 19:21:33.779 3844 RALLYDEBUG rally.task.runner [-] Starting a worker. concurrency: 1 args: {"detailed": true} times: 10 method_name: run timeout: 0 duration: None cls:
2019-06-04 19:21:33.781 3845 RALLYDEBUG rally.task.runner [-] Starting a worker. concurrency: 1 args: {"detailed": true} times: 10 method_name: run timeout: 0 duration: None cls:
2019-06-04 19:21:33.784 3842 INFO rally.task.runner [-] Task 388226ed-d1fa-4986-a516-b0a3bbc548d8 | ITER: 1 START
2019-06-04 19:21:33.787 3843 INFO rally.task.runner [-] Task 388226ed-d1fa-4986-a516-b0a3bbc548d8 | ITER: 2 START
2019-06-04 19:21:33.790 3844 INFO rally.task.runner [-] Task 388226ed-d1fa-4986-a516-b0a3bbc548d8 | ITER: 3 START
2019-06-04 19:21:33.791 3845 INFO rally.task.runner [-] Task 388226ed-d1fa-4986-a516-b0a3bbc548d8 | ITER: 4 START
2019-06-04 19:21:34.520 3842 INFO rally.task.runner [-] Task 388226ed-d1fa-4986-a516-b0a3bbc548d8 | ITER: 1 END: OK
2019-06-04 19:21:34.525 3842 INFO rally.task.runner [-] Task 388226ed-d1fa-4986-a516-b0a3bbc548d8 | ITER: 5 START
2019-06-04 19:21:34.603 3845 INFO rally.task.runner [-] Task 388226ed-d1fa-4986-a516-b0a3bbc548d8 | ITER: 4 END: OK
2019-06-04 19:21:34.610 3845 INFO rally.task.runner [-] Task 388226ed-d1fa-4986-a516-b0a3bbc548d8 | ITER: 6 START
2019-06-04 19:21:34.612 3844 INFO rally.task.runner [-] Task 388226ed-d1fa-4986-a516-b0a3bbc548d8 | ITER: 3 END: OK
2019-06-04 19:21:34.619 3844 INFO rally.task.runner [-] Task 388226ed-d1fa-4986-a516-b0a3bbc548d8 | ITER: 7 START
2019-06-04 19:21:34.694 3843 INFO rally.task.runner [-] Task 388226ed-d1fa-4986-a516-b0a3bbc548d8 | ITER: 2 END: OK
2019-06-04 19:21:34.700 3843 INFO rally.task.runner [-] Task 388226ed-d1fa-4986-a516-b0a3bbc548d8 | ITER: 8 START
2019-06-04 19:21:35.316 3845 INFO rally.task.runner [-] Task 388226ed-d1fa-4986-a516-b0a3bbc548d8 | ITER: 6 END: OK
2019-06-04 19:21:35.321 3845 INFO rally.task.runner [-] Task 388226ed-d1fa-4986-a516-b0a3bbc548d8 | ITER: 9 START
2019-06-04 19:21:35.344 3842 INFO rally.task.runner [-] Task 388226ed-d1fa-4986-a516-b0a3bbc548d8 | ITER: 5 END: OK
2019-06-04 19:21:35.348 3842 INFO rally.task.runner [-] Task 388226ed-d1fa-4986-a516-b0a3bbc548d8 | ITER: 10 START
2019-06-04 19:21:35.398 3844 INFO rally.task.runner [-] Task 388226ed-d1fa-4986-a516-b0a3bbc548d8 | ITER: 7 END: OK
2019-06-04 19:21:35.537 3843 INFO rally.task.runner [-] Task 388226ed-d1fa-4986-a516-b0a3bbc548d8 | ITER: 8 END: OK
2019-06-04 19:21:36.040 3845 INFO rally.task.runner [-] Task 388226ed-d1fa-4986-a516-b0a3bbc548d8 | ITER: 9 END: OK
2019-06-04 19:21:36.234 3842 INFO rally.task.runner [-] Task 388226ed-d1fa-4986-a516-b0a3bbc548d8 | ITER: 10 END: OK
2019-06-04 19:21:36.261 1842 INFO rally.task.context [-] Task 388226ed-d1fa-4986-a516-b0a3bbc548d8 | Context volumes@openstack cleanup() started
2019-06-04 19:21:36.262 1842 RALLYDEBUG rally_openstack.cleanup.manager [-] Cleaning up cinder volumes objects
2019-06-04 19:21:38.552 1842 RALLYDEBUG rally_openstack.cleanup.manager [-] Deleting cinder.volumes object c_rally_e34a1a86_AsZF5L2H (c60cfc59-55a5-4b95-98e5-26e1551f6844)
2019-06-04 19:21:38.553 1842 RALLYDEBUG rally_openstack.cleanup.manager [-] Deleting cinder.volumes object c_rally_e34a1a86_JGGEhsqu (8221f378-f13e-4e5d-981b-6dfaa94b0cd0)
2019-06-04 19:21:38.558 1842 RALLYDEBUG rally_openstack.cleanup.manager [-] Deleting cinder.volumes object c_rally_e34a1a86_2dGevAuF (9508f9d3-e981-43db-9d77-fff0303396c0)
2019-06-04 19:21:38.559 1842 RALLYDEBUG rally_openstack.cleanup.manager [-] Deleting cinder.volumes object c_rally_e34a1a86_vPyECXZr (c897a034-38dc-47a1-a02f-f9c0e52c7c19)
2019-06-04 19:21:38.562 1842 RALLYDEBUG rally_openstack.cleanup.manager [-] Deleting cinder.volumes object c_rally_e34a1a86_3UG1kljq (efb25ff3-cbc2-4885-9fc9-fab4efa23dff)
2019-06-04 19:21:38.565 1842 RALLYDEBUG rally_openstack.cleanup.manager [-] Deleting cinder.volumes object c_rally_e34a1a86_TUiNTbzZ (3767e142-5b18-4a99-b4c1-39dcca8b2785)
2019-06-04 19:21:38.567 1842 RALLYDEBUG rally_openstack.cleanup.manager [-] Deleting cinder.volumes object c_rally_e34a1a86_bIj18N7v (059414c1-5a66-4993-824d-988cbcbdf10f)
2019-06-04 19:21:38.570 1842 RALLYDEBUG rally_openstack.cleanup.manager [-] Deleting cinder.volumes object c_rally_e34a1a86_jgKGFoKS (c965f442-d189-4c49-aa77-ec4a0b28b535)
2019-06-04 19:21:38.580 1842 RALLYDEBUG rally_openstack.cleanup.manager [-] Deleting cinder.volumes object c_rally_e34a1a86_dftojeUd (5cff4f03-e3c5-49ed-9920-e3afab81fa61)
2019-06-04 19:21:38.584 1842 RALLYDEBUG rally_openstack.cleanup.manager [-] Deleting cinder.volumes object c_rally_e34a1a86_YhZZAGpp (74ae8439-f74c-48b4-9187-8e563fb3e05d)
2019-06-04 19:21:38.604 1842 RALLYDEBUG rally_openstack.cleanup.manager [-] Deleting cinder.volumes object c_rally_e34a1a86_kTax4y8G (a182ef74-dfdf-4871-91f6-9c44ef5a6e58)
2019-06-04 19:21:38.625 1842 RALLYDEBUG rally_openstack.cleanup.manager [-] Deleting cinder.volumes object c_rally_e34a1a86_OB2aaW6m (d29691a6-128f-4acf-88ce-328a2c0fc81e)
2019-06-04 19:21:43.845 1842 INFO rally.task.context [-] Task 388226ed-d1fa-4986-a516-b0a3bbc548d8 | Context volumes@openstack cleanup() finished in 7.58 sec
2019-06-04 19:21:43.846 1842 INFO rally.task.context [-] Task 388226ed-d1fa-4986-a516-b0a3bbc548d8 | Context quotas@openstack cleanup() started
2019-06-04 19:21:44.704 1842 INFO rally.task.context [-] Task 388226ed-d1fa-4986-a516-b0a3bbc548d8 | Context quotas@openstack cleanup() finished in 0.86 sec
2019-06-04 19:21:44.705 1842 INFO rally.task.context [-] Task 388226ed-d1fa-4986-a516-b0a3bbc548d8 | Context api_versions@openstack cleanup() started
2019-06-04 19:21:44.705 1842 INFO rally.task.context [-] Task 388226ed-d1fa-4986-a516-b0a3bbc548d8 | Context api_versions@openstack cleanup() finished in 0.34 msec
2019-06-04 19:21:44.706 1842 INFO rally.task.context [-] Task 388226ed-d1fa-4986-a516-b0a3bbc548d8 | Context users@openstack cleanup() started
2019-06-04 19:21:53.414 1842 INFO rally.task.context [-] Task 388226ed-d1fa-4986-a516-b0a3bbc548d8 | Context users@openstack cleanup() finished in 8.71 sec
2019-06-04 19:21:53.940 1842 INFO rally.task.engine [-] Load duration is: 2.445794
2019-06-04 19:21:53.940 1842 INFO rally.task.engine [-] Full runner duration is: 2.502796
2019-06-04 19:21:53.941 1842 INFO rally.task.engine [-] Full duration is: 65.756517
2019-06-04 19:21:54.208 1842 INFO rally.task.engine [-] Running workload: position = 0 config = { "version": 2, "title": "A cropped version of a bigger task.", "description": "Auto-generated task from a single workload (uuid=982304ec-4a37-41d5-9608-c8f0c15c7e80)", "subtasks": [ { "title": "CinderVolumes.create_and_delete_snapshot", "description": "Create and then delete a volume-snapshot.", "scenario": { "CinderVolumes.create_and_delete_snapshot": { "force": false } }, "contexts": { "users": { "tenants": 3, "users_per_tenant": 2 }, "quotas": { "cinder": { "gigabytes": -1, "snapshots": -1, "volumes": -1 } }, "api_versions": { "cinder": { "version": 3, "service_type": "volumev3" } }, "volumes": { "size": 1, "volumes_per_tenant": 1 } }, "runner": { "constant": { "concurrency": 4, "times": 10 } }, "hooks": [], "sla": { "failure_rate": { "max": 0 } } } ] }
2019-06-04 19:21:54.234 1842 RALLYDEBUG rally_openstack.contexts.keystone.users [-] Creating 3 tenants using 20 threads
2019-06-04 19:21:56.088 1842 RALLYDEBUG rally_openstack.contexts.keystone.users [-] Creating 6 users using 20 threads
2019-06-04 19:21:58.859 1842 INFO rally.task.context [-] Task 388226ed-d1fa-4986-a516-b0a3bbc548d8 | Context users@openstack setup() finished in 4.62 sec
2019-06-04 19:21:59.411 1842 INFO rally.task.context [-] Task 388226ed-d1fa-4986-a516-b0a3bbc548d8 | Context api_versions@openstack setup() finished in 0.55 sec
2019-06-04 19:22:01.123 1842 INFO rally.task.context [-] Task 388226ed-d1fa-4986-a516-b0a3bbc548d8 | Context quotas@openstack setup() finished in 1.71 sec
2019-06-04 19:22:12.202 1842 INFO rally.task.context [-] Task 388226ed-d1fa-4986-a516-b0a3bbc548d8 | Context volumes@openstack setup() finished in 11.08 sec
2019-06-04 19:22:12.202 1842 INFO rally.task.context [-] Task 388226ed-d1fa-4986-a516-b0a3bbc548d8 | Context cleanup@openstack setup() finished in 0.01 msec
2019-06-04 19:22:12.211 1842 RALLYDEBUG rally.task.runner [-] Starting the constant runner (task UUID: 388226ed-d1fa-4986-a516-b0a3bbc548d8). timeout: 0 concurrency: 4 concurrency_per_worker: 1 times: 10 concurrency_overhead: 0 processes_to_start: 4 max_cpu_used: 16
2019-06-04 19:22:12.224 3966 RALLYDEBUG rally.task.runner [-] Starting a worker. concurrency: 1 args: {"force": false} times: 10 method_name: run timeout: 0 duration: None cls:
2019-06-04 19:22:12.227 3967 RALLYDEBUG rally.task.runner [-] Starting a worker. concurrency: 1 args: {"force": false} times: 10 method_name: run timeout: 0 duration: None cls:
2019-06-04 19:22:12.232 3966 INFO rally.task.runner [-] Task 388226ed-d1fa-4986-a516-b0a3bbc548d8 | ITER: 1 START
2019-06-04 19:22:12.235 3967 INFO rally.task.runner [-] Task 388226ed-d1fa-4986-a516-b0a3bbc548d8 | ITER: 2 START
2019-06-04 19:22:12.241 3968 RALLYDEBUG rally.task.runner [-] Starting a worker. concurrency: 1 args: {"force": false} times: 10 method_name: run timeout: 0 duration: None cls:
2019-06-04 19:22:12.241 3969 RALLYDEBUG rally.task.runner [-] Starting a worker. concurrency: 1 args: {"force": false} times: 10 method_name: run timeout: 0 duration: None cls:
2019-06-04 19:22:12.260 3969 INFO rally.task.runner [-] Task 388226ed-d1fa-4986-a516-b0a3bbc548d8 | ITER: 3 START
2019-06-04 19:22:12.260 3968 INFO rally.task.runner [-] Task 388226ed-d1fa-4986-a516-b0a3bbc548d8 | ITER: 4 START
2019-06-04 19:22:16.376 3966 RALLYDEBUG rally.task.utils [-] Waiting for resource s_rally_982304ec_wH9nsteK. Status changed: AVAILABLE => DELETING in 0.322624921799
2019-06-04 19:22:16.511 3969 RALLYDEBUG rally.task.utils [-] Waiting for resource s_rally_982304ec_Og21vshC. Status changed: AVAILABLE => DELETING in 0.335170984268
2019-06-04 19:22:16.546 3968 RALLYDEBUG rally.task.utils [-] Waiting for resource s_rally_982304ec_nEI31ycI. Status changed: AVAILABLE => DELETING in 0.327639818192
2019-06-04 19:22:16.699 3967 RALLYDEBUG rally.task.utils [-] Waiting for resource s_rally_982304ec_2f9AlYee. Status changed: AVAILABLE => DELETING in 0.334319114685
2019-06-04 19:22:18.695 3966 INFO rally.task.runner [-] Task 388226ed-d1fa-4986-a516-b0a3bbc548d8 | ITER: 1 END: OK
2019-06-04 19:22:18.700 3966 INFO rally.task.runner [-] Task 388226ed-d1fa-4986-a516-b0a3bbc548d8 | ITER: 5 START
2019-06-04 19:22:18.741 3969 INFO rally.task.runner [-] Task 388226ed-d1fa-4986-a516-b0a3bbc548d8 | ITER: 3 END: OK
2019-06-04 19:22:18.747 3969 INFO rally.task.runner [-] Task 388226ed-d1fa-4986-a516-b0a3bbc548d8 | ITER: 6 START
2019-06-04 19:22:18.951 3968 INFO rally.task.runner [-] Task 388226ed-d1fa-4986-a516-b0a3bbc548d8 | ITER: 4 END: OK
2019-06-04 19:22:18.957 3968 INFO rally.task.runner [-] Task 388226ed-d1fa-4986-a516-b0a3bbc548d8 | ITER: 7 START
2019-06-04 19:22:19.021 3967 INFO rally.task.runner [-] Task 388226ed-d1fa-4986-a516-b0a3bbc548d8 | ITER: 2 END: OK
2019-06-04 19:22:19.027 3967 INFO rally.task.runner [-] Task 388226ed-d1fa-4986-a516-b0a3bbc548d8 | ITER: 8 START
2019-06-04 19:22:22.581 3969 RALLYDEBUG rally.task.utils [-] Waiting for resource s_rally_982304ec_f3PunZaL. Status changed: AVAILABLE => DELETING in 0.0250718593597
2019-06-04 19:22:22.593 3966 RALLYDEBUG rally.task.utils [-] Waiting for resource s_rally_982304ec_8F7A3oqw. Status changed: AVAILABLE => DELETING in 0.0250670909882
2019-06-04 19:22:23.018 3967 RALLYDEBUG rally.task.utils [-] Waiting for resource s_rally_982304ec_Cbff7YYI. Status changed: AVAILABLE => DELETING in 0.306006193161
2019-06-04 19:22:23.085 3968 RALLYDEBUG rally.task.utils [-] Waiting for resource s_rally_982304ec_qI9t4kQq. Status changed: AVAILABLE => DELETING in 0.313459157944
2019-06-04 19:22:24.608 3969 INFO rally.task.runner [-] Task 388226ed-d1fa-4986-a516-b0a3bbc548d8 | ITER: 6 END: OK
2019-06-04 19:22:24.614 3969 INFO rally.task.runner [-] Task 388226ed-d1fa-4986-a516-b0a3bbc548d8 | ITER: 9 START
2019-06-04 19:22:24.893 3966 INFO rally.task.runner [-] Task 388226ed-d1fa-4986-a516-b0a3bbc548d8 | ITER: 5 END: OK
2019-06-04 19:22:24.898 3966 INFO rally.task.runner [-] Task 388226ed-d1fa-4986-a516-b0a3bbc548d8 | ITER: 10 START
2019-06-04 19:22:25.116 3968 INFO rally.task.runner [-] Task 388226ed-d1fa-4986-a516-b0a3bbc548d8 | ITER: 7 END: OK
2019-06-04 19:22:25.353 3967 INFO rally.task.runner [-] Task 388226ed-d1fa-4986-a516-b0a3bbc548d8 | ITER: 8 END: OK
2019-06-04 19:22:28.552 3969 RALLYDEBUG rally.task.utils [-] Waiting for resource s_rally_982304ec_CCyLVeIP. Status changed: AVAILABLE => DELETING in 0.0249409675598
2019-06-04 19:22:29.246 3966 RALLYDEBUG rally.task.utils [-] Waiting for resource s_rally_982304ec_gMgDgsZw. Status changed: AVAILABLE => DELETING in 0.323241949081
2019-06-04 19:22:30.791 3969 INFO rally.task.runner [-] Task 388226ed-d1fa-4986-a516-b0a3bbc548d8 | ITER: 9 END: OK
2019-06-04 19:22:31.474 3966 INFO rally.task.runner [-] Task 388226ed-d1fa-4986-a516-b0a3bbc548d8 | ITER: 10 END: OK
2019-06-04 19:22:31.497 1842 INFO rally.task.context [-] Task 388226ed-d1fa-4986-a516-b0a3bbc548d8 | Context cleanup@openstack cleanup() started
2019-06-04 19:22:31.500 1842 RALLYDEBUG rally_openstack.cleanup.manager [-] Cleaning up cinder backups objects
2019-06-04 19:22:33.655 1842 RALLYDEBUG rally_openstack.cleanup.manager [-] Cleaning up cinder volume_snapshots objects
2019-06-04 19:22:35.816 1842 RALLYDEBUG rally_openstack.cleanup.manager [-] Cleaning up cinder transfers objects
2019-06-04 19:22:38.194 1842 RALLYDEBUG rally_openstack.cleanup.manager [-] Cleaning up cinder volumes objects
2019-06-04 19:22:40.426 1842 INFO rally.task.context [-] Task 388226ed-d1fa-4986-a516-b0a3bbc548d8 | Context cleanup@openstack cleanup() finished in 8.93 sec
2019-06-04 19:22:40.426 1842 INFO rally.task.context [-] Task 388226ed-d1fa-4986-a516-b0a3bbc548d8 | Context volumes@openstack cleanup() started
2019-06-04 19:22:40.427 1842 RALLYDEBUG rally_openstack.cleanup.manager [-] Cleaning up cinder volumes objects
2019-06-04 19:22:42.629 1842 RALLYDEBUG rally_openstack.cleanup.manager [-] Deleting cinder.volumes object c_rally_982304ec_dVfaTqAb (39d69fee-03c2-401c-b2e0-184a570c3ff9)
2019-06-04 19:22:42.629 1842 RALLYDEBUG rally_openstack.cleanup.manager [-] Deleting cinder.volumes object c_rally_982304ec_HjUvQ0zu (a95b90f2-9ec1-450f-96c5-06cab23b4056)
2019-06-04 19:22:42.633 1842 RALLYDEBUG rally_openstack.cleanup.manager [-] Deleting cinder.volumes object c_rally_982304ec_bMKo5nk6 (ce10b95f-92e2-4ed3-b1ad-80015690d13b)
2019-06-04 19:22:46.185 1842 INFO rally.task.context [-] Task 388226ed-d1fa-4986-a516-b0a3bbc548d8 | Context volumes@openstack cleanup() finished in 5.76 sec
2019-06-04 19:22:46.186 1842 INFO rally.task.context [-] Task 388226ed-d1fa-4986-a516-b0a3bbc548d8 | Context quotas@openstack cleanup() started
2019-06-04 19:22:46.905 1842 INFO rally.task.context [-] Task 388226ed-d1fa-4986-a516-b0a3bbc548d8 | Context quotas@openstack cleanup() finished in 0.72 sec
2019-06-04 19:22:46.906 1842 INFO rally.task.context [-] Task 388226ed-d1fa-4986-a516-b0a3bbc548d8 | Context api_versions@openstack cleanup() started
2019-06-04 19:22:46.906 1842 INFO rally.task.context [-] Task 388226ed-d1fa-4986-a516-b0a3bbc548d8 | Context api_versions@openstack cleanup() finished in 0.33 msec
2019-06-04 19:22:46.906 1842 INFO rally.task.context [-] Task 388226ed-d1fa-4986-a516-b0a3bbc548d8 | Context users@openstack cleanup() started
2019-06-04 19:22:54.744 1842 INFO rally.task.context [-] Task 388226ed-d1fa-4986-a516-b0a3bbc548d8 | Context users@openstack cleanup() finished in 7.84 sec
2019-06-04 19:22:56.478 1842 INFO rally.task.engine [-] Load duration is: 19.237294
2019-06-04 19:22:56.478 1842 INFO rally.task.engine [-] Full runner duration is: 19.28732
2019-06-04 19:22:56.478 1842 INFO rally.task.engine [-] Full duration is: 60.514366
2019-06-04 19:22:56.791 1842 INFO rally.task.engine [-] Running workload: position = 0 config = { "version": 2, "title": "A cropped version of a bigger task.", "description": "Auto-generated task from a single workload (uuid=c236ace0-c969-41b7-9a14-bcef38b3ef75)", "subtasks": [ { "title": "CinderVolumes.create_and_delete_volume", "description": "Create and then delete a volume.", "scenario": { "CinderVolumes.create_and_delete_volume": { "size": { "max": 1, "min": 1 } } }, "contexts": { "users": { "tenants": 3, "users_per_tenant": 2 }, "quotas": { "cinder": { "gigabytes": -1, "snapshots": -1, "volumes": -1 } }, "api_versions": { "cinder": { "version": 3, "service_type": "volumev3" } } }, "runner": { "constant": { "concurrency": 4, "times": 10 } }, "hooks": [], "sla": { "failure_rate": { "max": 0 } } } ] }
2019-06-04 19:22:56.813 1842 RALLYDEBUG rally_openstack.contexts.keystone.users [-] Creating 3 tenants using 20 threads
2019-06-04 19:22:58.802 1842 RALLYDEBUG rally_openstack.contexts.keystone.users [-] Creating 6 users using 20 threads
2019-06-04 19:23:01.748 1842 INFO rally.task.context [-] Task 388226ed-d1fa-4986-a516-b0a3bbc548d8 | Context users@openstack setup() finished in 4.93 sec
2019-06-04 19:23:02.197 1842 INFO rally.task.context [-] Task 388226ed-d1fa-4986-a516-b0a3bbc548d8 | Context api_versions@openstack setup() finished in 0.45 sec
2019-06-04 19:23:03.890 1842 INFO rally.task.context [-] Task 388226ed-d1fa-4986-a516-b0a3bbc548d8 | Context quotas@openstack setup() finished in 1.69 sec
2019-06-04 19:23:03.890 1842 INFO rally.task.context [-] Task 388226ed-d1fa-4986-a516-b0a3bbc548d8 | Context cleanup@openstack setup() finished in 0.01 msec
2019-06-04 19:23:03.898 1842 RALLYDEBUG rally.task.runner [-] Starting the constant runner (task UUID: 388226ed-d1fa-4986-a516-b0a3bbc548d8). timeout: 0 concurrency: 4 concurrency_per_worker: 1 times: 10 concurrency_overhead: 0 processes_to_start: 4 max_cpu_used: 16
2019-06-04 19:23:03.911 4170 RALLYDEBUG rally.task.runner [-] Starting a worker. concurrency: 1 args: {"size": {"max": 1, "min": 1}} times: 10 method_name: run timeout: 0 duration: None cls:
2019-06-04 19:23:03.914 4171 RALLYDEBUG rally.task.runner [-] Starting a worker. concurrency: 1 args: {"size": {"max": 1, "min": 1}} times: 10 method_name: run timeout: 0 duration: None cls:
2019-06-04 19:23:03.917 4172 RALLYDEBUG rally.task.runner [-] Starting a worker. concurrency: 1 args: {"size": {"max": 1, "min": 1}} times: 10 method_name: run timeout: 0 duration: None cls:
2019-06-04 19:23:03.919 4170 INFO rally.task.runner [-] Task 388226ed-d1fa-4986-a516-b0a3bbc548d8 | ITER: 1 START
2019-06-04 19:23:03.919 4173 RALLYDEBUG rally.task.runner [-] Starting a worker. concurrency: 1 args: {"size": {"max": 1, "min": 1}} times: 10 method_name: run timeout: 0 duration: None cls:
2019-06-04 19:23:03.922 4171 INFO rally.task.runner [-] Task 388226ed-d1fa-4986-a516-b0a3bbc548d8 | ITER: 2 START
2019-06-04 19:23:03.925 4172 INFO rally.task.runner [-] Task 388226ed-d1fa-4986-a516-b0a3bbc548d8 | ITER: 3 START
2019-06-04 19:23:03.927 4173 INFO rally.task.runner [-] Task 388226ed-d1fa-4986-a516-b0a3bbc548d8 | ITER: 4 START
2019-06-04 19:23:07.997 4170 RALLYDEBUG rally.task.utils [-] Waiting for resource s_rally_c236ace0_TqFQECAs. Status changed: AVAILABLE => DELETING in 0.057853937149
2019-06-04 19:23:08.360 4173 RALLYDEBUG rally.task.utils [-] Waiting for resource s_rally_c236ace0_8dPIzZMq. Status changed: AVAILABLE => DELETING in 0.274915933609
2019-06-04 19:23:08.438 4171 RALLYDEBUG rally.task.utils [-] Waiting for resource s_rally_c236ace0_IN5j2JU2. Status changed: AVAILABLE => DELETING in 0.373867988586
2019-06-04 19:23:08.453 4172 RALLYDEBUG rally.task.utils [-] Waiting for resource s_rally_c236ace0_LztmCb5q. Status changed: AVAILABLE => DELETING in 0.375496149063
2019-06-04 19:23:10.420 4170 INFO rally.task.runner [-] Task 388226ed-d1fa-4986-a516-b0a3bbc548d8 | ITER: 1 END: OK
2019-06-04 19:23:10.426 4170 INFO rally.task.runner [-] Task 388226ed-d1fa-4986-a516-b0a3bbc548d8 | ITER: 5 START
2019-06-04 19:23:10.694 4173 INFO rally.task.runner [-] Task 388226ed-d1fa-4986-a516-b0a3bbc548d8 | ITER: 4 END: OK
2019-06-04 19:23:10.699 4173 INFO rally.task.runner [-] Task 388226ed-d1fa-4986-a516-b0a3bbc548d8 | ITER: 6 START
2019-06-04 19:23:10.722 4171 INFO rally.task.runner [-] Task 388226ed-d1fa-4986-a516-b0a3bbc548d8 | ITER: 2 END: OK
2019-06-04 19:23:10.728 4171 INFO rally.task.runner [-] Task 388226ed-d1fa-4986-a516-b0a3bbc548d8 | ITER: 7 START
2019-06-04 19:23:10.755 4172 INFO rally.task.runner [-] Task 388226ed-d1fa-4986-a516-b0a3bbc548d8 | ITER: 3 END: OK
2019-06-04 19:23:10.760 4172 INFO rally.task.runner [-] Task 388226ed-d1fa-4986-a516-b0a3bbc548d8 | ITER: 8 START
2019-06-04 19:23:14.845 4170 INFO rally.task.runner [-] Task 388226ed-d1fa-4986-a516-b0a3bbc548d8 | ITER: 5 END: OK
2019-06-04 19:23:14.850 4170 INFO rally.task.runner [-] Task 388226ed-d1fa-4986-a516-b0a3bbc548d8 | ITER: 9 START
2019-06-04 19:23:14.869 4173 RALLYDEBUG rally.task.utils [-] Waiting for resource s_rally_c236ace0_AMFOU6u7. Status changed: AVAILABLE => DELETING in 0.265726089478
2019-06-04 19:23:15.096 4171 RALLYDEBUG rally.task.utils [-] Waiting for resource s_rally_c236ace0_nPrpeyOy. Status changed: AVAILABLE => DELETING in 0.276340007782
2019-06-04 19:23:15.283 4172 RALLYDEBUG rally.task.utils [-] Waiting for resource s_rally_c236ace0_nSYU6RpJ. Status changed: AVAILABLE => DELETING in 0.337865114212
2019-06-04 19:23:17.097 4173 INFO rally.task.runner [-] Task 388226ed-d1fa-4986-a516-b0a3bbc548d8 | ITER: 6 END: OK
2019-06-04 19:23:17.102 4173 INFO rally.task.runner [-] Task 388226ed-d1fa-4986-a516-b0a3bbc548d8 | ITER: 10 START
2019-06-04 19:23:17.420 4171 INFO rally.task.runner [-] Task 388226ed-d1fa-4986-a516-b0a3bbc548d8 | ITER: 7 END: OK
2019-06-04 19:23:17.621 4172 INFO rally.task.runner [-] Task 388226ed-d1fa-4986-a516-b0a3bbc548d8 | ITER: 8 END: OK
2019-06-04 19:23:18.959 4170 INFO rally.task.runner [-] Task 388226ed-d1fa-4986-a516-b0a3bbc548d8 | ITER: 9 END: OK
2019-06-04 19:23:21.397 4173 INFO rally.task.runner [-] Task 388226ed-d1fa-4986-a516-b0a3bbc548d8 | ITER: 10 END: OK
2019-06-04 19:23:21.423 1842 INFO rally.task.context [-] Task 388226ed-d1fa-4986-a516-b0a3bbc548d8 | Context cleanup@openstack cleanup() started
2019-06-04 19:23:21.425 1842 RALLYDEBUG rally_openstack.cleanup.manager [-] Cleaning up cinder backups objects
2019-06-04 19:23:23.485 1842 RALLYDEBUG rally_openstack.cleanup.manager [-] Cleaning up cinder volume_snapshots objects
2019-06-04 19:23:25.597 1842 RALLYDEBUG rally_openstack.cleanup.manager [-] Cleaning up cinder transfers objects
2019-06-04 19:23:27.656 1842 RALLYDEBUG rally_openstack.cleanup.manager [-] Cleaning up cinder volumes objects
2019-06-04 19:23:29.885 1842 INFO rally.task.context [-] Task 388226ed-d1fa-4986-a516-b0a3bbc548d8 | Context cleanup@openstack cleanup() finished in 8.46 sec
2019-06-04 19:23:29.885 1842 INFO rally.task.context [-] Task 388226ed-d1fa-4986-a516-b0a3bbc548d8 | Context quotas@openstack cleanup() started
2019-06-04 19:23:30.788 1842 INFO rally.task.context [-] Task 388226ed-d1fa-4986-a516-b0a3bbc548d8 | Context quotas@openstack cleanup() finished in 0.90 sec
