2019-06-04 18:56:00.697 7 RALLYDEBUG rally.api [-] INFO logs from urllib3 and requests module are hide.
2019-06-04 18:56:00.697 7 RALLYDEBUG rally.api [-] urllib3 insecure warnings are hidden.
2019-06-04 18:56:00.697 7 RALLYDEBUG rally.api [-] ERROR log from boto module is hide.
2019-06-04 18:56:01.865 7 ERROR rally.cli.cliutils [-] Unexpected exception in CLI: DBRecordNotFound: Record for uuid or name is opnfv-rally not found in table envs
2019-06-04 18:56:01.865 7 ERROR rally.cli.cliutils
Traceback (most recent call last):
2019-06-04 18:56:01.865 7 ERROR rally.cli.cliutils
File "/usr/lib/python2.7/site-packages/rally/cli/cliutils.py", line 674, in run
2019-06-04 18:56:01.865 7 ERROR rally.cli.cliutils ret = fn(*fn_args, **fn_kwargs)
2019-06-04 18:56:01.865 7 ERROR rally.cli.cliutils File "", line 2, in destroy
2019-06-04 18:56:01.865 7 ERROR rally.cli.cliutils
File "/usr/lib/python2.7/site-packages/rally/cli/envutils.py", line 69, in default_from_global
2019-06-04 18:56:01.865 7 ERROR rally.cli.cliutils return f(*args, **kwargs)
2019-06-04 18:56:01.865 7 ERROR rally.cli.cliutils File "", line 2, in destroy
2019-06-04 18:56:01.865 7 ERROR rally.cli.cliutils
File "/usr/lib/python2.7/site-packages/rally/plugins/__init__.py", line 51, in ensure_plugins_are_loaded
2019-06-04 18:56:01.865 7 ERROR rally.cli.cliutils return f(*args, **kwargs)
2019-06-04 18:56:01.865 7 ERROR rally.cli.cliutils
File "/usr/lib/python2.7/site-packages/rally/cli/commands/deployment.py", line 140, in destroy
2019-06-04 18:56:01.865 7 ERROR rally.cli.cliutils api.deployment.destroy(deployment=deployment)
2019-06-04 18:56:01.865 7 ERROR rally.cli.cliutils
File "/usr/lib/python2.7/site-packages/rally/api.py", line 115, in destroy
2019-06-04 18:56:01.865 7 ERROR rally.cli.cliutils deploy = objects.Deployment.get(deployment)
2019-06-04 18:56:01.865 7 ERROR rally.cli.cliutils
File "/usr/lib/python2.7/site-packages/rally/common/objects/deploy.py", line 124, in get
2019-06-04 18:56:01.865 7 ERROR rally.cli.cliutils return Deployment(env_mgr.EnvManager.get(deploy))
2019-06-04 18:56:01.865 7 ERROR rally.cli.cliutils
File "/usr/lib/python2.7/site-packages/rally/env/env_mgr.py", line 212, in get
2019-06-04 18:56:01.865 7 ERROR rally.cli.cliutils return cls(db.env_get(uuid_or_name))
2019-06-04 18:56:01.865 7 ERROR rally.cli.cliutils
File "/usr/lib/python2.7/site-packages/rally/common/db/api.py", line 135, in wrapper
2019-06-04 18:56:01.865 7 ERROR rally.cli.cliutils result = f(session, *args, **kwargs)
2019-06-04 18:56:01.865 7 ERROR rally.cli.cliutils
File "/usr/lib/python2.7/site-packages/rally/common/db/api.py", line 521, in env_get
2019-06-04 18:56:01.865 7 ERROR rally.cli.cliutils criteria="uuid or name is %s" % uuid_or_name, table="envs")
2019-06-04 18:56:01.865 7 ERROR rally.cli.cliutils DBRecordNotFound: Record for uuid or name is opnfv-rally not found in table envs
2019-06-04 18:56:01.865 7 ERROR rally.cli.cliutils
2019-06-04 18:56:02.699 9 RALLYDEBUG rally.api [-] INFO logs from urllib3 and requests module are hide.
2019-06-04 18:56:02.699 9 RALLYDEBUG rally.api [-] urllib3 insecure warnings are hidden.
2019-06-04 18:56:02.700 9 RALLYDEBUG rally.api [-] ERROR log from boto module is hide.
2019-06-04 18:56:03.925 9 WARNING rally_openstack.platforms.existing [-] endpoint is deprecated and not used.
2019-06-04 18:56:04.868 11 RALLYDEBUG rally.api [-] INFO logs from urllib3 and requests module are hide.
2019-06-04 18:56:04.868 11 RALLYDEBUG rally.api [-] urllib3 insecure warnings are hidden.
2019-06-04 18:56:04.868 11 RALLYDEBUG rally.api [-] ERROR log from boto module is hide.
2019-06-04 18:56:07.885 14 RALLYDEBUG rally.api [-] INFO logs from urllib3 and requests module are hide.
2019-06-04 18:56:07.885 14 RALLYDEBUG rally.api [-] urllib3 insecure warnings are hidden.
2019-06-04 18:56:07.885 14 RALLYDEBUG rally.api [-] ERROR log from boto module is hide.
2019-06-04 18:56:09.618 16 RALLYDEBUG rally.api [-] INFO logs from urllib3 and requests module are hide.
2019-06-04 18:56:09.618 16 RALLYDEBUG rally.api [-] urllib3 insecure warnings are hidden.
2019-06-04 18:56:09.618 16 RALLYDEBUG rally.api [-] ERROR log from boto module is hide.
2019-06-04 18:56:10.974 16 INFO rally.task.engine [-] Task 5497297b-dbb7-4f91-b7f2-e74742d27ac4 | Starting: Task validation.
2019-06-04 18:56:11.005 16 INFO rally.task.engine [-] Task 5497297b-dbb7-4f91-b7f2-e74742d27ac4 | Starting: Task validation of syntax.
2019-06-04 18:56:11.085 16 INFO rally.task.engine [-] Task 5497297b-dbb7-4f91-b7f2-e74742d27ac4 | Completed: Task validation of syntax.
2019-06-04 18:56:11.085 16 INFO rally.task.engine [-] Task 5497297b-dbb7-4f91-b7f2-e74742d27ac4 | Starting: Task validation of required platforms.
2019-06-04 18:56:11.122 16 INFO rally.task.engine [-] Task 5497297b-dbb7-4f91-b7f2-e74742d27ac4 | Completed: Task validation of required platforms.
2019-06-04 18:56:11.122 16 INFO rally.task.engine [-] Task 5497297b-dbb7-4f91-b7f2-e74742d27ac4 | Starting: Task validation of semantic.
2019-06-04 18:56:11.122 16 INFO rally.task.engine [-] Check health of the environment '1057abbc-2c8d-4550-9d38-3b5020c56109'.
2019-06-04 18:56:11.876 16 INFO rally.task.engine [-] Platform existing@openstack (available: True): OK!
2019-06-04 18:56:11.893 16 RALLYDEBUG rally_openstack.contexts.keystone.users [-] Creating 1 tenants using 20 threads
2019-06-04 18:56:13.804 16 RALLYDEBUG rally_openstack.contexts.keystone.users [-] Creating 1 users using 20 threads
2019-06-04 18:56:16.637 16 INFO rally.task.context [-] Task 5497297b-dbb7-4f91-b7f2-e74742d27ac4 | Context users@openstack setup() finished in 4.74 sec
2019-06-04 18:56:16.684 16 INFO rally.task.context [-] Task 5497297b-dbb7-4f91-b7f2-e74742d27ac4 | Context users@openstack cleanup() started
2019-06-04 18:56:22.345 16 INFO rally.task.context [-] Task 5497297b-dbb7-4f91-b7f2-e74742d27ac4 | Context users@openstack cleanup() finished in 5.66 sec
2019-06-04 18:56:22.345 16 INFO rally.task.engine [-] Task 5497297b-dbb7-4f91-b7f2-e74742d27ac4 | Completed: Task validation of semantic.
2019-06-04 18:56:22.345 16 INFO rally.task.engine [-] Task 5497297b-dbb7-4f91-b7f2-e74742d27ac4 | Completed: Task validation.
2019-06-04 18:56:22.346 16 INFO rally.api [-] Task 5497297b-dbb7-4f91-b7f2-e74742d27ac4 input file is valid.
2019-06-04 18:56:22.346 16 INFO rally.api [-] Run Task 5497297b-dbb7-4f91-b7f2-e74742d27ac4 against Deployment 1057abbc-2c8d-4550-9d38-3b5020c56109
2019-06-04 18:56:22.346 16 INFO rally.task.engine [-] Task 5497297b-dbb7-4f91-b7f2-e74742d27ac4 | Starting: Running task.
2019-06-04 18:56:22.457 16 INFO rally.task.engine [-] Running workload: position = 0 config = { "version": 2, "title": "A cropped version of a bigger task.", "description": "Auto-generated task from a single workload (uuid=b5b9367f-e566-4ea4-bff5-d95f3d806022)", "subtasks": [ { "title": "Authenticate.keystone", "description": "Check Keystone Client.", "scenario": { "Authenticate.keystone": {} }, "contexts": { "users": { "tenants": 3, "users_per_tenant": 2 } }, "runner": { "constant": { "concurrency": 4, "times": 10 } }, "hooks": [], "sla": { "failure_rate": { "max": 0 } } } ] }
2019-06-04 18:56:22.476 16 RALLYDEBUG rally_openstack.contexts.keystone.users [-] Creating 3 tenants using 20 threads
2019-06-04 18:56:24.300 16 RALLYDEBUG rally_openstack.contexts.keystone.users [-] Creating 6 users using 20 threads
2019-06-04 18:56:27.053 16 INFO rally.task.context [-] Task 5497297b-dbb7-4f91-b7f2-e74742d27ac4 | Context users@openstack setup() finished in 4.58 sec
2019-06-04 18:56:27.060 16 RALLYDEBUG rally.task.runner [-] Starting the constant runner (task UUID: 5497297b-dbb7-4f91-b7f2-e74742d27ac4). timeout: 0 concurrency: 4 concurrency_per_worker: 1 times: 10 concurrency_overhead: 0 processes_to_start: 4 max_cpu_used: 16
2019-06-04 18:56:27.073 141 RALLYDEBUG rally.task.runner [-] Starting a worker. concurrency: 1 args: {} times: 10 method_name: run timeout: 0 duration: None cls:
2019-06-04 18:56:27.073 140 RALLYDEBUG rally.task.runner [-] Starting a worker. concurrency: 1 args: {} times: 10 method_name: run timeout: 0 duration: None cls:
2019-06-04 18:56:27.076 141 INFO rally.task.runner [-] Task 5497297b-dbb7-4f91-b7f2-e74742d27ac4 | ITER: 1 START
2019-06-04 18:56:27.078 140 INFO rally.task.runner [-] Task 5497297b-dbb7-4f91-b7f2-e74742d27ac4 | ITER: 2 START
2019-06-04 18:56:27.079 142 RALLYDEBUG rally.task.runner [-] Starting a worker. concurrency: 1 args: {} times: 10 method_name: run timeout: 0 duration: None cls:
2019-06-04 18:56:27.081 143 RALLYDEBUG rally.task.runner [-] Starting a worker. concurrency: 1 args: {} times: 10 method_name: run timeout: 0 duration: None cls:
2019-06-04 18:56:27.084 142 INFO rally.task.runner [-] Task 5497297b-dbb7-4f91-b7f2-e74742d27ac4 | ITER: 3 START
2019-06-04 18:56:27.087 143 INFO rally.task.runner [-] Task 5497297b-dbb7-4f91-b7f2-e74742d27ac4 | ITER: 4 START
2019-06-04 18:56:27.682 140 INFO rally.task.runner [-] Task 5497297b-dbb7-4f91-b7f2-e74742d27ac4 | ITER: 2 END: OK
2019-06-04 18:56:27.682 143 INFO rally.task.runner [-] Task 5497297b-dbb7-4f91-b7f2-e74742d27ac4 | ITER: 4 END: OK
2019-06-04 18:56:27.688 141 INFO rally.task.runner [-] Task 5497297b-dbb7-4f91-b7f2-e74742d27ac4 | ITER: 1 END: OK
2019-06-04 18:56:27.688 143 INFO rally.task.runner [-] Task 5497297b-dbb7-4f91-b7f2-e74742d27ac4 | ITER: 5 START
2019-06-04 18:56:27.688 140 INFO rally.task.runner [-] Task 5497297b-dbb7-4f91-b7f2-e74742d27ac4 | ITER: 6 START
2019-06-04 18:56:27.691 141 INFO rally.task.runner [-] Task 5497297b-dbb7-4f91-b7f2-e74742d27ac4 | ITER: 7 START
2019-06-04 18:56:27.706 142 INFO rally.task.runner [-] Task 5497297b-dbb7-4f91-b7f2-e74742d27ac4 | ITER: 3 END: OK
2019-06-04 18:56:27.709 142 INFO rally.task.runner [-] Task 5497297b-dbb7-4f91-b7f2-e74742d27ac4 | ITER: 8 START
2019-06-04 18:56:28.285 141 INFO rally.task.runner [-] Task 5497297b-dbb7-4f91-b7f2-e74742d27ac4 | ITER: 7 END: OK
2019-06-04 18:56:28.286 140 INFO rally.task.runner [-] Task 5497297b-dbb7-4f91-b7f2-e74742d27ac4 | ITER: 6 END: OK
2019-06-04 18:56:28.288 142 INFO rally.task.runner [-] Task 5497297b-dbb7-4f91-b7f2-e74742d27ac4 | ITER: 8 END: OK
2019-06-04 18:56:28.288 141 INFO rally.task.runner [-] Task 5497297b-dbb7-4f91-b7f2-e74742d27ac4 | ITER: 9 START
2019-06-04 18:56:28.289 140 INFO rally.task.runner [-] Task 5497297b-dbb7-4f91-b7f2-e74742d27ac4 | ITER: 10 START
2019-06-04 18:56:28.376 143 INFO rally.task.runner [-] Task 5497297b-dbb7-4f91-b7f2-e74742d27ac4 | ITER: 5 END: OK
2019-06-04 18:56:28.878 140 INFO rally.task.runner [-] Task 5497297b-dbb7-4f91-b7f2-e74742d27ac4 | ITER: 10 END: OK
2019-06-04 18:56:28.894 141 INFO rally.task.runner [-] Task 5497297b-dbb7-4f91-b7f2-e74742d27ac4 | ITER: 9 END: OK
2019-06-04 18:56:28.918 16 INFO rally.task.context [-] Task 5497297b-dbb7-4f91-b7f2-e74742d27ac4 | Context users@openstack cleanup() started
2019-06-04 18:56:36.836 16 INFO rally.task.context [-] Task 5497297b-dbb7-4f91-b7f2-e74742d27ac4 | Context users@openstack cleanup() finished in 7.92 sec
2019-06-04 18:56:38.550 16 INFO rally.task.engine [-] Load duration is: 1.816609
2019-06-04 18:56:38.551 16 INFO rally.task.engine [-] Full runner duration is: 1.857788
2019-06-04 18:56:38.551 16 INFO rally.task.engine [-] Full duration is: 14.36368
2019-06-04 18:56:38.829 16 INFO rally.task.engine [-] Running workload: position = 0 config = { "version": 2, "title": "A cropped version of a bigger task.", "description": "Auto-generated task from a single workload (uuid=c57ff9fb-7240-4c8b-9e38-819e2037d1c5)", "subtasks": [ { "title": "Authenticate.validate_cinder", "description": "Check Cinder Client to ensure validation of token.", "scenario": { "Authenticate.validate_cinder": { "repetitions": 2 } }, "contexts": { "users": { "tenants": 3, "users_per_tenant": 2 } }, "runner": { "constant": { "concurrency": 4, "times": 10 } }, "hooks": [], "sla": { "failure_rate": { "max": 0 } } } ] }
2019-06-04 18:56:38.848 16 RALLYDEBUG rally_openstack.contexts.keystone.users [-] Creating 3 tenants using 20 threads
2019-06-04 18:56:40.653 16 RALLYDEBUG rally_openstack.contexts.keystone.users [-] Creating 6 users using 20 threads
2019-06-04 18:56:43.605 16 INFO rally.task.context [-] Task 5497297b-dbb7-4f91-b7f2-e74742d27ac4 | Context users@openstack setup() finished in 4.76 sec
2019-06-04 18:56:43.612 16 RALLYDEBUG rally.task.runner [-] Starting the constant runner (task UUID: 5497297b-dbb7-4f91-b7f2-e74742d27ac4). timeout: 0 concurrency: 4 concurrency_per_worker: 1 times: 10 concurrency_overhead: 0 processes_to_start: 4 max_cpu_used: 16
2019-06-04 18:56:43.621 244 RALLYDEBUG rally.task.runner [-] Starting a worker. concurrency: 1 args: {"repetitions": 2} times: 10 method_name: run timeout: 0 duration: None cls:
2019-06-04 18:56:43.625 244 INFO rally.task.runner [-] Task 5497297b-dbb7-4f91-b7f2-e74742d27ac4 | ITER: 1 START
2019-06-04 18:56:43.626 245 RALLYDEBUG rally.task.runner [-] Starting a worker. concurrency: 1 args: {"repetitions": 2} times: 10 method_name: run timeout: 0 duration: None cls:
2019-06-04 18:56:43.629 247 RALLYDEBUG rally.task.runner [-] Starting a worker. concurrency: 1 args: {"repetitions": 2} times: 10 method_name: run timeout: 0 duration: None cls:
2019-06-04 18:56:43.632 245 INFO rally.task.runner [-] Task 5497297b-dbb7-4f91-b7f2-e74742d27ac4 | ITER: 2 START
2019-06-04 18:56:43.633 247 INFO rally.task.runner [-] Task 5497297b-dbb7-4f91-b7f2-e74742d27ac4 | ITER: 3 START
2019-06-04 18:56:43.634 249 RALLYDEBUG rally.task.runner [-] Starting a worker. concurrency: 1 args: {"repetitions": 2} times: 10 method_name: run timeout: 0 duration: None cls:
2019-06-04 18:56:43.640 249 INFO rally.task.runner [-] Task 5497297b-dbb7-4f91-b7f2-e74742d27ac4 | ITER: 4 START
2019-06-04 18:56:45.578 247 INFO rally.task.runner [-] Task 5497297b-dbb7-4f91-b7f2-e74742d27ac4 | ITER: 3 END: OK
2019-06-04 18:56:45.581 247 INFO rally.task.runner [-] Task 5497297b-dbb7-4f91-b7f2-e74742d27ac4 | ITER: 5 START
2019-06-04 18:56:45.665 244 INFO rally.task.runner [-] Task 5497297b-dbb7-4f91-b7f2-e74742d27ac4 | ITER: 1 END: OK
2019-06-04 18:56:45.669 244 INFO rally.task.runner [-] Task 5497297b-dbb7-4f91-b7f2-e74742d27ac4 | ITER: 6 START
2019-06-04 18:56:45.699 249 INFO rally.task.runner [-] Task 5497297b-dbb7-4f91-b7f2-e74742d27ac4 | ITER: 4 END: OK
2019-06-04 18:56:45.703 249 INFO rally.task.runner [-] Task 5497297b-dbb7-4f91-b7f2-e74742d27ac4 | ITER: 7 START
2019-06-04 18:56:45.708 245 INFO rally.task.runner [-] Task 5497297b-dbb7-4f91-b7f2-e74742d27ac4 | ITER: 2 END: OK
2019-06-04 18:56:45.712 245 INFO rally.task.runner [-] Task 5497297b-dbb7-4f91-b7f2-e74742d27ac4 | ITER: 8 START
2019-06-04 18:56:47.409 244 INFO rally.task.runner [-] Task 5497297b-dbb7-4f91-b7f2-e74742d27ac4 | ITER: 6 END: OK
2019-06-04 18:56:47.413 244 INFO rally.task.runner [-] Task 5497297b-dbb7-4f91-b7f2-e74742d27ac4 | ITER: 9 START
2019-06-04 18:56:47.499 247 INFO rally.task.runner [-] Task 5497297b-dbb7-4f91-b7f2-e74742d27ac4 | ITER: 5 END: OK
2019-06-04 18:56:47.503 247 INFO rally.task.runner [-] Task 5497297b-dbb7-4f91-b7f2-e74742d27ac4 | ITER: 10 START
2019-06-04 18:56:47.589 245 INFO rally.task.runner [-] Task 5497297b-dbb7-4f91-b7f2-e74742d27ac4 | ITER: 8 END: OK
2019-06-04 18:56:47.704 249 INFO rally.task.runner [-] Task 5497297b-dbb7-4f91-b7f2-e74742d27ac4 | ITER: 7 END: OK
2019-06-04 18:56:49.307 244 INFO rally.task.runner [-] Task 5497297b-dbb7-4f91-b7f2-e74742d27ac4 | ITER: 9 END: OK
2019-06-04 18:56:49.389 247 INFO rally.task.runner [-] Task 5497297b-dbb7-4f91-b7f2-e74742d27ac4 | ITER: 10 END: OK
2019-06-04 18:56:49.411 16 INFO rally.task.context [-] Task 5497297b-dbb7-4f91-b7f2-e74742d27ac4 | Context users@openstack cleanup() started
2019-06-04 18:56:57.476 16 INFO rally.task.context [-] Task 5497297b-dbb7-4f91-b7f2-e74742d27ac4 | Context users@openstack cleanup() finished in 8.07 sec
2019-06-04 18:56:58.960 16 INFO rally.task.engine [-] Load duration is: 5.762429
2019-06-04 18:56:58.961 16 INFO rally.task.engine [-] Full runner duration is: 5.799439
2019-06-04 18:56:58.961 16 INFO rally.task.engine [-] Full duration is: 18.62951
2019-06-04 18:56:59.265 16 INFO rally.task.engine [-] Running workload: position = 0 config = { "version": 2, "title": "A cropped version of a bigger task.", "description": "Auto-generated task from a single workload (uuid=2318a4b1-5b55-4a29-a087-be5ae213f6bc)", "subtasks": [ { "title": "Authenticate.validate_glance", "description": "Check Glance Client to ensure validation of token.", "scenario": { "Authenticate.validate_glance": { "repetitions": 2 } }, "contexts": { "users": { "tenants": 3, "users_per_tenant": 2 } }, "runner": { "constant": { "concurrency": 4, "times": 10 } }, "hooks": [], "sla": { "failure_rate": { "max": 0 } } } ] }
2019-06-04 18:56:59.288 16 RALLYDEBUG rally_openstack.contexts.keystone.users [-] Creating 3 tenants using 20 threads
2019-06-04 18:57:01.199 16 RALLYDEBUG rally_openstack.contexts.keystone.users [-] Creating 6 users using 20 threads
2019-06-04 18:57:04.028 16 INFO rally.task.context [-] Task 5497297b-dbb7-4f91-b7f2-e74742d27ac4 | Context users@openstack setup() finished in 4.74 sec
2019-06-04 18:57:04.036 16 RALLYDEBUG rally.task.runner [-] Starting the constant runner (task UUID: 5497297b-dbb7-4f91-b7f2-e74742d27ac4). timeout: 0 concurrency: 4 concurrency_per_worker: 1 times: 10 concurrency_overhead: 0 processes_to_start: 4 max_cpu_used: 16
2019-06-04 18:57:04.048 348 RALLYDEBUG rally.task.runner [-] Starting a worker. concurrency: 1 args: {"repetitions": 2} times: 10 method_name: run timeout: 0 duration: None cls:
2019-06-04 18:57:04.050 349 RALLYDEBUG rally.task.runner [-] Starting a worker. concurrency: 1 args: {"repetitions": 2} times: 10 method_name: run timeout: 0 duration: None cls:
2019-06-04 18:57:04.054 348 INFO rally.task.runner [-] Task 5497297b-dbb7-4f91-b7f2-e74742d27ac4 | ITER: 1 START
2019-06-04 18:57:04.054 350 RALLYDEBUG rally.task.runner [-] Starting a worker. concurrency: 1 args: {"repetitions": 2} times: 10 method_name: run timeout: 0 duration: None cls:
2019-06-04 18:57:04.056 349 INFO rally.task.runner [-] Task 5497297b-dbb7-4f91-b7f2-e74742d27ac4 | ITER: 2 START
2019-06-04 18:57:04.056 351 RALLYDEBUG rally.task.runner [-] Starting a worker. concurrency: 1 args: {"repetitions": 2} times: 10 method_name: run timeout: 0 duration: None cls:
2019-06-04 18:57:04.060 350 INFO rally.task.runner [-] Task 5497297b-dbb7-4f91-b7f2-e74742d27ac4 | ITER: 3 START
2019-06-04 18:57:04.060 351 INFO rally.task.runner [-] Task 5497297b-dbb7-4f91-b7f2-e74742d27ac4 | ITER: 4 START
2019-06-04 18:57:05.184 350 INFO rally.task.runner [-] Task 5497297b-dbb7-4f91-b7f2-e74742d27ac4 | ITER: 3 END: OK
2019-06-04 18:57:05.189 350 INFO rally.task.runner [-] Task 5497297b-dbb7-4f91-b7f2-e74742d27ac4 | ITER: 5 START
2019-06-04 18:57:05.209 349 INFO rally.task.runner [-] Task 5497297b-dbb7-4f91-b7f2-e74742d27ac4 | ITER: 2 END: OK
2019-06-04 18:57:05.213 349 INFO rally.task.runner [-] Task 5497297b-dbb7-4f91-b7f2-e74742d27ac4 | ITER: 6 START
2019-06-04 18:57:05.401 351 INFO rally.task.runner [-] Task 5497297b-dbb7-4f91-b7f2-e74742d27ac4 | ITER: 4 END: OK
2019-06-04 18:57:05.406 351 INFO rally.task.runner [-] Task 5497297b-dbb7-4f91-b7f2-e74742d27ac4 | ITER: 7 START
2019-06-04 18:57:05.470 348 INFO rally.task.runner [-] Task 5497297b-dbb7-4f91-b7f2-e74742d27ac4 | ITER: 1 END: OK
2019-06-04 18:57:05.474 348 INFO rally.task.runner [-] Task 5497297b-dbb7-4f91-b7f2-e74742d27ac4 | ITER: 8 START
2019-06-04 18:57:06.245 350 INFO rally.task.runner [-] Task 5497297b-dbb7-4f91-b7f2-e74742d27ac4 | ITER: 5 END: OK
2019-06-04 18:57:06.246 349 INFO rally.task.runner [-] Task 5497297b-dbb7-4f91-b7f2-e74742d27ac4 | ITER: 6 END: OK
2019-06-04 18:57:06.249 350 INFO rally.task.runner [-] Task 5497297b-dbb7-4f91-b7f2-e74742d27ac4 | ITER: 9 START
2019-06-04 18:57:06.250 349 INFO rally.task.runner [-] Task 5497297b-dbb7-4f91-b7f2-e74742d27ac4 | ITER: 10 START
2019-06-04 18:57:06.621 348 INFO rally.task.runner [-] Task 5497297b-dbb7-4f91-b7f2-e74742d27ac4 | ITER: 8 END: OK
2019-06-04 18:57:06.672 351 INFO rally.task.runner [-] Task 5497297b-dbb7-4f91-b7f2-e74742d27ac4 | ITER: 7 END: OK
2019-06-04 18:57:07.237 350 INFO rally.task.runner [-] Task 5497297b-dbb7-4f91-b7f2-e74742d27ac4 | ITER: 9 END: OK
2019-06-04 18:57:07.347 349 INFO rally.task.runner [-] Task 5497297b-dbb7-4f91-b7f2-e74742d27ac4 | ITER: 10 END: OK
2019-06-04 18:57:07.371 16 INFO rally.task.context [-] Task 5497297b-dbb7-4f91-b7f2-e74742d27ac4 | Context users@openstack cleanup() started
2019-06-04 18:57:15.291 16 INFO rally.task.context [-] Task 5497297b-dbb7-4f91-b7f2-e74742d27ac4 | Context users@openstack cleanup() finished in 7.92 sec
2019-06-04 18:57:15.359 16 INFO rally.task.engine [-] Load duration is: 3.291578
2019-06-04 18:57:15.360 16 INFO rally.task.engine [-] Full runner duration is: 3.33544
2019-06-04 18:57:15.360 16 INFO rally.task.engine [-] Full duration is: 16.004986
2019-06-04 18:57:15.563 16 INFO rally.task.engine [-] Running workload: position = 0 config = { "version": 2, "title": "A cropped version of a bigger task.", "description": "Auto-generated task from a single workload (uuid=789b3544-96f2-49a7-bc68-60924b2b25cf)", "subtasks": [ { "title": "Authenticate.validate_heat", "description": "Check Heat Client to ensure validation of token.", "scenario": { "Authenticate.validate_heat": { "repetitions": 2 } }, "contexts": { "users": { "tenants": 3, "users_per_tenant": 2 } }, "runner": { "constant": { "concurrency": 4, "times": 10 } }, "hooks": [], "sla": { "failure_rate": { "max": 0 } } } ] }
2019-06-04 18:57:15.584 16 RALLYDEBUG rally_openstack.contexts.keystone.users [-] Creating 3 tenants using 20 threads
2019-06-04 18:57:17.383 16 RALLYDEBUG rally_openstack.contexts.keystone.users [-] Creating 6 users using 20 threads
2019-06-04 18:57:20.182 16 INFO rally.task.context [-] Task 5497297b-dbb7-4f91-b7f2-e74742d27ac4 | Context users@openstack setup() finished in 4.60 sec
2019-06-04 18:57:20.189 16 RALLYDEBUG rally.task.runner [-] Starting the constant runner (task UUID: 5497297b-dbb7-4f91-b7f2-e74742d27ac4). timeout: 0 concurrency: 4 concurrency_per_worker: 1 times: 10 concurrency_overhead: 0 processes_to_start: 4 max_cpu_used: 16
2019-06-04 18:57:20.199 452 RALLYDEBUG rally.task.runner [-] Starting a worker. concurrency: 1 args: {"repetitions": 2} times: 10 method_name: run timeout: 0 duration: None cls:
2019-06-04 18:57:20.203 452 INFO rally.task.runner [-] Task 5497297b-dbb7-4f91-b7f2-e74742d27ac4 | ITER: 1 START
2019-06-04 18:57:20.204 453 RALLYDEBUG rally.task.runner [-] Starting a worker. concurrency: 1 args: {"repetitions": 2} times: 10 method_name: run timeout: 0 duration: None cls:
2019-06-04 18:57:20.206 454 RALLYDEBUG rally.task.runner [-] Starting a worker. concurrency: 1 args: {"repetitions": 2} times: 10 method_name: run timeout: 0 duration: None cls:
2019-06-04 18:57:20.207 457 RALLYDEBUG rally.task.runner [-] Starting a worker. concurrency: 1 args: {"repetitions": 2} times: 10 method_name: run timeout: 0 duration: None cls:
2019-06-04 18:57:20.209 453 INFO rally.task.runner [-] Task 5497297b-dbb7-4f91-b7f2-e74742d27ac4 | ITER: 2 START
2019-06-04 18:57:20.210 457 INFO rally.task.runner [-] Task 5497297b-dbb7-4f91-b7f2-e74742d27ac4 | ITER: 4 START
2019-06-04 18:57:20.211 454 INFO rally.task.runner [-] Task 5497297b-dbb7-4f91-b7f2-e74742d27ac4 | ITER: 3 START
2019-06-04 18:57:22.217 453 INFO rally.task.runner [-] Task 5497297b-dbb7-4f91-b7f2-e74742d27ac4 | ITER: 2 END: OK
2019-06-04 18:57:22.221 453 INFO rally.task.runner [-] Task 5497297b-dbb7-4f91-b7f2-e74742d27ac4 | ITER: 5 START
2019-06-04 18:57:22.264 454 INFO rally.task.runner [-] Task 5497297b-dbb7-4f91-b7f2-e74742d27ac4 | ITER: 3 END: OK
2019-06-04 18:57:22.268 454 INFO rally.task.runner [-] Task 5497297b-dbb7-4f91-b7f2-e74742d27ac4 | ITER: 6 START
2019-06-04 18:57:22.328 457 INFO rally.task.runner [-] Task 5497297b-dbb7-4f91-b7f2-e74742d27ac4 | ITER: 4 END: OK
2019-06-04 18:57:22.332 457 INFO rally.task.runner [-] Task 5497297b-dbb7-4f91-b7f2-e74742d27ac4 | ITER: 7 START
2019-06-04 18:57:22.354 452 INFO rally.task.runner [-] Task 5497297b-dbb7-4f91-b7f2-e74742d27ac4 | ITER: 1 END: OK
2019-06-04 18:57:22.357 452 INFO rally.task.runner [-] Task 5497297b-dbb7-4f91-b7f2-e74742d27ac4 | ITER: 8 START
2019-06-04 18:57:23.696 453 INFO rally.task.runner [-] Task 5497297b-dbb7-4f91-b7f2-e74742d27ac4 | ITER: 5 END: OK
2019-06-04 18:57:23.699 453 INFO rally.task.runner [-] Task 5497297b-dbb7-4f91-b7f2-e74742d27ac4 | ITER: 9 START
2019-06-04 18:57:23.699 454 INFO rally.task.runner [-] Task 5497297b-dbb7-4f91-b7f2-e74742d27ac4 | ITER: 6 END: OK
2019-06-04 18:57:23.703 454 INFO rally.task.runner [-] Task 5497297b-dbb7-4f91-b7f2-e74742d27ac4 | ITER: 10 START
2019-06-04 18:57:24.269 452 INFO rally.task.runner [-] Task 5497297b-dbb7-4f91-b7f2-e74742d27ac4 | ITER: 8 END: OK
2019-06-04 18:57:24.335 457 INFO rally.task.runner [-] Task 5497297b-dbb7-4f91-b7f2-e74742d27ac4 | ITER: 7 END: OK
2019-06-04 18:57:25.134 454 INFO rally.task.runner [-] Task 5497297b-dbb7-4f91-b7f2-e74742d27ac4 | ITER: 10 END: OK
2019-06-04 18:57:25.332 453 INFO rally.task.runner [-] Task 5497297b-dbb7-4f91-b7f2-e74742d27ac4 | ITER: 9 END: OK
2019-06-04 18:57:25.358 16 INFO rally.task.context [-] Task 5497297b-dbb7-4f91-b7f2-e74742d27ac4 | Context users@openstack cleanup() started
2019-06-04 18:57:33.021 16 INFO rally.task.context [-] Task 5497297b-dbb7-4f91-b7f2-e74742d27ac4 | Context users@openstack cleanup() finished in 7.66 sec
2019-06-04 18:57:33.676 16 INFO rally.task.engine [-] Load duration is: 5.127486
2019-06-04 18:57:33.677 16 INFO rally.task.engine [-] Full runner duration is: 5.168968
2019-06-04 18:57:33.677 16 INFO rally.task.engine [-] Full duration is: 17.439432
2019-06-04 18:57:33.904 16 INFO rally.task.engine [-] Running workload: position = 0 config = { "version": 2, "title": "A cropped version of a bigger task.", "description": "Auto-generated task from a single workload (uuid=d1ae0b2f-eae0-4e98-8d56-c4ec0dc77024)", "subtasks": [ { "title": "Authenticate.validate_neutron", "description": "Check Neutron Client to ensure validation of token.", "scenario": { "Authenticate.validate_neutron": { "repetitions": 2 } }, "contexts": { "users": { "tenants": 3, "users_per_tenant": 2 } }, "runner": { "constant": { "concurrency": 4, "times": 10 } }, "hooks": [], "sla": { "failure_rate": { "max": 0 } } } ] }
2019-06-04 18:57:33.925 16 RALLYDEBUG rally_openstack.contexts.keystone.users [-] Creating 3 tenants using 20 threads
2019-06-04 18:57:35.850 16 RALLYDEBUG rally_openstack.contexts.keystone.users [-] Creating 6 users using 20 threads
2019-06-04 18:57:38.680 16 INFO rally.task.context [-] Task 5497297b-dbb7-4f91-b7f2-e74742d27ac4 | Context users@openstack setup() finished in 4.75 sec
2019-06-04 18:57:38.688 16 RALLYDEBUG rally.task.runner [-] Starting the constant runner (task UUID: 5497297b-dbb7-4f91-b7f2-e74742d27ac4). timeout: 0 concurrency: 4 concurrency_per_worker: 1 times: 10 concurrency_overhead: 0 processes_to_start: 4 max_cpu_used: 16
2019-06-04 18:57:38.699 556 RALLYDEBUG rally.task.runner [-] Starting a worker. concurrency: 1 args: {"repetitions": 2} times: 10 method_name: run timeout: 0 duration: None cls:
2019-06-04 18:57:38.703 557 RALLYDEBUG rally.task.runner [-] Starting a worker. concurrency: 1 args: {"repetitions": 2} times: 10 method_name: run timeout: 0 duration: None cls:
2019-06-04 18:57:38.705 556 INFO rally.task.runner [-] Task 5497297b-dbb7-4f91-b7f2-e74742d27ac4 | ITER: 1 START
2019-06-04 18:57:38.708 559 RALLYDEBUG rally.task.runner [-] Starting a worker. concurrency: 1 args: {"repetitions": 2} times: 10 method_name: run timeout: 0 duration: None cls:
2019-06-04 18:57:38.709 557 INFO rally.task.runner [-] Task 5497297b-dbb7-4f91-b7f2-e74742d27ac4 | ITER: 2 START
2019-06-04 18:57:38.708 558 RALLYDEBUG rally.task.runner [-] Starting a worker. concurrency: 1 args: {"repetitions": 2} times: 10 method_name: run timeout: 0 duration: None cls:
2019-06-04 18:57:38.713 559 INFO rally.task.runner [-] Task 5497297b-dbb7-4f91-b7f2-e74742d27ac4 | ITER: 3 START
2019-06-04 18:57:38.717 558 INFO rally.task.runner [-] Task 5497297b-dbb7-4f91-b7f2-e74742d27ac4 | ITER: 4 START
2019-06-04 18:57:39.918 558 INFO rally.task.runner [-] Task 5497297b-dbb7-4f91-b7f2-e74742d27ac4 | ITER: 4 END: OK
2019-06-04 18:57:39.922 556 INFO rally.task.runner [-] Task 5497297b-dbb7-4f91-b7f2-e74742d27ac4 | ITER: 1 END: OK
2019-06-04 18:57:39.924 558 INFO rally.task.runner [-] Task 5497297b-dbb7-4f91-b7f2-e74742d27ac4 | ITER: 5 START
2019-06-04 18:57:39.928 556 INFO rally.task.runner [-] Task 5497297b-dbb7-4f91-b7f2-e74742d27ac4 | ITER: 6 START
2019-06-04 18:57:40.110 557 INFO rally.task.runner [-] Task 5497297b-dbb7-4f91-b7f2-e74742d27ac4 | ITER: 2 END: OK
2019-06-04 18:57:40.115 557 INFO rally.task.runner [-] Task 5497297b-dbb7-4f91-b7f2-e74742d27ac4 | ITER: 7 START
2019-06-04 18:57:40.146 559 INFO rally.task.runner [-] Task 5497297b-dbb7-4f91-b7f2-e74742d27ac4 | ITER: 3 END: OK
2019-06-04 18:57:40.150 559 INFO rally.task.runner [-] Task 5497297b-dbb7-4f91-b7f2-e74742d27ac4 | ITER: 8 START
2019-06-04 18:57:41.133 556 INFO rally.task.runner [-] Task 5497297b-dbb7-4f91-b7f2-e74742d27ac4 | ITER: 6 END: OK
2019-06-04 18:57:41.138 556 INFO rally.task.runner [-] Task 5497297b-dbb7-4f91-b7f2-e74742d27ac4 | ITER: 9 START
2019-06-04 18:57:41.162 558 INFO rally.task.runner [-] Task 5497297b-dbb7-4f91-b7f2-e74742d27ac4 | ITER: 5 END: OK
2019-06-04 18:57:41.166 558 INFO rally.task.runner [-] Task 5497297b-dbb7-4f91-b7f2-e74742d27ac4 | ITER: 10 START
2019-06-04 18:57:41.330 557 INFO rally.task.runner [-] Task 5497297b-dbb7-4f91-b7f2-e74742d27ac4 | ITER: 7 END: OK
2019-06-04 18:57:41.391 559 INFO rally.task.runner [-] Task 5497297b-dbb7-4f91-b7f2-e74742d27ac4 | ITER: 8 END: OK
2019-06-04 18:57:42.319 556 INFO rally.task.runner [-] Task 5497297b-dbb7-4f91-b7f2-e74742d27ac4 | ITER: 9 END: OK
2019-06-04 18:57:42.816 558 INFO rally.task.runner [-] Task 5497297b-dbb7-4f91-b7f2-e74742d27ac4 | ITER: 10 END: OK
2019-06-04 18:57:42.843 16 INFO rally.task.context [-] Task 5497297b-dbb7-4f91-b7f2-e74742d27ac4 | Context users@openstack cleanup() started
2019-06-04 18:57:50.878 16 INFO rally.task.context [-] Task 5497297b-dbb7-4f91-b7f2-e74742d27ac4 | Context users@openstack cleanup() finished in 8.04 sec
2019-06-04 18:57:52.006 16 INFO rally.task.engine [-] Load duration is: 4.109032
2019-06-04 18:57:52.007 16 INFO rally.task.engine [-] Full runner duration is: 4.155232
2019-06-04 18:57:52.007 16 INFO rally.task.engine [-] Full duration is: 16.956332
2019-06-04 18:57:52.300 16 INFO rally.task.engine [-] Running workload: position = 0 config = { "version": 2, "title": "A cropped version of a bigger task.", "description": "Auto-generated task from a single workload (uuid=b54627e0-e5e3-4c55-900d-8106f335491a)", "subtasks": [ { "title": "Authenticate.validate_nova", "description": "Check Nova Client to ensure validation of token.", "scenario": { "Authenticate.validate_nova": { "repetitions": 2 } }, "contexts": { "users": { "tenants": 3, "users_per_tenant": 2 } }, "runner": { "constant": { "concurrency": 4, "times": 10 } }, "hooks": [], "sla": { "failure_rate": { "max": 0 } } } ] }
2019-06-04 18:57:52.322 16 RALLYDEBUG rally_openstack.contexts.keystone.users [-] Creating 3 tenants using 20 threads
2019-06-04 18:57:54.192 16 RALLYDEBUG rally_openstack.contexts.keystone.users [-] Creating 6 users using 20 threads
2019-06-04 18:57:56.958 16 INFO rally.task.context [-] Task 5497297b-dbb7-4f91-b7f2-e74742d27ac4 | Context users@openstack setup() finished in 4.64 sec
2019-06-04 18:57:56.965 16 RALLYDEBUG rally.task.runner [-] Starting the constant runner (task UUID: 5497297b-dbb7-4f91-b7f2-e74742d27ac4). timeout: 0 concurrency: 4 concurrency_per_worker: 1 times: 10 concurrency_overhead: 0 processes_to_start: 4 max_cpu_used: 16
2019-06-04 18:57:56.978 660 RALLYDEBUG rally.task.runner [-] Starting a worker. concurrency: 1 args: {"repetitions": 2} times: 10 method_name: run timeout: 0 duration: None cls:
2019-06-04 18:57:56.980 661 RALLYDEBUG rally.task.runner [-] Starting a worker. concurrency: 1 args: {"repetitions": 2} times: 10 method_name: run timeout: 0 duration: None cls:
2019-06-04 18:57:56.983 663 RALLYDEBUG rally.task.runner [-] Starting a worker. concurrency: 1 args: {"repetitions": 2} times: 10 method_name: run timeout: 0 duration: None cls:
2019-06-04 18:57:56.983 662 RALLYDEBUG rally.task.runner [-] Starting a worker. concurrency: 1 args: {"repetitions": 2} times: 10 method_name: run timeout: 0 duration: None cls:
2019-06-04 18:57:56.985 660 INFO rally.task.runner [-] Task 5497297b-dbb7-4f91-b7f2-e74742d27ac4 | ITER: 1 START
2019-06-04 18:57:56.986 661 INFO rally.task.runner [-] Task 5497297b-dbb7-4f91-b7f2-e74742d27ac4 | ITER: 2 START
2019-06-04 18:57:56.987 663 INFO rally.task.runner [-] Task 5497297b-dbb7-4f91-b7f2-e74742d27ac4 | ITER: 3 START
2019-06-04 18:57:56.989 662 INFO rally.task.runner [-] Task 5497297b-dbb7-4f91-b7f2-e74742d27ac4 | ITER: 4 START
2019-06-04 18:57:57.475 660 DEBUG novaclient.v2.client [-] REQ: curl -g -i -X GET http://172.30.9.22:8774/v2.1/flavors/detail -H "Accept: application/json" -H "User-Agent: python-novaclient" -H "X-Auth-Token: {SHA1}1f841fd7d57a59ccfa6b9dfdc0829eac49004516" _http_log_request /usr/lib/python2.7/site-packages/keystoneauth1/session.py:448
2019-06-04 18:57:57.475 663 DEBUG novaclient.v2.client [-] REQ: curl -g -i -X GET http://172.30.9.22:8774/v2.1/flavors/detail -H "Accept: application/json" -H "User-Agent: python-novaclient" -H "X-Auth-Token: {SHA1}7eddb2b713bf857981bb91499e10e1ae9feb597a" _http_log_request /usr/lib/python2.7/site-packages/keystoneauth1/session.py:448
2019-06-04 18:57:57.498 662 DEBUG novaclient.v2.client [-] REQ: curl -g -i -X GET http://172.30.9.22:8774/v2.1/flavors/detail -H "Accept: application/json" -H "User-Agent: python-novaclient" -H "X-Auth-Token: {SHA1}323087a543f67b78e9448d4ae093513e4a31a4b8" _http_log_request /usr/lib/python2.7/site-packages/keystoneauth1/session.py:448
2019-06-04 18:57:57.500 661 DEBUG novaclient.v2.client [-] REQ: curl -g -i -X GET http://172.30.9.22:8774/v2.1/flavors/detail -H "Accept: application/json" -H "User-Agent: python-novaclient" -H "X-Auth-Token: {SHA1}48afb14a8c03d519a3306680e3bfdab8b36799c3" _http_log_request /usr/lib/python2.7/site-packages/keystoneauth1/session.py:448
2019-06-04 18:57:57.707 661 DEBUG novaclient.v2.client [-] RESP: [200] Content-Encoding: gzip Content-Length: 366 Content-Type: application/json Date: Tue, 04 Jun 2019 18:57:57 GMT OpenStack-API-Version: compute 2.1 Server: Apache Vary: OpenStack-API-Version,X-OpenStack-Nova-API-Version,Accept-Encoding X-OpenStack-Nova-API-Version: 2.1 x-compute-request-id: req-5a8e383d-27ed-4adf-bcc9-d232a359d937 x-openstack-request-id: req-5a8e383d-27ed-4adf-bcc9-d232a359d937 _http_log_response /usr/lib/python2.7/site-packages/keystoneauth1/session.py:479
2019-06-04 18:57:57.708 661 DEBUG novaclient.v2.client [-] RESP BODY: {"flavors": [{"name": "rally_full-flavor_alt_5bafb238-93c6-47c0-86d3-8756935a0521", "links": [{"href": "http://172.30.9.22:8774/v2.1/flavors/bdc4fc99-63f8-45f1-9513-e1ebc2765663", "rel": "self"}, {"href": "http://172.30.9.22:8774/flavors/bdc4fc99-63f8-45f1-9513-e1ebc2765663", "rel": "bookmark"}], "ram": 1024, "OS-FLV-DISABLED:disabled": false, "vcpus": 1, "swap": "", "os-flavor-access:is_public": true, "rxtx_factor": 1.0, "OS-FLV-EXT-DATA:ephemeral": 0, "disk": 1, "id": "bdc4fc99-63f8-45f1-9513-e1ebc2765663"}, {"name": "rally_full-flavor_5bafb238-93c6-47c0-86d3-8756935a0521", "links": [{"href": "http://172.30.9.22:8774/v2.1/flavors/f81f2eda-47b7-4a7d-ac7f-735555cc1030", "rel": "self"}, {"href": "http://172.30.9.22:8774/flavors/f81f2eda-47b7-4a7d-ac7f-735555cc1030", "rel": "bookmark"}], "ram": 512, "OS-FLV-DISABLED:disabled": false, "vcpus": 1, "swap": "", "os-flavor-access:is_public": true, "rxtx_factor": 1.0, "OS-FLV-EXT-DATA:ephemeral": 0, "disk": 1, "id": "f81f2eda-47b7-4a7d-ac7f-735555cc1030"}]} _http_log_response /usr/lib/python2.7/site-packages/keystoneauth1/session.py:511
2019-06-04 18:57:57.709 661 DEBUG novaclient.v2.client [-] GET call to compute for http://172.30.9.22:8774/v2.1/flavors/detail used request id req-5a8e383d-27ed-4adf-bcc9-d232a359d937 request /usr/lib/python2.7/site-packages/keystoneauth1/session.py:844
2019-06-04 18:57:57.711 661 DEBUG novaclient.v2.client [-] REQ: curl -g -i -X GET http://172.30.9.22:8774/v2.1/flavors/detail -H "Accept: application/json" -H "User-Agent: python-novaclient" -H "X-Auth-Token: {SHA1}48afb14a8c03d519a3306680e3bfdab8b36799c3" _http_log_request /usr/lib/python2.7/site-packages/keystoneauth1/session.py:448
2019-06-04 18:57:57.714 662 DEBUG novaclient.v2.client [-] RESP: [200] Content-Encoding: gzip Content-Length: 366 Content-Type: application/json Date: Tue, 04 Jun 2019 18:57:57 GMT OpenStack-API-Version: compute 2.1 Server: Apache Vary: OpenStack-API-Version,X-OpenStack-Nova-API-Version,Accept-Encoding X-OpenStack-Nova-API-Version: 2.1 x-compute-request-id: req-ffca7643-ef0d-40de-9cbb-428db757c21a x-openstack-request-id: req-ffca7643-ef0d-40de-9cbb-428db757c21a _http_log_response /usr/lib/python2.7/site-packages/keystoneauth1/session.py:479
2019-06-04 18:57:57.714 662 DEBUG novaclient.v2.client [-] RESP BODY: {"flavors": [{"name": "rally_full-flavor_alt_5bafb238-93c6-47c0-86d3-8756935a0521", "links": [{"href": "http://172.30.9.22:8774/v2.1/flavors/bdc4fc99-63f8-45f1-9513-e1ebc2765663", "rel": "self"}, {"href": "http://172.30.9.22:8774/flavors/bdc4fc99-63f8-45f1-9513-e1ebc2765663", "rel": "bookmark"}], "ram": 1024, "OS-FLV-DISABLED:disabled": false, "vcpus": 1, "swap": "", "os-flavor-access:is_public": true, "rxtx_factor": 1.0, "OS-FLV-EXT-DATA:ephemeral": 0, "disk": 1, "id": "bdc4fc99-63f8-45f1-9513-e1ebc2765663"}, {"name": "rally_full-flavor_5bafb238-93c6-47c0-86d3-8756935a0521", "links": [{"href": "http://172.30.9.22:8774/v2.1/flavors/f81f2eda-47b7-4a7d-ac7f-735555cc1030", "rel": "self"}, {"href": "http://172.30.9.22:8774/flavors/f81f2eda-47b7-4a7d-ac7f-735555cc1030", "rel": "bookmark"}], "ram": 512, "OS-FLV-DISABLED:disabled": false, "vcpus": 1, "swap": "", "os-flavor-access:is_public": true, "rxtx_factor": 1.0, "OS-FLV-EXT-DATA:ephemeral": 0, "disk": 1, "id": "f81f2eda-47b7-4a7d-ac7f-735555cc1030"}]} _http_log_response /usr/lib/python2.7/site-packages/keystoneauth1/session.py:511
2019-06-04 18:57:57.715 662 DEBUG novaclient.v2.client [-] GET call to compute for http://172.30.9.22:8774/v2.1/flavors/detail used request id req-ffca7643-ef0d-40de-9cbb-428db757c21a request /usr/lib/python2.7/site-packages/keystoneauth1/session.py:844
2019-06-04 18:57:57.716 662 DEBUG novaclient.v2.client [-] REQ: curl -g -i -X GET http://172.30.9.22:8774/v2.1/flavors/detail -H "Accept: application/json" -H "User-Agent: python-novaclient" -H "X-Auth-Token: {SHA1}323087a543f67b78e9448d4ae093513e4a31a4b8" _http_log_request /usr/lib/python2.7/site-packages/keystoneauth1/session.py:448
2019-06-04 18:57:57.733 661 DEBUG novaclient.v2.client [-] RESP: [200] Content-Encoding: gzip Content-Length: 366 Content-Type: application/json Date: Tue, 04 Jun 2019 18:57:57 GMT OpenStack-API-Version: compute 2.1 Server: Apache Vary: OpenStack-API-Version,X-OpenStack-Nova-API-Version,Accept-Encoding X-OpenStack-Nova-API-Version: 2.1 x-compute-request-id: req-e3ce3547-1cdd-40c8-a30c-8be3eac1c836 x-openstack-request-id: req-e3ce3547-1cdd-40c8-a30c-8be3eac1c836 _http_log_response /usr/lib/python2.7/site-packages/keystoneauth1/session.py:479
2019-06-04 18:57:57.734 661 DEBUG novaclient.v2.client [-] RESP BODY: {"flavors": [{"name": "rally_full-flavor_alt_5bafb238-93c6-47c0-86d3-8756935a0521", "links": [{"href": "http://172.30.9.22:8774/v2.1/flavors/bdc4fc99-63f8-45f1-9513-e1ebc2765663", "rel": "self"}, {"href": "http://172.30.9.22:8774/flavors/bdc4fc99-63f8-45f1-9513-e1ebc2765663", "rel": "bookmark"}], "ram": 1024, "OS-FLV-DISABLED:disabled": false, "vcpus": 1, "swap": "", "os-flavor-access:is_public": true, "rxtx_factor": 1.0, "OS-FLV-EXT-DATA:ephemeral": 0, "disk": 1, "id": "bdc4fc99-63f8-45f1-9513-e1ebc2765663"}, {"name": "rally_full-flavor_5bafb238-93c6-47c0-86d3-8756935a0521", "links": [{"href": "http://172.30.9.22:8774/v2.1/flavors/f81f2eda-47b7-4a7d-ac7f-735555cc1030", "rel": "self"}, {"href": "http://172.30.9.22:8774/flavors/f81f2eda-47b7-4a7d-ac7f-735555cc1030", "rel": "bookmark"}], "ram": 512, "OS-FLV-DISABLED:disabled": false, "vcpus": 1, "swap": "", "os-flavor-access:is_public": true, "rxtx_factor": 1.0, "OS-FLV-EXT-DATA:ephemeral": 0, "disk": 1, "id": "f81f2eda-47b7-4a7d-ac7f-735555cc1030"}]} _http_log_response /usr/lib/python2.7/site-packages/keystoneauth1/session.py:511
2019-06-04 18:57:57.734 661 DEBUG novaclient.v2.client [-] GET call to compute for http://172.30.9.22:8774/v2.1/flavors/detail used request id req-e3ce3547-1cdd-40c8-a30c-8be3eac1c836 request /usr/lib/python2.7/site-packages/keystoneauth1/session.py:844
2019-06-04 18:57:57.735 661 INFO rally.task.runner [-] Task 5497297b-dbb7-4f91-b7f2-e74742d27ac4 | ITER: 2 END: OK
2019-06-04 18:57:57.738 661 INFO rally.task.runner [-] Task 5497297b-dbb7-4f91-b7f2-e74742d27ac4 | ITER: 5 START
2019-06-04 18:57:57.740 662 DEBUG novaclient.v2.client [-] RESP: [200] Content-Encoding: gzip Content-Length: 366 Content-Type: application/json Date: Tue, 04 Jun 2019 18:57:57 GMT OpenStack-API-Version: compute 2.1 Server: Apache Vary: OpenStack-API-Version,X-OpenStack-Nova-API-Version,Accept-Encoding X-OpenStack-Nova-API-Version: 2.1 x-compute-request-id: req-039a00f8-dd58-47c6-b1e9-a68852c3a520 x-openstack-request-id: req-039a00f8-dd58-47c6-b1e9-a68852c3a520 _http_log_response /usr/lib/python2.7/site-packages/keystoneauth1/session.py:479
2019-06-04 18:57:57.741 662 DEBUG novaclient.v2.client [-] RESP BODY: {"flavors": [{"name": "rally_full-flavor_alt_5bafb238-93c6-47c0-86d3-8756935a0521", "links": [{"href": "http://172.30.9.22:8774/v2.1/flavors/bdc4fc99-63f8-45f1-9513-e1ebc2765663", "rel": "self"}, {"href": "http://172.30.9.22:8774/flavors/bdc4fc99-63f8-45f1-9513-e1ebc2765663", "rel": "bookmark"}], "ram": 1024, "OS-FLV-DISABLED:disabled": false, "vcpus": 1, "swap": "", "os-flavor-access:is_public": true, "rxtx_factor": 1.0, "OS-FLV-EXT-DATA:ephemeral": 0, "disk": 1, "id": "bdc4fc99-63f8-45f1-9513-e1ebc2765663"}, {"name": "rally_full-flavor_5bafb238-93c6-47c0-86d3-8756935a0521", "links": [{"href": "http://172.30.9.22:8774/v2.1/flavors/f81f2eda-47b7-4a7d-ac7f-735555cc1030", "rel": "self"}, {"href": "http://172.30.9.22:8774/flavors/f81f2eda-47b7-4a7d-ac7f-735555cc1030", "rel": "bookmark"}], "ram": 512, "OS-FLV-DISABLED:disabled": false, "vcpus": 1, "swap": "", "os-flavor-access:is_public": true, "rxtx_factor": 1.0, "OS-FLV-EXT-DATA:ephemeral": 0, "disk": 1, "id": "f81f2eda-47b7-4a7d-ac7f-735555cc1030"}]} _http_log_response /usr/lib/python2.7/site-packages/keystoneauth1/session.py:511
2019-06-04 18:57:57.741 662 DEBUG novaclient.v2.client [-] GET call to compute for http://172.30.9.22:8774/v2.1/flavors/detail used request id req-039a00f8-dd58-47c6-b1e9-a68852c3a520 request /usr/lib/python2.7/site-packages/keystoneauth1/session.py:844
2019-06-04 18:57:57.742 662 INFO rally.task.runner [-] Task 5497297b-dbb7-4f91-b7f2-e74742d27ac4 | ITER: 4 END: OK
2019-06-04 18:57:57.746 662 INFO rally.task.runner [-] Task 5497297b-dbb7-4f91-b7f2-e74742d27ac4 | ITER: 6 START
2019-06-04 18:57:57.861 660 DEBUG novaclient.v2.client [-] RESP: [200] Content-Encoding: gzip Content-Length: 366 Content-Type: application/json Date: Tue, 04 Jun 2019 18:57:57 GMT OpenStack-API-Version: compute 2.1 Server: Apache Vary: OpenStack-API-Version,X-OpenStack-Nova-API-Version,Accept-Encoding X-OpenStack-Nova-API-Version: 2.1 x-compute-request-id: req-be7cd23d-1722-40fb-ba6b-d6037dae1a97 x-openstack-request-id: req-be7cd23d-1722-40fb-ba6b-d6037dae1a97 _http_log_response /usr/lib/python2.7/site-packages/keystoneauth1/session.py:479
2019-06-04 18:57:57.862 660 DEBUG novaclient.v2.client [-] RESP BODY: {"flavors": [{"name": "rally_full-flavor_alt_5bafb238-93c6-47c0-86d3-8756935a0521", "links": [{"href": "http://172.30.9.22:8774/v2.1/flavors/bdc4fc99-63f8-45f1-9513-e1ebc2765663", "rel": "self"}, {"href": "http://172.30.9.22:8774/flavors/bdc4fc99-63f8-45f1-9513-e1ebc2765663", "rel": "bookmark"}], "ram": 1024, "OS-FLV-DISABLED:disabled": false, "vcpus": 1, "swap": "", "os-flavor-access:is_public": true, "rxtx_factor": 1.0, "OS-FLV-EXT-DATA:ephemeral": 0, "disk": 1, "id": "bdc4fc99-63f8-45f1-9513-e1ebc2765663"}, {"name": "rally_full-flavor_5bafb238-93c6-47c0-86d3-8756935a0521", "links": [{"href": "http://172.30.9.22:8774/v2.1/flavors/f81f2eda-47b7-4a7d-ac7f-735555cc1030", "rel": "self"}, {"href": "http://172.30.9.22:8774/flavors/f81f2eda-47b7-4a7d-ac7f-735555cc1030", "rel": "bookmark"}], "ram": 512, "OS-FLV-DISABLED:disabled": false, "vcpus": 1, "swap": "", "os-flavor-access:is_public": true, "rxtx_factor": 1.0, "OS-FLV-EXT-DATA:ephemeral": 0, "disk": 1, "id": "f81f2eda-47b7-4a7d-ac7f-735555cc1030"}]} _http_log_response /usr/lib/python2.7/site-packages/keystoneauth1/session.py:511
2019-06-04 18:57:57.862 660 DEBUG novaclient.v2.client [-] GET call to compute for http://172.30.9.22:8774/v2.1/flavors/detail used request id req-be7cd23d-1722-40fb-ba6b-d6037dae1a97 request /usr/lib/python2.7/site-packages/keystoneauth1/session.py:844
2019-06-04 18:57:57.864 660 DEBUG novaclient.v2.client [-] REQ: curl -g -i -X GET http://172.30.9.22:8774/v2.1/flavors/detail -H "Accept: application/json" -H "User-Agent: python-novaclient" -H "X-Auth-Token: {SHA1}1f841fd7d57a59ccfa6b9dfdc0829eac49004516" _http_log_request /usr/lib/python2.7/site-packages/keystoneauth1/session.py:448
2019-06-04 18:57:57.890 660 DEBUG novaclient.v2.client [-] RESP: [200] Content-Encoding: gzip Content-Length: 366 Content-Type: application/json Date: Tue, 04 Jun 2019 18:57:57 GMT OpenStack-API-Version: compute 2.1 Server: Apache Vary: OpenStack-API-Version,X-OpenStack-Nova-API-Version,Accept-Encoding X-OpenStack-Nova-API-Version: 2.1 x-compute-request-id: req-2d84bcee-3c20-4840-ac8d-88dd364f8732 x-openstack-request-id: req-2d84bcee-3c20-4840-ac8d-88dd364f8732 _http_log_response /usr/lib/python2.7/site-packages/keystoneauth1/session.py:479
2019-06-04 18:57:57.891 660 DEBUG novaclient.v2.client [-] RESP BODY: {"flavors": [{"name": "rally_full-flavor_alt_5bafb238-93c6-47c0-86d3-8756935a0521", "links": [{"href": "http://172.30.9.22:8774/v2.1/flavors/bdc4fc99-63f8-45f1-9513-e1ebc2765663", "rel": "self"}, {"href": "http://172.30.9.22:8774/flavors/bdc4fc99-63f8-45f1-9513-e1ebc2765663", "rel": "bookmark"}], "ram": 1024, "OS-FLV-DISABLED:disabled": false, "vcpus": 1, "swap": "", "os-flavor-access:is_public": true, "rxtx_factor": 1.0, "OS-FLV-EXT-DATA:ephemeral": 0, "disk": 1, "id": "bdc4fc99-63f8-45f1-9513-e1ebc2765663"}, {"name": "rally_full-flavor_5bafb238-93c6-47c0-86d3-8756935a0521", "links": [{"href": "http://172.30.9.22:8774/v2.1/flavors/f81f2eda-47b7-4a7d-ac7f-735555cc1030", "rel": "self"}, {"href": "http://172.30.9.22:8774/flavors/f81f2eda-47b7-4a7d-ac7f-735555cc1030", "rel": "bookmark"}], "ram": 512, "OS-FLV-DISABLED:disabled": false, "vcpus": 1, "swap": "", "os-flavor-access:is_public": true, "rxtx_factor": 1.0, "OS-FLV-EXT-DATA:ephemeral": 0, "disk": 1, "id": "f81f2eda-47b7-4a7d-ac7f-735555cc1030"}]} _http_log_response /usr/lib/python2.7/site-packages/keystoneauth1/session.py:511
2019-06-04 18:57:57.891 660 DEBUG novaclient.v2.client [-] GET call to compute for http://172.30.9.22:8774/v2.1/flavors/detail used request id req-2d84bcee-3c20-4840-ac8d-88dd364f8732 request /usr/lib/python2.7/site-packages/keystoneauth1/session.py:844
2019-06-04 18:57:57.892 660 INFO rally.task.runner [-] Task 5497297b-dbb7-4f91-b7f2-e74742d27ac4 | ITER: 1 END: OK
2019-06-04 18:57:57.895 660 INFO rally.task.runner [-] Task 5497297b-dbb7-4f91-b7f2-e74742d27ac4 | ITER: 7 START
2019-06-04 18:57:58.162 661 DEBUG novaclient.v2.client [-] REQ: curl -g -i -X GET http://172.30.9.22:8774/v2.1/flavors/detail -H "Accept: application/json" -H "User-Agent: python-novaclient" -H "X-Auth-Token: {SHA1}e5791998ae4152e6af4164d40ac8c3d4366d9562" _http_log_request /usr/lib/python2.7/site-packages/keystoneauth1/session.py:448
2019-06-04 18:57:58.181 662 DEBUG novaclient.v2.client [-] REQ: curl -g -i -X GET http://172.30.9.22:8774/v2.1/flavors/detail -H "Accept: application/json" -H "User-Agent: python-novaclient" -H "X-Auth-Token: {SHA1}06d3a2ddde84eb3595dc2e8a6e5b2fd3415b54f1" _http_log_request /usr/lib/python2.7/site-packages/keystoneauth1/session.py:448
2019-06-04 18:57:58.192 663 DEBUG novaclient.v2.client [-] RESP: [200] Content-Encoding: gzip Content-Length: 366 Content-Type: application/json Date: Tue, 04 Jun 2019 18:57:57 GMT OpenStack-API-Version: compute 2.1 Server: Apache Vary: OpenStack-API-Version,X-OpenStack-Nova-API-Version,Accept-Encoding X-OpenStack-Nova-API-Version: 2.1 x-compute-request-id: req-7d90fb09-e5bb-4657-a8d3-418763f5a065 x-openstack-request-id: req-7d90fb09-e5bb-4657-a8d3-418763f5a065 _http_log_response /usr/lib/python2.7/site-packages/keystoneauth1/session.py:479
