2019-06-04 19:23:30.789 1842 INFO rally.task.context [-] Task 388226ed-d1fa-4986-a516-b0a3bbc548d8 | Context api_versions@openstack cleanup() started
2019-06-04 19:23:30.789 1842 INFO rally.task.context [-] Task 388226ed-d1fa-4986-a516-b0a3bbc548d8 | Context api_versions@openstack cleanup() finished in 0.34 msec
2019-06-04 19:23:30.789 1842 INFO rally.task.context [-] Task 388226ed-d1fa-4986-a516-b0a3bbc548d8 | Context users@openstack cleanup() started
2019-06-04 19:23:38.830 1842 INFO rally.task.context [-] Task 388226ed-d1fa-4986-a516-b0a3bbc548d8 | Context users@openstack cleanup() finished in 8.04 sec
2019-06-04 19:23:39.003 1842 INFO rally.task.engine [-] Load duration is: 17.474313
2019-06-04 19:23:39.003 1842 INFO rally.task.engine [-] Full runner duration is: 17.524972
2019-06-04 19:23:39.004 1842 INFO rally.task.engine [-] Full duration is: 42.019449
2019-06-04 19:23:39.203 1842 INFO rally.task.engine [-] Running workload: position = 1 config = { "version": 2, "title": "A cropped version of a bigger task.", "description": "Auto-generated task from a single workload (uuid=b26e0cb6-61d6-4c92-811c-97db21f53878)", "subtasks": [ { "title": "CinderVolumes.create_and_delete_volume", "description": "Create and then delete a volume.", "scenario": { "CinderVolumes.create_and_delete_volume": { "image": { "name": "rally_full-img_5bafb238-93c6-47c0-86d3-8756935a0521" }, "size": 1 } }, "contexts": { "users": { "tenants": 3, "users_per_tenant": 2 }, "quotas": { "cinder": { "gigabytes": -1, "snapshots": -1, "volumes": -1 } }, "api_versions": { "cinder": { "version": 3, "service_type": "volumev3" } } }, "runner": { "constant": { "concurrency": 4, "times": 10 } }, "hooks": [], "sla": { "failure_rate": { "max": 0 } } } ] }
2019-06-04 19:23:39.226 1842 RALLYDEBUG rally_openstack.contexts.keystone.users [-] Creating 3 tenants using 20 threads
2019-06-04 19:23:41.150 1842 RALLYDEBUG rally_openstack.contexts.keystone.users [-] Creating 6 users using 20 threads
2019-06-04 19:23:43.925 1842 INFO rally.task.context [-] Task 388226ed-d1fa-4986-a516-b0a3bbc548d8 | Context users@openstack setup() finished in 4.70 sec
2019-06-04 19:23:44.367 1842 INFO rally.task.context [-] Task 388226ed-d1fa-4986-a516-b0a3bbc548d8 | Context api_versions@openstack setup() finished in 0.44 sec
2019-06-04 19:23:46.149 1842 INFO rally.task.context [-] Task 388226ed-d1fa-4986-a516-b0a3bbc548d8 | Context quotas@openstack setup() finished in 1.78 sec
2019-06-04 19:23:46.150 1842 INFO rally.task.context [-] Task 388226ed-d1fa-4986-a516-b0a3bbc548d8 | Context cleanup@openstack setup() finished in 0.00 msec
2019-06-04 19:23:47.199 1842 RALLYDEBUG rally.task.runner [-] Starting the constant runner (task UUID: 388226ed-d1fa-4986-a516-b0a3bbc548d8). timeout: 0 concurrency: 4 concurrency_per_worker: 1 times: 10 concurrency_overhead: 0 processes_to_start: 4 max_cpu_used: 16
2019-06-04 19:23:47.211 4354 RALLYDEBUG rally.task.runner [-] Starting a worker. concurrency: 1 args: {"image": "66ce8b2f-5639-43de-aa42-bfa4af1361e1", "size": 1} times: 10 method_name: run timeout: 0 duration: None cls:
2019-06-04 19:23:47.215 4355 RALLYDEBUG rally.task.runner [-] Starting a worker. concurrency: 1 args: {"image": "66ce8b2f-5639-43de-aa42-bfa4af1361e1", "size": 1} times: 10 method_name: run timeout: 0 duration: None cls:
2019-06-04 19:23:47.218 4354 INFO rally.task.runner [-] Task 388226ed-d1fa-4986-a516-b0a3bbc548d8 | ITER: 1 START
2019-06-04 19:23:47.218 4356 RALLYDEBUG rally.task.runner [-] Starting a worker. concurrency: 1 args: {"image": "66ce8b2f-5639-43de-aa42-bfa4af1361e1", "size": 1} times: 10 method_name: run timeout: 0 duration: None cls:
2019-06-04 19:23:47.220 4357 RALLYDEBUG rally.task.runner [-] Starting a worker. concurrency: 1 args: {"image": "66ce8b2f-5639-43de-aa42-bfa4af1361e1", "size": 1} times: 10 method_name: run timeout: 0 duration: None cls:
2019-06-04 19:23:47.224 4355 INFO rally.task.runner [-] Task 388226ed-d1fa-4986-a516-b0a3bbc548d8 | ITER: 2 START
2019-06-04 19:23:47.226 4356 INFO rally.task.runner [-] Task 388226ed-d1fa-4986-a516-b0a3bbc548d8 | ITER: 3 START
2019-06-04 19:23:47.228 4357 INFO rally.task.runner [-] Task 388226ed-d1fa-4986-a516-b0a3bbc548d8 | ITER: 4 START
2019-06-04 19:23:57.134 4357 RALLYDEBUG rally.task.utils [-] Waiting for resource s_rally_b26e0cb6_lghwtwcs. Status changed: CREATING => DOWNLOADING in 5.18414711952
2019-06-04 19:23:57.621 4354 RALLYDEBUG rally.task.utils [-] Waiting for resource s_rally_b26e0cb6_en92MPPI. Status changed: CREATING => DOWNLOADING in 5.36951494217
2019-06-04 19:24:02.227 4354 RALLYDEBUG rally.task.utils [-] Waiting for resource s_rally_b26e0cb6_en92MPPI. Status changed: DOWNLOADING => AVAILABLE in 4.60619401932
2019-06-04 19:24:02.283 4355 RALLYDEBUG rally.task.utils [-] Waiting for resource s_rally_b26e0cb6_WOiGgVI8. Status changed: CREATING => DOWNLOADING in 9.90943598747
2019-06-04 19:24:02.426 4356 RALLYDEBUG rally.task.utils [-] Waiting for resource s_rally_b26e0cb6_mhFcm2NH. Status changed: CREATING => DOWNLOADING in 9.99508881569
2019-06-04 19:24:02.849 4354 RALLYDEBUG rally.task.utils [-] Waiting for resource s_rally_b26e0cb6_en92MPPI. Status changed: AVAILABLE => DELETING in 0.260021209717
2019-06-04 19:24:04.252 4357 RALLYDEBUG rally.task.utils [-] Waiting for resource s_rally_b26e0cb6_lghwtwcs. Status changed: DOWNLOADING => AVAILABLE in 7.11829686165
2019-06-04 19:24:04.938 4357 RALLYDEBUG rally.task.utils [-] Waiting for resource s_rally_b26e0cb6_lghwtwcs. Status changed: AVAILABLE => DELETING in 0.327908992767
2019-06-04 19:24:07.269 4357 INFO rally.task.runner [-] Task 388226ed-d1fa-4986-a516-b0a3bbc548d8 | ITER: 4 END: OK
2019-06-04 19:24:07.275 4357 INFO rally.task.runner [-] Task 388226ed-d1fa-4986-a516-b0a3bbc548d8 | ITER: 5 START
2019-06-04 19:24:07.512 4354 INFO rally.task.runner [-] Task 388226ed-d1fa-4986-a516-b0a3bbc548d8 | ITER: 1 END: OK
2019-06-04 19:24:07.517 4354 INFO rally.task.runner [-] Task 388226ed-d1fa-4986-a516-b0a3bbc548d8 | ITER: 6 START
2019-06-04 19:24:09.190 4356 RALLYDEBUG rally.task.utils [-] Waiting for resource s_rally_b26e0cb6_mhFcm2NH. Status changed: DOWNLOADING => AVAILABLE in 6.76462221146
2019-06-04 19:24:09.406 4355 RALLYDEBUG rally.task.utils [-] Waiting for resource s_rally_b26e0cb6_WOiGgVI8. Status changed: DOWNLOADING => AVAILABLE in 7.12286305428
2019-06-04 19:24:09.699 4356 INFO rally.task.runner [-] Task 388226ed-d1fa-4986-a516-b0a3bbc548d8 | ITER: 3 END: OK
2019-06-04 19:24:09.703 4356 INFO rally.task.runner [-] Task 388226ed-d1fa-4986-a516-b0a3bbc548d8 | ITER: 7 START
2019-06-04 19:24:10.026 4355 RALLYDEBUG rally.task.utils [-] Waiting for resource s_rally_b26e0cb6_WOiGgVI8. Status changed: AVAILABLE => DELETING in 0.252655029297
2019-06-04 19:24:12.331 4355 INFO rally.task.runner [-] Task 388226ed-d1fa-4986-a516-b0a3bbc548d8 | ITER: 2 END: OK
2019-06-04 19:24:12.336 4355 INFO rally.task.runner [-] Task 388226ed-d1fa-4986-a516-b0a3bbc548d8 | ITER: 8 START
2019-06-04 19:24:15.080 4357 RALLYDEBUG rally.task.utils [-] Waiting for resource s_rally_b26e0cb6_2gqoZk57. Status changed: CREATING => DOWNLOADING in 2.93103504181
2019-06-04 19:24:18.767 4354 RALLYDEBUG rally.task.utils [-] Waiting for resource s_rally_b26e0cb6_IJrt4m6E. Status changed: CREATING => DOWNLOADING in 5.57546210289
2019-06-04 19:24:19.899 4357 RALLYDEBUG rally.task.utils [-] Waiting for resource s_rally_b26e0cb6_2gqoZk57. Status changed: DOWNLOADING => AVAILABLE in 4.81928300858
2019-06-04 19:24:20.947 4357 RALLYDEBUG rally.task.utils [-] Waiting for resource s_rally_b26e0cb6_2gqoZk57. Status changed: AVAILABLE => DELETING in 0.348646879196
2019-06-04 19:24:24.362 4355 RALLYDEBUG rally.task.utils [-] Waiting for resource s_rally_b26e0cb6_GounyLnW. Status changed: CREATING => DOWNLOADING in 7.56703495979
2019-06-04 19:24:24.385 4356 RALLYDEBUG rally.task.utils [-] Waiting for resource s_rally_b26e0cb6_NXJx99Ch. Status changed: CREATING => DOWNLOADING in 10.076967001
2019-06-04 19:24:25.573 4357 INFO rally.task.runner [-] Task 388226ed-d1fa-4986-a516-b0a3bbc548d8 | ITER: 5 END: OK
2019-06-04 19:24:25.580 4357 INFO rally.task.runner [-] Task 388226ed-d1fa-4986-a516-b0a3bbc548d8 | ITER: 9 START
2019-06-04 19:24:25.802 4354 RALLYDEBUG rally.task.utils [-] Waiting for resource s_rally_b26e0cb6_IJrt4m6E. Status changed: DOWNLOADING => AVAILABLE in 7.03511190414
2019-06-04 19:24:26.521 4354 RALLYDEBUG rally.task.utils [-] Waiting for resource s_rally_b26e0cb6_IJrt4m6E. Status changed: AVAILABLE => DELETING in 0.335915088654
2019-06-04 19:24:28.760 4354 INFO rally.task.runner [-] Task 388226ed-d1fa-4986-a516-b0a3bbc548d8 | ITER: 6 END: OK
2019-06-04 19:24:28.766 4354 INFO rally.task.runner [-] Task 388226ed-d1fa-4986-a516-b0a3bbc548d8 | ITER: 10 START
2019-06-04 19:24:28.979 4356 RALLYDEBUG rally.task.utils [-] Waiting for resource s_rally_b26e0cb6_NXJx99Ch. Status changed: DOWNLOADING => AVAILABLE in 4.59411120415
2019-06-04 19:24:29.066 4355 RALLYDEBUG rally.task.utils [-] Waiting for resource s_rally_b26e0cb6_GounyLnW. Status changed: DOWNLOADING => AVAILABLE in 4.70368003845
2019-06-04 19:24:29.475 4355 INFO rally.task.runner [-] Task 388226ed-d1fa-4986-a516-b0a3bbc548d8 | ITER: 8 END: OK
2019-06-04 19:24:29.739 4356 INFO rally.task.runner [-] Task 388226ed-d1fa-4986-a516-b0a3bbc548d8 | ITER: 7 END: OK
2019-06-04 19:24:33.535 4357 RALLYDEBUG rally.task.utils [-] Waiting for resource s_rally_b26e0cb6_M2AugVOj. Status changed: CREATING => DOWNLOADING in 2.82763600349
2019-06-04 19:24:35.860 4357 RALLYDEBUG rally.task.utils [-] Waiting for resource s_rally_b26e0cb6_M2AugVOj. Status changed: DOWNLOADING => AVAILABLE in 2.3244562149
2019-06-04 19:24:36.478 4357 RALLYDEBUG rally.task.utils [-] Waiting for resource s_rally_b26e0cb6_M2AugVOj. Status changed: AVAILABLE => DELETING in 0.250085115433
2019-06-04 19:24:38.617 4354 RALLYDEBUG rally.task.utils [-] Waiting for resource s_rally_b26e0cb6_dUSlGu7t. Status changed: CREATING => DOWNLOADING in 5.1047809124
2019-06-04 19:24:38.778 4357 INFO rally.task.runner [-] Task 388226ed-d1fa-4986-a516-b0a3bbc548d8 | ITER: 9 END: OK
2019-06-04 19:24:40.976 4354 RALLYDEBUG rally.task.utils [-] Waiting for resource s_rally_b26e0cb6_dUSlGu7t. Status changed: DOWNLOADING => AVAILABLE in 2.35980606079
2019-06-04 19:24:41.670 4354 INFO rally.task.runner [-] Task 388226ed-d1fa-4986-a516-b0a3bbc548d8 | ITER: 10 END: OK
2019-06-04 19:24:41.693 1842 INFO rally.task.context [-] Task 388226ed-d1fa-4986-a516-b0a3bbc548d8 | Context cleanup@openstack cleanup() started
2019-06-04 19:24:41.695 1842 RALLYDEBUG rally_openstack.cleanup.manager [-] Cleaning up cinder backups objects
2019-06-04 19:24:43.817 1842 RALLYDEBUG rally_openstack.cleanup.manager [-] Cleaning up cinder volume_snapshots objects
2019-06-04 19:24:45.966 1842 RALLYDEBUG rally_openstack.cleanup.manager [-] Cleaning up cinder transfers objects
2019-06-04 19:24:48.211 1842 RALLYDEBUG rally_openstack.cleanup.manager [-] Cleaning up cinder volumes objects
2019-06-04 19:24:50.415 1842 INFO rally.task.context [-] Task 388226ed-d1fa-4986-a516-b0a3bbc548d8 | Context cleanup@openstack cleanup() finished in 8.72 sec
2019-06-04 19:24:50.416 1842 INFO rally.task.context [-] Task 388226ed-d1fa-4986-a516-b0a3bbc548d8 | Context quotas@openstack cleanup() started
2019-06-04 19:24:51.313 1842 INFO rally.task.context [-] Task 388226ed-d1fa-4986-a516-b0a3bbc548d8 | Context quotas@openstack cleanup() finished in 0.90 sec
2019-06-04 19:24:51.314 1842 INFO rally.task.context [-] Task 388226ed-d1fa-4986-a516-b0a3bbc548d8 | Context api_versions@openstack cleanup() started
2019-06-04 19:24:51.314 1842 INFO rally.task.context [-] Task 388226ed-d1fa-4986-a516-b0a3bbc548d8 | Context api_versions@openstack cleanup() finished in 0.28 msec
2019-06-04 19:24:51.314 1842 INFO rally.task.context [-] Task 388226ed-d1fa-4986-a516-b0a3bbc548d8 | Context users@openstack cleanup() started
2019-06-04 19:24:59.579 1842 INFO rally.task.context [-] Task 388226ed-d1fa-4986-a516-b0a3bbc548d8 | Context users@openstack cleanup() finished in 8.26 sec
2019-06-04 19:25:01.546 1842 INFO rally.task.engine [-] Load duration is: 54.446902
2019-06-04 19:25:01.546 1842 INFO rally.task.engine [-] Full runner duration is: 54.494432
2019-06-04 19:25:01.546 1842 INFO rally.task.engine [-] Full duration is: 80.358442
2019-06-04 19:25:01.700 1842 INFO rally.task.engine [-] Running workload: position = 2 config = { "version": 2, "title": "A cropped version of a bigger task.", "description": "Auto-generated task from a single workload (uuid=43ccbfda-b3ea-4015-b696-2040d0e48c71)", "subtasks": [ { "title": "CinderVolumes.create_and_delete_volume", "description": "Create and then delete a volume.", "scenario": { "CinderVolumes.create_and_delete_volume": { "size": 1 } }, "contexts": { "users": { "tenants": 3, "users_per_tenant": 2 }, "quotas": { "cinder": { "gigabytes": -1, "snapshots": -1, "volumes": -1 } }, "api_versions": { "cinder": { "version": 3, "service_type": "volumev3" } } }, "runner": { "constant": { "concurrency": 4, "times": 10 } }, "hooks": [], "sla": { "failure_rate": { "max": 0 } } } ] }
2019-06-04 19:25:01.723 1842 RALLYDEBUG rally_openstack.contexts.keystone.users [-] Creating 3 tenants using 20 threads
2019-06-04 19:25:03.597 1842 RALLYDEBUG rally_openstack.contexts.keystone.users [-] Creating 6 users using 20 threads
2019-06-04 19:25:06.516 1842 INFO rally.task.context [-] Task 388226ed-d1fa-4986-a516-b0a3bbc548d8 | Context users@openstack setup() finished in 4.79 sec
2019-06-04 19:25:06.946 1842 INFO rally.task.context [-] Task 388226ed-d1fa-4986-a516-b0a3bbc548d8 | Context api_versions@openstack setup() finished in 0.43 sec
2019-06-04 19:25:08.585 1842 INFO rally.task.context [-] Task 388226ed-d1fa-4986-a516-b0a3bbc548d8 | Context quotas@openstack setup() finished in 1.64 sec
2019-06-04 19:25:08.585 1842 INFO rally.task.context [-] Task 388226ed-d1fa-4986-a516-b0a3bbc548d8 | Context cleanup@openstack setup() finished in 0.01 msec
2019-06-04 19:25:08.593 1842 RALLYDEBUG rally.task.runner [-] Starting the constant runner (task UUID: 388226ed-d1fa-4986-a516-b0a3bbc548d8). timeout: 0 concurrency: 4 concurrency_per_worker: 1 times: 10 concurrency_overhead: 0 processes_to_start: 4 max_cpu_used: 16
2019-06-04 19:25:08.605 4538 RALLYDEBUG rally.task.runner [-] Starting a worker. concurrency: 1 args: {"size": 1} times: 10 method_name: run timeout: 0 duration: None cls:
2019-06-04 19:25:08.609 4539 RALLYDEBUG rally.task.runner [-] Starting a worker. concurrency: 1 args: {"size": 1} times: 10 method_name: run timeout: 0 duration: None cls:
2019-06-04 19:25:08.611 4540 RALLYDEBUG rally.task.runner [-] Starting a worker. concurrency: 1 args: {"size": 1} times: 10 method_name: run timeout: 0 duration: None cls:
2019-06-04 19:25:08.612 4538 INFO rally.task.runner [-] Task 388226ed-d1fa-4986-a516-b0a3bbc548d8 | ITER: 1 START
2019-06-04 19:25:08.614 4541 RALLYDEBUG rally.task.runner [-] Starting a worker. concurrency: 1 args: {"size": 1} times: 10 method_name: run timeout: 0 duration: None cls:
2019-06-04 19:25:08.616 4539 INFO rally.task.runner [-] Task 388226ed-d1fa-4986-a516-b0a3bbc548d8 | ITER: 2 START
2019-06-04 19:25:08.617 4540 INFO rally.task.runner [-] Task 388226ed-d1fa-4986-a516-b0a3bbc548d8 | ITER: 3 START
2019-06-04 19:25:08.621 4541 INFO rally.task.runner [-] Task 388226ed-d1fa-4986-a516-b0a3bbc548d8 | ITER: 4 START
2019-06-04 19:25:12.983 4539 RALLYDEBUG rally.task.utils [-] Waiting for resource s_rally_43ccbfda_8hRn9fF2. Status changed: AVAILABLE => DELETING in 0.359012126923
2019-06-04 19:25:13.000 4541 RALLYDEBUG rally.task.utils [-] Waiting for resource s_rally_43ccbfda_jLj73SgW. Status changed: AVAILABLE => DELETING in 0.0532989501953
2019-06-04 19:25:13.005 4538 RALLYDEBUG rally.task.utils [-] Waiting for resource s_rally_43ccbfda_7nK1VBv7. Status changed: AVAILABLE => DELETING in 0.256794929504
2019-06-04 19:25:13.077 4540 RALLYDEBUG rally.task.utils [-] Waiting for resource s_rally_43ccbfda_ZLETjdOM. Status changed: AVAILABLE => DELETING in 0.356976032257
2019-06-04 19:25:15.045 4538 INFO rally.task.runner [-] Task 388226ed-d1fa-4986-a516-b0a3bbc548d8 | ITER: 1 END: OK
2019-06-04 19:25:15.050 4538 INFO rally.task.runner [-] Task 388226ed-d1fa-4986-a516-b0a3bbc548d8 | ITER: 5 START
2019-06-04 19:25:15.114 4540 INFO rally.task.runner [-] Task 388226ed-d1fa-4986-a516-b0a3bbc548d8 | ITER: 3 END: OK
2019-06-04 19:25:15.119 4540 INFO rally.task.runner [-] Task 388226ed-d1fa-4986-a516-b0a3bbc548d8 | ITER: 6 START
2019-06-04 19:25:15.306 4539 INFO rally.task.runner [-] Task 388226ed-d1fa-4986-a516-b0a3bbc548d8 | ITER: 2 END: OK
2019-06-04 19:25:15.312 4539 INFO rally.task.runner [-] Task 388226ed-d1fa-4986-a516-b0a3bbc548d8 | ITER: 7 START
2019-06-04 19:25:15.331 4541 INFO rally.task.runner [-] Task 388226ed-d1fa-4986-a516-b0a3bbc548d8 | ITER: 4 END: OK
2019-06-04 19:25:15.336 4541 INFO rally.task.runner [-] Task 388226ed-d1fa-4986-a516-b0a3bbc548d8 | ITER: 8 START
2019-06-04 19:25:19.272 4540 RALLYDEBUG rally.task.utils [-] Waiting for resource s_rally_43ccbfda_daGcXATI. Status changed: AVAILABLE => DELETING in 0.265380859375
2019-06-04 19:25:19.337 4539 RALLYDEBUG rally.task.utils [-] Waiting for resource s_rally_43ccbfda_MckQnxhM. Status changed: AVAILABLE => DELETING in 0.270575046539
2019-06-04 19:25:19.615 4538 RALLYDEBUG rally.task.utils [-] Waiting for resource s_rally_43ccbfda_D6ZqdYNK. Status changed: AVAILABLE => DELETING in 0.362040996552
2019-06-04 19:25:19.649 4541 RALLYDEBUG rally.task.utils [-] Waiting for resource s_rally_43ccbfda_xr53G5Y5. Status changed: AVAILABLE => DELETING in 0.344287157059
2019-06-04 19:25:21.501 4540 INFO rally.task.runner [-] Task 388226ed-d1fa-4986-a516-b0a3bbc548d8 | ITER: 6 END: OK
2019-06-04 19:25:21.506 4540 INFO rally.task.runner [-] Task 388226ed-d1fa-4986-a516-b0a3bbc548d8 | ITER: 9 START
2019-06-04 19:25:21.754 4539 INFO rally.task.runner [-] Task 388226ed-d1fa-4986-a516-b0a3bbc548d8 | ITER: 7 END: OK
2019-06-04 19:25:21.758 4539 INFO rally.task.runner [-] Task 388226ed-d1fa-4986-a516-b0a3bbc548d8 | ITER: 10 START
2019-06-04 19:25:21.919 4538 INFO rally.task.runner [-] Task 388226ed-d1fa-4986-a516-b0a3bbc548d8 | ITER: 5 END: OK
2019-06-04 19:25:21.959 4541 INFO rally.task.runner [-] Task 388226ed-d1fa-4986-a516-b0a3bbc548d8 | ITER: 8 END: OK
2019-06-04 19:25:25.443 4540 INFO rally.task.runner [-] Task 388226ed-d1fa-4986-a516-b0a3bbc548d8 | ITER: 9 END: OK
2019-06-04 19:25:26.058 4539 INFO rally.task.runner [-] Task 388226ed-d1fa-4986-a516-b0a3bbc548d8 | ITER: 10 END: OK
2019-06-04 19:25:26.086 1842 INFO rally.task.context [-] Task 388226ed-d1fa-4986-a516-b0a3bbc548d8 | Context cleanup@openstack cleanup() started
2019-06-04 19:25:26.089 1842 RALLYDEBUG rally_openstack.cleanup.manager [-] Cleaning up cinder backups objects
2019-06-04 19:25:28.435 1842 RALLYDEBUG rally_openstack.cleanup.manager [-] Cleaning up cinder volume_snapshots objects
2019-06-04 19:25:30.613 1842 RALLYDEBUG rally_openstack.cleanup.manager [-] Cleaning up cinder transfers objects
2019-06-04 19:25:32.833 1842 RALLYDEBUG rally_openstack.cleanup.manager [-] Cleaning up cinder volumes objects
2019-06-04 19:25:35.423 1842 INFO rally.task.context [-] Task 388226ed-d1fa-4986-a516-b0a3bbc548d8 | Context cleanup@openstack cleanup() finished in 9.34 sec
2019-06-04 19:25:35.424 1842 INFO rally.task.context [-] Task 388226ed-d1fa-4986-a516-b0a3bbc548d8 | Context quotas@openstack cleanup() started
2019-06-04 19:25:36.218 1842 INFO rally.task.context [-] Task 388226ed-d1fa-4986-a516-b0a3bbc548d8 | Context quotas@openstack cleanup() finished in 0.79 sec
2019-06-04 19:25:36.218 1842 INFO rally.task.context [-] Task 388226ed-d1fa-4986-a516-b0a3bbc548d8 | Context api_versions@openstack cleanup() started
2019-06-04 19:25:36.219 1842 INFO rally.task.context [-] Task 388226ed-d1fa-4986-a516-b0a3bbc548d8 | Context api_versions@openstack cleanup() finished in 0.30 msec
2019-06-04 19:25:36.219 1842 INFO rally.task.context [-] Task 388226ed-d1fa-4986-a516-b0a3bbc548d8 | Context users@openstack cleanup() started
2019-06-04 19:25:44.409 1842 INFO rally.task.context [-] Task 388226ed-d1fa-4986-a516-b0a3bbc548d8 | Context users@openstack cleanup() finished in 8.19 sec
2019-06-04 19:25:45.903 1842 INFO rally.task.engine [-] Load duration is: 17.442676
2019-06-04 19:25:45.903 1842 INFO rally.task.engine [-] Full runner duration is: 17.49375
2019-06-04 19:25:45.903 1842 INFO rally.task.engine [-] Full duration is: 42.68963
2019-06-04 19:25:46.150 1842 INFO rally.task.engine [-] Running workload: position = 0 config = { "version": 2, "title": "A cropped version of a bigger task.", "description": "Auto-generated task from a single workload (uuid=20fcf805-c1e1-4416-81c4-d7dcb8987f15)", "subtasks": [ { "title": "CinderVolumes.create_and_extend_volume", "description": "Create and extend a volume and then delete it.", "scenario": { "CinderVolumes.create_and_extend_volume": { "new_size": 2, "size": 1 } }, "contexts": { "users": { "tenants": 3, "users_per_tenant": 2 }, "quotas": { "cinder": { "gigabytes": -1, "snapshots": -1, "volumes": -1 } }, "api_versions": { "cinder": { "version": 3, "service_type": "volumev3" } } }, "runner": { "constant": { "concurrency": 4, "times": 10 } }, "hooks": [], "sla": { "failure_rate": { "max": 0 } } } ] }
2019-06-04 19:25:46.172 1842 RALLYDEBUG rally_openstack.contexts.keystone.users [-] Creating 3 tenants using 20 threads
2019-06-04 19:25:47.992 1842 RALLYDEBUG rally_openstack.contexts.keystone.users [-] Creating 6 users using 20 threads
2019-06-04 19:25:50.798 1842 INFO rally.task.context [-] Task 388226ed-d1fa-4986-a516-b0a3bbc548d8 | Context users@openstack setup() finished in 4.63 sec
2019-06-04 19:25:51.228 1842 INFO rally.task.context [-] Task 388226ed-d1fa-4986-a516-b0a3bbc548d8 | Context api_versions@openstack setup() finished in 0.43 sec
2019-06-04 19:25:52.878 1842 INFO rally.task.context [-] Task 388226ed-d1fa-4986-a516-b0a3bbc548d8 | Context quotas@openstack setup() finished in 1.65 sec
2019-06-04 19:25:52.878 1842 INFO rally.task.context [-] Task 388226ed-d1fa-4986-a516-b0a3bbc548d8 | Context cleanup@openstack setup() finished in 0.01 msec
2019-06-04 19:25:52.885 1842 RALLYDEBUG rally.task.runner [-] Starting the constant runner (task UUID: 388226ed-d1fa-4986-a516-b0a3bbc548d8). timeout: 0 concurrency: 4 concurrency_per_worker: 1 times: 10 concurrency_overhead: 0 processes_to_start: 4 max_cpu_used: 16
2019-06-04 19:25:52.898 4722 RALLYDEBUG rally.task.runner [-] Starting a worker. concurrency: 1 args: {"new_size": 2, "size": 1} times: 10 method_name: run timeout: 0 duration: None cls:
2019-06-04 19:25:52.901 4723 RALLYDEBUG rally.task.runner [-] Starting a worker. concurrency: 1 args: {"new_size": 2, "size": 1} times: 10 method_name: run timeout: 0 duration: None cls:
2019-06-04 19:25:52.904 4725 RALLYDEBUG rally.task.runner [-] Starting a worker. concurrency: 1 args: {"new_size": 2, "size": 1} times: 10 method_name: run timeout: 0 duration: None cls:
2019-06-04 19:25:52.904 4724 RALLYDEBUG rally.task.runner [-] Starting a worker. concurrency: 1 args: {"new_size": 2, "size": 1} times: 10 method_name: run timeout: 0 duration: None cls:
2019-06-04 19:25:52.905 4722 INFO rally.task.runner [-] Task 388226ed-d1fa-4986-a516-b0a3bbc548d8 | ITER: 1 START
2019-06-04 19:25:52.909 4723 INFO rally.task.runner [-] Task 388226ed-d1fa-4986-a516-b0a3bbc548d8 | ITER: 2 START
2019-06-04 19:25:52.909 4725 INFO rally.task.runner [-] Task 388226ed-d1fa-4986-a516-b0a3bbc548d8 | ITER: 3 START
2019-06-04 19:25:52.911 4724 INFO rally.task.runner [-] Task 388226ed-d1fa-4986-a516-b0a3bbc548d8 | ITER: 4 START
2019-06-04 19:25:58.032 4723 RALLYDEBUG rally.task.utils [-] Waiting for resource s_rally_20fcf805_EOC56ePJ. Status changed: AVAILABLE => DELETING in 0.253754854202
2019-06-04 19:25:58.035 4725 RALLYDEBUG rally.task.utils [-] Waiting for resource s_rally_20fcf805_yQT4UyoI. Status changed: AVAILABLE => DELETING in 0.351146936417
2019-06-04 19:25:58.118 4722 RALLYDEBUG rally.task.utils [-] Waiting for resource s_rally_20fcf805_Ss8LkEJK. Status changed: AVAILABLE => DELETING in 0.327280044556
2019-06-04 19:25:58.287 4724 RALLYDEBUG rally.task.utils [-] Waiting for resource s_rally_20fcf805_eGxwfVzF. Status changed: AVAILABLE => DELETING in 0.245026826859
2019-06-04 19:26:00.073 4723 INFO rally.task.runner [-] Task 388226ed-d1fa-4986-a516-b0a3bbc548d8 | ITER: 2 END: OK
2019-06-04 19:26:00.077 4725 INFO rally.task.runner [-] Task 388226ed-d1fa-4986-a516-b0a3bbc548d8 | ITER: 3 END: OK
2019-06-04 19:26:00.078 4723 INFO rally.task.runner [-] Task 388226ed-d1fa-4986-a516-b0a3bbc548d8 | ITER: 5 START
2019-06-04 19:26:00.082 4725 INFO rally.task.runner [-] Task 388226ed-d1fa-4986-a516-b0a3bbc548d8 | ITER: 6 START
2019-06-04 19:26:00.426 4722 INFO rally.task.runner [-] Task 388226ed-d1fa-4986-a516-b0a3bbc548d8 | ITER: 1 END: OK
2019-06-04 19:26:00.432 4722 INFO rally.task.runner [-] Task 388226ed-d1fa-4986-a516-b0a3bbc548d8 | ITER: 7 START
2019-06-04 19:26:00.530 4724 INFO rally.task.runner [-] Task 388226ed-d1fa-4986-a516-b0a3bbc548d8 | ITER: 4 END: OK
2019-06-04 19:26:00.535 4724 INFO rally.task.runner [-] Task 388226ed-d1fa-4986-a516-b0a3bbc548d8 | ITER: 8 START
2019-06-04 19:26:04.777 4722 RALLYDEBUG rally.task.utils [-] Waiting for resource s_rally_20fcf805_lZ0N1eYY. Status changed: AVAILABLE => EXTENDING in 0.053395986557
2019-06-04 19:26:04.888 4723 RALLYDEBUG rally.task.utils [-] Waiting for resource s_rally_20fcf805_5fpsMsW3. Status changed: AVAILABLE => DELETING in 0.265972137451
2019-06-04 19:26:05.082 4725 RALLYDEBUG rally.task.utils [-] Waiting for resource s_rally_20fcf805_1DLtXNjZ. Status changed: AVAILABLE => DELETING in 0.267378091812
2019-06-04 19:26:05.551 4724 RALLYDEBUG rally.task.utils [-] Waiting for resource s_rally_20fcf805_5642hvl5. Status changed: AVAILABLE => DELETING in 0.371721982956
2019-06-04 19:26:07.121 4725 INFO rally.task.runner [-] Task 388226ed-d1fa-4986-a516-b0a3bbc548d8 | ITER: 6 END: OK
2019-06-04 19:26:07.127 4725 INFO rally.task.runner [-] Task 388226ed-d1fa-4986-a516-b0a3bbc548d8 | ITER: 9 START
2019-06-04 19:26:07.137 4722 RALLYDEBUG rally.task.utils [-] Waiting for resource s_rally_20fcf805_lZ0N1eYY. Status changed: EXTENDING => AVAILABLE in 2.35928106308
2019-06-04 19:26:07.137 4723 INFO rally.task.runner [-] Task 388226ed-d1fa-4986-a516-b0a3bbc548d8 | ITER: 5 END: OK
2019-06-04 19:26:07.142 4723 INFO rally.task.runner [-] Task 388226ed-d1fa-4986-a516-b0a3bbc548d8 | ITER: 10 START
2019-06-04 19:26:07.463 4722 INFO rally.task.runner [-] Task 388226ed-d1fa-4986-a516-b0a3bbc548d8 | ITER: 7 END: OK
2019-06-04 19:26:07.779 4724 INFO rally.task.runner [-] Task 388226ed-d1fa-4986-a516-b0a3bbc548d8 | ITER: 8 END: OK
2019-06-04 19:26:11.760 4723 RALLYDEBUG rally.task.utils [-] Waiting for resource s_rally_20fcf805_9Vxwk2Fc. Status changed: AVAILABLE => DELETING in 0.0558190345764
2019-06-04 19:26:12.060 4725 RALLYDEBUG rally.task.utils [-] Waiting for resource s_rally_20fcf805_eMAV3pDZ. Status changed: AVAILABLE => DELETING in 0.246431827545
2019-06-04 19:26:14.019 4723 INFO rally.task.runner [-] Task 388226ed-d1fa-4986-a516-b0a3bbc548d8 | ITER: 10 END: OK
2019-06-04 19:26:14.371 4725 INFO rally.task.runner [-] Task 388226ed-d1fa-4986-a516-b0a3bbc548d8 | ITER: 9 END: OK
2019-06-04 19:26:14.392 1842 INFO rally.task.context [-] Task 388226ed-d1fa-4986-a516-b0a3bbc548d8 | Context cleanup@openstack cleanup() started
2019-06-04 19:26:14.395 1842 RALLYDEBUG rally_openstack.cleanup.manager [-] Cleaning up cinder backups objects
2019-06-04 19:26:16.501 1842 RALLYDEBUG rally_openstack.cleanup.manager [-] Cleaning up cinder volume_snapshots objects
2019-06-04 19:26:18.721 1842 RALLYDEBUG rally_openstack.cleanup.manager [-] Cleaning up cinder transfers objects
2019-06-04 19:26:20.973 1842 RALLYDEBUG rally_openstack.cleanup.manager [-] Cleaning up cinder volumes objects
2019-06-04 19:26:23.085 1842 INFO rally.task.context [-] Task 388226ed-d1fa-4986-a516-b0a3bbc548d8 | Context cleanup@openstack cleanup() finished in 8.69 sec
2019-06-04 19:26:23.085 1842 INFO rally.task.context [-] Task 388226ed-d1fa-4986-a516-b0a3bbc548d8 | Context quotas@openstack cleanup() started
2019-06-04 19:26:24.081 1842 INFO rally.task.context [-] Task 388226ed-d1fa-4986-a516-b0a3bbc548d8 | Context quotas@openstack cleanup() finished in 1.00 sec
2019-06-04 19:26:24.081 1842 INFO rally.task.context [-] Task 388226ed-d1fa-4986-a516-b0a3bbc548d8 | Context api_versions@openstack cleanup() started
2019-06-04 19:26:24.081 1842 INFO rally.task.context [-] Task 388226ed-d1fa-4986-a516-b0a3bbc548d8 | Context api_versions@openstack cleanup() finished in 0.31 msec
2019-06-04 19:26:24.082 1842 INFO rally.task.context [-] Task 388226ed-d1fa-4986-a516-b0a3bbc548d8 | Context users@openstack cleanup() started
2019-06-04 19:26:32.068 1842 INFO rally.task.context [-] Task 388226ed-d1fa-4986-a516-b0a3bbc548d8 | Context users@openstack cleanup() finished in 7.99 sec
2019-06-04 19:26:32.353 1842 INFO rally.task.engine [-] Load duration is: 21.46069
2019-06-04 19:26:32.354 1842 INFO rally.task.engine [-] Full runner duration is: 21.507251
2019-06-04 19:26:32.354 1842 INFO rally.task.engine [-] Full duration is: 45.898821
2019-06-04 19:26:32.773 1842 INFO rally.task.engine [-] Running workload: position = 0 config = { "version": 2, "title": "A cropped version of a bigger task.", "description": "Auto-generated task from a single workload (uuid=81d205a1-aa2a-41cf-8afc-1fbe4c18a7ab)", "subtasks": [ { "title": "CinderVolumes.create_from_volume_and_delete_volume", "description": "Create volume from volume and then delete it.", "scenario": { "CinderVolumes.create_from_volume_and_delete_volume": { "size": 1 } }, "contexts": { "users": { "tenants": 3, "users_per_tenant": 2 }, "quotas": { "cinder": { "gigabytes": -1, "snapshots": -1, "volumes": -1 } }, "api_versions": { "cinder": { "version": 3, "service_type": "volumev3" } }, "volumes": { "size": 1, "volumes_per_tenant": 1 } }, "runner": { "constant": { "concurrency": 4, "times": 10 } }, "hooks": [], "sla": { "failure_rate": { "max": 0 } } } ] }
2019-06-04 19:26:32.795 1842 RALLYDEBUG rally_openstack.contexts.keystone.users [-] Creating 3 tenants using 20 threads
2019-06-04 19:26:34.657 1842 RALLYDEBUG rally_openstack.contexts.keystone.users [-] Creating 6 users using 20 threads
2019-06-04 19:26:37.503 1842 INFO rally.task.context [-] Task 388226ed-d1fa-4986-a516-b0a3bbc548d8 | Context users@openstack setup() finished in 4.71 sec
2019-06-04 19:26:37.943 1842 INFO rally.task.context [-] Task 388226ed-d1fa-4986-a516-b0a3bbc548d8 | Context api_versions@openstack setup() finished in 0.44 sec
2019-06-04 19:26:39.629 1842 INFO rally.task.context [-] Task 388226ed-d1fa-4986-a516-b0a3bbc548d8 | Context quotas@openstack setup() finished in 1.68 sec
2019-06-04 19:26:50.557 1842 INFO rally.task.context [-] Task 388226ed-d1fa-4986-a516-b0a3bbc548d8 | Context volumes@openstack setup() finished in 10.93 sec
2019-06-04 19:26:50.558 1842 INFO rally.task.context [-] Task 388226ed-d1fa-4986-a516-b0a3bbc548d8 | Context cleanup@openstack setup() finished in 0.00 msec
2019-06-04 19:26:50.566 1842 RALLYDEBUG rally.task.runner [-] Starting the constant runner (task UUID: 388226ed-d1fa-4986-a516-b0a3bbc548d8). timeout: 0 concurrency: 4 concurrency_per_worker: 1 times: 10 concurrency_overhead: 0 processes_to_start: 4 max_cpu_used: 16
2019-06-04 19:26:50.578 4906 RALLYDEBUG rally.task.runner [-] Starting a worker. concurrency: 1 args: {"size": 1} times: 10 method_name: run timeout: 0 duration: None cls:
2019-06-04 19:26:50.582 4908 RALLYDEBUG rally.task.runner [-] Starting a worker. concurrency: 1 args: {"size": 1} times: 10 method_name: run timeout: 0 duration: None cls:
2019-06-04 19:26:50.582 4907 RALLYDEBUG rally.task.runner [-] Starting a worker. concurrency: 1 args: {"size": 1} times: 10 method_name: run timeout: 0 duration: None cls:
2019-06-04 19:26:50.588 4908 INFO rally.task.runner [-] Task 388226ed-d1fa-4986-a516-b0a3bbc548d8 | ITER: 2 START
2019-06-04 19:26:50.589 4906 INFO rally.task.runner [-] Task 388226ed-d1fa-4986-a516-b0a3bbc548d8 | ITER: 1 START
2019-06-04 19:26:50.591 4909 RALLYDEBUG rally.task.runner [-] Starting a worker. concurrency: 1 args: {"size": 1} times: 10 method_name: run timeout: 0 duration: None cls:
2019-06-04 19:26:50.593 4907 INFO rally.task.runner [-] Task 388226ed-d1fa-4986-a516-b0a3bbc548d8 | ITER: 3 START
2019-06-04 19:26:50.598 4909 INFO rally.task.runner [-] Task 388226ed-d1fa-4986-a516-b0a3bbc548d8 | ITER: 4 START
2019-06-04 19:26:54.419 4909 RALLYDEBUG rally.task.utils [-] Waiting for resource s_rally_81d205a1_G65TZmSi. Status changed: CREATING => AVAILABLE in 0.693764925003
2019-06-04 19:26:55.088 4906 RALLYDEBUG rally.task.utils [-] Waiting for resource s_rally_81d205a1_7MpVHQTn. Status changed: AVAILABLE => DELETING in 0.260918140411
2019-06-04 19:26:55.193 4909 RALLYDEBUG rally.task.utils [-] Waiting for resource s_rally_81d205a1_G65TZmSi. Status changed: AVAILABLE => DELETING in 0.355082988739
2019-06-04 19:26:56.567 4907 RALLYDEBUG rally.task.utils [-] Waiting for resource s_rally_81d205a1_XNh3bB0k. Status changed: CREATING => AVAILABLE in 2.79187989235
2019-06-04 19:26:57.231 4907 RALLYDEBUG rally.task.utils [-] Waiting for resource s_rally_81d205a1_XNh3bB0k. Status changed: AVAILABLE => DELETING in 0.34942984581
2019-06-04 19:26:58.938 4908 RALLYDEBUG rally.task.utils [-] Waiting for resource s_rally_81d205a1_OQ3k40hH. Status changed: CREATING => AVAILABLE in 5.25468492508
2019-06-04 19:26:59.573 4908 RALLYDEBUG rally.task.utils [-] Waiting for resource s_rally_81d205a1_OQ3k40hH. Status changed: AVAILABLE => DELETING in 0.355487823486
2019-06-04 19:26:59.771 4906 INFO rally.task.runner [-] Task 388226ed-d1fa-4986-a516-b0a3bbc548d8 | ITER: 1 END: OK
2019-06-04 19:26:59.777 4906 INFO rally.task.runner [-] Task 388226ed-d1fa-4986-a516-b0a3bbc548d8 | ITER: 5 START
2019-06-04 19:27:01.821 4909 INFO rally.task.runner [-] Task 388226ed-d1fa-4986-a516-b0a3bbc548d8 | ITER: 4 END: OK
2019-06-04 19:27:01.826 4909 INFO rally.task.runner [-] Task 388226ed-d1fa-4986-a516-b0a3bbc548d8 | ITER: 6 START
2019-06-04 19:27:01.885 4907 INFO rally.task.runner [-] Task 388226ed-d1fa-4986-a516-b0a3bbc548d8 | ITER: 3 END: OK
2019-06-04 19:27:01.890 4907 INFO rally.task.runner [-] Task 388226ed-d1fa-4986-a516-b0a3bbc548d8 | ITER: 7 START
2019-06-04 19:27:03.970 4908 INFO rally.task.runner [-] Task 388226ed-d1fa-4986-a516-b0a3bbc548d8 | ITER: 2 END: OK
2019-06-04 19:27:03.976 4908 INFO rally.task.runner [-] Task 388226ed-d1fa-4986-a516-b0a3bbc548d8 | ITER: 8 START
2019-06-04 19:27:04.085 4906 RALLYDEBUG rally.task.utils [-] Waiting for resource s_rally_81d205a1_ZLKOrNgH. Status changed: AVAILABLE => DELETING in 0.258975982666
2019-06-04 19:27:06.232 4909 RALLYDEBUG rally.task.utils [-] Waiting for resource s_rally_81d205a1_U0r23YS2. Status changed: AVAILABLE => DELETING in 0.249731063843
2019-06-04 19:27:08.114 4907 RALLYDEBUG rally.task.utils [-] Waiting for resource s_rally_81d205a1_wOtUzd0o. Status changed: CREATING => AVAILABLE in 2.95375394821
2019-06-04 19:27:08.680 4907 RALLYDEBUG rally.task.utils [-] Waiting for resource s_rally_81d205a1_wOtUzd0o. Status changed: AVAILABLE => DELETING in 0.260673046112
2019-06-04 19:27:08.762 4906 INFO rally.task.runner [-] Task 388226ed-d1fa-4986-a516-b0a3bbc548d8 | ITER: 5 END: OK
2019-06-04 19:27:08.767 4906 INFO rally.task.runner [-] Task 388226ed-d1fa-4986-a516-b0a3bbc548d8 | ITER: 9 START
2019-06-04 19:27:10.091 4908 RALLYDEBUG rally.task.utils [-] Waiting for resource s_rally_81d205a1_6lD5HTtH. Status changed: CREATING => AVAILABLE in 2.95279598236
2019-06-04 19:27:10.453 4908 RALLYDEBUG rally.task.utils [-] Waiting for resource s_rally_81d205a1_6lD5HTtH. Status changed: AVAILABLE => DELETING in 0.27334690094
2019-06-04 19:27:10.713 4909 INFO rally.task.runner [-] Task 388226ed-d1fa-4986-a516-b0a3bbc548d8 | ITER: 6 END: OK
2019-06-04 19:27:10.718 4909 INFO rally.task.runner [-] Task 388226ed-d1fa-4986-a516-b0a3bbc548d8 | ITER: 10 START
2019-06-04 19:27:10.995 4907 INFO rally.task.runner [-] Task 388226ed-d1fa-4986-a516-b0a3bbc548d8 | ITER: 7 END: OK
2019-06-04 19:27:13.194 4906 RALLYDEBUG rally.task.utils [-] Waiting for resource s_rally_81d205a1_BR3FrN4C. Status changed: AVAILABLE => DELETING in 0.319878101349
2019-06-04 19:27:14.947 4908 INFO rally.task.runner [-] Task 388226ed-d1fa-4986-a516-b0a3bbc548d8 | ITER: 8 END: OK
2019-06-04 19:27:15.189 4909 RALLYDEBUG rally.task.utils [-] Waiting for resource s_rally_81d205a1_yXnG1n8I. Status changed: AVAILABLE => DELETING in 0.362565994263
2019-06-04 19:27:15.232 4906 INFO rally.task.runner [-] Task 388226ed-d1fa-4986-a516-b0a3bbc548d8 | ITER: 9 END: OK
2019-06-04 19:27:17.227 4909 INFO rally.task.runner [-] Task 388226ed-d1fa-4986-a516-b0a3bbc548d8 | ITER: 10 END: OK
2019-06-04 19:27:17.251 1842 INFO rally.task.context [-] Task 388226ed-d1fa-4986-a516-b0a3bbc548d8 | Context cleanup@openstack cleanup() started
2019-06-04 19:27:17.254 1842 RALLYDEBUG rally_openstack.cleanup.manager [-] Cleaning up cinder backups objects
2019-06-04 19:27:19.498 1842 RALLYDEBUG rally_openstack.cleanup.manager [-] Cleaning up cinder volume_snapshots objects
2019-06-04 19:27:21.570 1842 RALLYDEBUG rally_openstack.cleanup.manager [-] Cleaning up cinder transfers objects
2019-06-04 19:27:23.763 1842 RALLYDEBUG rally_openstack.cleanup.manager [-] Cleaning up cinder volumes objects
2019-06-04 19:27:26.215 1842 INFO rally.task.context [-] Task 388226ed-d1fa-4986-a516-b0a3bbc548d8 | Context cleanup@openstack cleanup() finished in 8.96 sec
2019-06-04 19:27:26.216 1842 INFO rally.task.context [-] Task 388226ed-d1fa-4986-a516-b0a3bbc548d8 | Context volumes@openstack cleanup() started
2019-06-04 19:27:26.216 1842 RALLYDEBUG rally_openstack.cleanup.manager [-] Cleaning up cinder volumes objects
2019-06-04 19:27:28.511 1842 RALLYDEBUG rally_openstack.cleanup.manager [-] Deleting cinder.volumes object c_rally_81d205a1_X64ttRzE (d051b8a4-49aa-4020-aa5a-76c7cb7d3b53)
2019-06-04 19:27:28.515 1842 RALLYDEBUG rally_openstack.cleanup.manager [-] Deleting cinder.volumes object c_rally_81d205a1_cbdaOeps (a071016d-f2f9-4761-bfe9-a52324ad0014)
2019-06-04 19:27:28.516 1842 RALLYDEBUG rally_openstack.cleanup.manager [-] Deleting cinder.volumes object c_rally_81d205a1_Fx3zCzCk (d3706007-3fc3-4a6d-b9bc-1d9a61333715)
2019-06-04 19:27:32.152 1842 INFO rally.task.context [-] Task 388226ed-d1fa-4986-a516-b0a3bbc548d8 | Context volumes@openstack cleanup() finished in 5.94 sec
2019-06-04 19:27:32.152 1842 INFO rally.task.context [-] Task 388226ed-d1fa-4986-a516-b0a3bbc548d8 | Context quotas@openstack cleanup() started
2019-06-04 19:27:33.027 1842 INFO rally.task.context [-] Task 388226ed-d1fa-4986-a516-b0a3bbc548d8 | Context quotas@openstack cleanup() finished in 0.87 sec
2019-06-04 19:27:33.027 1842 INFO rally.task.context [-] Task 388226ed-d1fa-4986-a516-b0a3bbc548d8 | Context api_versions@openstack cleanup() started
2019-06-04 19:27:33.029 1842 INFO rally.task.context [-] Task 388226ed-d1fa-4986-a516-b0a3bbc548d8 | Context api_versions@openstack cleanup() finished in 1.77 msec
2019-06-04 19:27:33.030 1842 INFO rally.task.context [-] Task 388226ed-d1fa-4986-a516-b0a3bbc548d8 | Context users@openstack cleanup() started
2019-06-04 19:27:41.140 1842 INFO rally.task.context [-] Task 388226ed-d1fa-4986-a516-b0a3bbc548d8 | Context users@openstack cleanup() finished in 8.11 sec
2019-06-04 19:27:43.074 1842 INFO rally.task.engine [-] Load duration is: 26.635281
2019-06-04 19:27:43.075 1842 INFO rally.task.engine [-] Full runner duration is: 26.686632
2019-06-04 19:27:43.075 1842 INFO rally.task.engine [-] Full duration is: 68.348484
2019-06-04 19:27:45.666 1842 INFO rally.task.engine [-] Running workload: position = 0 config = { "version": 2, "title": "A cropped version of a bigger task.", "description": "Auto-generated task from a single workload (uuid=44e15c02-7d5d-4587-b2c7-259f045a3a92)", "subtasks": [ { "title": "CinderQos.create_and_get_qos", "description": "Create a qos, then get details of the qos.", "scenario": { "CinderQos.create_and_get_qos": { "consumer": "both", "write_iops_sec": "10", "read_iops_sec": "1000" } }, "contexts": { "users": { "tenants": 3, "users_per_tenant": 2 }, "api_versions": { "cinder": { "version": 3, "service_type": "volumev3" } } }, "runner": { "constant": { "concurrency": 4, "times": 10 } }, "hooks": [], "sla": { "failure_rate": { "max": 0 } } } ] }
2019-06-04 19:27:45.689 1842 RALLYDEBUG rally_openstack.contexts.keystone.users [-] Creating 3 tenants using 20 threads
2019-06-04 19:27:47.706 1842 RALLYDEBUG rally_openstack.contexts.keystone.users [-] Creating 6 users using 20 threads
2019-06-04 19:27:50.556 1842 INFO rally.task.context [-] Task 388226ed-d1fa-4986-a516-b0a3bbc548d8 | Context users@openstack setup() finished in 4.87 sec
2019-06-04 19:27:50.981 1842 INFO rally.task.context [-] Task 388226ed-d1fa-4986-a516-b0a3bbc548d8 | Context api_versions@openstack setup() finished in 0.42 sec
2019-06-04 19:27:50.981 1842 INFO rally.task.context [-] Task 388226ed-d1fa-4986-a516-b0a3bbc548d8 | Context admin_cleanup@openstack setup() finished in 0.00 msec
2019-06-04 19:27:50.988 1842 RALLYDEBUG rally.task.runner [-] Starting the constant runner (task UUID: 388226ed-d1fa-4986-a516-b0a3bbc548d8). timeout: 0 concurrency: 4 concurrency_per_worker: 1 times: 10 concurrency_overhead: 0 processes_to_start: 4 max_cpu_used: 16
2019-06-04 19:27:50.996 5110 RALLYDEBUG rally.task.runner [-] Starting a worker. concurrency: 1 args: {"consumer": "both", "write_iops_sec": "10", "read_iops_sec": "1000"} times: 10 method_name: run timeout: 0 duration: None cls:
2019-06-04 19:27:51.000 5110 INFO rally.task.runner [-] Task 388226ed-d1fa-4986-a516-b0a3bbc548d8 | ITER: 1 START
2019-06-04 19:27:51.003 5111 RALLYDEBUG rally.task.runner [-] Starting a worker. concurrency: 1 args: {"consumer": "both", "write_iops_sec": "10", "read_iops_sec": "1000"} times: 10 method_name: run timeout: 0 duration: None cls:
2019-06-04 19:27:51.005 5112 RALLYDEBUG rally.task.runner [-] Starting a worker. concurrency: 1 args: {"consumer": "both", "write_iops_sec": "10", "read_iops_sec": "1000"} times: 10 method_name: run timeout: 0 duration: None cls:
2019-06-04 19:27:51.008 5115 RALLYDEBUG rally.task.runner [-] Starting a worker. concurrency: 1 args: {"consumer": "both", "write_iops_sec": "10", "read_iops_sec": "1000"} times: 10 method_name: run timeout: 0 duration: None cls:
2019-06-04 19:27:51.010 5111 INFO rally.task.runner [-] Task 388226ed-d1fa-4986-a516-b0a3bbc548d8 | ITER: 2 START
2019-06-04 19:27:51.012 5112 INFO rally.task.runner [-] Task 388226ed-d1fa-4986-a516-b0a3bbc548d8 | ITER: 3 START
2019-06-04 19:27:51.014 5115 INFO rally.task.runner [-] Task 388226ed-d1fa-4986-a516-b0a3bbc548d8 | ITER: 4 START
2019-06-04 19:27:52.099 5110 INFO rally.task.runner [-] Task 388226ed-d1fa-4986-a516-b0a3bbc548d8 | ITER: 1 END: OK
2019-06-04 19:27:52.103 5110 INFO rally.task.runner [-] Task 388226ed-d1fa-4986-a516-b0a3bbc548d8 | ITER: 5 START
2019-06-04 19:27:52.130 5111 INFO rally.task.runner [-] Task 388226ed-d1fa-4986-a516-b0a3bbc548d8 | ITER: 2 END: OK
2019-06-04 19:27:52.135 5111 INFO rally.task.runner [-] Task 388226ed-d1fa-4986-a516-b0a3bbc548d8 | ITER: 6 START
2019-06-04 19:27:52.169 5112 INFO rally.task.runner [-] Task 388226ed-d1fa-4986-a516-b0a3bbc548d8 | ITER: 3 END: OK
2019-06-04 19:27:52.174 5112 INFO rally.task.runner [-] Task 388226ed-d1fa-4986-a516-b0a3bbc548d8 | ITER: 7 START
2019-06-04 19:27:52.190 5115 INFO rally.task.runner [-] Task 388226ed-d1fa-4986-a516-b0a3bbc548d8 | ITER: 4 END: OK
2019-06-04 19:27:52.194 5115 INFO rally.task.runner [-] Task 388226ed-d1fa-4986-a516-b0a3bbc548d8 | ITER: 8 START
2019-06-04 19:27:53.126 5111 INFO rally.task.runner [-] Task 388226ed-d1fa-4986-a516-b0a3bbc548d8 | ITER: 6 END: OK
2019-06-04 19:27:53.130 5111 INFO rally.task.runner [-] Task 388226ed-d1fa-4986-a516-b0a3bbc548d8 | ITER: 9 START
2019-06-04 19:27:53.183 5110 INFO rally.task.runner [-] Task 388226ed-d1fa-4986-a516-b0a3bbc548d8 | ITER: 5 END: OK
2019-06-04 19:27:53.187 5110 INFO rally.task.runner [-] Task 388226ed-d1fa-4986-a516-b0a3bbc548d8 | ITER: 10 START
2019-06-04 19:27:53.194 5115 INFO rally.task.runner [-] Task 388226ed-d1fa-4986-a516-b0a3bbc548d8 | ITER: 8 END: OK
2019-06-04 19:27:53.232 5112 INFO rally.task.runner [-] Task 388226ed-d1fa-4986-a516-b0a3bbc548d8 | ITER: 7 END: OK
2019-06-04 19:27:54.157 5110 INFO rally.task.runner [-] Task 388226ed-d1fa-4986-a516-b0a3bbc548d8 | ITER: 10 END: OK
2019-06-04 19:27:54.179 5111 INFO rally.task.runner [-] Task 388226ed-d1fa-4986-a516-b0a3bbc548d8 | ITER: 9 END: OK
2019-06-04 19:27:54.201 1842 INFO rally.task.context [-] Task 388226ed-d1fa-4986-a516-b0a3bbc548d8 | Context admin_cleanup@openstack cleanup() started
2019-06-04 19:27:54.203 1842 RALLYDEBUG rally_openstack.cleanup.manager [-] Cleaning up cinder volume_types objects
2019-06-04 19:27:54.890 1842 RALLYDEBUG rally_openstack.cleanup.manager [-] Cleaning up cinder image_volumes_cache objects
2019-06-04 19:27:56.274 1842 RALLYDEBUG rally_openstack.cleanup.manager [-] Cleaning up cinder quotas objects
2019-06-04 19:27:58.086 1842 RALLYDEBUG rally_openstack.cleanup.manager [-] Cleaning up cinder qos_specs objects
2019-06-04 19:27:58.864 1842 RALLYDEBUG rally_openstack.cleanup.manager [-] Deleting cinder.qos_specs object s_rally_44e15c02_ECillPhU (d68de321-0783-4cb4-af81-41166257aa87)
2019-06-04 19:27:58.870 1842 RALLYDEBUG rally_openstack.cleanup.manager [-] Deleting cinder.qos_specs object s_rally_44e15c02_H7fp53C1 (a5a8a206-7618-4a6a-9226-daf181d8d227)
2019-06-04 19:27:58.878 1842 RALLYDEBUG rally_openstack.cleanup.manager [-] Deleting cinder.qos_specs object s_rally_44e15c02_zsWsaPdE (b19947c9-e83e-49d4-8f2d-55020b98ef82)
2019-06-04 19:27:58.888 1842 RALLYDEBUG rally_openstack.cleanup.manager [-] Deleting cinder.qos_specs object s_rally_44e15c02_t6oFCN9i (8d342e47-08d3-43c5-94fb-9b7336b9248c)
2019-06-04 19:27:58.892 1842 RALLYDEBUG rally_openstack.cleanup.manager [-] Deleting cinder.qos_specs object s_rally_44e15c02_tSznXJNP (232ef470-5eae-4384-8dcc-803ca0b87ca7)
2019-06-04 19:27:58.900 1842 RALLYDEBUG rally_openstack.cleanup.manager [-] Deleting cinder.qos_specs object s_rally_44e15c02_SeiwUyjQ (062f9d0b-68ca-4fcf-ac26-8969156c8190)
2019-06-04 19:27:58.918 1842 RALLYDEBUG rally_openstack.cleanup.manager [-] Deleting cinder.qos_specs object s_rally_44e15c02_zOl2mBRH (eae711b3-9b79-42f0-ae71-ab78ede8ca47)
2019-06-04 19:27:58.924 1842 RALLYDEBUG rally_openstack.cleanup.manager [-] Deleting cinder.qos_specs object s_rally_44e15c02_E5gSA7I9 (c8d9d824-f5e4-420c-98bd-9e160dda1c6b)
2019-06-04 19:27:58.938 1842 RALLYDEBUG rally_openstack.cleanup.manager [-] Deleting cinder.qos_specs object s_rally_44e15c02_90KfcPkG (28e38f78-ff09-4b53-9f67-858850a56e89)
2019-06-04 19:27:58.951 1842 RALLYDEBUG rally_openstack.cleanup.manager [-] Deleting cinder.qos_specs object s_rally_44e15c02_An5pmKiR (67a71b75-4d22-40cf-8b18-07bf06cf2237)
2019-06-04 19:28:01.414 1842 INFO rally.task.context [-] Task 388226ed-d1fa-4986-a516-b0a3bbc548d8 | Context admin_cleanup@openstack cleanup() finished in 7.21 sec
2019-06-04 19:28:01.414 1842 INFO rally.task.context [-] Task 388226ed-d1fa-4986-a516-b0a3bbc548d8 | Context api_versions@openstack cleanup() started
2019-06-04 19:28:01.414 1842 INFO rally.task.context [-] Task 388226ed-d1fa-4986-a516-b0a3bbc548d8 | Context api_versions@openstack cleanup() finished in 0.32 msec
2019-06-04 19:28:01.415 1842 INFO rally.task.context [-] Task 388226ed-d1fa-4986-a516-b0a3bbc548d8 | Context users@openstack cleanup() started
2019-06-04 19:28:09.902 1842 INFO rally.task.context [-] Task 388226ed-d1fa-4986-a516-b0a3bbc548d8 | Context users@openstack cleanup() finished in 8.49 sec
2019-06-04 19:28:11.820 1842 INFO rally.task.engine [-] Load duration is: 3.173987
2019-06-04 19:28:11.820 1842 INFO rally.task.engine [-] Full runner duration is: 3.212945
2019-06-04 19:28:11.821 1842 INFO rally.task.engine [-] Full duration is: 24.21527
2019-06-04 19:28:12.108 1842 INFO rally.task.engine [-] Running workload: position = 0 config = { "version": 2, "title": "A cropped version of a bigger task.", "description": "Auto-generated task from a single workload (uuid=293ea7b2-c3c9-42b6-ba7a-ae77b5bddf78)", "subtasks": [ { "title": "CinderQos.create_and_list_qos", "description": "Create a qos, then list all qos.", "scenario": { "CinderQos.create_and_list_qos": { "consumer": "both", "write_iops_sec": "10", "read_iops_sec": "1000" } }, "contexts": { "users": { "tenants": 3, "users_per_tenant": 2 }, "api_versions": { "cinder": { "version": 3, "service_type": "volumev3" } } }, "runner": { "constant": { "concurrency": 4, "times": 10 } }, "hooks": [], "sla": { "failure_rate": { "max": 0 } } } ] }
2019-06-04 19:28:12.123 1842 RALLYDEBUG rally_openstack.contexts.keystone.users [-] Creating 3 tenants using 20 threads
2019-06-04 19:28:13.969 1842 RALLYDEBUG rally_openstack.contexts.keystone.users [-] Creating 6 users using 20 threads
2019-06-04 19:28:16.701 1842 INFO rally.task.context [-] Task 388226ed-d1fa-4986-a516-b0a3bbc548d8 | Context users@openstack setup() finished in 4.58 sec
2019-06-04 19:28:17.132 1842 INFO rally.task.context [-] Task 388226ed-d1fa-4986-a516-b0a3bbc548d8 | Context api_versions@openstack setup() finished in 0.43 sec
2019-06-04 19:28:17.133 1842 INFO rally.task.context [-] Task 388226ed-d1fa-4986-a516-b0a3bbc548d8 | Context admin_cleanup@openstack setup() finished in 0.01 msec
2019-06-04 19:28:17.140 1842 RALLYDEBUG rally.task.runner [-] Starting the constant runner (task UUID: 388226ed-d1fa-4986-a516-b0a3bbc548d8). timeout: 0 concurrency: 4 concurrency_per_worker: 1 times: 10 concurrency_overhead: 0 processes_to_start: 4 max_cpu_used: 16
