2019-06-04 19:07:36.815 1967 DEBUG novaclient.v2.client [-] RESP BODY: {"itemNotFound": {"message": "Instance 870edcd0-a87d-4d34-9b1f-06c596b7a467 could not be found.", "code": 404}} _http_log_response /usr/lib/python2.7/site-packages/keystoneauth1/session.py:511
2019-06-04 19:07:36.815 1967 DEBUG novaclient.v2.client [-] GET call to compute for http://172.30.9.22:8774/v2.1/servers/870edcd0-a87d-4d34-9b1f-06c596b7a467 used request id req-56d2dd47-0a9c-4b4e-8aaa-5bcddf976dd0 request /usr/lib/python2.7/site-packages/keystoneauth1/session.py:844
2019-06-04 19:07:36.816 1967 INFO rally.task.runner [-] Task 388226ed-d1fa-4986-a516-b0a3bbc548d8 | ITER: 10 END: OK
2019-06-04 19:07:36.836 1842 INFO rally.task.context [-] Task 388226ed-d1fa-4986-a516-b0a3bbc548d8 | Context cleanup@openstack cleanup() started
2019-06-04 19:07:36.838 1842 RALLYDEBUG rally_openstack.cleanup.manager [-] Cleaning up nova servers objects
2019-06-04 19:07:37.271 1842 DEBUG novaclient.v2.client [-] REQ: curl -g -i -X GET http://172.30.9.22:8774/v2.1/servers/detail -H "Accept: application/json" -H "User-Agent: python-novaclient" -H "X-Auth-Token: {SHA1}186e033c1f931e3fcc019df3c56761a4052f5abc" _http_log_request /usr/lib/python2.7/site-packages/keystoneauth1/session.py:448
2019-06-04 19:07:37.619 1842 DEBUG novaclient.v2.client [-] RESP: [200] Content-Length: 15 Content-Type: application/json Date: Tue, 04 Jun 2019 19:07:37 GMT OpenStack-API-Version: compute 2.1 Server: Apache Vary: OpenStack-API-Version,X-OpenStack-Nova-API-Version X-OpenStack-Nova-API-Version: 2.1 x-compute-request-id: req-c6807a54-2640-47fa-99a0-f20ad8af9cef x-openstack-request-id: req-c6807a54-2640-47fa-99a0-f20ad8af9cef _http_log_response /usr/lib/python2.7/site-packages/keystoneauth1/session.py:479
2019-06-04 19:07:37.620 1842 DEBUG novaclient.v2.client [-] RESP BODY: {"servers": []} _http_log_response /usr/lib/python2.7/site-packages/keystoneauth1/session.py:511
2019-06-04 19:07:37.620 1842 DEBUG novaclient.v2.client [-] GET call to compute for http://172.30.9.22:8774/v2.1/servers/detail used request id req-c6807a54-2640-47fa-99a0-f20ad8af9cef request /usr/lib/python2.7/site-packages/keystoneauth1/session.py:844
2019-06-04 19:07:38.048 1842 DEBUG novaclient.v2.client [-] REQ: curl -g -i -X GET http://172.30.9.22:8774/v2.1/servers/detail -H "Accept: application/json" -H "User-Agent: python-novaclient" -H "X-Auth-Token: {SHA1}1902ab9b4270358f734b425c039e54e77263b2a0" _http_log_request /usr/lib/python2.7/site-packages/keystoneauth1/session.py:448
2019-06-04 19:07:38.408 1842 DEBUG novaclient.v2.client [-] RESP: [200] Content-Length: 15 Content-Type: application/json Date: Tue, 04 Jun 2019 19:07:38 GMT OpenStack-API-Version: compute 2.1 Server: Apache Vary: OpenStack-API-Version,X-OpenStack-Nova-API-Version X-OpenStack-Nova-API-Version: 2.1 x-compute-request-id: req-345c3ca8-f23b-4454-8ef3-fe692dd5719c x-openstack-request-id: req-345c3ca8-f23b-4454-8ef3-fe692dd5719c _http_log_response /usr/lib/python2.7/site-packages/keystoneauth1/session.py:479
2019-06-04 19:07:38.409 1842 DEBUG novaclient.v2.client [-] RESP BODY: {"servers": []} _http_log_response /usr/lib/python2.7/site-packages/keystoneauth1/session.py:511
2019-06-04 19:07:38.409 1842 DEBUG novaclient.v2.client [-] GET call to compute for http://172.30.9.22:8774/v2.1/servers/detail used request id req-345c3ca8-f23b-4454-8ef3-fe692dd5719c request /usr/lib/python2.7/site-packages/keystoneauth1/session.py:844
2019-06-04 19:07:38.826 1842 DEBUG novaclient.v2.client [-] REQ: curl -g -i -X GET http://172.30.9.22:8774/v2.1/servers/detail -H "Accept: application/json" -H "User-Agent: python-novaclient" -H "X-Auth-Token: {SHA1}a0f9831fe5f49c243cded8eab51e8086af913a29" _http_log_request /usr/lib/python2.7/site-packages/keystoneauth1/session.py:448
2019-06-04 19:07:39.181 1842 DEBUG novaclient.v2.client [-] RESP: [200] Content-Length: 15 Content-Type: application/json Date: Tue, 04 Jun 2019 19:07:38 GMT OpenStack-API-Version: compute 2.1 Server: Apache Vary: OpenStack-API-Version,X-OpenStack-Nova-API-Version X-OpenStack-Nova-API-Version: 2.1 x-compute-request-id: req-231914a6-9d2c-4d48-b429-c76e8601e7b0 x-openstack-request-id: req-231914a6-9d2c-4d48-b429-c76e8601e7b0 _http_log_response /usr/lib/python2.7/site-packages/keystoneauth1/session.py:479
2019-06-04 19:07:39.181 1842 DEBUG novaclient.v2.client [-] RESP BODY: {"servers": []} _http_log_response /usr/lib/python2.7/site-packages/keystoneauth1/session.py:511
2019-06-04 19:07:39.182 1842 DEBUG novaclient.v2.client [-] GET call to compute for http://172.30.9.22:8774/v2.1/servers/detail used request id req-231914a6-9d2c-4d48-b429-c76e8601e7b0 request /usr/lib/python2.7/site-packages/keystoneauth1/session.py:844
2019-06-04 19:07:39.190 1842 RALLYDEBUG rally_openstack.cleanup.manager [-] Cleaning up nova server_groups objects
2019-06-04 19:07:39.621 1842 DEBUG novaclient.v2.client [-] REQ: curl -g -i -X GET http://172.30.9.22:8774/v2.1/os-server-groups -H "Accept: application/json" -H "User-Agent: python-novaclient" -H "X-Auth-Token: {SHA1}dbd32b083bcee52df1fac4e6f6c33bafb2fdd8d8" _http_log_request /usr/lib/python2.7/site-packages/keystoneauth1/session.py:448
2019-06-04 19:07:39.944 1842 DEBUG novaclient.v2.client [-] RESP: [200] Content-Length: 21 Content-Type: application/json Date: Tue, 04 Jun 2019 19:07:39 GMT OpenStack-API-Version: compute 2.1 Server: Apache Vary: OpenStack-API-Version,X-OpenStack-Nova-API-Version X-OpenStack-Nova-API-Version: 2.1 x-compute-request-id: req-f694cde4-3229-4499-8654-40cc1a313f71 x-openstack-request-id: req-f694cde4-3229-4499-8654-40cc1a313f71 _http_log_response /usr/lib/python2.7/site-packages/keystoneauth1/session.py:479
2019-06-04 19:07:39.945 1842 DEBUG novaclient.v2.client [-] RESP BODY: {"server_groups": []} _http_log_response /usr/lib/python2.7/site-packages/keystoneauth1/session.py:511
2019-06-04 19:07:39.945 1842 DEBUG novaclient.v2.client [-] GET call to compute for http://172.30.9.22:8774/v2.1/os-server-groups used request id req-f694cde4-3229-4499-8654-40cc1a313f71 request /usr/lib/python2.7/site-packages/keystoneauth1/session.py:844
2019-06-04 19:07:40.374 1842 DEBUG novaclient.v2.client [-] REQ: curl -g -i -X GET http://172.30.9.22:8774/v2.1/os-server-groups -H "Accept: application/json" -H "User-Agent: python-novaclient" -H "X-Auth-Token: {SHA1}cce9fb654d69dd1c8df122a8712189f1d600b98b" _http_log_request /usr/lib/python2.7/site-packages/keystoneauth1/session.py:448
2019-06-04 19:07:40.665 1842 DEBUG novaclient.v2.client [-] RESP: [200] Content-Length: 21 Content-Type: application/json Date: Tue, 04 Jun 2019 19:07:40 GMT OpenStack-API-Version: compute 2.1 Server: Apache Vary: OpenStack-API-Version,X-OpenStack-Nova-API-Version X-OpenStack-Nova-API-Version: 2.1 x-compute-request-id: req-653d512b-71a2-4302-8c04-e753d0b9f207 x-openstack-request-id: req-653d512b-71a2-4302-8c04-e753d0b9f207 _http_log_response /usr/lib/python2.7/site-packages/keystoneauth1/session.py:479
2019-06-04 19:07:40.666 1842 DEBUG novaclient.v2.client [-] RESP BODY: {"server_groups": []} _http_log_response /usr/lib/python2.7/site-packages/keystoneauth1/session.py:511
2019-06-04 19:07:40.666 1842 DEBUG novaclient.v2.client [-] GET call to compute for http://172.30.9.22:8774/v2.1/os-server-groups used request id req-653d512b-71a2-4302-8c04-e753d0b9f207 request /usr/lib/python2.7/site-packages/keystoneauth1/session.py:844
2019-06-04 19:07:41.087 1842 DEBUG novaclient.v2.client [-] REQ: curl -g -i -X GET http://172.30.9.22:8774/v2.1/os-server-groups -H "Accept: application/json" -H "User-Agent: python-novaclient" -H "X-Auth-Token: {SHA1}d01b7fbc12d41fa9c3f367cf1c7a1c04e6a119f1" _http_log_request /usr/lib/python2.7/site-packages/keystoneauth1/session.py:448
2019-06-04 19:07:41.295 1842 DEBUG novaclient.v2.client [-] RESP: [200] Content-Length: 21 Content-Type: application/json Date: Tue, 04 Jun 2019 19:07:41 GMT OpenStack-API-Version: compute 2.1 Server: Apache Vary: OpenStack-API-Version,X-OpenStack-Nova-API-Version X-OpenStack-Nova-API-Version: 2.1 x-compute-request-id: req-f461f8ea-11b5-4487-9206-7a81e2aa0c01 x-openstack-request-id: req-f461f8ea-11b5-4487-9206-7a81e2aa0c01 _http_log_response /usr/lib/python2.7/site-packages/keystoneauth1/session.py:479
2019-06-04 19:07:41.295 1842 DEBUG novaclient.v2.client [-] RESP BODY: {"server_groups": []} _http_log_response /usr/lib/python2.7/site-packages/keystoneauth1/session.py:511
2019-06-04 19:07:41.296 1842 DEBUG novaclient.v2.client [-] GET call to compute for http://172.30.9.22:8774/v2.1/os-server-groups used request id req-f461f8ea-11b5-4487-9206-7a81e2aa0c01 request /usr/lib/python2.7/site-packages/keystoneauth1/session.py:844
2019-06-04 19:07:41.304 1842 RALLYDEBUG rally_openstack.cleanup.manager [-] Cleaning up nova keypairs objects
2019-06-04 19:07:41.723 1842 DEBUG novaclient.v2.client [-] REQ: curl -g -i -X GET http://172.30.9.22:8774/v2.1/os-keypairs -H "Accept: application/json" -H "User-Agent: python-novaclient" -H "X-Auth-Token: {SHA1}b1ff3c4a3279725fd1cae980157db7d83c942a9f" _http_log_request /usr/lib/python2.7/site-packages/keystoneauth1/session.py:448
2019-06-04 19:07:42.034 1842 DEBUG novaclient.v2.client [-] RESP: [200] Content-Length: 16 Content-Type: application/json Date: Tue, 04 Jun 2019 19:07:41 GMT OpenStack-API-Version: compute 2.1 Server: Apache Vary: OpenStack-API-Version,X-OpenStack-Nova-API-Version X-OpenStack-Nova-API-Version: 2.1 x-compute-request-id: req-aa786dc9-df43-4196-bc70-2b7927b561e3 x-openstack-request-id: req-aa786dc9-df43-4196-bc70-2b7927b561e3 _http_log_response /usr/lib/python2.7/site-packages/keystoneauth1/session.py:479
2019-06-04 19:07:42.035 1842 DEBUG novaclient.v2.client [-] RESP BODY: {"keypairs": []} _http_log_response /usr/lib/python2.7/site-packages/keystoneauth1/session.py:511
2019-06-04 19:07:42.035 1842 DEBUG novaclient.v2.client [-] GET call to compute for http://172.30.9.22:8774/v2.1/os-keypairs used request id req-aa786dc9-df43-4196-bc70-2b7927b561e3 request /usr/lib/python2.7/site-packages/keystoneauth1/session.py:844
2019-06-04 19:07:42.458 1842 DEBUG novaclient.v2.client [-] REQ: curl -g -i -X GET http://172.30.9.22:8774/v2.1/os-keypairs -H "Accept: application/json" -H "User-Agent: python-novaclient" -H "X-Auth-Token: {SHA1}f86bf1cc709e610fd6fe464517951de376fb22e7" _http_log_request /usr/lib/python2.7/site-packages/keystoneauth1/session.py:448
2019-06-04 19:07:42.675 1842 DEBUG novaclient.v2.client [-] RESP: [200] Content-Length: 16 Content-Type: application/json Date: Tue, 04 Jun 2019 19:07:42 GMT OpenStack-API-Version: compute 2.1 Server: Apache Vary: OpenStack-API-Version,X-OpenStack-Nova-API-Version X-OpenStack-Nova-API-Version: 2.1 x-compute-request-id: req-1553ec6a-c899-4339-a879-d348e3bb7c34 x-openstack-request-id: req-1553ec6a-c899-4339-a879-d348e3bb7c34 _http_log_response /usr/lib/python2.7/site-packages/keystoneauth1/session.py:479
2019-06-04 19:07:42.676 1842 DEBUG novaclient.v2.client [-] RESP BODY: {"keypairs": []} _http_log_response /usr/lib/python2.7/site-packages/keystoneauth1/session.py:511
2019-06-04 19:07:42.676 1842 DEBUG novaclient.v2.client [-] GET call to compute for http://172.30.9.22:8774/v2.1/os-keypairs used request id req-1553ec6a-c899-4339-a879-d348e3bb7c34 request /usr/lib/python2.7/site-packages/keystoneauth1/session.py:844
2019-06-04 19:07:43.109 1842 DEBUG novaclient.v2.client [-] REQ: curl -g -i -X GET http://172.30.9.22:8774/v2.1/os-keypairs -H "Accept: application/json" -H "User-Agent: python-novaclient" -H "X-Auth-Token: {SHA1}abac70836cc9c05cb539772ba089ae6e0a097daa" _http_log_request /usr/lib/python2.7/site-packages/keystoneauth1/session.py:448
2019-06-04 19:07:43.392 1842 DEBUG novaclient.v2.client [-] RESP: [200] Content-Length: 16 Content-Type: application/json Date: Tue, 04 Jun 2019 19:07:43 GMT OpenStack-API-Version: compute 2.1 Server: Apache Vary: OpenStack-API-Version,X-OpenStack-Nova-API-Version X-OpenStack-Nova-API-Version: 2.1 x-compute-request-id: req-81c7e980-8d78-40e7-8a69-ea0cede351c1 x-openstack-request-id: req-81c7e980-8d78-40e7-8a69-ea0cede351c1 _http_log_response /usr/lib/python2.7/site-packages/keystoneauth1/session.py:479
2019-06-04 19:07:43.393 1842 DEBUG novaclient.v2.client [-] RESP BODY: {"keypairs": []} _http_log_response /usr/lib/python2.7/site-packages/keystoneauth1/session.py:511
2019-06-04 19:07:43.393 1842 DEBUG novaclient.v2.client [-] GET call to compute for http://172.30.9.22:8774/v2.1/os-keypairs used request id req-81c7e980-8d78-40e7-8a69-ea0cede351c1 request /usr/lib/python2.7/site-packages/keystoneauth1/session.py:844
2019-06-04 19:07:43.818 1842 DEBUG novaclient.v2.client [-] REQ: curl -g -i -X GET http://172.30.9.22:8774/v2.1/os-keypairs -H "Accept: application/json" -H "User-Agent: python-novaclient" -H "X-Auth-Token: {SHA1}4a5271922aba1d648bcb26a1e93e1b08f1088337" _http_log_request /usr/lib/python2.7/site-packages/keystoneauth1/session.py:448
2019-06-04 19:07:44.136 1842 DEBUG novaclient.v2.client [-] RESP: [200] Content-Length: 16 Content-Type: application/json Date: Tue, 04 Jun 2019 19:07:43 GMT OpenStack-API-Version: compute 2.1 Server: Apache Vary: OpenStack-API-Version,X-OpenStack-Nova-API-Version X-OpenStack-Nova-API-Version: 2.1 x-compute-request-id: req-049a7f1b-2d29-48c3-94f7-b145845995c0 x-openstack-request-id: req-049a7f1b-2d29-48c3-94f7-b145845995c0 _http_log_response /usr/lib/python2.7/site-packages/keystoneauth1/session.py:479
2019-06-04 19:07:44.136 1842 DEBUG novaclient.v2.client [-] RESP BODY: {"keypairs": []} _http_log_response /usr/lib/python2.7/site-packages/keystoneauth1/session.py:511
2019-06-04 19:07:44.137 1842 DEBUG novaclient.v2.client [-] GET call to compute for http://172.30.9.22:8774/v2.1/os-keypairs used request id req-049a7f1b-2d29-48c3-94f7-b145845995c0 request /usr/lib/python2.7/site-packages/keystoneauth1/session.py:844
2019-06-04 19:07:44.570 1842 DEBUG novaclient.v2.client [-] REQ: curl -g -i -X GET http://172.30.9.22:8774/v2.1/os-keypairs -H "Accept: application/json" -H "User-Agent: python-novaclient" -H "X-Auth-Token: {SHA1}d543d3262132c6d18faf01cf0f8b007a921d99bd" _http_log_request /usr/lib/python2.7/site-packages/keystoneauth1/session.py:448
2019-06-04 19:07:44.780 1842 DEBUG novaclient.v2.client [-] RESP: [200] Content-Length: 16 Content-Type: application/json Date: Tue, 04 Jun 2019 19:07:44 GMT OpenStack-API-Version: compute 2.1 Server: Apache Vary: OpenStack-API-Version,X-OpenStack-Nova-API-Version X-OpenStack-Nova-API-Version: 2.1 x-compute-request-id: req-ea12c590-7168-4824-a43f-0faadcd1248e x-openstack-request-id: req-ea12c590-7168-4824-a43f-0faadcd1248e _http_log_response /usr/lib/python2.7/site-packages/keystoneauth1/session.py:479
2019-06-04 19:07:44.781 1842 DEBUG novaclient.v2.client [-] RESP BODY: {"keypairs": []} _http_log_response /usr/lib/python2.7/site-packages/keystoneauth1/session.py:511
2019-06-04 19:07:44.781 1842 DEBUG novaclient.v2.client [-] GET call to compute for http://172.30.9.22:8774/v2.1/os-keypairs used request id req-ea12c590-7168-4824-a43f-0faadcd1248e request /usr/lib/python2.7/site-packages/keystoneauth1/session.py:844
2019-06-04 19:07:45.205 1842 DEBUG novaclient.v2.client [-] REQ: curl -g -i -X GET http://172.30.9.22:8774/v2.1/os-keypairs -H "Accept: application/json" -H "User-Agent: python-novaclient" -H "X-Auth-Token: {SHA1}ddf2e57f44dbfa46bced393e9e4c250266ffc6de" _http_log_request /usr/lib/python2.7/site-packages/keystoneauth1/session.py:448
2019-06-04 19:07:45.505 1842 DEBUG novaclient.v2.client [-] RESP: [200] Content-Length: 16 Content-Type: application/json Date: Tue, 04 Jun 2019 19:07:45 GMT OpenStack-API-Version: compute 2.1 Server: Apache Vary: OpenStack-API-Version,X-OpenStack-Nova-API-Version X-OpenStack-Nova-API-Version: 2.1 x-compute-request-id: req-4c876153-7918-492d-bc70-18b37e0d51e7 x-openstack-request-id: req-4c876153-7918-492d-bc70-18b37e0d51e7 _http_log_response /usr/lib/python2.7/site-packages/keystoneauth1/session.py:479
2019-06-04 19:07:45.506 1842 DEBUG novaclient.v2.client [-] RESP BODY: {"keypairs": []} _http_log_response /usr/lib/python2.7/site-packages/keystoneauth1/session.py:511
2019-06-04 19:07:45.506 1842 DEBUG novaclient.v2.client [-] GET call to compute for http://172.30.9.22:8774/v2.1/os-keypairs used request id req-4c876153-7918-492d-bc70-18b37e0d51e7 request /usr/lib/python2.7/site-packages/keystoneauth1/session.py:844
2019-06-04 19:07:45.515 1842 RALLYDEBUG rally_openstack.cleanup.manager [-] Cleaning up cinder backups objects
2019-06-04 19:07:47.768 1842 RALLYDEBUG rally_openstack.cleanup.manager [-] Cleaning up cinder volume_snapshots objects
2019-06-04 19:07:50.197 1842 RALLYDEBUG rally_openstack.cleanup.manager [-] Cleaning up cinder transfers objects
2019-06-04 19:07:52.424 1842 RALLYDEBUG rally_openstack.cleanup.manager [-] Cleaning up cinder volumes objects
2019-06-04 19:07:54.501 1842 INFO rally.task.context [-] Task 388226ed-d1fa-4986-a516-b0a3bbc548d8 | Context cleanup@openstack cleanup() finished in 17.66 sec
2019-06-04 19:07:54.501 1842 INFO rally.task.context [-] Task 388226ed-d1fa-4986-a516-b0a3bbc548d8 | Context quotas@openstack cleanup() started
2019-06-04 19:07:55.486 1842 INFO rally.task.context [-] Task 388226ed-d1fa-4986-a516-b0a3bbc548d8 | Context quotas@openstack cleanup() finished in 0.98 sec
2019-06-04 19:07:55.486 1842 INFO rally.task.context [-] Task 388226ed-d1fa-4986-a516-b0a3bbc548d8 | Context api_versions@openstack cleanup() started
2019-06-04 19:07:55.487 1842 INFO rally.task.context [-] Task 388226ed-d1fa-4986-a516-b0a3bbc548d8 | Context api_versions@openstack cleanup() finished in 0.32 msec
2019-06-04 19:07:55.487 1842 INFO rally.task.context [-] Task 388226ed-d1fa-4986-a516-b0a3bbc548d8 | Context users@openstack cleanup() started
2019-06-04 19:08:03.912 1842 INFO rally.task.context [-] Task 388226ed-d1fa-4986-a516-b0a3bbc548d8 | Context users@openstack cleanup() finished in 8.42 sec
2019-06-04 19:08:04.234 1842 INFO rally.task.engine [-] Load duration is: 100.703062
2019-06-04 19:08:04.235 1842 INFO rally.task.engine [-] Full runner duration is: 101.745902
2019-06-04 19:08:04.235 1842 INFO rally.task.engine [-] Full duration is: 138.164189
2019-06-04 19:08:04.501 1842 INFO rally.task.engine [-] Running workload: position = 0 config = { "version": 2, "title": "A cropped version of a bigger task.", "description": "Auto-generated task from a single workload (uuid=fd0f950a-b71a-467b-96ee-b28d69377b29)", "subtasks": [ { "title": "CinderVolumes.create_and_list_snapshots", "description": "Create and then list a volume-snapshot.", "scenario": { "CinderVolumes.create_and_list_snapshots": { "detailed": true, "force": false } }, "contexts": { "users": { "tenants": 3, "users_per_tenant": 2 }, "quotas": { "cinder": { "gigabytes": -1, "snapshots": -1, "volumes": -1 } }, "api_versions": { "cinder": { "version": 3, "service_type": "volumev3" } }, "volumes": { "size": 1, "volumes_per_tenant": 1 } }, "runner": { "constant": { "concurrency": 4, "times": 10 } }, "hooks": [], "sla": { "failure_rate": { "max": 0 } } } ] }
2019-06-04 19:08:04.528 1842 RALLYDEBUG rally_openstack.contexts.keystone.users [-] Creating 3 tenants using 20 threads
2019-06-04 19:08:06.448 1842 RALLYDEBUG rally_openstack.contexts.keystone.users [-] Creating 6 users using 20 threads
2019-06-04 19:08:09.202 1842 INFO rally.task.context [-] Task 388226ed-d1fa-4986-a516-b0a3bbc548d8 | Context users@openstack setup() finished in 4.67 sec
2019-06-04 19:08:09.619 1842 INFO rally.task.context [-] Task 388226ed-d1fa-4986-a516-b0a3bbc548d8 | Context api_versions@openstack setup() finished in 0.42 sec
2019-06-04 19:08:11.267 1842 INFO rally.task.context [-] Task 388226ed-d1fa-4986-a516-b0a3bbc548d8 | Context quotas@openstack setup() finished in 1.65 sec
2019-06-04 19:08:22.534 1842 INFO rally.task.context [-] Task 388226ed-d1fa-4986-a516-b0a3bbc548d8 | Context volumes@openstack setup() finished in 11.27 sec
2019-06-04 19:08:22.534 1842 INFO rally.task.context [-] Task 388226ed-d1fa-4986-a516-b0a3bbc548d8 | Context cleanup@openstack setup() finished in 0.01 msec
2019-06-04 19:08:22.542 1842 RALLYDEBUG rally.task.runner [-] Starting the constant runner (task UUID: 388226ed-d1fa-4986-a516-b0a3bbc548d8). timeout: 0 concurrency: 4 concurrency_per_worker: 1 times: 10 concurrency_overhead: 0 processes_to_start: 4 max_cpu_used: 16
2019-06-04 19:08:22.554 2210 RALLYDEBUG rally.task.runner [-] Starting a worker. concurrency: 1 args: {"detailed": true, "force": false} times: 10 method_name: run timeout: 0 duration: None cls:
2019-06-04 19:08:22.556 2211 RALLYDEBUG rally.task.runner [-] Starting a worker. concurrency: 1 args: {"detailed": true, "force": false} times: 10 method_name: run timeout: 0 duration: None cls:
2019-06-04 19:08:22.564 2210 INFO rally.task.runner [-] Task 388226ed-d1fa-4986-a516-b0a3bbc548d8 | ITER: 1 START
2019-06-04 19:08:22.565 2211 INFO rally.task.runner [-] Task 388226ed-d1fa-4986-a516-b0a3bbc548d8 | ITER: 2 START
2019-06-04 19:08:22.565 2213 RALLYDEBUG rally.task.runner [-] Starting a worker. concurrency: 1 args: {"detailed": true, "force": false} times: 10 method_name: run timeout: 0 duration: None cls:
2019-06-04 19:08:22.565 2212 RALLYDEBUG rally.task.runner [-] Starting a worker. concurrency: 1 args: {"detailed": true, "force": false} times: 10 method_name: run timeout: 0 duration: None cls:
2019-06-04 19:08:22.570 2213 INFO rally.task.runner [-] Task 388226ed-d1fa-4986-a516-b0a3bbc548d8 | ITER: 3 START
2019-06-04 19:08:22.571 2212 INFO rally.task.runner [-] Task 388226ed-d1fa-4986-a516-b0a3bbc548d8 | ITER: 4 START
2019-06-04 19:08:26.246 2212 INFO rally.task.runner [-] Task 388226ed-d1fa-4986-a516-b0a3bbc548d8 | ITER: 4 END: OK
2019-06-04 19:08:26.252 2212 INFO rally.task.runner [-] Task 388226ed-d1fa-4986-a516-b0a3bbc548d8 | ITER: 5 START
2019-06-04 19:08:26.350 2210 INFO rally.task.runner [-] Task 388226ed-d1fa-4986-a516-b0a3bbc548d8 | ITER: 1 END: OK
2019-06-04 19:08:26.356 2210 INFO rally.task.runner [-] Task 388226ed-d1fa-4986-a516-b0a3bbc548d8 | ITER: 6 START
2019-06-04 19:08:26.385 2213 INFO rally.task.runner [-] Task 388226ed-d1fa-4986-a516-b0a3bbc548d8 | ITER: 3 END: OK
2019-06-04 19:08:26.391 2213 INFO rally.task.runner [-] Task 388226ed-d1fa-4986-a516-b0a3bbc548d8 | ITER: 7 START
2019-06-04 19:08:26.470 2211 INFO rally.task.runner [-] Task 388226ed-d1fa-4986-a516-b0a3bbc548d8 | ITER: 2 END: OK
2019-06-04 19:08:26.477 2211 INFO rally.task.runner [-] Task 388226ed-d1fa-4986-a516-b0a3bbc548d8 | ITER: 8 START
2019-06-04 19:08:29.829 2212 INFO rally.task.runner [-] Task 388226ed-d1fa-4986-a516-b0a3bbc548d8 | ITER: 5 END: OK
2019-06-04 19:08:29.835 2212 INFO rally.task.runner [-] Task 388226ed-d1fa-4986-a516-b0a3bbc548d8 | ITER: 9 START
2019-06-04 19:08:30.048 2213 INFO rally.task.runner [-] Task 388226ed-d1fa-4986-a516-b0a3bbc548d8 | ITER: 7 END: OK
2019-06-04 19:08:30.053 2213 INFO rally.task.runner [-] Task 388226ed-d1fa-4986-a516-b0a3bbc548d8 | ITER: 10 START
2019-06-04 19:08:30.258 2210 INFO rally.task.runner [-] Task 388226ed-d1fa-4986-a516-b0a3bbc548d8 | ITER: 6 END: OK
2019-06-04 19:08:30.305 2211 INFO rally.task.runner [-] Task 388226ed-d1fa-4986-a516-b0a3bbc548d8 | ITER: 8 END: OK
2019-06-04 19:08:33.598 2213 INFO rally.task.runner [-] Task 388226ed-d1fa-4986-a516-b0a3bbc548d8 | ITER: 10 END: OK
2019-06-04 19:08:33.601 2212 INFO rally.task.runner [-] Task 388226ed-d1fa-4986-a516-b0a3bbc548d8 | ITER: 9 END: OK
2019-06-04 19:08:33.621 1842 INFO rally.task.context [-] Task 388226ed-d1fa-4986-a516-b0a3bbc548d8 | Context cleanup@openstack cleanup() started
2019-06-04 19:08:33.624 1842 RALLYDEBUG rally_openstack.cleanup.manager [-] Cleaning up cinder backups objects
2019-06-04 19:08:35.688 1842 RALLYDEBUG rally_openstack.cleanup.manager [-] Cleaning up cinder volume_snapshots objects
2019-06-04 19:08:37.979 1842 RALLYDEBUG rally_openstack.cleanup.manager [-] Deleting cinder.volume_snapshots object s_rally_fd0f950a_hMXFwZmD (91dbc299-630c-4d0a-8173-70fb6ea37b1a)
2019-06-04 19:08:37.986 1842 RALLYDEBUG rally_openstack.cleanup.manager [-] Deleting cinder.volume_snapshots object s_rally_fd0f950a_cA5ttiL6 (876e2dfa-8e33-4e5c-96b6-985e68a23371)
2019-06-04 19:08:37.987 1842 RALLYDEBUG rally_openstack.cleanup.manager [-] Deleting cinder.volume_snapshots object s_rally_fd0f950a_QdEtn9os (eeaf3987-6640-40b1-aec8-dd70395abc5b)
2019-06-04 19:08:37.987 1842 RALLYDEBUG rally_openstack.cleanup.manager [-] Deleting cinder.volume_snapshots object s_rally_fd0f950a_IpXnVCGN (12ae1716-e924-4d9f-86aa-bba2e5c283fc)
2019-06-04 19:08:37.995 1842 RALLYDEBUG rally_openstack.cleanup.manager [-] Deleting cinder.volume_snapshots object s_rally_fd0f950a_wvVuSILc (afc88a4a-62c7-4a10-8e3f-1f3669132430)
2019-06-04 19:08:37.996 1842 RALLYDEBUG rally_openstack.cleanup.manager [-] Deleting cinder.volume_snapshots object s_rally_fd0f950a_XPUXVhTN (bb4635b7-cefa-4d7a-ab00-6d0486141387)
2019-06-04 19:08:37.998 1842 RALLYDEBUG rally_openstack.cleanup.manager [-] Deleting cinder.volume_snapshots object s_rally_fd0f950a_oZqhGiGv (5ce89cdb-dcb4-4c7c-b1ac-6ebe8eea5906)
2019-06-04 19:08:38.000 1842 RALLYDEBUG rally_openstack.cleanup.manager [-] Deleting cinder.volume_snapshots object s_rally_fd0f950a_q05sUQS7 (48e5149e-d2e3-4ae1-aca5-a53390a94f6b)
2019-06-04 19:08:38.003 1842 RALLYDEBUG rally_openstack.cleanup.manager [-] Deleting cinder.volume_snapshots object s_rally_fd0f950a_0X1lKMTr (ccbc4fe7-8f8c-4206-86f8-9bdd5b47cf73)
2019-06-04 19:08:38.008 1842 RALLYDEBUG rally_openstack.cleanup.manager [-] Deleting cinder.volume_snapshots object s_rally_fd0f950a_rf5hyYQI (dec0575b-84f3-4db9-a7c6-7dd37f9140d8)
2019-06-04 19:08:42.954 1842 RALLYDEBUG rally_openstack.cleanup.manager [-] Cleaning up cinder transfers objects
2019-06-04 19:08:45.066 1842 RALLYDEBUG rally_openstack.cleanup.manager [-] Cleaning up cinder volumes objects
2019-06-04 19:08:47.297 1842 INFO rally.task.context [-] Task 388226ed-d1fa-4986-a516-b0a3bbc548d8 | Context cleanup@openstack cleanup() finished in 13.68 sec
2019-06-04 19:08:47.298 1842 INFO rally.task.context [-] Task 388226ed-d1fa-4986-a516-b0a3bbc548d8 | Context volumes@openstack cleanup() started
2019-06-04 19:08:47.299 1842 RALLYDEBUG rally_openstack.cleanup.manager [-] Cleaning up cinder volumes objects
2019-06-04 19:08:49.663 1842 RALLYDEBUG rally_openstack.cleanup.manager [-] Deleting cinder.volumes object c_rally_fd0f950a_P1ilblAZ (a82a22e3-3de7-4d53-a29a-ad33c1676c87)
2019-06-04 19:08:49.664 1842 RALLYDEBUG rally_openstack.cleanup.manager [-] Deleting cinder.volumes object c_rally_fd0f950a_ySiseJGW (03fa266e-d83d-4d22-83a9-c97850fa19c0)
2019-06-04 19:08:49.672 1842 RALLYDEBUG rally_openstack.cleanup.manager [-] Deleting cinder.volumes object c_rally_fd0f950a_i2RiW9sg (f46f7072-d2dd-4d6a-b7e7-4259b2e70ba7)
2019-06-04 19:08:53.110 1842 INFO rally.task.context [-] Task 388226ed-d1fa-4986-a516-b0a3bbc548d8 | Context volumes@openstack cleanup() finished in 5.81 sec
2019-06-04 19:08:53.110 1842 INFO rally.task.context [-] Task 388226ed-d1fa-4986-a516-b0a3bbc548d8 | Context quotas@openstack cleanup() started
2019-06-04 19:08:54.002 1842 INFO rally.task.context [-] Task 388226ed-d1fa-4986-a516-b0a3bbc548d8 | Context quotas@openstack cleanup() finished in 0.89 sec
2019-06-04 19:08:54.003 1842 INFO rally.task.context [-] Task 388226ed-d1fa-4986-a516-b0a3bbc548d8 | Context api_versions@openstack cleanup() started
2019-06-04 19:08:54.003 1842 INFO rally.task.context [-] Task 388226ed-d1fa-4986-a516-b0a3bbc548d8 | Context api_versions@openstack cleanup() finished in 0.33 msec
2019-06-04 19:08:54.003 1842 INFO rally.task.context [-] Task 388226ed-d1fa-4986-a516-b0a3bbc548d8 | Context users@openstack cleanup() started
2019-06-04 19:09:01.761 1842 INFO rally.task.context [-] Task 388226ed-d1fa-4986-a516-b0a3bbc548d8 | Context users@openstack cleanup() finished in 7.76 sec
2019-06-04 19:09:02.752 1842 INFO rally.task.engine [-] Load duration is: 11.030932
2019-06-04 19:09:02.753 1842 INFO rally.task.engine [-] Full runner duration is: 11.079877
2019-06-04 19:09:02.753 1842 INFO rally.task.engine [-] Full duration is: 57.237733
2019-06-04 19:09:02.979 1842 INFO rally.task.engine [-] Running workload: position = 0 config = { "version": 2, "title": "A cropped version of a bigger task.", "description": "Auto-generated task from a single workload (uuid=6c504755-9e6a-443d-99e4-3d7b7a0032f1)", "subtasks": [ { "title": "CinderVolumes.create_and_list_volume", "description": "Create a volume and list all volumes.", "scenario": { "CinderVolumes.create_and_list_volume": { "detailed": true, "image": { "name": "rally_full-img_5bafb238-93c6-47c0-86d3-8756935a0521" }, "size": 1 } }, "contexts": { "users": { "tenants": 3, "users_per_tenant": 2 }, "quotas": { "cinder": { "gigabytes": -1, "snapshots": -1, "volumes": -1 } }, "api_versions": { "cinder": { "version": 3, "service_type": "volumev3" } } }, "runner": { "constant": { "concurrency": 4, "times": 10 } }, "hooks": [], "sla": { "failure_rate": { "max": 0 } } } ] }
2019-06-04 19:09:03.001 1842 RALLYDEBUG rally_openstack.contexts.keystone.users [-] Creating 3 tenants using 20 threads
2019-06-04 19:09:04.938 1842 RALLYDEBUG rally_openstack.contexts.keystone.users [-] Creating 6 users using 20 threads
2019-06-04 19:09:07.744 1842 INFO rally.task.context [-] Task 388226ed-d1fa-4986-a516-b0a3bbc548d8 | Context users@openstack setup() finished in 4.74 sec
2019-06-04 19:09:08.166 1842 INFO rally.task.context [-] Task 388226ed-d1fa-4986-a516-b0a3bbc548d8 | Context api_versions@openstack setup() finished in 0.42 sec
2019-06-04 19:09:09.849 1842 INFO rally.task.context [-] Task 388226ed-d1fa-4986-a516-b0a3bbc548d8 | Context quotas@openstack setup() finished in 1.68 sec
2019-06-04 19:09:09.850 1842 INFO rally.task.context [-] Task 388226ed-d1fa-4986-a516-b0a3bbc548d8 | Context cleanup@openstack setup() finished in 0.01 msec
2019-06-04 19:09:10.953 1842 RALLYDEBUG rally.task.runner [-] Starting the constant runner (task UUID: 388226ed-d1fa-4986-a516-b0a3bbc548d8). timeout: 0 concurrency: 4 concurrency_per_worker: 1 times: 10 concurrency_overhead: 0 processes_to_start: 4 max_cpu_used: 16
2019-06-04 19:09:10.966 2415 RALLYDEBUG rally.task.runner [-] Starting a worker. concurrency: 1 args: {"detailed": true, "image": "66ce8b2f-5639-43de-aa42-bfa4af1361e1", "size": 1} times: 10 method_name: run timeout: 0 duration: None cls:
2019-06-04 19:09:10.966 2414 RALLYDEBUG rally.task.runner [-] Starting a worker. concurrency: 1 args: {"detailed": true, "image": "66ce8b2f-5639-43de-aa42-bfa4af1361e1", "size": 1} times: 10 method_name: run timeout: 0 duration: None cls:
2019-06-04 19:09:10.972 2415 INFO rally.task.runner [-] Task 388226ed-d1fa-4986-a516-b0a3bbc548d8 | ITER: 1 START
2019-06-04 19:09:10.972 2416 RALLYDEBUG rally.task.runner [-] Starting a worker. concurrency: 1 args: {"detailed": true, "image": "66ce8b2f-5639-43de-aa42-bfa4af1361e1", "size": 1} times: 10 method_name: run timeout: 0 duration: None cls:
2019-06-04 19:09:10.973 2414 INFO rally.task.runner [-] Task 388226ed-d1fa-4986-a516-b0a3bbc548d8 | ITER: 2 START
2019-06-04 19:09:10.975 2417 RALLYDEBUG rally.task.runner [-] Starting a worker. concurrency: 1 args: {"detailed": true, "image": "66ce8b2f-5639-43de-aa42-bfa4af1361e1", "size": 1} times: 10 method_name: run timeout: 0 duration: None cls:
2019-06-04 19:09:10.979 2416 INFO rally.task.runner [-] Task 388226ed-d1fa-4986-a516-b0a3bbc548d8 | ITER: 3 START
2019-06-04 19:09:10.982 2417 INFO rally.task.runner [-] Task 388226ed-d1fa-4986-a516-b0a3bbc548d8 | ITER: 4 START
2019-06-04 19:09:20.676 2415 RALLYDEBUG rally.task.utils [-] Waiting for resource s_rally_6c504755_Xc28jN2R. Status changed: CREATING => DOWNLOADING in 5.37711811066
2019-06-04 19:09:21.331 2416 RALLYDEBUG rally.task.utils [-] Waiting for resource s_rally_6c504755_uPxEU4pB. Status changed: CREATING => DOWNLOADING in 5.39003896713
2019-06-04 19:09:21.343 2414 RALLYDEBUG rally.task.utils [-] Waiting for resource s_rally_6c504755_6QZzHoo1. Status changed: CREATING => DOWNLOADING in 5.3197350502
2019-06-04 19:09:22.803 2417 RALLYDEBUG rally.task.utils [-] Waiting for resource s_rally_6c504755_D5jqXYlw. Status changed: CREATING => DOWNLOADING in 7.34565114975
2019-06-04 19:09:30.608 2416 RALLYDEBUG rally.task.utils [-] Waiting for resource s_rally_6c504755_uPxEU4pB. Status changed: DOWNLOADING => AVAILABLE in 9.27730202675
2019-06-04 19:09:30.718 2414 RALLYDEBUG rally.task.utils [-] Waiting for resource s_rally_6c504755_6QZzHoo1. Status changed: DOWNLOADING => AVAILABLE in 9.37532401085
2019-06-04 19:09:30.970 2416 INFO rally.task.runner [-] Task 388226ed-d1fa-4986-a516-b0a3bbc548d8 | ITER: 3 END: OK
2019-06-04 19:09:30.975 2416 INFO rally.task.runner [-] Task 388226ed-d1fa-4986-a516-b0a3bbc548d8 | ITER: 5 START
2019-06-04 19:09:31.066 2414 INFO rally.task.runner [-] Task 388226ed-d1fa-4986-a516-b0a3bbc548d8 | ITER: 2 END: OK
2019-06-04 19:09:31.071 2414 INFO rally.task.runner [-] Task 388226ed-d1fa-4986-a516-b0a3bbc548d8 | ITER: 6 START
2019-06-04 19:09:32.004 2417 RALLYDEBUG rally.task.utils [-] Waiting for resource s_rally_6c504755_D5jqXYlw. Status changed: DOWNLOADING => AVAILABLE in 9.20084500313
2019-06-04 19:09:32.070 2417 INFO rally.task.runner [-] Task 388226ed-d1fa-4986-a516-b0a3bbc548d8 | ITER: 4 END: OK
2019-06-04 19:09:32.076 2417 INFO rally.task.runner [-] Task 388226ed-d1fa-4986-a516-b0a3bbc548d8 | ITER: 7 START
2019-06-04 19:09:32.294 2415 RALLYDEBUG rally.task.utils [-] Waiting for resource s_rally_6c504755_Xc28jN2R. Status changed: DOWNLOADING => AVAILABLE in 11.6179897785
2019-06-04 19:09:32.358 2415 INFO rally.task.runner [-] Task 388226ed-d1fa-4986-a516-b0a3bbc548d8 | ITER: 1 END: OK
2019-06-04 19:09:32.364 2415 INFO rally.task.runner [-] Task 388226ed-d1fa-4986-a516-b0a3bbc548d8 | ITER: 8 START
2019-06-04 19:09:39.005 2416 RALLYDEBUG rally.task.utils [-] Waiting for resource s_rally_6c504755_yGhuqth5. Status changed: CREATING => DOWNLOADING in 2.96871900558
2019-06-04 19:09:44.051 2414 RALLYDEBUG rally.task.utils [-] Waiting for resource s_rally_6c504755_PQCgQ42m. Status changed: CREATING => DOWNLOADING in 7.40528988838
2019-06-04 19:09:44.731 2417 RALLYDEBUG rally.task.utils [-] Waiting for resource s_rally_6c504755_r7nrvtbg. Status changed: CREATING => DOWNLOADING in 7.72232413292
2019-06-04 19:09:44.905 2415 RALLYDEBUG rally.task.utils [-] Waiting for resource s_rally_6c504755_YRHIoVQY. Status changed: CREATING => DOWNLOADING in 7.82804489136
2019-06-04 19:09:50.423 2416 RALLYDEBUG rally.task.utils [-] Waiting for resource s_rally_6c504755_yGhuqth5. Status changed: DOWNLOADING => AVAILABLE in 11.4173231125
2019-06-04 19:09:50.801 2416 INFO rally.task.runner [-] Task 388226ed-d1fa-4986-a516-b0a3bbc548d8 | ITER: 5 END: OK
2019-06-04 19:09:50.806 2416 INFO rally.task.runner [-] Task 388226ed-d1fa-4986-a516-b0a3bbc548d8 | ITER: 9 START
2019-06-04 19:09:51.065 2414 RALLYDEBUG rally.task.utils [-] Waiting for resource s_rally_6c504755_PQCgQ42m. Status changed: DOWNLOADING => AVAILABLE in 7.01387310028
2019-06-04 19:09:51.410 2414 INFO rally.task.runner [-] Task 388226ed-d1fa-4986-a516-b0a3bbc548d8 | ITER: 6 END: OK
2019-06-04 19:09:51.416 2414 INFO rally.task.runner [-] Task 388226ed-d1fa-4986-a516-b0a3bbc548d8 | ITER: 10 START
2019-06-04 19:09:51.590 2417 RALLYDEBUG rally.task.utils [-] Waiting for resource s_rally_6c504755_r7nrvtbg. Status changed: DOWNLOADING => AVAILABLE in 6.85884594917
2019-06-04 19:09:51.935 2417 INFO rally.task.runner [-] Task 388226ed-d1fa-4986-a516-b0a3bbc548d8 | ITER: 7 END: OK
2019-06-04 19:09:52.047 2415 RALLYDEBUG rally.task.utils [-] Waiting for resource s_rally_6c504755_YRHIoVQY. Status changed: DOWNLOADING => AVAILABLE in 7.14174199104
2019-06-04 19:09:52.384 2415 INFO rally.task.runner [-] Task 388226ed-d1fa-4986-a516-b0a3bbc548d8 | ITER: 8 END: OK
2019-06-04 19:09:58.765 2416 RALLYDEBUG rally.task.utils [-] Waiting for resource s_rally_6c504755_pKCXXJWH. Status changed: CREATING => DOWNLOADING in 3.00912809372
2019-06-04 19:10:01.501 2414 RALLYDEBUG rally.task.utils [-] Waiting for resource s_rally_6c504755_zruA0oFF. Status changed: CREATING => DOWNLOADING in 5.27270102501
2019-06-04 19:10:03.422 2416 RALLYDEBUG rally.task.utils [-] Waiting for resource s_rally_6c504755_pKCXXJWH. Status changed: DOWNLOADING => AVAILABLE in 4.65714097023
2019-06-04 19:10:03.683 2416 INFO rally.task.runner [-] Task 388226ed-d1fa-4986-a516-b0a3bbc548d8 | ITER: 9 END: OK
2019-06-04 19:10:03.841 2414 RALLYDEBUG rally.task.utils [-] Waiting for resource s_rally_6c504755_zruA0oFF. Status changed: DOWNLOADING => AVAILABLE in 2.340321064
2019-06-04 19:10:04.299 2414 INFO rally.task.runner [-] Task 388226ed-d1fa-4986-a516-b0a3bbc548d8 | ITER: 10 END: OK
2019-06-04 19:10:04.328 1842 INFO rally.task.context [-] Task 388226ed-d1fa-4986-a516-b0a3bbc548d8 | Context cleanup@openstack cleanup() started
2019-06-04 19:10:04.331 1842 RALLYDEBUG rally_openstack.cleanup.manager [-] Cleaning up cinder backups objects
2019-06-04 19:10:06.664 1842 RALLYDEBUG rally_openstack.cleanup.manager [-] Cleaning up cinder volume_snapshots objects
2019-06-04 19:10:08.909 1842 RALLYDEBUG rally_openstack.cleanup.manager [-] Cleaning up cinder transfers objects
2019-06-04 19:10:10.980 1842 RALLYDEBUG rally_openstack.cleanup.manager [-] Cleaning up cinder volumes objects
2019-06-04 19:10:13.445 1842 RALLYDEBUG rally_openstack.cleanup.manager [-] Deleting cinder.volumes object s_rally_6c504755_zruA0oFF (6edddecd-e25e-4265-953a-6dcd94713528)
2019-06-04 19:10:13.448 1842 RALLYDEBUG rally_openstack.cleanup.manager [-] Deleting cinder.volumes object s_rally_6c504755_PQCgQ42m (03ba2cd5-eb41-400a-bee1-c584ca14877c)
2019-06-04 19:10:13.453 1842 RALLYDEBUG rally_openstack.cleanup.manager [-] Deleting cinder.volumes object s_rally_6c504755_Xc28jN2R (bd4a080d-cd46-4839-9f97-f180133a087a)
2019-06-04 19:10:13.454 1842 RALLYDEBUG rally_openstack.cleanup.manager [-] Deleting cinder.volumes object s_rally_6c504755_pKCXXJWH (03edcc8b-fc57-4176-9d2f-9408db7ec2e5)
2019-06-04 19:10:13.462 1842 RALLYDEBUG rally_openstack.cleanup.manager [-] Deleting cinder.volumes object s_rally_6c504755_D5jqXYlw (6ee0a01f-52d9-4e82-9d38-543e56ddd137)
2019-06-04 19:10:13.462 1842 RALLYDEBUG rally_openstack.cleanup.manager [-] Deleting cinder.volumes object s_rally_6c504755_YRHIoVQY (3dc68dca-54c3-4be8-9a00-1afdbea0f546)
2019-06-04 19:10:13.465 1842 RALLYDEBUG rally_openstack.cleanup.manager [-] Deleting cinder.volumes object s_rally_6c504755_yGhuqth5 (b883ca60-4c8f-498d-9fb3-a0a62d7b0a16)
2019-06-04 19:10:13.472 1842 RALLYDEBUG rally_openstack.cleanup.manager [-] Deleting cinder.volumes object s_rally_6c504755_6QZzHoo1 (dba2472c-b28d-4b19-ae2d-5dc5c70466cb)
2019-06-04 19:10:13.475 1842 RALLYDEBUG rally_openstack.cleanup.manager [-] Deleting cinder.volumes object s_rally_6c504755_r7nrvtbg (0e623653-b85d-4e65-a236-d9616d27a1ea)
2019-06-04 19:10:13.486 1842 RALLYDEBUG rally_openstack.cleanup.manager [-] Deleting cinder.volumes object s_rally_6c504755_uPxEU4pB (26c90046-00d7-4314-bcfa-d9353af5c50d)
2019-06-04 19:10:18.499 1842 INFO rally.task.context [-] Task 388226ed-d1fa-4986-a516-b0a3bbc548d8 | Context cleanup@openstack cleanup() finished in 14.17 sec
2019-06-04 19:10:18.500 1842 INFO rally.task.context [-] Task 388226ed-d1fa-4986-a516-b0a3bbc548d8 | Context quotas@openstack cleanup() started
2019-06-04 19:10:19.368 1842 INFO rally.task.context [-] Task 388226ed-d1fa-4986-a516-b0a3bbc548d8 | Context quotas@openstack cleanup() finished in 0.87 sec
2019-06-04 19:10:19.368 1842 INFO rally.task.context [-] Task 388226ed-d1fa-4986-a516-b0a3bbc548d8 | Context api_versions@openstack cleanup() started
2019-06-04 19:10:19.369 1842 INFO rally.task.context [-] Task 388226ed-d1fa-4986-a516-b0a3bbc548d8 | Context api_versions@openstack cleanup() finished in 0.29 msec
2019-06-04 19:10:19.369 1842 INFO rally.task.context [-] Task 388226ed-d1fa-4986-a516-b0a3bbc548d8 | Context users@openstack cleanup() started
2019-06-04 19:10:28.028 1842 INFO rally.task.context [-] Task 388226ed-d1fa-4986-a516-b0a3bbc548d8 | Context users@openstack cleanup() finished in 8.66 sec
2019-06-04 19:10:29.321 1842 INFO rally.task.engine [-] Load duration is: 53.324331
2019-06-04 19:10:29.321 1842 INFO rally.task.engine [-] Full runner duration is: 53.375214
2019-06-04 19:10:29.321 1842 INFO rally.task.engine [-] Full duration is: 85.028925
2019-06-04 19:10:29.531 1842 INFO rally.task.engine [-] Running workload: position = 1 config = { "version": 2, "title": "A cropped version of a bigger task.", "description": "Auto-generated task from a single workload (uuid=209f3399-fa8b-4d9c-b6cf-6ab5ee5ce21f)", "subtasks": [ { "title": "CinderVolumes.create_and_list_volume", "description": "Create a volume and list all volumes.", "scenario": { "CinderVolumes.create_and_list_volume": { "detailed": true, "size": 1 } }, "contexts": { "users": { "tenants": 3, "users_per_tenant": 2 }, "quotas": { "cinder": { "gigabytes": -1, "snapshots": -1, "volumes": -1 } }, "api_versions": { "cinder": { "version": 3, "service_type": "volumev3" } } }, "runner": { "constant": { "concurrency": 4, "times": 10 } }, "hooks": [], "sla": { "failure_rate": { "max": 0 } } } ] }
2019-06-04 19:10:29.556 1842 RALLYDEBUG rally_openstack.contexts.keystone.users [-] Creating 3 tenants using 20 threads
2019-06-04 19:10:31.478 1842 RALLYDEBUG rally_openstack.contexts.keystone.users [-] Creating 6 users using 20 threads
2019-06-04 19:10:34.128 1842 INFO rally.task.context [-] Task 388226ed-d1fa-4986-a516-b0a3bbc548d8 | Context users@openstack setup() finished in 4.57 sec
2019-06-04 19:10:34.728 1842 INFO rally.task.context [-] Task 388226ed-d1fa-4986-a516-b0a3bbc548d8 | Context api_versions@openstack setup() finished in 0.60 sec
2019-06-04 19:10:36.388 1842 INFO rally.task.context [-] Task 388226ed-d1fa-4986-a516-b0a3bbc548d8 | Context quotas@openstack setup() finished in 1.66 sec
2019-06-04 19:10:36.389 1842 INFO rally.task.context [-] Task 388226ed-d1fa-4986-a516-b0a3bbc548d8 | Context cleanup@openstack setup() finished in 0.01 msec
2019-06-04 19:10:36.396 1842 RALLYDEBUG rally.task.runner [-] Starting the constant runner (task UUID: 388226ed-d1fa-4986-a516-b0a3bbc548d8). timeout: 0 concurrency: 4 concurrency_per_worker: 1 times: 10 concurrency_overhead: 0 processes_to_start: 4 max_cpu_used: 16
2019-06-04 19:10:36.408 2598 RALLYDEBUG rally.task.runner [-] Starting a worker. concurrency: 1 args: {"detailed": true, "size": 1} times: 10 method_name: run timeout: 0 duration: None cls:
2019-06-04 19:10:36.411 2599 RALLYDEBUG rally.task.runner [-] Starting a worker. concurrency: 1 args: {"detailed": true, "size": 1} times: 10 method_name: run timeout: 0 duration: None cls:
2019-06-04 19:10:36.414 2598 INFO rally.task.runner [-] Task 388226ed-d1fa-4986-a516-b0a3bbc548d8 | ITER: 1 START
2019-06-04 19:10:36.414 2600 RALLYDEBUG rally.task.runner [-] Starting a worker. concurrency: 1 args: {"detailed": true, "size": 1} times: 10 method_name: run timeout: 0 duration: None cls:
2019-06-04 19:10:36.415 2601 RALLYDEBUG rally.task.runner [-] Starting a worker. concurrency: 1 args: {"detailed": true, "size": 1} times: 10 method_name: run timeout: 0 duration: None cls:
2019-06-04 19:10:36.418 2599 INFO rally.task.runner [-] Task 388226ed-d1fa-4986-a516-b0a3bbc548d8 | ITER: 2 START
2019-06-04 19:10:36.420 2601 INFO rally.task.runner [-] Task 388226ed-d1fa-4986-a516-b0a3bbc548d8 | ITER: 4 START
2019-06-04 19:10:36.422 2600 INFO rally.task.runner [-] Task 388226ed-d1fa-4986-a516-b0a3bbc548d8 | ITER: 3 START
2019-06-04 19:10:40.452 2601 INFO rally.task.runner [-] Task 388226ed-d1fa-4986-a516-b0a3bbc548d8 | ITER: 4 END: OK
2019-06-04 19:10:40.455 2599 INFO rally.task.runner [-] Task 388226ed-d1fa-4986-a516-b0a3bbc548d8 | ITER: 2 END: OK
2019-06-04 19:10:40.457 2601 INFO rally.task.runner [-] Task 388226ed-d1fa-4986-a516-b0a3bbc548d8 | ITER: 5 START
2019-06-04 19:10:40.460 2599 INFO rally.task.runner [-] Task 388226ed-d1fa-4986-a516-b0a3bbc548d8 | ITER: 6 START
2019-06-04 19:10:40.485 2600 INFO rally.task.runner [-] Task 388226ed-d1fa-4986-a516-b0a3bbc548d8 | ITER: 3 END: OK
2019-06-04 19:10:40.489 2600 INFO rally.task.runner [-] Task 388226ed-d1fa-4986-a516-b0a3bbc548d8 | ITER: 7 START
2019-06-04 19:10:40.784 2598 INFO rally.task.runner [-] Task 388226ed-d1fa-4986-a516-b0a3bbc548d8 | ITER: 1 END: OK
2019-06-04 19:10:40.787 2598 INFO rally.task.runner [-] Task 388226ed-d1fa-4986-a516-b0a3bbc548d8 | ITER: 8 START
2019-06-04 19:10:44.304 2599 INFO rally.task.runner [-] Task 388226ed-d1fa-4986-a516-b0a3bbc548d8 | ITER: 6 END: OK
2019-06-04 19:10:44.309 2599 INFO rally.task.runner [-] Task 388226ed-d1fa-4986-a516-b0a3bbc548d8 | ITER: 9 START
2019-06-04 19:10:44.440 2601 INFO rally.task.runner [-] Task 388226ed-d1fa-4986-a516-b0a3bbc548d8 | ITER: 5 END: OK
2019-06-04 19:10:44.445 2601 INFO rally.task.runner [-] Task 388226ed-d1fa-4986-a516-b0a3bbc548d8 | ITER: 10 START
2019-06-04 19:10:44.706 2600 INFO rally.task.runner [-] Task 388226ed-d1fa-4986-a516-b0a3bbc548d8 | ITER: 7 END: OK
2019-06-04 19:10:44.793 2598 INFO rally.task.runner [-] Task 388226ed-d1fa-4986-a516-b0a3bbc548d8 | ITER: 8 END: OK
2019-06-04 19:10:48.166 2599 INFO rally.task.runner [-] Task 388226ed-d1fa-4986-a516-b0a3bbc548d8 | ITER: 9 END: OK
2019-06-04 19:10:48.266 2601 INFO rally.task.runner [-] Task 388226ed-d1fa-4986-a516-b0a3bbc548d8 | ITER: 10 END: OK
2019-06-04 19:10:48.286 1842 INFO rally.task.context [-] Task 388226ed-d1fa-4986-a516-b0a3bbc548d8 | Context cleanup@openstack cleanup() started
2019-06-04 19:10:48.289 1842 RALLYDEBUG rally_openstack.cleanup.manager [-] Cleaning up cinder backups objects
2019-06-04 19:10:50.539 1842 RALLYDEBUG rally_openstack.cleanup.manager [-] Cleaning up cinder volume_snapshots objects
2019-06-04 19:10:52.780 1842 RALLYDEBUG rally_openstack.cleanup.manager [-] Cleaning up cinder transfers objects
2019-06-04 19:10:54.890 1842 RALLYDEBUG rally_openstack.cleanup.manager [-] Cleaning up cinder volumes objects
2019-06-04 19:10:57.234 1842 RALLYDEBUG rally_openstack.cleanup.manager [-] Deleting cinder.volumes object s_rally_209f3399_VGm4kZTA (8301e166-68e8-4bf6-864d-05c1a98e9827)
2019-06-04 19:10:57.237 1842 RALLYDEBUG rally_openstack.cleanup.manager [-] Deleting cinder.volumes object s_rally_209f3399_r6M17m91 (2fa09593-93cd-499c-9646-bac152350c75)
2019-06-04 19:10:57.238 1842 RALLYDEBUG rally_openstack.cleanup.manager [-] Deleting cinder.volumes object s_rally_209f3399_lF8NSRFt (dfabab3f-fe90-47ad-8ced-078f1433f505)
2019-06-04 19:10:57.238 1842 RALLYDEBUG rally_openstack.cleanup.manager [-] Deleting cinder.volumes object s_rally_209f3399_1N9blq5w (04569d06-3f57-40f2-8ad2-f96b3b3f1cad)
2019-06-04 19:10:57.239 1842 RALLYDEBUG rally_openstack.cleanup.manager [-] Deleting cinder.volumes object s_rally_209f3399_eZ39aiYn (0f0ce597-bd3f-458b-bcd1-c85b700f91aa)
2019-06-04 19:10:57.240 1842 RALLYDEBUG rally_openstack.cleanup.manager [-] Deleting cinder.volumes object s_rally_209f3399_rYKMdQc3 (9e265d1b-9080-4d3b-b07c-c6661f2cdffe)
2019-06-04 19:10:57.242 1842 RALLYDEBUG rally_openstack.cleanup.manager [-] Deleting cinder.volumes object s_rally_209f3399_dr0pf3YA (580fe62a-dbfa-4ce2-a6eb-3079ea73ffb1)
2019-06-04 19:10:57.245 1842 RALLYDEBUG rally_openstack.cleanup.manager [-] Deleting cinder.volumes object s_rally_209f3399_24GCfGA9 (5efaa82f-c4fd-4305-b593-98fe78da24a1)
2019-06-04 19:10:57.246 1842 RALLYDEBUG rally_openstack.cleanup.manager [-] Deleting cinder.volumes object s_rally_209f3399_sMgGYMyV (4af65be2-8165-440c-86ca-14a337ea73c0)
2019-06-04 19:10:57.249 1842 RALLYDEBUG rally_openstack.cleanup.manager [-] Deleting cinder.volumes object s_rally_209f3399_JT24P4um (267e2878-49b6-4629-89e3-3c4b22c86cb1)
2019-06-04 19:11:02.242 1842 INFO rally.task.context [-] Task 388226ed-d1fa-4986-a516-b0a3bbc548d8 | Context cleanup@openstack cleanup() finished in 13.96 sec
2019-06-04 19:11:02.243 1842 INFO rally.task.context [-] Task 388226ed-d1fa-4986-a516-b0a3bbc548d8 | Context quotas@openstack cleanup() started
2019-06-04 19:11:03.027 1842 INFO rally.task.context [-] Task 388226ed-d1fa-4986-a516-b0a3bbc548d8 | Context quotas@openstack cleanup() finished in 0.78 sec
2019-06-04 19:11:03.027 1842 INFO rally.task.context [-] Task 388226ed-d1fa-4986-a516-b0a3bbc548d8 | Context api_versions@openstack cleanup() started
2019-06-04 19:11:03.028 1842 INFO rally.task.context [-] Task 388226ed-d1fa-4986-a516-b0a3bbc548d8 | Context api_versions@openstack cleanup() finished in 0.30 msec
2019-06-04 19:11:03.028 1842 INFO rally.task.context [-] Task 388226ed-d1fa-4986-a516-b0a3bbc548d8 | Context users@openstack cleanup() started
2019-06-04 19:11:11.035 1842 INFO rally.task.context [-] Task 388226ed-d1fa-4986-a516-b0a3bbc548d8 | Context users@openstack cleanup() finished in 8.01 sec
2019-06-04 19:11:11.723 1842 INFO rally.task.engine [-] Load duration is: 11.850029
2019-06-04 19:11:11.723 1842 INFO rally.task.engine [-] Full runner duration is: 11.890403
2019-06-04 19:11:11.723 1842 INFO rally.task.engine [-] Full duration is: 41.48528
2019-06-04 19:11:12.015 1842 INFO rally.task.engine [-] Running workload: position = 0 config = { "version": 2, "title": "A cropped version of a bigger task.", "description": "Auto-generated task from a single workload (uuid=34be0e2f-d9c1-4dba-8ab6-aea59bd01f40)", "subtasks": [ { "title": "CinderVolumes.create_and_upload_volume_to_image", "description": "Create and upload a volume to image.", "scenario": { "CinderVolumes.create_and_upload_volume_to_image": { "container_format": "bare", "disk_format": "raw", "do_delete": true, "force": false, "size": 1 } }, "contexts": { "users": { "tenants": 3, "users_per_tenant": 2 }, "quotas": { "cinder": { "gigabytes": -1, "snapshots": -1, "volumes": -1 } }, "api_versions": { "cinder": { "version": 3, "service_type": "volumev3" } } }, "runner": { "constant": { "concurrency": 4, "times": 10 } }, "hooks": [], "sla": { "failure_rate": { "max": 0 } } } ] }
