2019-02-20 18:56:39.060 17907 DEBUG tempest.lib.common.rest_client [req-231885c8-b125-454d-b0fe-81fc52d6f6bb ] Request - Headers: {'Content-Type': 'application/json', 'Accept': 'application/json', 'X-Auth-Token': ''} Body: None Response - Headers: {'status': '200', u'content-length': '617', 'content-location': 'http://172.30.9.34:9696/v2.0/ports/32969dde-e8a3-4480-ac6a-559497866db4', u'date': 'Wed, 20 Feb 2019 18:56:39 GMT', u'content-type': 'application/json', u'connection': 'close', u'x-openstack-request-id': 'req-231885c8-b125-454d-b0fe-81fc52d6f6bb'} Body: {"port":{"status":"ACTIVE","created_at":"2019-02-20T18:56:27Z","description":"","allowed_address_pairs":[],"tags":[],"network_id":"b76819cc-6647-4602-bfbd-aeacdb009590","tenant_id":"ed5ed407f3a4476eadd97a9714ab3043","extra_dhcp_opts":[],"admin_state_up":true,"updated_at":"2019-02-20T18:56:38Z","name":"","device_owner":"","revision_number":8,"mac_address":"fa:16:3e:13:36:f1","binding:vnic_type":"normal","port_security_enabled":true,"project_id":"ed5ed407f3a4476eadd97a9714ab3043","fixed_ips":[],"id":"32969dde-e8a3-4480-ac6a-559497866db4","security_groups":["607684dd-1d3a-4654-a990-927a37cfbb66"],"device_id":""}} _log_request_full /root/.rally/verification/verifier-bb5e03c6-f3b3-4c58-85ec-011bcd60cfa5/repo/tempest/lib/common/rest_client.py:437
2019-02-20 18:56:39.124 17907 INFO tempest.lib.common.rest_client [req-467a58c1-f917-4ab6-a1ef-cdc6b243dd46 ] Request (TrunkTest:test_trunk_subport_lifecycle): 200 GET http://172.30.9.34:9696/v2.0/ports/897859c3-1a92-48e2-934e-f2875b845b67 0.063s
2019-02-20 18:56:39.125 17907 DEBUG tempest.lib.common.rest_client [req-467a58c1-f917-4ab6-a1ef-cdc6b243dd46 ] Request - Headers: {'Content-Type': 'application/json', 'Accept': 'application/json', 'X-Auth-Token': ''} Body: None Response - Headers: {'status': '200', u'content-length': '617', 'content-location': 'http://172.30.9.34:9696/v2.0/ports/897859c3-1a92-48e2-934e-f2875b845b67', u'date': 'Wed, 20 Feb 2019 18:56:39 GMT', u'content-type': 'application/json', u'connection': 'close', u'x-openstack-request-id': 'req-467a58c1-f917-4ab6-a1ef-cdc6b243dd46'} Body: {"port":{"status":"ACTIVE","created_at":"2019-02-20T18:56:29Z","description":"","allowed_address_pairs":[],"tags":[],"network_id":"b1470ca1-0ffe-43fa-baa3-043ecd150418","tenant_id":"ed5ed407f3a4476eadd97a9714ab3043","extra_dhcp_opts":[],"admin_state_up":true,"updated_at":"2019-02-20T18:56:38Z","name":"","device_owner":"","revision_number":8,"mac_address":"fa:16:3e:48:da:46","binding:vnic_type":"normal","port_security_enabled":true,"project_id":"ed5ed407f3a4476eadd97a9714ab3043","fixed_ips":[],"id":"897859c3-1a92-48e2-934e-f2875b845b67","security_groups":["607684dd-1d3a-4654-a990-927a37cfbb66"],"device_id":""}} _log_request_full /root/.rally/verification/verifier-bb5e03c6-f3b3-4c58-85ec-011bcd60cfa5/repo/tempest/lib/common/rest_client.py:437
2019-02-20 18:56:39.284 17906 INFO tempest.lib.common.rest_client [req-fa9afee2-7643-4ccc-9534-8c62cc0defd9 ] Request (TrunkTestJSON:_run_cleanups): 204 DELETE http://172.30.9.34:9696/v2.0/ports/8d434dc0-96f1-4e72-82dd-fecff3b69bbf 0.396s
2019-02-20 18:56:39.284 17906 DEBUG tempest.lib.common.rest_client [req-fa9afee2-7643-4ccc-9534-8c62cc0defd9 ] Request - Headers: {'Content-Type': 'application/json', 'Accept': 'application/json', 'X-Auth-Token': ''} Body: None Response - Headers: {'status': '204', u'content-length': '0', 'content-location': 'http://172.30.9.34:9696/v2.0/ports/8d434dc0-96f1-4e72-82dd-fecff3b69bbf', u'date': 'Wed, 20 Feb 2019 18:56:39 GMT', u'connection': 'close', u'x-openstack-request-id': 'req-fa9afee2-7643-4ccc-9534-8c62cc0defd9'} Body: _log_request_full /root/.rally/verification/verifier-bb5e03c6-f3b3-4c58-85ec-011bcd60cfa5/repo/tempest/lib/common/rest_client.py:437
2019-02-20 18:56:39.360 17907 INFO tempest.lib.common.rest_client [req-e98c352c-f69b-461c-a193-4cfd2dab6240 ] Request (TrunkTest:test_trunk_subport_lifecycle): 200 GET http://172.30.9.34:9696/v2.0/ports/186daab1-1ef5-4b52-a681-357ae5127ea8 0.234s
2019-02-20 18:56:39.360 17907 DEBUG tempest.lib.common.rest_client [req-e98c352c-f69b-461c-a193-4cfd2dab6240 ] Request - Headers: {'Content-Type': 'application/json', 'Accept': 'application/json', 'X-Auth-Token': ''} Body: None Response - Headers: {'status': '200', u'content-length': '617', 'content-location': 'http://172.30.9.34:9696/v2.0/ports/186daab1-1ef5-4b52-a681-357ae5127ea8', u'date': 'Wed, 20 Feb 2019 18:56:39 GMT', u'content-type': 'application/json', u'connection': 'close', u'x-openstack-request-id': 'req-e98c352c-f69b-461c-a193-4cfd2dab6240'} Body: {"port":{"status":"ACTIVE","created_at":"2019-02-20T18:56:30Z","description":"","allowed_address_pairs":[],"tags":[],"network_id":"81dfde53-0fc9-4c92-90fe-a1e2278e5e92","tenant_id":"ed5ed407f3a4476eadd97a9714ab3043","extra_dhcp_opts":[],"admin_state_up":true,"updated_at":"2019-02-20T18:56:38Z","name":"","device_owner":"","revision_number":8,"mac_address":"fa:16:3e:23:51:b5","binding:vnic_type":"normal","port_security_enabled":true,"project_id":"ed5ed407f3a4476eadd97a9714ab3043","fixed_ips":[],"id":"186daab1-1ef5-4b52-a681-357ae5127ea8","security_groups":["607684dd-1d3a-4654-a990-927a37cfbb66"],"device_id":""}} _log_request_full /root/.rally/verification/verifier-bb5e03c6-f3b3-4c58-85ec-011bcd60cfa5/repo/tempest/lib/common/rest_client.py:437
2019-02-20 18:56:39.413 17907 INFO tempest.lib.common.rest_client [req-900e0d18-764a-4dbb-a640-efd4fb96d2ec ] Request (TrunkTest:test_trunk_subport_lifecycle): 200 GET http://172.30.9.34:9696/v2.0/ports/1be82afe-dcae-4a87-9aee-d0801d598c5c 0.052s
2019-02-20 18:56:39.414 17907 DEBUG tempest.lib.common.rest_client [req-900e0d18-764a-4dbb-a640-efd4fb96d2ec ] Request - Headers: {'Content-Type': 'application/json', 'Accept': 'application/json', 'X-Auth-Token': ''} Body: None Response - Headers: {'status': '200', u'content-length': '617', 'content-location': 'http://172.30.9.34:9696/v2.0/ports/1be82afe-dcae-4a87-9aee-d0801d598c5c', u'date': 'Wed, 20 Feb 2019 18:56:39 GMT', u'content-type': 'application/json', u'connection': 'close', u'x-openstack-request-id': 'req-900e0d18-764a-4dbb-a640-efd4fb96d2ec'} Body: {"port":{"status":"ACTIVE","created_at":"2019-02-20T18:56:32Z","description":"","allowed_address_pairs":[],"tags":[],"network_id":"76f9c87e-06e7-4aea-b50f-7d071e1a6ec3","tenant_id":"ed5ed407f3a4476eadd97a9714ab3043","extra_dhcp_opts":[],"admin_state_up":true,"updated_at":"2019-02-20T18:56:38Z","name":"","device_owner":"","revision_number":8,"mac_address":"fa:16:3e:d2:9c:68","binding:vnic_type":"normal","port_security_enabled":true,"project_id":"ed5ed407f3a4476eadd97a9714ab3043","fixed_ips":[],"id":"1be82afe-dcae-4a87-9aee-d0801d598c5c","security_groups":["607684dd-1d3a-4654-a990-927a37cfbb66"],"device_id":""}} _log_request_full /root/.rally/verification/verifier-bb5e03c6-f3b3-4c58-85ec-011bcd60cfa5/repo/tempest/lib/common/rest_client.py:437
2019-02-20 18:56:39.415 17907 INFO tempest.lib.common.ssh [-] Creating ssh connection to '172.30.9.209:22' as 'cirros' with public key authentication
2019-02-20 18:56:39.417 17907 INFO paramiko.transport [-] Connected (version 2.0, client dropbear_2015.67)
2019-02-20 18:56:39.480 17907 INFO paramiko.transport [-] Authentication (publickey) successful!
2019-02-20 18:56:39.481 17907 INFO tempest.lib.common.ssh [-] ssh connection to cirros@172.30.9.209 successfully created
2019-02-20 18:56:39.556 17910 INFO tempest.lib.common.rest_client [req-a764fae4-d8b8-4c29-ba1e-1004ad080d89 ] Request (TrunkTestJSON:test_create_trunk_with_subport_missing_segmentation_id): 201 POST http://172.30.9.34:9696/v2.0/ports 0.933s
2019-02-20 18:56:39.557 17910 DEBUG tempest.lib.common.rest_client [req-a764fae4-d8b8-4c29-ba1e-1004ad080d89 ] Request - Headers: {'Content-Type': 'application/json', 'Accept': 'application/json', 'X-Auth-Token': ''} Body: {"port": {"network_id": "bd8bf853-19de-4df9-a11f-d9ad255c7639"}} Response - Headers: {'status': '201', u'content-length': '615', 'content-location': 'http://172.30.9.34:9696/v2.0/ports', u'date': 'Wed, 20 Feb 2019 18:56:39 GMT', u'content-type': 'application/json', u'connection': 'close', u'x-openstack-request-id': 'req-a764fae4-d8b8-4c29-ba1e-1004ad080d89'} Body: {"port":{"status":"DOWN","created_at":"2019-02-20T18:56:38Z","description":"","allowed_address_pairs":[],"tags":[],"network_id":"bd8bf853-19de-4df9-a11f-d9ad255c7639","tenant_id":"332d6feb034643fe8ef18dba94ac5cd7","extra_dhcp_opts":[],"admin_state_up":true,"updated_at":"2019-02-20T18:56:39Z","name":"","device_owner":"","revision_number":5,"mac_address":"fa:16:3e:73:fc:7a","binding:vnic_type":"normal","port_security_enabled":true,"project_id":"332d6feb034643fe8ef18dba94ac5cd7","fixed_ips":[],"id":"6d0628a1-b5cd-49d7-a067-3f069e536412","security_groups":["3b12925e-fcb8-4dc5-a02c-6c493b5f03ae"],"device_id":""}} _log_request_full /root/.rally/verification/verifier-bb5e03c6-f3b3-4c58-85ec-011bcd60cfa5/repo/tempest/lib/common/rest_client.py:437
2019-02-20 18:56:39.566 17910 INFO tempest.lib.common.rest_client [req-029d3982-b336-4c64-974c-0d8883797deb ] Request (TrunkTestJSON:test_create_trunk_with_subport_missing_segmentation_id): 400 POST http://172.30.9.34:9696/v2.0/trunks 0.008s
2019-02-20 18:56:39.567 17910 DEBUG tempest.lib.common.rest_client [req-029d3982-b336-4c64-974c-0d8883797deb ] Request - Headers: {'Content-Type': 'application/json', 'Accept': 'application/json', 'X-Auth-Token': ''} Body: {"trunk": {"sub_ports": [{"segmentation_type": "vlan", "port_id": "483b779f-34a7-4c4d-a667-d3bde461a020"}], "port_id": "6d0628a1-b5cd-49d7-a067-3f069e536412"}} Response - Headers: {'status': '400', u'content-length': '312', 'content-location': 'http://172.30.9.34:9696/v2.0/trunks', u'date': 'Wed, 20 Feb 2019 18:56:39 GMT', u'content-type': 'application/json', u'connection': 'close', u'x-openstack-request-id': 'req-029d3982-b336-4c64-974c-0d8883797deb'} Body: {"NeutronError": {"message": "Invalid input for sub_ports. Reason: Invalid subport details '{u'segmentation_type': u'vlan', u'port_id': u'483b779f-34a7-4c4d-a667-d3bde461a020'}': missing segmentation information. Must specify both segmentation_id and segmentation_type.", "type": "HTTPBadRequest", "detail": ""}} _log_request_full /root/.rally/verification/verifier-bb5e03c6-f3b3-4c58-85ec-011bcd60cfa5/repo/tempest/lib/common/rest_client.py:437
2019-02-20 18:56:39.583 17910 INFO tempest.lib.common.rest_client [req-70123e69-4bcc-4c55-bd59-f250d15efd4d ] Request (TrunkTestJSON:_run_cleanups): 404 GET http://172.30.9.34:9696/v2.0/trunks/ae5da9cd-3a8e-4a2a-b516-fee87fdc3842/get_subports 0.016s
2019-02-20 18:56:39.584 17910 DEBUG tempest.lib.common.rest_client [req-70123e69-4bcc-4c55-bd59-f250d15efd4d ] Request - Headers: {'Content-Type': 'application/json', 'Accept': 'application/json', 'X-Auth-Token': ''} Body: None Response - Headers: {'status': '404', u'content-length': '134', 'content-location': 'http://172.30.9.34:9696/v2.0/trunks/ae5da9cd-3a8e-4a2a-b516-fee87fdc3842/get_subports', u'date': 'Wed, 20 Feb 2019 18:56:39 GMT', u'content-type': 'application/json', u'connection': 'close', u'x-openstack-request-id': 'req-70123e69-4bcc-4c55-bd59-f250d15efd4d'} Body: {"NeutronError": {"message": "Trunk ae5da9cd-3a8e-4a2a-b516-fee87fdc3842 could not be found.", "type": "TrunkNotFound", "detail": ""}} _log_request_full /root/.rally/verification/verifier-bb5e03c6-f3b3-4c58-85ec-011bcd60cfa5/repo/tempest/lib/common/rest_client.py:437
2019-02-20 18:56:39.595 17907 INFO tempest.lib.common.ssh [-] Creating ssh connection to '172.30.9.205:22' as 'cirros' with public key authentication
2019-02-20 18:56:39.598 17907 INFO paramiko.transport [-] Connected (version 2.0, client dropbear_2015.67)
2019-02-20 18:56:39.600 17910 INFO tempest.lib.common.rest_client [req-d5f3f256-8bf9-42c8-9b75-d92b10b97017 ] Request (TrunkTestJSON:_run_cleanups): 404 DELETE http://172.30.9.34:9696/v2.0/trunks/ae5da9cd-3a8e-4a2a-b516-fee87fdc3842 0.016s
2019-02-20 18:56:39.601 17910 DEBUG tempest.lib.common.rest_client [req-d5f3f256-8bf9-42c8-9b75-d92b10b97017 ] Request - Headers: {'Content-Type': 'application/json', 'Accept': 'application/json', 'X-Auth-Token': ''} Body: None Response - Headers: {'status': '404', u'content-length': '134', 'content-location': 'http://172.30.9.34:9696/v2.0/trunks/ae5da9cd-3a8e-4a2a-b516-fee87fdc3842', u'date': 'Wed, 20 Feb 2019 18:56:39 GMT', u'content-type': 'application/json', u'connection': 'close', u'x-openstack-request-id': 'req-d5f3f256-8bf9-42c8-9b75-d92b10b97017'} Body: {"NeutronError": {"message": "Trunk ae5da9cd-3a8e-4a2a-b516-fee87fdc3842 could not be found.", "type": "TrunkNotFound", "detail": ""}} _log_request_full /root/.rally/verification/verifier-bb5e03c6-f3b3-4c58-85ec-011bcd60cfa5/repo/tempest/lib/common/rest_client.py:437
2019-02-20 18:56:39.615 17910 INFO tempest.lib.common.rest_client [req-6ce593cd-121f-4baa-8561-69dbfd2c1489 ] Request (TrunkTestJSON:_run_cleanups): 404 GET http://172.30.9.34:9696/v2.0/trunks/fde815a0-5ae7-4f29-9347-4c48c468e301/get_subports 0.014s
2019-02-20 18:56:39.616 17910 DEBUG tempest.lib.common.rest_client [req-6ce593cd-121f-4baa-8561-69dbfd2c1489 ] Request - Headers: {'Content-Type': 'application/json', 'Accept': 'application/json', 'X-Auth-Token': ''} Body: None Response - Headers: {'status': '404', u'content-length': '134', 'content-location': 'http://172.30.9.34:9696/v2.0/trunks/fde815a0-5ae7-4f29-9347-4c48c468e301/get_subports', u'date': 'Wed, 20 Feb 2019 18:56:39 GMT', u'content-type': 'application/json', u'connection': 'close', u'x-openstack-request-id': 'req-6ce593cd-121f-4baa-8561-69dbfd2c1489'} Body: {"NeutronError": {"message": "Trunk fde815a0-5ae7-4f29-9347-4c48c468e301 could not be found.", "type": "TrunkNotFound", "detail": ""}} _log_request_full /root/.rally/verification/verifier-bb5e03c6-f3b3-4c58-85ec-011bcd60cfa5/repo/tempest/lib/common/rest_client.py:437
2019-02-20 18:56:39.642 17910 INFO tempest.lib.common.rest_client [req-9a6833a5-8dbe-42cd-b8a8-f1b60daa0359 ] Request (TrunkTestJSON:_run_cleanups): 404 DELETE http://172.30.9.34:9696/v2.0/trunks/fde815a0-5ae7-4f29-9347-4c48c468e301 0.025s
2019-02-20 18:56:39.642 17910 DEBUG tempest.lib.common.rest_client [req-9a6833a5-8dbe-42cd-b8a8-f1b60daa0359 ] Request - Headers: {'Content-Type': 'application/json', 'Accept': 'application/json', 'X-Auth-Token': ''} Body: None Response - Headers: {'status': '404', u'content-length': '134', 'content-location': 'http://172.30.9.34:9696/v2.0/trunks/fde815a0-5ae7-4f29-9347-4c48c468e301', u'date': 'Wed, 20 Feb 2019 18:56:39 GMT', u'content-type': 'application/json', u'connection': 'close', u'x-openstack-request-id': 'req-9a6833a5-8dbe-42cd-b8a8-f1b60daa0359'} Body: {"NeutronError": {"message": "Trunk fde815a0-5ae7-4f29-9347-4c48c468e301 could not be found.", "type": "TrunkNotFound", "detail": ""}} _log_request_full /root/.rally/verification/verifier-bb5e03c6-f3b3-4c58-85ec-011bcd60cfa5/repo/tempest/lib/common/rest_client.py:437
2019-02-20 18:56:39.654 17906 INFO tempest.lib.common.rest_client [req-90c21f2d-4a8c-4ecd-9d63-d9d518b7424d ] Request (TrunkTestJSON:_run_cleanups): 204 DELETE http://172.30.9.34:9696/v2.0/ports/6509cd2a-44b6-4fa7-9b0e-867ca0805eb5 0.369s
2019-02-20 18:56:39.654 17906 DEBUG tempest.lib.common.rest_client [req-90c21f2d-4a8c-4ecd-9d63-d9d518b7424d ] Request - Headers: {'Content-Type': 'application/json', 'Accept': 'application/json', 'X-Auth-Token': ''} Body: None Response - Headers: {'status': '204', u'content-length': '0', 'content-location': 'http://172.30.9.34:9696/v2.0/ports/6509cd2a-44b6-4fa7-9b0e-867ca0805eb5', u'date': 'Wed, 20 Feb 2019 18:56:39 GMT', u'connection': 'close', u'x-openstack-request-id': 'req-90c21f2d-4a8c-4ecd-9d63-d9d518b7424d'} Body: _log_request_full /root/.rally/verification/verifier-bb5e03c6-f3b3-4c58-85ec-011bcd60cfa5/repo/tempest/lib/common/rest_client.py:437
2019-02-20 18:56:39.656 17910 INFO tempest.lib.common.rest_client [req-e4aad314-9af6-4d7a-96c7-217429176dd3 ] Request (TrunkTestJSON:_run_cleanups): 404 GET http://172.30.9.34:9696/v2.0/trunks/c8ff83e6-1c26-43a3-9961-553cf35ef49c/get_subports 0.013s
2019-02-20 18:56:39.657 17910 DEBUG tempest.lib.common.rest_client [req-e4aad314-9af6-4d7a-96c7-217429176dd3 ] Request - Headers: {'Content-Type': 'application/json', 'Accept': 'application/json', 'X-Auth-Token': ''} Body: None Response - Headers: {'status': '404', u'content-length': '134', 'content-location': 'http://172.30.9.34:9696/v2.0/trunks/c8ff83e6-1c26-43a3-9961-553cf35ef49c/get_subports', u'date': 'Wed, 20 Feb 2019 18:56:39 GMT', u'content-type': 'application/json', u'connection': 'close', u'x-openstack-request-id': 'req-e4aad314-9af6-4d7a-96c7-217429176dd3'} Body: {"NeutronError": {"message": "Trunk c8ff83e6-1c26-43a3-9961-553cf35ef49c could not be found.", "type": "TrunkNotFound", "detail": ""}} _log_request_full /root/.rally/verification/verifier-bb5e03c6-f3b3-4c58-85ec-011bcd60cfa5/repo/tempest/lib/common/rest_client.py:437
2019-02-20 18:56:39.658 17907 INFO paramiko.transport [-] Authentication (publickey) successful!
2019-02-20 18:56:39.662 17907 INFO tempest.lib.common.ssh [-] ssh connection to cirros@172.30.9.205 successfully created
2019-02-20 18:56:39.673 17910 INFO tempest.lib.common.rest_client [req-390dd3e8-633c-4052-b67f-f7c45bad0b71 ] Request (TrunkTestJSON:_run_cleanups): 404 DELETE http://172.30.9.34:9696/v2.0/trunks/c8ff83e6-1c26-43a3-9961-553cf35ef49c 0.015s
2019-02-20 18:56:39.673 17910 DEBUG tempest.lib.common.rest_client [req-390dd3e8-633c-4052-b67f-f7c45bad0b71 ] Request - Headers: {'Content-Type': 'application/json', 'Accept': 'application/json', 'X-Auth-Token': ''} Body: None Response - Headers: {'status': '404', u'content-length': '134', 'content-location': 'http://172.30.9.34:9696/v2.0/trunks/c8ff83e6-1c26-43a3-9961-553cf35ef49c', u'date': 'Wed, 20 Feb 2019 18:56:39 GMT', u'content-type': 'application/json', u'connection': 'close', u'x-openstack-request-id': 'req-390dd3e8-633c-4052-b67f-f7c45bad0b71'} Body: {"NeutronError": {"message": "Trunk c8ff83e6-1c26-43a3-9961-553cf35ef49c could not be found.", "type": "TrunkNotFound", "detail": ""}} _log_request_full /root/.rally/verification/verifier-bb5e03c6-f3b3-4c58-85ec-011bcd60cfa5/repo/tempest/lib/common/rest_client.py:437
2019-02-20 18:56:39.679 17906 INFO tempest.lib.common.rest_client [req-d49ce168-573e-4fb0-9eda-a07ab3750cec ] Request (TrunkTestJSON:_run_cleanups): 404 DELETE http://172.30.9.34:9696/v2.0/networks/134937e6-68cd-4301-9ff6-cf20a929a1f0 0.024s
2019-02-20 18:56:39.679 17906 DEBUG tempest.lib.common.rest_client [req-d49ce168-573e-4fb0-9eda-a07ab3750cec ] Request - Headers: {'Content-Type': 'application/json', 'Accept': 'application/json', 'X-Auth-Token': ''} Body: None Response - Headers: {'status': '404', u'content-length': '138', 'content-location': 'http://172.30.9.34:9696/v2.0/networks/134937e6-68cd-4301-9ff6-cf20a929a1f0', u'date': 'Wed, 20 Feb 2019 18:56:39 GMT', u'content-type': 'application/json', u'connection': 'close', u'x-openstack-request-id': 'req-d49ce168-573e-4fb0-9eda-a07ab3750cec'} Body: {"NeutronError": {"message": "Network 134937e6-68cd-4301-9ff6-cf20a929a1f0 could not be found.", "type": "NetworkNotFound", "detail": ""}} _log_request_full /root/.rally/verification/verifier-bb5e03c6-f3b3-4c58-85ec-011bcd60cfa5/repo/tempest/lib/common/rest_client.py:437
2019-02-20 18:56:39.686 17910 INFO tempest.lib.common.rest_client [req-2656e0db-f110-4421-9590-780a6cf7e2be ] Request (TrunkTestJSON:_run_cleanups): 404 GET http://172.30.9.34:9696/v2.0/trunks/cfb86283-17b1-4d2f-b467-d8c318719d36/get_subports 0.012s
2019-02-20 18:56:39.687 17910 DEBUG tempest.lib.common.rest_client [req-2656e0db-f110-4421-9590-780a6cf7e2be ] Request - Headers: {'Content-Type': 'application/json', 'Accept': 'application/json', 'X-Auth-Token': ''} Body: None Response - Headers: {'status': '404', u'content-length': '134', 'content-location': 'http://172.30.9.34:9696/v2.0/trunks/cfb86283-17b1-4d2f-b467-d8c318719d36/get_subports', u'date': 'Wed, 20 Feb 2019 18:56:39 GMT', u'content-type': 'application/json', u'connection': 'close', u'x-openstack-request-id': 'req-2656e0db-f110-4421-9590-780a6cf7e2be'} Body: {"NeutronError": {"message": "Trunk cfb86283-17b1-4d2f-b467-d8c318719d36 could not be found.", "type": "TrunkNotFound", "detail": ""}} _log_request_full /root/.rally/verification/verifier-bb5e03c6-f3b3-4c58-85ec-011bcd60cfa5/repo/tempest/lib/common/rest_client.py:437
2019-02-20 18:56:39.701 17910 INFO tempest.lib.common.rest_client [req-6998c5ea-579c-4f77-a9e3-48acb26fa887 ] Request (TrunkTestJSON:_run_cleanups): 404 DELETE http://172.30.9.34:9696/v2.0/trunks/cfb86283-17b1-4d2f-b467-d8c318719d36 0.014s
2019-02-20 18:56:39.702 17910 DEBUG tempest.lib.common.rest_client [req-6998c5ea-579c-4f77-a9e3-48acb26fa887 ] Request - Headers: {'Content-Type': 'application/json', 'Accept': 'application/json', 'X-Auth-Token': ''} Body: None Response - Headers: {'status': '404', u'content-length': '134', 'content-location': 'http://172.30.9.34:9696/v2.0/trunks/cfb86283-17b1-4d2f-b467-d8c318719d36', u'date': 'Wed, 20 Feb 2019 18:56:39 GMT', u'content-type': 'application/json', u'connection': 'close', u'x-openstack-request-id': 'req-6998c5ea-579c-4f77-a9e3-48acb26fa887'} Body: {"NeutronError": {"message": "Trunk cfb86283-17b1-4d2f-b467-d8c318719d36 could not be found.", "type": "TrunkNotFound", "detail": ""}} _log_request_full /root/.rally/verification/verifier-bb5e03c6-f3b3-4c58-85ec-011bcd60cfa5/repo/tempest/lib/common/rest_client.py:437
2019-02-20 18:56:39.704 17906 INFO tempest.lib.common.rest_client [req-8ade5174-93b7-480a-a531-40da6beadfc2 ] Request (TrunkTestJSON:_run_cleanups): 404 DELETE http://172.30.9.34:9696/v2.0/networks/7ab66606-840a-405c-8a3b-0f9209bbebfe 0.024s
2019-02-20 18:56:39.704 17906 DEBUG tempest.lib.common.rest_client [req-8ade5174-93b7-480a-a531-40da6beadfc2 ] Request - Headers: {'Content-Type': 'application/json', 'Accept': 'application/json', 'X-Auth-Token': ''} Body: None Response - Headers: {'status': '404', u'content-length': '138', 'content-location': 'http://172.30.9.34:9696/v2.0/networks/7ab66606-840a-405c-8a3b-0f9209bbebfe', u'date': 'Wed, 20 Feb 2019 18:56:39 GMT', u'content-type': 'application/json', u'connection': 'close', u'x-openstack-request-id': 'req-8ade5174-93b7-480a-a531-40da6beadfc2'} Body: {"NeutronError": {"message": "Network 7ab66606-840a-405c-8a3b-0f9209bbebfe could not be found.", "type": "NetworkNotFound", "detail": ""}} _log_request_full /root/.rally/verification/verifier-bb5e03c6-f3b3-4c58-85ec-011bcd60cfa5/repo/tempest/lib/common/rest_client.py:437
2019-02-20 18:56:39.718 17910 INFO tempest.lib.common.rest_client [req-865b6a8c-256a-43ce-87bf-3cee3bcb2a45 ] Request (TrunkTestJSON:_run_cleanups): 404 GET http://172.30.9.34:9696/v2.0/trunks/d1abe4e5-68c8-46dd-94b1-19d954df4af4/get_subports 0.016s
2019-02-20 18:56:39.718 17910 DEBUG tempest.lib.common.rest_client [req-865b6a8c-256a-43ce-87bf-3cee3bcb2a45 ] Request - Headers: {'Content-Type': 'application/json', 'Accept': 'application/json', 'X-Auth-Token': ''} Body: None Response - Headers: {'status': '404', u'content-length': '134', 'content-location': 'http://172.30.9.34:9696/v2.0/trunks/d1abe4e5-68c8-46dd-94b1-19d954df4af4/get_subports', u'date': 'Wed, 20 Feb 2019 18:56:39 GMT', u'content-type': 'application/json', u'connection': 'close', u'x-openstack-request-id': 'req-865b6a8c-256a-43ce-87bf-3cee3bcb2a45'} Body: {"NeutronError": {"message": "Trunk d1abe4e5-68c8-46dd-94b1-19d954df4af4 could not be found.", "type": "TrunkNotFound", "detail": ""}} _log_request_full /root/.rally/verification/verifier-bb5e03c6-f3b3-4c58-85ec-011bcd60cfa5/repo/tempest/lib/common/rest_client.py:437
2019-02-20 18:56:39.725 17906 INFO tempest.lib.common.rest_client [req-4e35e1a9-c476-4d10-a057-7e7dfa79d83e ] Request (TrunkTestJSON:_run_cleanups): 404 DELETE http://172.30.9.34:9696/v2.0/networks/376e3c86-f03b-4ce1-a26d-118b759bc682 0.019s
2019-02-20 18:56:39.725 17906 DEBUG tempest.lib.common.rest_client [req-4e35e1a9-c476-4d10-a057-7e7dfa79d83e ] Request - Headers: {'Content-Type': 'application/json', 'Accept': 'application/json', 'X-Auth-Token': ''} Body: None Response - Headers: {'status': '404', u'content-length': '138', 'content-location': 'http://172.30.9.34:9696/v2.0/networks/376e3c86-f03b-4ce1-a26d-118b759bc682', u'date': 'Wed, 20 Feb 2019 18:56:39 GMT', u'content-type': 'application/json', u'connection': 'close', u'x-openstack-request-id': 'req-4e35e1a9-c476-4d10-a057-7e7dfa79d83e'} Body: {"NeutronError": {"message": "Network 376e3c86-f03b-4ce1-a26d-118b759bc682 could not be found.", "type": "NetworkNotFound", "detail": ""}} _log_request_full /root/.rally/verification/verifier-bb5e03c6-f3b3-4c58-85ec-011bcd60cfa5/repo/tempest/lib/common/rest_client.py:437
2019-02-20 18:56:39.734 17910 INFO tempest.lib.common.rest_client [req-7d5a1440-bdb2-4c3a-9198-f966e0feb491 ] Request (TrunkTestJSON:_run_cleanups): 404 DELETE http://172.30.9.34:9696/v2.0/trunks/d1abe4e5-68c8-46dd-94b1-19d954df4af4 0.015s
2019-02-20 18:56:39.734 17910 DEBUG tempest.lib.common.rest_client [req-7d5a1440-bdb2-4c3a-9198-f966e0feb491 ] Request - Headers: {'Content-Type': 'application/json', 'Accept': 'application/json', 'X-Auth-Token': ''} Body: None Response - Headers: {'status': '404', u'content-length': '134', 'content-location': 'http://172.30.9.34:9696/v2.0/trunks/d1abe4e5-68c8-46dd-94b1-19d954df4af4', u'date': 'Wed, 20 Feb 2019 18:56:39 GMT', u'content-type': 'application/json', u'connection': 'close', u'x-openstack-request-id': 'req-7d5a1440-bdb2-4c3a-9198-f966e0feb491'} Body: {"NeutronError": {"message": "Trunk d1abe4e5-68c8-46dd-94b1-19d954df4af4 could not be found.", "type": "TrunkNotFound", "detail": ""}} _log_request_full /root/.rally/verification/verifier-bb5e03c6-f3b3-4c58-85ec-011bcd60cfa5/repo/tempest/lib/common/rest_client.py:437
2019-02-20 18:56:39.747 17910 INFO tempest.lib.common.rest_client [req-d9df89a0-20a3-4fc5-b0d7-e2863d43e2a5 ] Request (TrunkTestJSON:_run_cleanups): 404 GET http://172.30.9.34:9696/v2.0/trunks/860d0ac2-6a24-4ef7-8381-40642d299959/get_subports 0.012s
2019-02-20 18:56:39.748 17906 INFO tempest.lib.common.rest_client [req-ecde2fbc-865c-4458-aaff-170aa9ac52d5 ] Request (TrunkTestJSON:_run_cleanups): 404 DELETE http://172.30.9.34:9696/v2.0/networks/856f2087-e7c9-4e6d-b31f-3dcdc6ff7459 0.022s
2019-02-20 18:56:39.748 17910 DEBUG tempest.lib.common.rest_client [req-d9df89a0-20a3-4fc5-b0d7-e2863d43e2a5 ] Request - Headers: {'Content-Type': 'application/json', 'Accept': 'application/json', 'X-Auth-Token': ''} Body: None Response - Headers: {'status': '404', u'content-length': '134', 'content-location': 'http://172.30.9.34:9696/v2.0/trunks/860d0ac2-6a24-4ef7-8381-40642d299959/get_subports', u'date': 'Wed, 20 Feb 2019 18:56:39 GMT', u'content-type': 'application/json', u'connection': 'close', u'x-openstack-request-id': 'req-d9df89a0-20a3-4fc5-b0d7-e2863d43e2a5'} Body: {"NeutronError": {"message": "Trunk 860d0ac2-6a24-4ef7-8381-40642d299959 could not be found.", "type": "TrunkNotFound", "detail": ""}} _log_request_full /root/.rally/verification/verifier-bb5e03c6-f3b3-4c58-85ec-011bcd60cfa5/repo/tempest/lib/common/rest_client.py:437
2019-02-20 18:56:39.748 17906 DEBUG tempest.lib.common.rest_client [req-ecde2fbc-865c-4458-aaff-170aa9ac52d5 ] Request - Headers: {'Content-Type': 'application/json', 'Accept': 'application/json', 'X-Auth-Token': ''} Body: None Response - Headers: {'status': '404', u'content-length': '138', 'content-location': 'http://172.30.9.34:9696/v2.0/networks/856f2087-e7c9-4e6d-b31f-3dcdc6ff7459', u'date': 'Wed, 20 Feb 2019 18:56:39 GMT', u'content-type': 'application/json', u'connection': 'close', u'x-openstack-request-id': 'req-ecde2fbc-865c-4458-aaff-170aa9ac52d5'} Body: {"NeutronError": {"message": "Network 856f2087-e7c9-4e6d-b31f-3dcdc6ff7459 could not be found.", "type": "NetworkNotFound", "detail": ""}} _log_request_full /root/.rally/verification/verifier-bb5e03c6-f3b3-4c58-85ec-011bcd60cfa5/repo/tempest/lib/common/rest_client.py:437
2019-02-20 18:56:39.763 17910 INFO tempest.lib.common.rest_client [req-4c44cfef-1a4a-4cdf-827f-04649bbdc9b8 ] Request (TrunkTestJSON:_run_cleanups): 404 DELETE http://172.30.9.34:9696/v2.0/trunks/860d0ac2-6a24-4ef7-8381-40642d299959 0.014s
2019-02-20 18:56:39.764 17910 DEBUG tempest.lib.common.rest_client [req-4c44cfef-1a4a-4cdf-827f-04649bbdc9b8 ] Request - Headers: {'Content-Type': 'application/json', 'Accept': 'application/json', 'X-Auth-Token': ''} Body: None Response - Headers: {'status': '404', u'content-length': '134', 'content-location': 'http://172.30.9.34:9696/v2.0/trunks/860d0ac2-6a24-4ef7-8381-40642d299959', u'date': 'Wed, 20 Feb 2019 18:56:39 GMT', u'content-type': 'application/json', u'connection': 'close', u'x-openstack-request-id': 'req-4c44cfef-1a4a-4cdf-827f-04649bbdc9b8'} Body: {"NeutronError": {"message": "Trunk 860d0ac2-6a24-4ef7-8381-40642d299959 could not be found.", "type": "TrunkNotFound", "detail": ""}} _log_request_full /root/.rally/verification/verifier-bb5e03c6-f3b3-4c58-85ec-011bcd60cfa5/repo/tempest/lib/common/rest_client.py:437
2019-02-20 18:56:39.769 17906 INFO tempest.lib.common.rest_client [req-67356213-b9f0-48b3-ba91-10faf71606d0 ] Request (TrunkTestJSON:_run_cleanups): 404 DELETE http://172.30.9.34:9696/v2.0/networks/c7a58c5a-b906-4f0b-8b30-32f9ad67dfc8 0.020s
2019-02-20 18:56:39.770 17906 DEBUG tempest.lib.common.rest_client [req-67356213-b9f0-48b3-ba91-10faf71606d0 ] Request - Headers: {'Content-Type': 'application/json', 'Accept': 'application/json', 'X-Auth-Token': ''} Body: None Response - Headers: {'status': '404', u'content-length': '138', 'content-location': 'http://172.30.9.34:9696/v2.0/networks/c7a58c5a-b906-4f0b-8b30-32f9ad67dfc8', u'date': 'Wed, 20 Feb 2019 18:56:39 GMT', u'content-type': 'application/json', u'connection': 'close', u'x-openstack-request-id': 'req-67356213-b9f0-48b3-ba91-10faf71606d0'} Body: {"NeutronError": {"message": "Network c7a58c5a-b906-4f0b-8b30-32f9ad67dfc8 could not be found.", "type": "NetworkNotFound", "detail": ""}} _log_request_full /root/.rally/verification/verifier-bb5e03c6-f3b3-4c58-85ec-011bcd60cfa5/repo/tempest/lib/common/rest_client.py:437
2019-02-20 18:56:39.777 17910 INFO tempest.lib.common.rest_client [req-96e41c1d-d57d-4843-8f0a-b8a0d9d9985d ] Request (TrunkTestJSON:_run_cleanups): 404 GET http://172.30.9.34:9696/v2.0/trunks/929819b9-501f-455b-a8f1-05d91d103f6b/get_subports 0.013s
2019-02-20 18:56:39.778 17910 DEBUG tempest.lib.common.rest_client [req-96e41c1d-d57d-4843-8f0a-b8a0d9d9985d ] Request - Headers: {'Content-Type': 'application/json', 'Accept': 'application/json', 'X-Auth-Token': ''} Body: None Response - Headers: {'status': '404', u'content-length': '134', 'content-location': 'http://172.30.9.34:9696/v2.0/trunks/929819b9-501f-455b-a8f1-05d91d103f6b/get_subports', u'date': 'Wed, 20 Feb 2019 18:56:39 GMT', u'content-type': 'application/json', u'connection': 'close', u'x-openstack-request-id': 'req-96e41c1d-d57d-4843-8f0a-b8a0d9d9985d'} Body: {"NeutronError": {"message": "Trunk 929819b9-501f-455b-a8f1-05d91d103f6b could not be found.", "type": "TrunkNotFound", "detail": ""}} _log_request_full /root/.rally/verification/verifier-bb5e03c6-f3b3-4c58-85ec-011bcd60cfa5/repo/tempest/lib/common/rest_client.py:437
2019-02-20 18:56:39.789 17906 INFO tempest.lib.common.rest_client [req-64384de0-85f2-46ed-b8d1-d1905c754b5c ] Request (TrunkTestJSON:_run_cleanups): 404 DELETE http://172.30.9.34:9696/v2.0/networks/b86d52e8-7f26-41db-9146-bcc7f6490234 0.019s
2019-02-20 18:56:39.790 17906 DEBUG tempest.lib.common.rest_client [req-64384de0-85f2-46ed-b8d1-d1905c754b5c ] Request - Headers: {'Content-Type': 'application/json', 'Accept': 'application/json', 'X-Auth-Token': ''} Body: None Response - Headers: {'status': '404', u'content-length': '138', 'content-location': 'http://172.30.9.34:9696/v2.0/networks/b86d52e8-7f26-41db-9146-bcc7f6490234', u'date': 'Wed, 20 Feb 2019 18:56:39 GMT', u'content-type': 'application/json', u'connection': 'close', u'x-openstack-request-id': 'req-64384de0-85f2-46ed-b8d1-d1905c754b5c'} Body: {"NeutronError": {"message": "Network b86d52e8-7f26-41db-9146-bcc7f6490234 could not be found.", "type": "NetworkNotFound", "detail": ""}} _log_request_full /root/.rally/verification/verifier-bb5e03c6-f3b3-4c58-85ec-011bcd60cfa5/repo/tempest/lib/common/rest_client.py:437
2019-02-20 18:56:39.794 17910 INFO tempest.lib.common.rest_client [req-d8867bd2-50a6-436e-afc5-5a9fbd2f981f ] Request (TrunkTestJSON:_run_cleanups): 404 DELETE http://172.30.9.34:9696/v2.0/trunks/929819b9-501f-455b-a8f1-05d91d103f6b 0.016s
2019-02-20 18:56:39.795 17910 DEBUG tempest.lib.common.rest_client [req-d8867bd2-50a6-436e-afc5-5a9fbd2f981f ] Request - Headers: {'Content-Type': 'application/json', 'Accept': 'application/json', 'X-Auth-Token': ''} Body: None Response - Headers: {'status': '404', u'content-length': '134', 'content-location': 'http://172.30.9.34:9696/v2.0/trunks/929819b9-501f-455b-a8f1-05d91d103f6b', u'date': 'Wed, 20 Feb 2019 18:56:39 GMT', u'content-type': 'application/json', u'connection': 'close', u'x-openstack-request-id': 'req-d8867bd2-50a6-436e-afc5-5a9fbd2f981f'} Body: {"NeutronError": {"message": "Trunk 929819b9-501f-455b-a8f1-05d91d103f6b could not be found.", "type": "TrunkNotFound", "detail": ""}} _log_request_full /root/.rally/verification/verifier-bb5e03c6-f3b3-4c58-85ec-011bcd60cfa5/repo/tempest/lib/common/rest_client.py:437
2019-02-20 18:56:39.809 17910 INFO tempest.lib.common.rest_client [req-1300d55c-94ee-4bb9-a9fa-e263ee0766ca ] Request (TrunkTestJSON:_run_cleanups): 404 GET http://172.30.9.34:9696/v2.0/trunks/ae5da9cd-3a8e-4a2a-b516-fee87fdc3842 0.013s
2019-02-20 18:56:39.809 17910 DEBUG tempest.lib.common.rest_client [req-1300d55c-94ee-4bb9-a9fa-e263ee0766ca ] Request - Headers: {'Content-Type': 'application/json', 'Accept': 'application/json', 'X-Auth-Token': ''} Body: None Response - Headers: {'status': '404', u'content-length': '134', 'content-location': 'http://172.30.9.34:9696/v2.0/trunks/ae5da9cd-3a8e-4a2a-b516-fee87fdc3842', u'date': 'Wed, 20 Feb 2019 18:56:39 GMT', u'content-type': 'application/json', u'connection': 'close', u'x-openstack-request-id': 'req-1300d55c-94ee-4bb9-a9fa-e263ee0766ca'} Body: {"NeutronError": {"message": "Trunk ae5da9cd-3a8e-4a2a-b516-fee87fdc3842 could not be found.", "type": "TrunkNotFound", "detail": ""}} _log_request_full /root/.rally/verification/verifier-bb5e03c6-f3b3-4c58-85ec-011bcd60cfa5/repo/tempest/lib/common/rest_client.py:437
2019-02-20 18:56:39.814 17906 INFO tempest.lib.common.rest_client [req-33ccd7ed-dcfc-4b66-b2af-74fe344516e1 ] Request (TrunkTestJSON:_run_cleanups): 404 DELETE http://172.30.9.34:9696/v2.0/networks/3d85a118-5393-4be2-9cf9-67601e14532f 0.023s
2019-02-20 18:56:39.814 17906 DEBUG tempest.lib.common.rest_client [req-33ccd7ed-dcfc-4b66-b2af-74fe344516e1 ] Request - Headers: {'Content-Type': 'application/json', 'Accept': 'application/json', 'X-Auth-Token': ''} Body: None Response - Headers: {'status': '404', u'content-length': '138', 'content-location': 'http://172.30.9.34:9696/v2.0/networks/3d85a118-5393-4be2-9cf9-67601e14532f', u'date': 'Wed, 20 Feb 2019 18:56:39 GMT', u'content-type': 'application/json', u'connection': 'close', u'x-openstack-request-id': 'req-33ccd7ed-dcfc-4b66-b2af-74fe344516e1'} Body: {"NeutronError": {"message": "Network 3d85a118-5393-4be2-9cf9-67601e14532f could not be found.", "type": "NetworkNotFound", "detail": ""}} _log_request_full /root/.rally/verification/verifier-bb5e03c6-f3b3-4c58-85ec-011bcd60cfa5/repo/tempest/lib/common/rest_client.py:437
2019-02-20 18:56:39.823 17910 INFO tempest.lib.common.rest_client [req-febafef1-c093-43db-9013-528a1ba3313d ] Request (TrunkTestJSON:_run_cleanups): 404 GET http://172.30.9.34:9696/v2.0/trunks/fde815a0-5ae7-4f29-9347-4c48c468e301 0.013s
2019-02-20 18:56:39.823 17910 DEBUG tempest.lib.common.rest_client [req-febafef1-c093-43db-9013-528a1ba3313d ] Request - Headers: {'Content-Type': 'application/json', 'Accept': 'application/json', 'X-Auth-Token': ''} Body: None Response - Headers: {'status': '404', u'content-length': '134', 'content-location': 'http://172.30.9.34:9696/v2.0/trunks/fde815a0-5ae7-4f29-9347-4c48c468e301', u'date': 'Wed, 20 Feb 2019 18:56:39 GMT', u'content-type': 'application/json', u'connection': 'close', u'x-openstack-request-id': 'req-febafef1-c093-43db-9013-528a1ba3313d'} Body: {"NeutronError": {"message": "Trunk fde815a0-5ae7-4f29-9347-4c48c468e301 could not be found.", "type": "TrunkNotFound", "detail": ""}} _log_request_full /root/.rally/verification/verifier-bb5e03c6-f3b3-4c58-85ec-011bcd60cfa5/repo/tempest/lib/common/rest_client.py:437
2019-02-20 18:56:39.835 17906 INFO tempest.lib.common.rest_client [req-38628116-c8c1-407a-aa63-9b378428f7ae ] Request (TrunkTestJSON:_run_cleanups): 404 DELETE http://172.30.9.34:9696/v2.0/networks/e5f522c0-10c0-4418-a862-453eb48ab168 0.021s
2019-02-20 18:56:39.836 17906 DEBUG tempest.lib.common.rest_client [req-38628116-c8c1-407a-aa63-9b378428f7ae ] Request - Headers: {'Content-Type': 'application/json', 'Accept': 'application/json', 'X-Auth-Token': ''} Body: None Response - Headers: {'status': '404', u'content-length': '138', 'content-location': 'http://172.30.9.34:9696/v2.0/networks/e5f522c0-10c0-4418-a862-453eb48ab168', u'date': 'Wed, 20 Feb 2019 18:56:39 GMT', u'content-type': 'application/json', u'connection': 'close', u'x-openstack-request-id': 'req-38628116-c8c1-407a-aa63-9b378428f7ae'} Body: {"NeutronError": {"message": "Network e5f522c0-10c0-4418-a862-453eb48ab168 could not be found.", "type": "NetworkNotFound", "detail": ""}} _log_request_full /root/.rally/verification/verifier-bb5e03c6-f3b3-4c58-85ec-011bcd60cfa5/repo/tempest/lib/common/rest_client.py:437
2019-02-20 18:56:39.838 17910 INFO tempest.lib.common.rest_client [req-6378a33b-e598-4166-8043-63d408496ae2 ] Request (TrunkTestJSON:_run_cleanups): 404 GET http://172.30.9.34:9696/v2.0/trunks/c8ff83e6-1c26-43a3-9961-553cf35ef49c 0.014s
2019-02-20 18:56:39.838 17910 DEBUG tempest.lib.common.rest_client [req-6378a33b-e598-4166-8043-63d408496ae2 ] Request - Headers: {'Content-Type': 'application/json', 'Accept': 'application/json', 'X-Auth-Token': ''} Body: None Response - Headers: {'status': '404', u'content-length': '134', 'content-location': 'http://172.30.9.34:9696/v2.0/trunks/c8ff83e6-1c26-43a3-9961-553cf35ef49c', u'date': 'Wed, 20 Feb 2019 18:56:39 GMT', u'content-type': 'application/json', u'connection': 'close', u'x-openstack-request-id': 'req-6378a33b-e598-4166-8043-63d408496ae2'} Body: {"NeutronError": {"message": "Trunk c8ff83e6-1c26-43a3-9961-553cf35ef49c could not be found.", "type": "TrunkNotFound", "detail": ""}} _log_request_full /root/.rally/verification/verifier-bb5e03c6-f3b3-4c58-85ec-011bcd60cfa5/repo/tempest/lib/common/rest_client.py:437
2019-02-20 18:56:39.841 17907 INFO tempest.lib.common.rest_client [req-ee10db7c-b279-4890-bfc0-47a387a07c0a ] Request (TrunkTest:_run_cleanups): 202 DELETE http://172.30.9.34:8774/v2.1/servers/f1c51ec0-0e0c-4645-98ae-f69c7c0ab7cf/os-interface/a1311853-1633-4474-8004-3a86aa0e28ec 0.064s
2019-02-20 18:56:39.842 17907 DEBUG tempest.lib.common.rest_client [req-ee10db7c-b279-4890-bfc0-47a387a07c0a ] Request - Headers: {'Content-Type': 'application/json', 'Accept': 'application/json', 'X-Auth-Token': ''} Body: None Response - Headers: {'status': '202', u'content-length': '0', 'content-location': 'http://172.30.9.34:8774/v2.1/servers/f1c51ec0-0e0c-4645-98ae-f69c7c0ab7cf/os-interface/a1311853-1633-4474-8004-3a86aa0e28ec', u'x-compute-request-id': 'req-ee10db7c-b279-4890-bfc0-47a387a07c0a', u'vary': 'OpenStack-API-Version,X-OpenStack-Nova-API-Version', u'server': 'Apache', u'openstack-api-version': 'compute 2.1', u'connection': 'close', u'x-openstack-nova-api-version': '2.1', u'date': 'Wed, 20 Feb 2019 18:56:39 GMT', u'content-type': 'application/json', u'x-openstack-request-id': 'req-ee10db7c-b279-4890-bfc0-47a387a07c0a'} Body: _log_request_full /root/.rally/verification/verifier-bb5e03c6-f3b3-4c58-85ec-011bcd60cfa5/repo/tempest/lib/common/rest_client.py:437
2019-02-20 18:56:39.852 17910 INFO tempest.lib.common.rest_client [req-126b55a1-2e79-4847-808d-f68d93b0b9fc ] Request (TrunkTestJSON:_run_cleanups): 404 GET http://172.30.9.34:9696/v2.0/trunks/cfb86283-17b1-4d2f-b467-d8c318719d36 0.013s
2019-02-20 18:56:39.853 17910 DEBUG tempest.lib.common.rest_client [req-126b55a1-2e79-4847-808d-f68d93b0b9fc ] Request - Headers: {'Content-Type': 'application/json', 'Accept': 'application/json', 'X-Auth-Token': ''} Body: None Response - Headers: {'status': '404', u'content-length': '134', 'content-location': 'http://172.30.9.34:9696/v2.0/trunks/cfb86283-17b1-4d2f-b467-d8c318719d36', u'date': 'Wed, 20 Feb 2019 18:56:39 GMT', u'content-type': 'application/json', u'connection': 'close', u'x-openstack-request-id': 'req-126b55a1-2e79-4847-808d-f68d93b0b9fc'} Body: {"NeutronError": {"message": "Trunk cfb86283-17b1-4d2f-b467-d8c318719d36 could not be found.", "type": "TrunkNotFound", "detail": ""}} _log_request_full /root/.rally/verification/verifier-bb5e03c6-f3b3-4c58-85ec-011bcd60cfa5/repo/tempest/lib/common/rest_client.py:437
2019-02-20 18:56:39.856 17906 INFO tempest.lib.common.rest_client [req-7f6cb014-2128-43bb-8bc4-355980c752b1 ] Request (TrunkTestJSON:_run_cleanups): 404 DELETE http://172.30.9.34:9696/v2.0/networks/265229d1-a7af-4296-9621-6b3482f63bf5 0.020s
2019-02-20 18:56:39.857 17906 DEBUG tempest.lib.common.rest_client [req-7f6cb014-2128-43bb-8bc4-355980c752b1 ] Request - Headers: {'Content-Type': 'application/json', 'Accept': 'application/json', 'X-Auth-Token': ''} Body: None Response - Headers: {'status': '404', u'content-length': '138', 'content-location': 'http://172.30.9.34:9696/v2.0/networks/265229d1-a7af-4296-9621-6b3482f63bf5', u'date': 'Wed, 20 Feb 2019 18:56:39 GMT', u'content-type': 'application/json', u'connection': 'close', u'x-openstack-request-id': 'req-7f6cb014-2128-43bb-8bc4-355980c752b1'} Body: {"NeutronError": {"message": "Network 265229d1-a7af-4296-9621-6b3482f63bf5 could not be found.", "type": "NetworkNotFound", "detail": ""}} _log_request_full /root/.rally/verification/verifier-bb5e03c6-f3b3-4c58-85ec-011bcd60cfa5/repo/tempest/lib/common/rest_client.py:437
2019-02-20 18:56:39.866 17910 INFO tempest.lib.common.rest_client [req-d1cfa5ed-3485-44b8-9973-a1ba2fcea073 ] Request (TrunkTestJSON:_run_cleanups): 404 GET http://172.30.9.34:9696/v2.0/trunks/d1abe4e5-68c8-46dd-94b1-19d954df4af4 0.013s
2019-02-20 18:56:39.867 17910 DEBUG tempest.lib.common.rest_client [req-d1cfa5ed-3485-44b8-9973-a1ba2fcea073 ] Request - Headers: {'Content-Type': 'application/json', 'Accept': 'application/json', 'X-Auth-Token': ''} Body: None Response - Headers: {'status': '404', u'content-length': '134', 'content-location': 'http://172.30.9.34:9696/v2.0/trunks/d1abe4e5-68c8-46dd-94b1-19d954df4af4', u'date': 'Wed, 20 Feb 2019 18:56:39 GMT', u'content-type': 'application/json', u'connection': 'close', u'x-openstack-request-id': 'req-d1cfa5ed-3485-44b8-9973-a1ba2fcea073'} Body: {"NeutronError": {"message": "Trunk d1abe4e5-68c8-46dd-94b1-19d954df4af4 could not be found.", "type": "TrunkNotFound", "detail": ""}} _log_request_full /root/.rally/verification/verifier-bb5e03c6-f3b3-4c58-85ec-011bcd60cfa5/repo/tempest/lib/common/rest_client.py:437
2019-02-20 18:56:39.879 17906 INFO tempest.lib.common.rest_client [req-42680799-1284-456c-89f6-8fbaeebc201c ] Request (TrunkTestJSON:_run_cleanups): 404 DELETE http://172.30.9.34:9696/v2.0/networks/b44e7fee-552c-4e3d-97c0-2c7d43c1135f 0.021s
2019-02-20 18:56:39.880 17906 DEBUG tempest.lib.common.rest_client [req-42680799-1284-456c-89f6-8fbaeebc201c ] Request - Headers: {'Content-Type': 'application/json', 'Accept': 'application/json', 'X-Auth-Token': ''} Body: None Response - Headers: {'status': '404', u'content-length': '138', 'content-location': 'http://172.30.9.34:9696/v2.0/networks/b44e7fee-552c-4e3d-97c0-2c7d43c1135f', u'date': 'Wed, 20 Feb 2019 18:56:39 GMT', u'content-type': 'application/json', u'connection': 'close', u'x-openstack-request-id': 'req-42680799-1284-456c-89f6-8fbaeebc201c'} Body: {"NeutronError": {"message": "Network b44e7fee-552c-4e3d-97c0-2c7d43c1135f could not be found.", "type": "NetworkNotFound", "detail": ""}} _log_request_full /root/.rally/verification/verifier-bb5e03c6-f3b3-4c58-85ec-011bcd60cfa5/repo/tempest/lib/common/rest_client.py:437
2019-02-20 18:56:39.889 17910 INFO tempest.lib.common.rest_client [req-ae89c3e5-5047-408d-be13-2cc4866378e4 ] Request (TrunkTestJSON:_run_cleanups): 404 GET http://172.30.9.34:9696/v2.0/trunks/860d0ac2-6a24-4ef7-8381-40642d299959 0.021s
2019-02-20 18:56:39.889 17910 DEBUG tempest.lib.common.rest_client [req-ae89c3e5-5047-408d-be13-2cc4866378e4 ] Request - Headers: {'Content-Type': 'application/json', 'Accept': 'application/json', 'X-Auth-Token': ''} Body: None Response - Headers: {'status': '404', u'content-length': '134', 'content-location': 'http://172.30.9.34:9696/v2.0/trunks/860d0ac2-6a24-4ef7-8381-40642d299959', u'date': 'Wed, 20 Feb 2019 18:56:39 GMT', u'content-type': 'application/json', u'connection': 'close', u'x-openstack-request-id': 'req-ae89c3e5-5047-408d-be13-2cc4866378e4'} Body: {"NeutronError": {"message": "Trunk 860d0ac2-6a24-4ef7-8381-40642d299959 could not be found.", "type": "TrunkNotFound", "detail": ""}} _log_request_full /root/.rally/verification/verifier-bb5e03c6-f3b3-4c58-85ec-011bcd60cfa5/repo/tempest/lib/common/rest_client.py:437
2019-02-20 18:56:39.901 17906 INFO tempest.lib.common.rest_client [req-ec9f431e-d6ec-4e20-9432-1f2b277b1b14 ] Request (TrunkTestJSON:_run_cleanups): 404 DELETE http://172.30.9.34:9696/v2.0/networks/f254d2b4-b077-4853-9194-159e48eb2e02 0.020s
2019-02-20 18:56:39.902 17906 DEBUG tempest.lib.common.rest_client [req-ec9f431e-d6ec-4e20-9432-1f2b277b1b14 ] Request - Headers: {'Content-Type': 'application/json', 'Accept': 'application/json', 'X-Auth-Token': ''} Body: None Response - Headers: {'status': '404', u'content-length': '138', 'content-location': 'http://172.30.9.34:9696/v2.0/networks/f254d2b4-b077-4853-9194-159e48eb2e02', u'date': 'Wed, 20 Feb 2019 18:56:39 GMT', u'content-type': 'application/json', u'connection': 'close', u'x-openstack-request-id': 'req-ec9f431e-d6ec-4e20-9432-1f2b277b1b14'} Body: {"NeutronError": {"message": "Network f254d2b4-b077-4853-9194-159e48eb2e02 could not be found.", "type": "NetworkNotFound", "detail": ""}} _log_request_full /root/.rally/verification/verifier-bb5e03c6-f3b3-4c58-85ec-011bcd60cfa5/repo/tempest/lib/common/rest_client.py:437
2019-02-20 18:56:39.903 17910 INFO tempest.lib.common.rest_client [req-3bccd257-2da6-49cd-b1b7-07a45d0d2817 ] Request (TrunkTestJSON:_run_cleanups): 404 GET http://172.30.9.34:9696/v2.0/trunks/929819b9-501f-455b-a8f1-05d91d103f6b 0.013s
2019-02-20 18:56:39.904 17910 DEBUG tempest.lib.common.rest_client [req-3bccd257-2da6-49cd-b1b7-07a45d0d2817 ] Request - Headers: {'Content-Type': 'application/json', 'Accept': 'application/json', 'X-Auth-Token': ''} Body: None Response - Headers: {'status': '404', u'content-length': '134', 'content-location': 'http://172.30.9.34:9696/v2.0/trunks/929819b9-501f-455b-a8f1-05d91d103f6b', u'date': 'Wed, 20 Feb 2019 18:56:39 GMT', u'content-type': 'application/json', u'connection': 'close', u'x-openstack-request-id': 'req-3bccd257-2da6-49cd-b1b7-07a45d0d2817'} Body: {"NeutronError": {"message": "Trunk 929819b9-501f-455b-a8f1-05d91d103f6b could not be found.", "type": "TrunkNotFound", "detail": ""}} _log_request_full /root/.rally/verification/verifier-bb5e03c6-f3b3-4c58-85ec-011bcd60cfa5/repo/tempest/lib/common/rest_client.py:437
2019-02-20 18:56:39.928 17906 INFO tempest.lib.common.rest_client [req-ea3cf955-0494-4c77-9ee2-0cb28ce1f049 ] Request (TrunkTestJSON:_run_cleanups): 404 DELETE http://172.30.9.34:9696/v2.0/networks/88432ff0-f527-4cfa-a16e-8b9b3bd10cb3 0.025s
2019-02-20 18:56:39.928 17906 DEBUG tempest.lib.common.rest_client [req-ea3cf955-0494-4c77-9ee2-0cb28ce1f049 ] Request - Headers: {'Content-Type': 'application/json', 'Accept': 'application/json', 'X-Auth-Token': ''} Body: None Response - Headers: {'status': '404', u'content-length': '138', 'content-location': 'http://172.30.9.34:9696/v2.0/networks/88432ff0-f527-4cfa-a16e-8b9b3bd10cb3', u'date': 'Wed, 20 Feb 2019 18:56:39 GMT', u'content-type': 'application/json', u'connection': 'close', u'x-openstack-request-id': 'req-ea3cf955-0494-4c77-9ee2-0cb28ce1f049'} Body: {"NeutronError": {"message": "Network 88432ff0-f527-4cfa-a16e-8b9b3bd10cb3 could not be found.", "type": "NetworkNotFound", "detail": ""}} _log_request_full /root/.rally/verification/verifier-bb5e03c6-f3b3-4c58-85ec-011bcd60cfa5/repo/tempest/lib/common/rest_client.py:437
2019-02-20 18:56:39.936 17907 INFO tempest.lib.common.rest_client [req-ce0765e5-ee5a-492e-8e0f-5607da944cce ] Request (TrunkTest:_run_cleanups): 200 GET http://172.30.9.34:9696/v2.0/ports/a1311853-1633-4474-8004-3a86aa0e28ec 0.093s
