2019-02-20 18:56:13.120 17910 DEBUG tempest.lib.common.rest_client [req-758424a4-1c71-4465-a998-2fe9deaeb941 ] Request - Headers: {'Content-Type': 'application/json', 'Accept': 'application/json', 'X-Auth-Token': ''} Body: {"sub_ports": [{"segmentation_type": "vlan", "port_id": "0f49a53f-bd33-41c6-b8f4-d3f9a32e2bbe", "segmentation_id": 2}]} Response - Headers: {'status': '404', u'content-length': '132', 'content-location': 'http://172.30.9.34:9696/v2.0/trunks/860d0ac2-6a24-4ef7-8381-40642d299959/add_subports', u'date': 'Wed, 20 Feb 2019 18:56:13 GMT', u'content-type': 'application/json', u'connection': 'close', u'x-openstack-request-id': 'req-758424a4-1c71-4465-a998-2fe9deaeb941'} Body: {"NeutronError": {"message": "Port 0f49a53f-bd33-41c6-b8f4-d3f9a32e2bbe could not be found.", "type": "PortNotFound", "detail": ""}} _log_request_full /root/.rally/verification/verifier-bb5e03c6-f3b3-4c58-85ec-011bcd60cfa5/repo/tempest/lib/common/rest_client.py:437
2019-02-20 18:56:13.135 17910 INFO tempest.lib.common.rest_client [req-580f478d-5e2f-4c28-a2bf-96ff57772f2e ] Request (TrunkTestJSON:_run_cleanups): 404 GET http://172.30.9.34:9696/v2.0/trunks/ae5da9cd-3a8e-4a2a-b516-fee87fdc3842/get_subports 0.014s
2019-02-20 18:56:13.135 17910 DEBUG tempest.lib.common.rest_client [req-580f478d-5e2f-4c28-a2bf-96ff57772f2e ] Request - Headers: {'Content-Type': 'application/json', 'Accept': 'application/json', 'X-Auth-Token': ''} Body: None Response - Headers: {'status': '404', u'content-length': '134', 'content-location': 'http://172.30.9.34:9696/v2.0/trunks/ae5da9cd-3a8e-4a2a-b516-fee87fdc3842/get_subports', u'date': 'Wed, 20 Feb 2019 18:56:13 GMT', u'content-type': 'application/json', u'connection': 'close', u'x-openstack-request-id': 'req-580f478d-5e2f-4c28-a2bf-96ff57772f2e'} Body: {"NeutronError": {"message": "Trunk ae5da9cd-3a8e-4a2a-b516-fee87fdc3842 could not be found.", "type": "TrunkNotFound", "detail": ""}} _log_request_full /root/.rally/verification/verifier-bb5e03c6-f3b3-4c58-85ec-011bcd60cfa5/repo/tempest/lib/common/rest_client.py:437
2019-02-20 18:56:13.151 17910 INFO tempest.lib.common.rest_client [req-734129e0-ea88-4f43-8fa5-94982ea5a6f6 ] Request (TrunkTestJSON:_run_cleanups): 404 DELETE http://172.30.9.34:9696/v2.0/trunks/ae5da9cd-3a8e-4a2a-b516-fee87fdc3842 0.015s
2019-02-20 18:56:13.151 17910 DEBUG tempest.lib.common.rest_client [req-734129e0-ea88-4f43-8fa5-94982ea5a6f6 ] Request - Headers: {'Content-Type': 'application/json', 'Accept': 'application/json', 'X-Auth-Token': ''} Body: None Response - Headers: {'status': '404', u'content-length': '134', 'content-location': 'http://172.30.9.34:9696/v2.0/trunks/ae5da9cd-3a8e-4a2a-b516-fee87fdc3842', u'date': 'Wed, 20 Feb 2019 18:56:13 GMT', u'content-type': 'application/json', u'connection': 'close', u'x-openstack-request-id': 'req-734129e0-ea88-4f43-8fa5-94982ea5a6f6'} Body: {"NeutronError": {"message": "Trunk ae5da9cd-3a8e-4a2a-b516-fee87fdc3842 could not be found.", "type": "TrunkNotFound", "detail": ""}} _log_request_full /root/.rally/verification/verifier-bb5e03c6-f3b3-4c58-85ec-011bcd60cfa5/repo/tempest/lib/common/rest_client.py:437
2019-02-20 18:56:13.167 17910 INFO tempest.lib.common.rest_client [req-7eea89ee-988b-4af3-adab-52b1a475dc91 ] Request (TrunkTestJSON:_run_cleanups): 404 GET http://172.30.9.34:9696/v2.0/trunks/fde815a0-5ae7-4f29-9347-4c48c468e301/get_subports 0.014s
2019-02-20 18:56:13.167 17910 DEBUG tempest.lib.common.rest_client [req-7eea89ee-988b-4af3-adab-52b1a475dc91 ] Request - Headers: {'Content-Type': 'application/json', 'Accept': 'application/json', 'X-Auth-Token': ''} Body: None Response - Headers: {'status': '404', u'content-length': '134', 'content-location': 'http://172.30.9.34:9696/v2.0/trunks/fde815a0-5ae7-4f29-9347-4c48c468e301/get_subports', u'date': 'Wed, 20 Feb 2019 18:56:13 GMT', u'content-type': 'application/json', u'connection': 'close', u'x-openstack-request-id': 'req-7eea89ee-988b-4af3-adab-52b1a475dc91'} Body: {"NeutronError": {"message": "Trunk fde815a0-5ae7-4f29-9347-4c48c468e301 could not be found.", "type": "TrunkNotFound", "detail": ""}} _log_request_full /root/.rally/verification/verifier-bb5e03c6-f3b3-4c58-85ec-011bcd60cfa5/repo/tempest/lib/common/rest_client.py:437
2019-02-20 18:56:13.183 17910 INFO tempest.lib.common.rest_client [req-aaa6eae1-de27-4a0a-8738-ddc61fee8d36 ] Request (TrunkTestJSON:_run_cleanups): 404 DELETE http://172.30.9.34:9696/v2.0/trunks/fde815a0-5ae7-4f29-9347-4c48c468e301 0.015s
2019-02-20 18:56:13.183 17910 DEBUG tempest.lib.common.rest_client [req-aaa6eae1-de27-4a0a-8738-ddc61fee8d36 ] Request - Headers: {'Content-Type': 'application/json', 'Accept': 'application/json', 'X-Auth-Token': ''} Body: None Response - Headers: {'status': '404', u'content-length': '134', 'content-location': 'http://172.30.9.34:9696/v2.0/trunks/fde815a0-5ae7-4f29-9347-4c48c468e301', u'date': 'Wed, 20 Feb 2019 18:56:13 GMT', u'content-type': 'application/json', u'connection': 'close', u'x-openstack-request-id': 'req-aaa6eae1-de27-4a0a-8738-ddc61fee8d36'} Body: {"NeutronError": {"message": "Trunk fde815a0-5ae7-4f29-9347-4c48c468e301 could not be found.", "type": "TrunkNotFound", "detail": ""}} _log_request_full /root/.rally/verification/verifier-bb5e03c6-f3b3-4c58-85ec-011bcd60cfa5/repo/tempest/lib/common/rest_client.py:437
2019-02-20 18:56:13.197 17910 INFO tempest.lib.common.rest_client [req-192f5023-00a0-45e8-9373-76bf4453840c ] Request (TrunkTestJSON:_run_cleanups): 404 GET http://172.30.9.34:9696/v2.0/trunks/c8ff83e6-1c26-43a3-9961-553cf35ef49c/get_subports 0.013s
2019-02-20 18:56:13.198 17910 DEBUG tempest.lib.common.rest_client [req-192f5023-00a0-45e8-9373-76bf4453840c ] Request - Headers: {'Content-Type': 'application/json', 'Accept': 'application/json', 'X-Auth-Token': ''} Body: None Response - Headers: {'status': '404', u'content-length': '134', 'content-location': 'http://172.30.9.34:9696/v2.0/trunks/c8ff83e6-1c26-43a3-9961-553cf35ef49c/get_subports', u'date': 'Wed, 20 Feb 2019 18:56:13 GMT', u'content-type': 'application/json', u'connection': 'close', u'x-openstack-request-id': 'req-192f5023-00a0-45e8-9373-76bf4453840c'} Body: {"NeutronError": {"message": "Trunk c8ff83e6-1c26-43a3-9961-553cf35ef49c could not be found.", "type": "TrunkNotFound", "detail": ""}} _log_request_full /root/.rally/verification/verifier-bb5e03c6-f3b3-4c58-85ec-011bcd60cfa5/repo/tempest/lib/common/rest_client.py:437
2019-02-20 18:56:13.215 17910 INFO tempest.lib.common.rest_client [req-4acef597-43d5-4872-86c3-08008e7791b3 ] Request (TrunkTestJSON:_run_cleanups): 404 DELETE http://172.30.9.34:9696/v2.0/trunks/c8ff83e6-1c26-43a3-9961-553cf35ef49c 0.016s
2019-02-20 18:56:13.215 17910 DEBUG tempest.lib.common.rest_client [req-4acef597-43d5-4872-86c3-08008e7791b3 ] Request - Headers: {'Content-Type': 'application/json', 'Accept': 'application/json', 'X-Auth-Token': ''} Body: None Response - Headers: {'status': '404', u'content-length': '134', 'content-location': 'http://172.30.9.34:9696/v2.0/trunks/c8ff83e6-1c26-43a3-9961-553cf35ef49c', u'date': 'Wed, 20 Feb 2019 18:56:13 GMT', u'content-type': 'application/json', u'connection': 'close', u'x-openstack-request-id': 'req-4acef597-43d5-4872-86c3-08008e7791b3'} Body: {"NeutronError": {"message": "Trunk c8ff83e6-1c26-43a3-9961-553cf35ef49c could not be found.", "type": "TrunkNotFound", "detail": ""}} _log_request_full /root/.rally/verification/verifier-bb5e03c6-f3b3-4c58-85ec-011bcd60cfa5/repo/tempest/lib/common/rest_client.py:437
2019-02-20 18:56:13.229 17910 INFO tempest.lib.common.rest_client [req-0c5accdc-2276-4929-b6a8-65be766cf067 ] Request (TrunkTestJSON:_run_cleanups): 404 GET http://172.30.9.34:9696/v2.0/trunks/cfb86283-17b1-4d2f-b467-d8c318719d36/get_subports 0.013s
2019-02-20 18:56:13.230 17910 DEBUG tempest.lib.common.rest_client [req-0c5accdc-2276-4929-b6a8-65be766cf067 ] Request - Headers: {'Content-Type': 'application/json', 'Accept': 'application/json', 'X-Auth-Token': ''} Body: None Response - Headers: {'status': '404', u'content-length': '134', 'content-location': 'http://172.30.9.34:9696/v2.0/trunks/cfb86283-17b1-4d2f-b467-d8c318719d36/get_subports', u'date': 'Wed, 20 Feb 2019 18:56:13 GMT', u'content-type': 'application/json', u'connection': 'close', u'x-openstack-request-id': 'req-0c5accdc-2276-4929-b6a8-65be766cf067'} Body: {"NeutronError": {"message": "Trunk cfb86283-17b1-4d2f-b467-d8c318719d36 could not be found.", "type": "TrunkNotFound", "detail": ""}} _log_request_full /root/.rally/verification/verifier-bb5e03c6-f3b3-4c58-85ec-011bcd60cfa5/repo/tempest/lib/common/rest_client.py:437
2019-02-20 18:56:13.250 17910 INFO tempest.lib.common.rest_client [req-80eb9aa1-05b6-4b16-be9c-662bc4da64c7 ] Request (TrunkTestJSON:_run_cleanups): 404 DELETE http://172.30.9.34:9696/v2.0/trunks/cfb86283-17b1-4d2f-b467-d8c318719d36 0.020s
2019-02-20 18:56:13.251 17910 DEBUG tempest.lib.common.rest_client [req-80eb9aa1-05b6-4b16-be9c-662bc4da64c7 ] Request - Headers: {'Content-Type': 'application/json', 'Accept': 'application/json', 'X-Auth-Token': ''} Body: None Response - Headers: {'status': '404', u'content-length': '134', 'content-location': 'http://172.30.9.34:9696/v2.0/trunks/cfb86283-17b1-4d2f-b467-d8c318719d36', u'date': 'Wed, 20 Feb 2019 18:56:13 GMT', u'content-type': 'application/json', u'connection': 'close', u'x-openstack-request-id': 'req-80eb9aa1-05b6-4b16-be9c-662bc4da64c7'} Body: {"NeutronError": {"message": "Trunk cfb86283-17b1-4d2f-b467-d8c318719d36 could not be found.", "type": "TrunkNotFound", "detail": ""}} _log_request_full /root/.rally/verification/verifier-bb5e03c6-f3b3-4c58-85ec-011bcd60cfa5/repo/tempest/lib/common/rest_client.py:437
2019-02-20 18:56:13.265 17910 INFO tempest.lib.common.rest_client [req-87f2bd27-f45e-4682-9298-4df37ecd58dd ] Request (TrunkTestJSON:_run_cleanups): 404 GET http://172.30.9.34:9696/v2.0/trunks/d1abe4e5-68c8-46dd-94b1-19d954df4af4/get_subports 0.014s
2019-02-20 18:56:13.266 17910 DEBUG tempest.lib.common.rest_client [req-87f2bd27-f45e-4682-9298-4df37ecd58dd ] Request - Headers: {'Content-Type': 'application/json', 'Accept': 'application/json', 'X-Auth-Token': ''} Body: None Response - Headers: {'status': '404', u'content-length': '134', 'content-location': 'http://172.30.9.34:9696/v2.0/trunks/d1abe4e5-68c8-46dd-94b1-19d954df4af4/get_subports', u'date': 'Wed, 20 Feb 2019 18:56:13 GMT', u'content-type': 'application/json', u'connection': 'close', u'x-openstack-request-id': 'req-87f2bd27-f45e-4682-9298-4df37ecd58dd'} Body: {"NeutronError": {"message": "Trunk d1abe4e5-68c8-46dd-94b1-19d954df4af4 could not be found.", "type": "TrunkNotFound", "detail": ""}} _log_request_full /root/.rally/verification/verifier-bb5e03c6-f3b3-4c58-85ec-011bcd60cfa5/repo/tempest/lib/common/rest_client.py:437
2019-02-20 18:56:13.280 17907 INFO paramiko.transport [-] Connected (version 2.0, client dropbear_2015.67)
2019-02-20 18:56:13.286 17910 INFO tempest.lib.common.rest_client [req-291bbe20-8ed5-4a71-9e21-901ad0cc39e6 ] Request (TrunkTestJSON:_run_cleanups): 404 DELETE http://172.30.9.34:9696/v2.0/trunks/d1abe4e5-68c8-46dd-94b1-19d954df4af4 0.019s
2019-02-20 18:56:13.286 17910 DEBUG tempest.lib.common.rest_client [req-291bbe20-8ed5-4a71-9e21-901ad0cc39e6 ] Request - Headers: {'Content-Type': 'application/json', 'Accept': 'application/json', 'X-Auth-Token': ''} Body: None Response - Headers: {'status': '404', u'content-length': '134', 'content-location': 'http://172.30.9.34:9696/v2.0/trunks/d1abe4e5-68c8-46dd-94b1-19d954df4af4', u'date': 'Wed, 20 Feb 2019 18:56:13 GMT', u'content-type': 'application/json', u'connection': 'close', u'x-openstack-request-id': 'req-291bbe20-8ed5-4a71-9e21-901ad0cc39e6'} Body: {"NeutronError": {"message": "Trunk d1abe4e5-68c8-46dd-94b1-19d954df4af4 could not be found.", "type": "TrunkNotFound", "detail": ""}} _log_request_full /root/.rally/verification/verifier-bb5e03c6-f3b3-4c58-85ec-011bcd60cfa5/repo/tempest/lib/common/rest_client.py:437
2019-02-20 18:56:13.288 17906 INFO tempest.lib.common.rest_client [req-5fab72ce-7d41-4912-a1bd-2a39521a4910 ] Request (TrunkTestJSON:test_delete_trunk_with_subport_is_allowed): 201 POST http://172.30.9.34:9696/v2.0/trunks 0.448s
2019-02-20 18:56:13.288 17906 DEBUG tempest.lib.common.rest_client [req-5fab72ce-7d41-4912-a1bd-2a39521a4910 ] Request - Headers: {'Content-Type': 'application/json', 'Accept': 'application/json', 'X-Auth-Token': ''} Body: {"trunk": {"sub_ports": [{"segmentation_type": "vlan", "port_id": "39b2e296-e4cb-436f-bad9-635a743b09b5", "segmentation_id": 2}], "port_id": "6830982b-fadb-48d3-bfe2-7239bb5db957"}} Response - Headers: {'status': '201', u'content-length': '511', 'content-location': 'http://172.30.9.34:9696/v2.0/trunks', u'date': 'Wed, 20 Feb 2019 18:56:13 GMT', u'content-type': 'application/json', u'connection': 'close', u'x-openstack-request-id': 'req-5fab72ce-7d41-4912-a1bd-2a39521a4910'} Body: {"trunk": {"status": "ACTIVE", "sub_ports": [{"segmentation_type": "vlan", "port_id": "39b2e296-e4cb-436f-bad9-635a743b09b5", "segmentation_id": 2}], "name": "", "admin_state_up": true, "tenant_id": "779723e3412345c69f6510b5e3cc0cf6", "created_at": "2019-02-20T18:56:13Z", "tags": [], "updated_at": "2019-02-20T18:56:13Z", "revision_number": 1, "project_id": "779723e3412345c69f6510b5e3cc0cf6", "port_id": "6830982b-fadb-48d3-bfe2-7239bb5db957", "id": "b18241b1-ad75-4e8e-ac86-4e29828ca9f2", "description": ""}} _log_request_full /root/.rally/verification/verifier-bb5e03c6-f3b3-4c58-85ec-011bcd60cfa5/repo/tempest/lib/common/rest_client.py:437
2019-02-20 18:56:13.314 17910 INFO tempest.lib.common.rest_client [req-83b7d40c-7051-4c9c-8f21-d701bd709564 ] Request (TrunkTestJSON:_run_cleanups): 200 GET http://172.30.9.34:9696/v2.0/trunks/860d0ac2-6a24-4ef7-8381-40642d299959/get_subports 0.026s
2019-02-20 18:56:13.314 17910 DEBUG tempest.lib.common.rest_client [req-83b7d40c-7051-4c9c-8f21-d701bd709564 ] Request - Headers: {'Content-Type': 'application/json', 'Accept': 'application/json', 'X-Auth-Token': ''} Body: None Response - Headers: {'status': '200', u'content-length': '17', 'content-location': 'http://172.30.9.34:9696/v2.0/trunks/860d0ac2-6a24-4ef7-8381-40642d299959/get_subports', u'date': 'Wed, 20 Feb 2019 18:56:13 GMT', u'content-type': 'application/json', u'connection': 'close', u'x-openstack-request-id': 'req-83b7d40c-7051-4c9c-8f21-d701bd709564'} Body: {"sub_ports": []} _log_request_full /root/.rally/verification/verifier-bb5e03c6-f3b3-4c58-85ec-011bcd60cfa5/repo/tempest/lib/common/rest_client.py:437
2019-02-20 18:56:13.344 17907 INFO paramiko.transport [-] Authentication (publickey) successful!
2019-02-20 18:56:13.376 17907 INFO tempest.lib.common.ssh [-] ssh connection to cirros@172.30.9.209 successfully created
2019-02-20 18:56:13.737 17910 INFO tempest.lib.common.rest_client [req-7d807ddb-9754-4328-8924-7ede455793ed ] Request (TrunkTestJSON:_run_cleanups): 200 PUT http://172.30.9.34:9696/v2.0/trunks/860d0ac2-6a24-4ef7-8381-40642d299959/remove_subports 0.422s
2019-02-20 18:56:13.738 17910 DEBUG tempest.lib.common.rest_client [req-7d807ddb-9754-4328-8924-7ede455793ed ] Request - Headers: {'Content-Type': 'application/json', 'Accept': 'application/json', 'X-Auth-Token': ''} Body: {"sub_ports": []} Response - Headers: {'status': '200', u'content-length': '396', 'content-location': 'http://172.30.9.34:9696/v2.0/trunks/860d0ac2-6a24-4ef7-8381-40642d299959/remove_subports', u'date': 'Wed, 20 Feb 2019 18:56:13 GMT', u'content-type': 'application/json', u'connection': 'close', u'x-openstack-request-id': 'req-7d807ddb-9754-4328-8924-7ede455793ed'} Body: {"status": "DOWN", "sub_ports": [], "name": "", "admin_state_up": true, "tenant_id": "332d6feb034643fe8ef18dba94ac5cd7", "created_at": "2019-02-20T18:56:12Z", "tags": [], "updated_at": "2019-02-20T18:56:13Z", "revision_number": 2, "project_id": "332d6feb034643fe8ef18dba94ac5cd7", "port_id": "0723d19f-8e1b-4622-81ab-369bd8ac7188", "id": "860d0ac2-6a24-4ef7-8381-40642d299959", "description": ""} _log_request_full /root/.rally/verification/verifier-bb5e03c6-f3b3-4c58-85ec-011bcd60cfa5/repo/tempest/lib/common/rest_client.py:437
2019-02-20 18:56:13.846 17910 INFO tempest.lib.common.rest_client [req-9f8d89c3-3259-4fd3-9d66-2b57b4f7e3c2 ] Request (TrunkTestJSON:_run_cleanups): 204 DELETE http://172.30.9.34:9696/v2.0/trunks/860d0ac2-6a24-4ef7-8381-40642d299959 0.108s
2019-02-20 18:56:13.847 17910 DEBUG tempest.lib.common.rest_client [req-9f8d89c3-3259-4fd3-9d66-2b57b4f7e3c2 ] Request - Headers: {'Content-Type': 'application/json', 'Accept': 'application/json', 'X-Auth-Token': ''} Body: None Response - Headers: {'status': '204', u'content-length': '0', 'content-location': 'http://172.30.9.34:9696/v2.0/trunks/860d0ac2-6a24-4ef7-8381-40642d299959', u'date': 'Wed, 20 Feb 2019 18:56:13 GMT', u'connection': 'close', u'x-openstack-request-id': 'req-9f8d89c3-3259-4fd3-9d66-2b57b4f7e3c2'} Body: _log_request_full /root/.rally/verification/verifier-bb5e03c6-f3b3-4c58-85ec-011bcd60cfa5/repo/tempest/lib/common/rest_client.py:437
2019-02-20 18:56:13.865 17910 INFO tempest.lib.common.rest_client [req-40ff5f63-c506-4a94-b819-c7bceb6d5d34 ] Request (TrunkTestJSON:_run_cleanups): 404 GET http://172.30.9.34:9696/v2.0/trunks/ae5da9cd-3a8e-4a2a-b516-fee87fdc3842 0.017s
2019-02-20 18:56:13.866 17910 DEBUG tempest.lib.common.rest_client [req-40ff5f63-c506-4a94-b819-c7bceb6d5d34 ] Request - Headers: {'Content-Type': 'application/json', 'Accept': 'application/json', 'X-Auth-Token': ''} Body: None Response - Headers: {'status': '404', u'content-length': '134', 'content-location': 'http://172.30.9.34:9696/v2.0/trunks/ae5da9cd-3a8e-4a2a-b516-fee87fdc3842', u'date': 'Wed, 20 Feb 2019 18:56:13 GMT', u'content-type': 'application/json', u'connection': 'close', u'x-openstack-request-id': 'req-40ff5f63-c506-4a94-b819-c7bceb6d5d34'} Body: {"NeutronError": {"message": "Trunk ae5da9cd-3a8e-4a2a-b516-fee87fdc3842 could not be found.", "type": "TrunkNotFound", "detail": ""}} _log_request_full /root/.rally/verification/verifier-bb5e03c6-f3b3-4c58-85ec-011bcd60cfa5/repo/tempest/lib/common/rest_client.py:437
2019-02-20 18:56:13.880 17910 INFO tempest.lib.common.rest_client [req-f5609663-fbaf-4539-9cfc-761fc1abf08b ] Request (TrunkTestJSON:_run_cleanups): 404 GET http://172.30.9.34:9696/v2.0/trunks/fde815a0-5ae7-4f29-9347-4c48c468e301 0.013s
2019-02-20 18:56:13.880 17910 DEBUG tempest.lib.common.rest_client [req-f5609663-fbaf-4539-9cfc-761fc1abf08b ] Request - Headers: {'Content-Type': 'application/json', 'Accept': 'application/json', 'X-Auth-Token': ''} Body: None Response - Headers: {'status': '404', u'content-length': '134', 'content-location': 'http://172.30.9.34:9696/v2.0/trunks/fde815a0-5ae7-4f29-9347-4c48c468e301', u'date': 'Wed, 20 Feb 2019 18:56:13 GMT', u'content-type': 'application/json', u'connection': 'close', u'x-openstack-request-id': 'req-f5609663-fbaf-4539-9cfc-761fc1abf08b'} Body: {"NeutronError": {"message": "Trunk fde815a0-5ae7-4f29-9347-4c48c468e301 could not be found.", "type": "TrunkNotFound", "detail": ""}} _log_request_full /root/.rally/verification/verifier-bb5e03c6-f3b3-4c58-85ec-011bcd60cfa5/repo/tempest/lib/common/rest_client.py:437
2019-02-20 18:56:13.938 17906 INFO tempest.lib.common.rest_client [req-166b231e-79c3-45a2-8e58-2752ecaa14a1 ] Request (TrunkTestJSON:test_delete_trunk_with_subport_is_allowed): 204 DELETE http://172.30.9.34:9696/v2.0/trunks/b18241b1-ad75-4e8e-ac86-4e29828ca9f2 0.649s
2019-02-20 18:56:13.939 17906 DEBUG tempest.lib.common.rest_client [req-166b231e-79c3-45a2-8e58-2752ecaa14a1 ] Request - Headers: {'Content-Type': 'application/json', 'Accept': 'application/json', 'X-Auth-Token': ''} Body: None Response - Headers: {'status': '204', u'content-length': '0', 'content-location': 'http://172.30.9.34:9696/v2.0/trunks/b18241b1-ad75-4e8e-ac86-4e29828ca9f2', u'date': 'Wed, 20 Feb 2019 18:56:13 GMT', u'connection': 'close', u'x-openstack-request-id': 'req-166b231e-79c3-45a2-8e58-2752ecaa14a1'} Body: _log_request_full /root/.rally/verification/verifier-bb5e03c6-f3b3-4c58-85ec-011bcd60cfa5/repo/tempest/lib/common/rest_client.py:437
2019-02-20 18:56:13.953 17906 INFO tempest.lib.common.rest_client [req-f2a656aa-14b8-4dcc-a61c-4d3bd3b4b31b ] Request (TrunkTestJSON:_run_cleanups): 404 GET http://172.30.9.34:9696/v2.0/trunks/ae57db6a-0379-451d-aff3-cdecc87dbbd1/get_subports 0.013s
2019-02-20 18:56:13.954 17906 DEBUG tempest.lib.common.rest_client [req-f2a656aa-14b8-4dcc-a61c-4d3bd3b4b31b ] Request - Headers: {'Content-Type': 'application/json', 'Accept': 'application/json', 'X-Auth-Token': ''} Body: None Response - Headers: {'status': '404', u'content-length': '134', 'content-location': 'http://172.30.9.34:9696/v2.0/trunks/ae57db6a-0379-451d-aff3-cdecc87dbbd1/get_subports', u'date': 'Wed, 20 Feb 2019 18:56:13 GMT', u'content-type': 'application/json', u'connection': 'close', u'x-openstack-request-id': 'req-f2a656aa-14b8-4dcc-a61c-4d3bd3b4b31b'} Body: {"NeutronError": {"message": "Trunk ae57db6a-0379-451d-aff3-cdecc87dbbd1 could not be found.", "type": "TrunkNotFound", "detail": ""}} _log_request_full /root/.rally/verification/verifier-bb5e03c6-f3b3-4c58-85ec-011bcd60cfa5/repo/tempest/lib/common/rest_client.py:437
2019-02-20 18:56:13.973 17906 INFO tempest.lib.common.rest_client [req-600b541d-23a6-4b68-ad08-d03ba70ae88e ] Request (TrunkTestJSON:_run_cleanups): 404 DELETE http://172.30.9.34:9696/v2.0/trunks/ae57db6a-0379-451d-aff3-cdecc87dbbd1 0.019s
2019-02-20 18:56:13.974 17906 DEBUG tempest.lib.common.rest_client [req-600b541d-23a6-4b68-ad08-d03ba70ae88e ] Request - Headers: {'Content-Type': 'application/json', 'Accept': 'application/json', 'X-Auth-Token': ''} Body: None Response - Headers: {'status': '404', u'content-length': '134', 'content-location': 'http://172.30.9.34:9696/v2.0/trunks/ae57db6a-0379-451d-aff3-cdecc87dbbd1', u'date': 'Wed, 20 Feb 2019 18:56:13 GMT', u'content-type': 'application/json', u'connection': 'close', u'x-openstack-request-id': 'req-600b541d-23a6-4b68-ad08-d03ba70ae88e'} Body: {"NeutronError": {"message": "Trunk ae57db6a-0379-451d-aff3-cdecc87dbbd1 could not be found.", "type": "TrunkNotFound", "detail": ""}} _log_request_full /root/.rally/verification/verifier-bb5e03c6-f3b3-4c58-85ec-011bcd60cfa5/repo/tempest/lib/common/rest_client.py:437
2019-02-20 18:56:13.989 17906 INFO tempest.lib.common.rest_client [req-dbaf8e32-5c60-4806-ad30-2ef0a14da795 ] Request (TrunkTestJSON:_run_cleanups): 404 GET http://172.30.9.34:9696/v2.0/trunks/8504cd04-65b1-4383-a014-6658c69a2c93/get_subports 0.014s
2019-02-20 18:56:13.989 17906 DEBUG tempest.lib.common.rest_client [req-dbaf8e32-5c60-4806-ad30-2ef0a14da795 ] Request - Headers: {'Content-Type': 'application/json', 'Accept': 'application/json', 'X-Auth-Token': ''} Body: None Response - Headers: {'status': '404', u'content-length': '134', 'content-location': 'http://172.30.9.34:9696/v2.0/trunks/8504cd04-65b1-4383-a014-6658c69a2c93/get_subports', u'date': 'Wed, 20 Feb 2019 18:56:13 GMT', u'content-type': 'application/json', u'connection': 'close', u'x-openstack-request-id': 'req-dbaf8e32-5c60-4806-ad30-2ef0a14da795'} Body: {"NeutronError": {"message": "Trunk 8504cd04-65b1-4383-a014-6658c69a2c93 could not be found.", "type": "TrunkNotFound", "detail": ""}} _log_request_full /root/.rally/verification/verifier-bb5e03c6-f3b3-4c58-85ec-011bcd60cfa5/repo/tempest/lib/common/rest_client.py:437
2019-02-20 18:56:14.004 17906 INFO tempest.lib.common.rest_client [req-00846fab-45dc-45a0-a708-658b023c5d26 ] Request (TrunkTestJSON:_run_cleanups): 404 DELETE http://172.30.9.34:9696/v2.0/trunks/8504cd04-65b1-4383-a014-6658c69a2c93 0.014s
2019-02-20 18:56:14.005 17906 DEBUG tempest.lib.common.rest_client [req-00846fab-45dc-45a0-a708-658b023c5d26 ] Request - Headers: {'Content-Type': 'application/json', 'Accept': 'application/json', 'X-Auth-Token': ''} Body: None Response - Headers: {'status': '404', u'content-length': '134', 'content-location': 'http://172.30.9.34:9696/v2.0/trunks/8504cd04-65b1-4383-a014-6658c69a2c93', u'date': 'Wed, 20 Feb 2019 18:56:14 GMT', u'content-type': 'application/json', u'connection': 'close', u'x-openstack-request-id': 'req-00846fab-45dc-45a0-a708-658b023c5d26'} Body: {"NeutronError": {"message": "Trunk 8504cd04-65b1-4383-a014-6658c69a2c93 could not be found.", "type": "TrunkNotFound", "detail": ""}} _log_request_full /root/.rally/verification/verifier-bb5e03c6-f3b3-4c58-85ec-011bcd60cfa5/repo/tempest/lib/common/rest_client.py:437
2019-02-20 18:56:14.019 17906 INFO tempest.lib.common.rest_client [req-0da2462a-00a2-4a22-be0a-2775867afff8 ] Request (TrunkTestJSON:_run_cleanups): 404 GET http://172.30.9.34:9696/v2.0/trunks/9df558b0-8e7b-4041-a395-36344cde783a/get_subports 0.014s
2019-02-20 18:56:14.019 17906 DEBUG tempest.lib.common.rest_client [req-0da2462a-00a2-4a22-be0a-2775867afff8 ] Request - Headers: {'Content-Type': 'application/json', 'Accept': 'application/json', 'X-Auth-Token': ''} Body: None Response - Headers: {'status': '404', u'content-length': '134', 'content-location': 'http://172.30.9.34:9696/v2.0/trunks/9df558b0-8e7b-4041-a395-36344cde783a/get_subports', u'date': 'Wed, 20 Feb 2019 18:56:14 GMT', u'content-type': 'application/json', u'connection': 'close', u'x-openstack-request-id': 'req-0da2462a-00a2-4a22-be0a-2775867afff8'} Body: {"NeutronError": {"message": "Trunk 9df558b0-8e7b-4041-a395-36344cde783a could not be found.", "type": "TrunkNotFound", "detail": ""}} _log_request_full /root/.rally/verification/verifier-bb5e03c6-f3b3-4c58-85ec-011bcd60cfa5/repo/tempest/lib/common/rest_client.py:437
2019-02-20 18:56:14.036 17906 INFO tempest.lib.common.rest_client [req-e16f7bf5-689b-413f-bab9-f803f9b70558 ] Request (TrunkTestJSON:_run_cleanups): 404 DELETE http://172.30.9.34:9696/v2.0/trunks/9df558b0-8e7b-4041-a395-36344cde783a 0.016s
2019-02-20 18:56:14.037 17906 DEBUG tempest.lib.common.rest_client [req-e16f7bf5-689b-413f-bab9-f803f9b70558 ] Request - Headers: {'Content-Type': 'application/json', 'Accept': 'application/json', 'X-Auth-Token': ''} Body: None Response - Headers: {'status': '404', u'content-length': '134', 'content-location': 'http://172.30.9.34:9696/v2.0/trunks/9df558b0-8e7b-4041-a395-36344cde783a', u'date': 'Wed, 20 Feb 2019 18:56:14 GMT', u'content-type': 'application/json', u'connection': 'close', u'x-openstack-request-id': 'req-e16f7bf5-689b-413f-bab9-f803f9b70558'} Body: {"NeutronError": {"message": "Trunk 9df558b0-8e7b-4041-a395-36344cde783a could not be found.", "type": "TrunkNotFound", "detail": ""}} _log_request_full /root/.rally/verification/verifier-bb5e03c6-f3b3-4c58-85ec-011bcd60cfa5/repo/tempest/lib/common/rest_client.py:437
2019-02-20 18:56:14.053 17906 INFO tempest.lib.common.rest_client [req-e9a1e95d-915f-44c6-86f4-eadcb55bcfa7 ] Request (TrunkTestJSON:_run_cleanups): 404 GET http://172.30.9.34:9696/v2.0/trunks/a8e3a48b-eba8-4c80-aeb8-cfea888feaa2/get_subports 0.016s
2019-02-20 18:56:14.054 17906 DEBUG tempest.lib.common.rest_client [req-e9a1e95d-915f-44c6-86f4-eadcb55bcfa7 ] Request - Headers: {'Content-Type': 'application/json', 'Accept': 'application/json', 'X-Auth-Token': ''} Body: None Response - Headers: {'status': '404', u'content-length': '134', 'content-location': 'http://172.30.9.34:9696/v2.0/trunks/a8e3a48b-eba8-4c80-aeb8-cfea888feaa2/get_subports', u'date': 'Wed, 20 Feb 2019 18:56:14 GMT', u'content-type': 'application/json', u'connection': 'close', u'x-openstack-request-id': 'req-e9a1e95d-915f-44c6-86f4-eadcb55bcfa7'} Body: {"NeutronError": {"message": "Trunk a8e3a48b-eba8-4c80-aeb8-cfea888feaa2 could not be found.", "type": "TrunkNotFound", "detail": ""}} _log_request_full /root/.rally/verification/verifier-bb5e03c6-f3b3-4c58-85ec-011bcd60cfa5/repo/tempest/lib/common/rest_client.py:437
2019-02-20 18:56:14.070 17906 INFO tempest.lib.common.rest_client [req-0f956315-3595-4861-b1fc-15cd66ed3d37 ] Request (TrunkTestJSON:_run_cleanups): 404 DELETE http://172.30.9.34:9696/v2.0/trunks/a8e3a48b-eba8-4c80-aeb8-cfea888feaa2 0.016s
2019-02-20 18:56:14.071 17906 DEBUG tempest.lib.common.rest_client [req-0f956315-3595-4861-b1fc-15cd66ed3d37 ] Request - Headers: {'Content-Type': 'application/json', 'Accept': 'application/json', 'X-Auth-Token': ''} Body: None Response - Headers: {'status': '404', u'content-length': '134', 'content-location': 'http://172.30.9.34:9696/v2.0/trunks/a8e3a48b-eba8-4c80-aeb8-cfea888feaa2', u'date': 'Wed, 20 Feb 2019 18:56:14 GMT', u'content-type': 'application/json', u'connection': 'close', u'x-openstack-request-id': 'req-0f956315-3595-4861-b1fc-15cd66ed3d37'} Body: {"NeutronError": {"message": "Trunk a8e3a48b-eba8-4c80-aeb8-cfea888feaa2 could not be found.", "type": "TrunkNotFound", "detail": ""}} _log_request_full /root/.rally/verification/verifier-bb5e03c6-f3b3-4c58-85ec-011bcd60cfa5/repo/tempest/lib/common/rest_client.py:437
2019-02-20 18:56:14.083 17906 INFO tempest.lib.common.rest_client [req-df105212-924f-4408-96fd-5e078476d9a6 ] Request (TrunkTestJSON:_run_cleanups): 404 GET http://172.30.9.34:9696/v2.0/trunks/63ccca80-5f94-4c70-b932-fece597e7a1e/get_subports 0.012s
2019-02-20 18:56:14.084 17906 DEBUG tempest.lib.common.rest_client [req-df105212-924f-4408-96fd-5e078476d9a6 ] Request - Headers: {'Content-Type': 'application/json', 'Accept': 'application/json', 'X-Auth-Token': ''} Body: None Response - Headers: {'status': '404', u'content-length': '134', 'content-location': 'http://172.30.9.34:9696/v2.0/trunks/63ccca80-5f94-4c70-b932-fece597e7a1e/get_subports', u'date': 'Wed, 20 Feb 2019 18:56:14 GMT', u'content-type': 'application/json', u'connection': 'close', u'x-openstack-request-id': 'req-df105212-924f-4408-96fd-5e078476d9a6'} Body: {"NeutronError": {"message": "Trunk 63ccca80-5f94-4c70-b932-fece597e7a1e could not be found.", "type": "TrunkNotFound", "detail": ""}} _log_request_full /root/.rally/verification/verifier-bb5e03c6-f3b3-4c58-85ec-011bcd60cfa5/repo/tempest/lib/common/rest_client.py:437
2019-02-20 18:56:14.094 17910 INFO tempest.lib.common.rest_client [req-334c3430-d690-4e51-b9e2-2405fa25536a ] Request (TrunkTestJSON:_run_cleanups): 404 GET http://172.30.9.34:9696/v2.0/trunks/c8ff83e6-1c26-43a3-9961-553cf35ef49c 0.213s
2019-02-20 18:56:14.094 17910 DEBUG tempest.lib.common.rest_client [req-334c3430-d690-4e51-b9e2-2405fa25536a ] Request - Headers: {'Content-Type': 'application/json', 'Accept': 'application/json', 'X-Auth-Token': ''} Body: None Response - Headers: {'status': '404', u'content-length': '134', 'content-location': 'http://172.30.9.34:9696/v2.0/trunks/c8ff83e6-1c26-43a3-9961-553cf35ef49c', u'date': 'Wed, 20 Feb 2019 18:56:14 GMT', u'content-type': 'application/json', u'connection': 'close', u'x-openstack-request-id': 'req-334c3430-d690-4e51-b9e2-2405fa25536a'} Body: {"NeutronError": {"message": "Trunk c8ff83e6-1c26-43a3-9961-553cf35ef49c could not be found.", "type": "TrunkNotFound", "detail": ""}} _log_request_full /root/.rally/verification/verifier-bb5e03c6-f3b3-4c58-85ec-011bcd60cfa5/repo/tempest/lib/common/rest_client.py:437
2019-02-20 18:56:14.099 17906 INFO tempest.lib.common.rest_client [req-48b730af-8046-4c09-992f-72afe1ef4d9e ] Request (TrunkTestJSON:_run_cleanups): 404 DELETE http://172.30.9.34:9696/v2.0/trunks/63ccca80-5f94-4c70-b932-fece597e7a1e 0.015s
2019-02-20 18:56:14.100 17906 DEBUG tempest.lib.common.rest_client [req-48b730af-8046-4c09-992f-72afe1ef4d9e ] Request - Headers: {'Content-Type': 'application/json', 'Accept': 'application/json', 'X-Auth-Token': ''} Body: None Response - Headers: {'status': '404', u'content-length': '134', 'content-location': 'http://172.30.9.34:9696/v2.0/trunks/63ccca80-5f94-4c70-b932-fece597e7a1e', u'date': 'Wed, 20 Feb 2019 18:56:14 GMT', u'content-type': 'application/json', u'connection': 'close', u'x-openstack-request-id': 'req-48b730af-8046-4c09-992f-72afe1ef4d9e'} Body: {"NeutronError": {"message": "Trunk 63ccca80-5f94-4c70-b932-fece597e7a1e could not be found.", "type": "TrunkNotFound", "detail": ""}} _log_request_full /root/.rally/verification/verifier-bb5e03c6-f3b3-4c58-85ec-011bcd60cfa5/repo/tempest/lib/common/rest_client.py:437
2019-02-20 18:56:14.108 17910 INFO tempest.lib.common.rest_client [req-6d4a56cc-8e6b-4051-b799-bd5fbcc33655 ] Request (TrunkTestJSON:_run_cleanups): 404 GET http://172.30.9.34:9696/v2.0/trunks/cfb86283-17b1-4d2f-b467-d8c318719d36 0.013s
2019-02-20 18:56:14.108 17910 DEBUG tempest.lib.common.rest_client [req-6d4a56cc-8e6b-4051-b799-bd5fbcc33655 ] Request - Headers: {'Content-Type': 'application/json', 'Accept': 'application/json', 'X-Auth-Token': ''} Body: None Response - Headers: {'status': '404', u'content-length': '134', 'content-location': 'http://172.30.9.34:9696/v2.0/trunks/cfb86283-17b1-4d2f-b467-d8c318719d36', u'date': 'Wed, 20 Feb 2019 18:56:14 GMT', u'content-type': 'application/json', u'connection': 'close', u'x-openstack-request-id': 'req-6d4a56cc-8e6b-4051-b799-bd5fbcc33655'} Body: {"NeutronError": {"message": "Trunk cfb86283-17b1-4d2f-b467-d8c318719d36 could not be found.", "type": "TrunkNotFound", "detail": ""}} _log_request_full /root/.rally/verification/verifier-bb5e03c6-f3b3-4c58-85ec-011bcd60cfa5/repo/tempest/lib/common/rest_client.py:437
2019-02-20 18:56:14.112 17906 INFO tempest.lib.common.rest_client [req-2e8c4f46-e2d8-4c8a-a9bd-a80e6b99a072 ] Request (TrunkTestJSON:_run_cleanups): 404 GET http://172.30.9.34:9696/v2.0/trunks/6e8c479a-0ee2-400b-afcc-55b97b083790/get_subports 0.012s
2019-02-20 18:56:14.112 17906 DEBUG tempest.lib.common.rest_client [req-2e8c4f46-e2d8-4c8a-a9bd-a80e6b99a072 ] Request - Headers: {'Content-Type': 'application/json', 'Accept': 'application/json', 'X-Auth-Token': ''} Body: None Response - Headers: {'status': '404', u'content-length': '134', 'content-location': 'http://172.30.9.34:9696/v2.0/trunks/6e8c479a-0ee2-400b-afcc-55b97b083790/get_subports', u'date': 'Wed, 20 Feb 2019 18:56:14 GMT', u'content-type': 'application/json', u'connection': 'close', u'x-openstack-request-id': 'req-2e8c4f46-e2d8-4c8a-a9bd-a80e6b99a072'} Body: {"NeutronError": {"message": "Trunk 6e8c479a-0ee2-400b-afcc-55b97b083790 could not be found.", "type": "TrunkNotFound", "detail": ""}} _log_request_full /root/.rally/verification/verifier-bb5e03c6-f3b3-4c58-85ec-011bcd60cfa5/repo/tempest/lib/common/rest_client.py:437
2019-02-20 18:56:14.121 17910 INFO tempest.lib.common.rest_client [req-67246bb0-c7e3-44d8-83d3-044271f14c2a ] Request (TrunkTestJSON:_run_cleanups): 404 GET http://172.30.9.34:9696/v2.0/trunks/d1abe4e5-68c8-46dd-94b1-19d954df4af4 0.012s
2019-02-20 18:56:14.121 17910 DEBUG tempest.lib.common.rest_client [req-67246bb0-c7e3-44d8-83d3-044271f14c2a ] Request - Headers: {'Content-Type': 'application/json', 'Accept': 'application/json', 'X-Auth-Token': ''} Body: None Response - Headers: {'status': '404', u'content-length': '134', 'content-location': 'http://172.30.9.34:9696/v2.0/trunks/d1abe4e5-68c8-46dd-94b1-19d954df4af4', u'date': 'Wed, 20 Feb 2019 18:56:14 GMT', u'content-type': 'application/json', u'connection': 'close', u'x-openstack-request-id': 'req-67246bb0-c7e3-44d8-83d3-044271f14c2a'} Body: {"NeutronError": {"message": "Trunk d1abe4e5-68c8-46dd-94b1-19d954df4af4 could not be found.", "type": "TrunkNotFound", "detail": ""}} _log_request_full /root/.rally/verification/verifier-bb5e03c6-f3b3-4c58-85ec-011bcd60cfa5/repo/tempest/lib/common/rest_client.py:437
2019-02-20 18:56:14.131 17906 INFO tempest.lib.common.rest_client [req-d483a22d-c442-4221-9130-b8f86a74d567 ] Request (TrunkTestJSON:_run_cleanups): 404 DELETE http://172.30.9.34:9696/v2.0/trunks/6e8c479a-0ee2-400b-afcc-55b97b083790 0.018s
2019-02-20 18:56:14.131 17906 DEBUG tempest.lib.common.rest_client [req-d483a22d-c442-4221-9130-b8f86a74d567 ] Request - Headers: {'Content-Type': 'application/json', 'Accept': 'application/json', 'X-Auth-Token': ''} Body: None Response - Headers: {'status': '404', u'content-length': '134', 'content-location': 'http://172.30.9.34:9696/v2.0/trunks/6e8c479a-0ee2-400b-afcc-55b97b083790', u'date': 'Wed, 20 Feb 2019 18:56:14 GMT', u'content-type': 'application/json', u'connection': 'close', u'x-openstack-request-id': 'req-d483a22d-c442-4221-9130-b8f86a74d567'} Body: {"NeutronError": {"message": "Trunk 6e8c479a-0ee2-400b-afcc-55b97b083790 could not be found.", "type": "TrunkNotFound", "detail": ""}} _log_request_full /root/.rally/verification/verifier-bb5e03c6-f3b3-4c58-85ec-011bcd60cfa5/repo/tempest/lib/common/rest_client.py:437
2019-02-20 18:56:14.133 17910 INFO tempest.lib.common.rest_client [req-9d62efda-8e80-4cd1-bb95-a2a4b46cbb2d ] Request (TrunkTestJSON:_run_cleanups): 404 GET http://172.30.9.34:9696/v2.0/trunks/860d0ac2-6a24-4ef7-8381-40642d299959 0.011s
2019-02-20 18:56:14.133 17910 DEBUG tempest.lib.common.rest_client [req-9d62efda-8e80-4cd1-bb95-a2a4b46cbb2d ] Request - Headers: {'Content-Type': 'application/json', 'Accept': 'application/json', 'X-Auth-Token': ''} Body: None Response - Headers: {'status': '404', u'content-length': '134', 'content-location': 'http://172.30.9.34:9696/v2.0/trunks/860d0ac2-6a24-4ef7-8381-40642d299959', u'date': 'Wed, 20 Feb 2019 18:56:14 GMT', u'content-type': 'application/json', u'connection': 'close', u'x-openstack-request-id': 'req-9d62efda-8e80-4cd1-bb95-a2a4b46cbb2d'} Body: {"NeutronError": {"message": "Trunk 860d0ac2-6a24-4ef7-8381-40642d299959 could not be found.", "type": "TrunkNotFound", "detail": ""}} _log_request_full /root/.rally/verification/verifier-bb5e03c6-f3b3-4c58-85ec-011bcd60cfa5/repo/tempest/lib/common/rest_client.py:437
2019-02-20 18:56:14.134 17907 INFO tempest.lib.common.rest_client [req-a4db2359-f5aa-4b96-bfc0-7ab5c89b647a ] Request (TrunkTest:test_trunk_subport_lifecycle): 200 GET http://172.30.9.34:8774/v2.1/servers/f1c51ec0-0e0c-4645-98ae-f69c7c0ab7cf 0.643s
2019-02-20 18:56:14.135 17907 DEBUG tempest.lib.common.rest_client [req-a4db2359-f5aa-4b96-bfc0-7ab5c89b647a ] Request - Headers: {'Content-Type': 'application/json', 'Accept': 'application/json', 'X-Auth-Token': ''} Body: None Response - Headers: {'status': '200', u'content-length': '1688', 'content-location': 'http://172.30.9.34:8774/v2.1/servers/f1c51ec0-0e0c-4645-98ae-f69c7c0ab7cf', u'x-compute-request-id': 'req-a4db2359-f5aa-4b96-bfc0-7ab5c89b647a', u'vary': 'OpenStack-API-Version,X-OpenStack-Nova-API-Version,Accept-Encoding', u'server': 'Apache', u'openstack-api-version': 'compute 2.1', u'connection': 'close', u'x-openstack-nova-api-version': '2.1', u'date': 'Wed, 20 Feb 2019 18:56:13 GMT', u'content-type': 'application/json', u'x-openstack-request-id': 'req-a4db2359-f5aa-4b96-bfc0-7ab5c89b647a'} Body: {"server": {"OS-EXT-STS:task_state": null, "addresses": {"tempest-test-network--1129025586": [{"OS-EXT-IPS-MAC:mac_addr": "fa:16:3e:8e:1f:4c", "version": 4, "addr": "192.168.120.10", "OS-EXT-IPS:type": "fixed"}, {"OS-EXT-IPS-MAC:mac_addr": "fa:16:3e:8e:1f:4c", "version": 4, "addr": "172.30.9.205", "OS-EXT-IPS:type": "floating"}]}, "links": [{"href": "http://172.30.9.34:8774/v2.1/servers/f1c51ec0-0e0c-4645-98ae-f69c7c0ab7cf", "rel": "self"}, {"href": "http://172.30.9.34:8774/servers/f1c51ec0-0e0c-4645-98ae-f69c7c0ab7cf", "rel": "bookmark"}], "image": {"id": "5639d199-850a-4898-bc9a-d2c42ff5d1a5", "links": [{"href": "http://172.30.9.34:8774/images/5639d199-850a-4898-bc9a-d2c42ff5d1a5", "rel": "bookmark"}]}, "OS-EXT-STS:vm_state": "active", "OS-SRV-USG:launched_at": "2019-02-20T18:56:04.000000", "flavor": {"id": "e2dbce24-2ea9-4db6-a2a4-40c0f7160243", "links": [{"href": "http://172.30.9.34:8774/flavors/e2dbce24-2ea9-4db6-a2a4-40c0f7160243", "rel": "bookmark"}]}, "id": "f1c51ec0-0e0c-4645-98ae-f69c7c0ab7cf", "security_groups": [{"name": "tempest-secgroup-436275997"}], "user_id": "dc0c74308e934a348414ce444f6c9632", "OS-DCF:diskConfig": "MANUAL", "accessIPv4": "", "accessIPv6": "", "progress": 0, "OS-EXT-STS:power_state": 1, "OS-EXT-AZ:availability_zone": "nova", "config_drive": "", "status": "ACTIVE", "updated": "2019-02-20T18:56:04Z", "hostId": "792055a78738cfb266c17c499f81cbf498f4056a858279da46952e7d", "OS-SRV-USG:terminated_at": null, "key_name": "tempest-keypair-test-756809678", "name": "tempest-server-test-633659795", "created": "2019-02-20T18:55:57Z", "tenant_id": "ed5ed407f3a4476eadd97a9714ab3043", "os-extended-volumes:volumes_attached": [], "metadata": {}}} _log_request_full /root/.rally/verification/verifier-bb5e03c6-f3b3-4c58-85ec-011bcd60cfa5/repo/tempest/lib/common/rest_client.py:437
2019-02-20 18:56:14.144 17906 INFO tempest.lib.common.rest_client [req-17b78e02-f0f6-4f1f-9f80-5b57b84693b7 ] Request (TrunkTestJSON:_run_cleanups): 404 GET http://172.30.9.34:9696/v2.0/trunks/b18241b1-ad75-4e8e-ac86-4e29828ca9f2/get_subports 0.012s
2019-02-20 18:56:14.145 17907 INFO tempest.lib.common.ssh [-] Creating ssh connection to '172.30.9.205:22' as 'cirros' with public key authentication
2019-02-20 18:56:14.145 17906 DEBUG tempest.lib.common.rest_client [req-17b78e02-f0f6-4f1f-9f80-5b57b84693b7 ] Request - Headers: {'Content-Type': 'application/json', 'Accept': 'application/json', 'X-Auth-Token': ''} Body: None Response - Headers: {'status': '404', u'content-length': '134', 'content-location': 'http://172.30.9.34:9696/v2.0/trunks/b18241b1-ad75-4e8e-ac86-4e29828ca9f2/get_subports', u'date': 'Wed, 20 Feb 2019 18:56:14 GMT', u'content-type': 'application/json', u'connection': 'close', u'x-openstack-request-id': 'req-17b78e02-f0f6-4f1f-9f80-5b57b84693b7'} Body: {"NeutronError": {"message": "Trunk b18241b1-ad75-4e8e-ac86-4e29828ca9f2 could not be found.", "type": "TrunkNotFound", "detail": ""}} _log_request_full /root/.rally/verification/verifier-bb5e03c6-f3b3-4c58-85ec-011bcd60cfa5/repo/tempest/lib/common/rest_client.py:437
2019-02-20 18:56:14.160 17906 INFO tempest.lib.common.rest_client [req-944ba4c0-e59c-447a-a796-4ed2e9ce1a6f ] Request (TrunkTestJSON:_run_cleanups): 404 DELETE http://172.30.9.34:9696/v2.0/trunks/b18241b1-ad75-4e8e-ac86-4e29828ca9f2 0.014s
2019-02-20 18:56:14.160 17906 DEBUG tempest.lib.common.rest_client [req-944ba4c0-e59c-447a-a796-4ed2e9ce1a6f ] Request - Headers: {'Content-Type': 'application/json', 'Accept': 'application/json', 'X-Auth-Token': ''} Body: None Response - Headers: {'status': '404', u'content-length': '134', 'content-location': 'http://172.30.9.34:9696/v2.0/trunks/b18241b1-ad75-4e8e-ac86-4e29828ca9f2', u'date': 'Wed, 20 Feb 2019 18:56:14 GMT', u'content-type': 'application/json', u'connection': 'close', u'x-openstack-request-id': 'req-944ba4c0-e59c-447a-a796-4ed2e9ce1a6f'} Body: {"NeutronError": {"message": "Trunk b18241b1-ad75-4e8e-ac86-4e29828ca9f2 could not be found.", "type": "TrunkNotFound", "detail": ""}} _log_request_full /root/.rally/verification/verifier-bb5e03c6-f3b3-4c58-85ec-011bcd60cfa5/repo/tempest/lib/common/rest_client.py:437
2019-02-20 18:56:14.165 17910 INFO tempest.lib.common.rest_client [req-e6e0b94b-f6a1-4d10-8a5d-0841ebf883a9 ] Request (TrunkTestJSON:_run_cleanups): 404 DELETE http://172.30.9.34:9696/v2.0/ports/50cafcb8-4f96-4597-8b8d-c8d8f11dd913 0.031s
2019-02-20 18:56:14.165 17910 DEBUG tempest.lib.common.rest_client [req-e6e0b94b-f6a1-4d10-8a5d-0841ebf883a9 ] Request - Headers: {'Content-Type': 'application/json', 'Accept': 'application/json', 'X-Auth-Token': ''} Body: None Response - Headers: {'status': '404', u'content-length': '132', 'content-location': 'http://172.30.9.34:9696/v2.0/ports/50cafcb8-4f96-4597-8b8d-c8d8f11dd913', u'date': 'Wed, 20 Feb 2019 18:56:14 GMT', u'content-type': 'application/json', u'connection': 'close', u'x-openstack-request-id': 'req-e6e0b94b-f6a1-4d10-8a5d-0841ebf883a9'} Body: {"NeutronError": {"message": "Port 50cafcb8-4f96-4597-8b8d-c8d8f11dd913 could not be found.", "type": "PortNotFound", "detail": ""}} _log_request_full /root/.rally/verification/verifier-bb5e03c6-f3b3-4c58-85ec-011bcd60cfa5/repo/tempest/lib/common/rest_client.py:437
2019-02-20 18:56:14.173 17906 INFO tempest.lib.common.rest_client [req-eadc6d47-f49d-4f63-b16a-e14f1877a3d7 ] Request (TrunkTestJSON:_run_cleanups): 404 GET http://172.30.9.34:9696/v2.0/trunks/ae57db6a-0379-451d-aff3-cdecc87dbbd1 0.013s
2019-02-20 18:56:14.174 17906 DEBUG tempest.lib.common.rest_client [req-eadc6d47-f49d-4f63-b16a-e14f1877a3d7 ] Request - Headers: {'Content-Type': 'application/json', 'Accept': 'application/json', 'X-Auth-Token': ''} Body: None Response - Headers: {'status': '404', u'content-length': '134', 'content-location': 'http://172.30.9.34:9696/v2.0/trunks/ae57db6a-0379-451d-aff3-cdecc87dbbd1', u'date': 'Wed, 20 Feb 2019 18:56:14 GMT', u'content-type': 'application/json', u'connection': 'close', u'x-openstack-request-id': 'req-eadc6d47-f49d-4f63-b16a-e14f1877a3d7'} Body: {"NeutronError": {"message": "Trunk ae57db6a-0379-451d-aff3-cdecc87dbbd1 could not be found.", "type": "TrunkNotFound", "detail": ""}} _log_request_full /root/.rally/verification/verifier-bb5e03c6-f3b3-4c58-85ec-011bcd60cfa5/repo/tempest/lib/common/rest_client.py:437
2019-02-20 18:56:14.187 17906 INFO tempest.lib.common.rest_client [req-2ed845b3-0651-45ad-9aa3-c8945f5a089f ] Request (TrunkTestJSON:_run_cleanups): 404 GET http://172.30.9.34:9696/v2.0/trunks/8504cd04-65b1-4383-a014-6658c69a2c93 0.013s
2019-02-20 18:56:14.187 17906 DEBUG tempest.lib.common.rest_client [req-2ed845b3-0651-45ad-9aa3-c8945f5a089f ] Request - Headers: {'Content-Type': 'application/json', 'Accept': 'application/json', 'X-Auth-Token': ''} Body: None Response - Headers: {'status': '404', u'content-length': '134', 'content-location': 'http://172.30.9.34:9696/v2.0/trunks/8504cd04-65b1-4383-a014-6658c69a2c93', u'date': 'Wed, 20 Feb 2019 18:56:14 GMT', u'content-type': 'application/json', u'connection': 'close', u'x-openstack-request-id': 'req-2ed845b3-0651-45ad-9aa3-c8945f5a089f'} Body: {"NeutronError": {"message": "Trunk 8504cd04-65b1-4383-a014-6658c69a2c93 could not be found.", "type": "TrunkNotFound", "detail": ""}} _log_request_full /root/.rally/verification/verifier-bb5e03c6-f3b3-4c58-85ec-011bcd60cfa5/repo/tempest/lib/common/rest_client.py:437
2019-02-20 18:56:14.199 17910 INFO tempest.lib.common.rest_client [req-018804dc-cb91-4b12-af41-d99a553fd026 ] Request (TrunkTestJSON:_run_cleanups): 404 DELETE http://172.30.9.34:9696/v2.0/ports/451690c2-22cf-443d-a277-df41b8d1f468 0.033s
2019-02-20 18:56:14.199 17910 DEBUG tempest.lib.common.rest_client [req-018804dc-cb91-4b12-af41-d99a553fd026 ] Request - Headers: {'Content-Type': 'application/json', 'Accept': 'application/json', 'X-Auth-Token': ''} Body: None Response - Headers: {'status': '404', u'content-length': '132', 'content-location': 'http://172.30.9.34:9696/v2.0/ports/451690c2-22cf-443d-a277-df41b8d1f468', u'date': 'Wed, 20 Feb 2019 18:56:14 GMT', u'content-type': 'application/json', u'connection': 'close', u'x-openstack-request-id': 'req-018804dc-cb91-4b12-af41-d99a553fd026'} Body: {"NeutronError": {"message": "Port 451690c2-22cf-443d-a277-df41b8d1f468 could not be found.", "type": "PortNotFound", "detail": ""}} _log_request_full /root/.rally/verification/verifier-bb5e03c6-f3b3-4c58-85ec-011bcd60cfa5/repo/tempest/lib/common/rest_client.py:437
2019-02-20 18:56:14.202 17906 INFO tempest.lib.common.rest_client [req-ff9733ea-1d25-4ffa-a3a8-4cd1f19254ea ] Request (TrunkTestJSON:_run_cleanups): 404 GET http://172.30.9.34:9696/v2.0/trunks/9df558b0-8e7b-4041-a395-36344cde783a 0.014s
2019-02-20 18:56:14.203 17906 DEBUG tempest.lib.common.rest_client [req-ff9733ea-1d25-4ffa-a3a8-4cd1f19254ea ] Request - Headers: {'Content-Type': 'application/json', 'Accept': 'application/json', 'X-Auth-Token': ''} Body: None Response - Headers: {'status': '404', u'content-length': '134', 'content-location': 'http://172.30.9.34:9696/v2.0/trunks/9df558b0-8e7b-4041-a395-36344cde783a', u'date': 'Wed, 20 Feb 2019 18:56:14 GMT', u'content-type': 'application/json', u'connection': 'close', u'x-openstack-request-id': 'req-ff9733ea-1d25-4ffa-a3a8-4cd1f19254ea'} Body: {"NeutronError": {"message": "Trunk 9df558b0-8e7b-4041-a395-36344cde783a could not be found.", "type": "TrunkNotFound", "detail": ""}} _log_request_full /root/.rally/verification/verifier-bb5e03c6-f3b3-4c58-85ec-011bcd60cfa5/repo/tempest/lib/common/rest_client.py:437
2019-02-20 18:56:14.217 17906 INFO tempest.lib.common.rest_client [req-a595b4cb-4202-43db-a362-04c07b5ed0bc ] Request (TrunkTestJSON:_run_cleanups): 404 GET http://172.30.9.34:9696/v2.0/trunks/a8e3a48b-eba8-4c80-aeb8-cfea888feaa2 0.013s
2019-02-20 18:56:14.217 17906 DEBUG tempest.lib.common.rest_client [req-a595b4cb-4202-43db-a362-04c07b5ed0bc ] Request - Headers: {'Content-Type': 'application/json', 'Accept': 'application/json', 'X-Auth-Token': ''} Body: None Response - Headers: {'status': '404', u'content-length': '134', 'content-location': 'http://172.30.9.34:9696/v2.0/trunks/a8e3a48b-eba8-4c80-aeb8-cfea888feaa2', u'date': 'Wed, 20 Feb 2019 18:56:14 GMT', u'content-type': 'application/json', u'connection': 'close', u'x-openstack-request-id': 'req-a595b4cb-4202-43db-a362-04c07b5ed0bc'} Body: {"NeutronError": {"message": "Trunk a8e3a48b-eba8-4c80-aeb8-cfea888feaa2 could not be found.", "type": "TrunkNotFound", "detail": ""}} _log_request_full /root/.rally/verification/verifier-bb5e03c6-f3b3-4c58-85ec-011bcd60cfa5/repo/tempest/lib/common/rest_client.py:437
2019-02-20 18:56:14.232 17906 INFO tempest.lib.common.rest_client [req-34bb4755-43c0-4b08-8406-874fed19dfb3 ] Request (TrunkTestJSON:_run_cleanups): 404 GET http://172.30.9.34:9696/v2.0/trunks/63ccca80-5f94-4c70-b932-fece597e7a1e 0.014s
