2019-02-18 19:55:14.930 17917 DEBUG tempest.lib.common.rest_client [req-d03bb32e-9b9d-4aa7-8132-7ad96710b562 ] Request - Headers: {'Content-Type': 'application/json', 'Accept': 'application/json', 'X-Auth-Token': ''} Body: None Response - Headers: {'status': '200', u'content-length': '679', 'content-location': 'http://172.30.9.42:9696/v2.0/ports/a39b8f8d-0ebc-4d95-aa2f-f67caf998df9', u'date': 'Mon, 18 Feb 2019 19:55:14 GMT', u'content-type': 'application/json', u'connection': 'close', u'x-openstack-request-id': 'req-d03bb32e-9b9d-4aa7-8132-7ad96710b562'} Body: {"port":{"allowed_address_pairs":[],"extra_dhcp_opts":[],"updated_at":"2019-02-18T19:55:13Z","device_owner":"trunk:subport","revision_number":9,"port_security_enabled":true,"fixed_ips":[],"id":"a39b8f8d-0ebc-4d95-aa2f-f67caf998df9","security_groups":["f414ee68-241c-40fc-bb08-9df3ecdef910"],"mac_address":"fa:16:3e:19:06:a4","device_id":"","status":"ACTIVE","description":"","tags":[],"name":"","project_id":"d9168f7a0be4428384418f580561686a","qos_policy_id":null,"admin_state_up":true,"network_id":"176f6734-7ef9-4c16-9144-81b83f8ab4c7","tenant_id":"d9168f7a0be4428384418f580561686a","created_at":"2019-02-18T19:55:07Z","binding:vnic_type":"normal","ip_allocation":"immediate"}} _log_request_full /root/.rally/verification/verifier-db9506ce-85db-48b4-be4c-93827ef5b473/repo/tempest/lib/common/rest_client.py:437
2019-02-18 19:55:14.940 17916 INFO tempest.lib.common.rest_client [req-9ed907a0-e187-4825-afcf-4299026bf2bf ] Request (TrunkTestJSON:_run_cleanups): 204 DELETE http://172.30.9.42:9696/v2.0/ports/f5e5e079-d733-4931-88ea-64d2c99ccf0e 0.339s
2019-02-18 19:55:14.941 17916 DEBUG tempest.lib.common.rest_client [req-9ed907a0-e187-4825-afcf-4299026bf2bf ] Request - Headers: {'Content-Type': 'application/json', 'Accept': 'application/json', 'X-Auth-Token': ''} Body: None Response - Headers: {'status': '204', u'content-length': '0', 'content-location': 'http://172.30.9.42:9696/v2.0/ports/f5e5e079-d733-4931-88ea-64d2c99ccf0e', u'date': 'Mon, 18 Feb 2019 19:55:14 GMT', u'connection': 'close', u'x-openstack-request-id': 'req-9ed907a0-e187-4825-afcf-4299026bf2bf'} Body: _log_request_full /root/.rally/verification/verifier-db9506ce-85db-48b4-be4c-93827ef5b473/repo/tempest/lib/common/rest_client.py:437
2019-02-18 19:55:14.968 17917 INFO tempest.lib.common.rest_client [req-5e4efe6d-15b9-4289-ba15-4a28ce17f729 ] Request (TrunkTest:test_trunk_subport_lifecycle): 200 GET http://172.30.9.42:9696/v2.0/ports/7fa9c735-4bb0-40c6-8ba6-d77e348f4b31 0.037s
2019-02-18 19:55:14.968 17917 DEBUG tempest.lib.common.rest_client [req-5e4efe6d-15b9-4289-ba15-4a28ce17f729 ] Request - Headers: {'Content-Type': 'application/json', 'Accept': 'application/json', 'X-Auth-Token': ''} Body: None Response - Headers: {'status': '200', u'content-length': '679', 'content-location': 'http://172.30.9.42:9696/v2.0/ports/7fa9c735-4bb0-40c6-8ba6-d77e348f4b31', u'date': 'Mon, 18 Feb 2019 19:55:14 GMT', u'content-type': 'application/json', u'connection': 'close', u'x-openstack-request-id': 'req-5e4efe6d-15b9-4289-ba15-4a28ce17f729'} Body: {"port":{"allowed_address_pairs":[],"extra_dhcp_opts":[],"updated_at":"2019-02-18T19:55:14Z","device_owner":"trunk:subport","revision_number":9,"port_security_enabled":true,"fixed_ips":[],"id":"7fa9c735-4bb0-40c6-8ba6-d77e348f4b31","security_groups":["f414ee68-241c-40fc-bb08-9df3ecdef910"],"mac_address":"fa:16:3e:cb:2d:5e","device_id":"","status":"ACTIVE","description":"","tags":[],"name":"","project_id":"d9168f7a0be4428384418f580561686a","qos_policy_id":null,"admin_state_up":true,"network_id":"f7ee54f3-29ee-4338-a713-006dd1985d95","tenant_id":"d9168f7a0be4428384418f580561686a","created_at":"2019-02-18T19:55:08Z","binding:vnic_type":"normal","ip_allocation":"immediate"}} _log_request_full /root/.rally/verification/verifier-db9506ce-85db-48b4-be4c-93827ef5b473/repo/tempest/lib/common/rest_client.py:437
2019-02-18 19:55:14.969 17917 INFO tempest.lib.common.ssh [-] Creating ssh connection to '172.30.9.200:22' as 'cirros' with public key authentication
2019-02-18 19:55:14.973 17917 INFO paramiko.transport [-] Connected (version 2.0, client dropbear_2015.67)
2019-02-18 19:55:15.038 17917 INFO paramiko.transport [-] Authentication (publickey) successful!
2019-02-18 19:55:15.069 17917 INFO tempest.lib.common.ssh [-] ssh connection to cirros@172.30.9.200 successfully created
2019-02-18 19:55:15.256 17917 INFO tempest.lib.common.rest_client [req-40e29ed0-3b81-470e-8c28-de3894780dcd ] Request (TrunkTest:test_trunk_subport_lifecycle): 200 PUT http://172.30.9.42:9696/v2.0/trunks/5bbd9b85-d753-41b3-90d9-350a4f6cf5bb/remove_subports 0.072s
2019-02-18 19:55:15.257 17917 DEBUG tempest.lib.common.rest_client [req-40e29ed0-3b81-470e-8c28-de3894780dcd ] Request - Headers: {'Content-Type': 'application/json', 'Accept': 'application/json', 'X-Auth-Token': ''} Body: {"sub_ports": [{"segmentation_type": "vlan", "port_id": "3e63f6cc-8d6f-4b98-922f-1ae24956ff87", "segmentation_id": 3}, {"segmentation_type": "vlan", "port_id": "542f3ec8-7822-4a31-93dd-c0ca1407ffd2", "segmentation_id": 4}, {"segmentation_type": "vlan", "port_id": "a39b8f8d-0ebc-4d95-aa2f-f67caf998df9", "segmentation_id": 5}, {"segmentation_type": "vlan", "port_id": "7fa9c735-4bb0-40c6-8ba6-d77e348f4b31", "segmentation_id": 6}]} Response - Headers: {'status': '200', u'content-length': '396', 'content-location': 'http://172.30.9.42:9696/v2.0/trunks/5bbd9b85-d753-41b3-90d9-350a4f6cf5bb/remove_subports', u'date': 'Mon, 18 Feb 2019 19:55:15 GMT', u'content-type': 'application/json', u'connection': 'close', u'x-openstack-request-id': 'req-40e29ed0-3b81-470e-8c28-de3894780dcd'} Body: {"status": "DOWN", "sub_ports": [], "name": "", "admin_state_up": true, "tenant_id": "d9168f7a0be4428384418f580561686a", "created_at": "2019-02-18T19:54:38Z", "tags": [], "updated_at": "2019-02-18T19:55:15Z", "revision_number": 5, "project_id": "d9168f7a0be4428384418f580561686a", "port_id": "15433294-b85a-4cac-8c0c-3c827363d6a2", "id": "5bbd9b85-d753-41b3-90d9-350a4f6cf5bb", "description": ""} _log_request_full /root/.rally/verification/verifier-db9506ce-85db-48b4-be4c-93827ef5b473/repo/tempest/lib/common/rest_client.py:437
2019-02-18 19:55:15.314 17917 INFO tempest.lib.common.rest_client [req-a4fa32be-03be-482a-b286-9139b43f8303 ] Request (TrunkTest:test_trunk_subport_lifecycle): 200 GET http://172.30.9.42:9696/v2.0/ports/3e63f6cc-8d6f-4b98-922f-1ae24956ff87 0.056s
2019-02-18 19:55:15.314 17917 DEBUG tempest.lib.common.rest_client [req-a4fa32be-03be-482a-b286-9139b43f8303 ] Request - Headers: {'Content-Type': 'application/json', 'Accept': 'application/json', 'X-Auth-Token': ''} Body: None Response - Headers: {'status': '200', u'content-length': '679', 'content-location': 'http://172.30.9.42:9696/v2.0/ports/3e63f6cc-8d6f-4b98-922f-1ae24956ff87', u'date': 'Mon, 18 Feb 2019 19:55:15 GMT', u'content-type': 'application/json', u'connection': 'close', u'x-openstack-request-id': 'req-a4fa32be-03be-482a-b286-9139b43f8303'} Body: {"port":{"allowed_address_pairs":[],"extra_dhcp_opts":[],"updated_at":"2019-02-18T19:55:14Z","device_owner":"trunk:subport","revision_number":9,"port_security_enabled":true,"fixed_ips":[],"id":"3e63f6cc-8d6f-4b98-922f-1ae24956ff87","security_groups":["f414ee68-241c-40fc-bb08-9df3ecdef910"],"mac_address":"fa:16:3e:23:94:53","device_id":"","status":"ACTIVE","description":"","tags":[],"name":"","project_id":"d9168f7a0be4428384418f580561686a","qos_policy_id":null,"admin_state_up":true,"network_id":"da716cf7-948f-4bae-a08b-e47ccbf726e0","tenant_id":"d9168f7a0be4428384418f580561686a","created_at":"2019-02-18T19:55:04Z","binding:vnic_type":"normal","ip_allocation":"immediate"}} _log_request_full /root/.rally/verification/verifier-db9506ce-85db-48b4-be4c-93827ef5b473/repo/tempest/lib/common/rest_client.py:437
2019-02-18 19:55:15.384 17920 INFO tempest.lib.common.rest_client [req-a83b47f5-4b72-4106-b8c6-763a28c61c5d ] Request (TrunkTestJSON:_run_cleanups): 204 DELETE http://172.30.9.42:9696/v2.0/networks/25dbc727-5ea5-4973-be97-1b0475ffaf63 0.598s
2019-02-18 19:55:15.384 17920 DEBUG tempest.lib.common.rest_client [req-a83b47f5-4b72-4106-b8c6-763a28c61c5d ] Request - Headers: {'Content-Type': 'application/json', 'Accept': 'application/json', 'X-Auth-Token': ''} Body: None Response - Headers: {'status': '204', u'content-length': '0', 'content-location': 'http://172.30.9.42:9696/v2.0/networks/25dbc727-5ea5-4973-be97-1b0475ffaf63', u'date': 'Mon, 18 Feb 2019 19:55:15 GMT', u'connection': 'close', u'x-openstack-request-id': 'req-a83b47f5-4b72-4106-b8c6-763a28c61c5d'} Body: _log_request_full /root/.rally/verification/verifier-db9506ce-85db-48b4-be4c-93827ef5b473/repo/tempest/lib/common/rest_client.py:437
2019-02-18 19:55:15.470 17920 INFO tempest.lib.common.rest_client [req-8db9b95c-ead6-48db-9173-b777eaf13546 ] Request (TrunkTestJSON:test_create_trunk_nonexistent_port_id): 404 POST http://172.30.9.42:9696/v2.0/trunks 0.083s
2019-02-18 19:55:15.471 17920 DEBUG tempest.lib.common.rest_client [req-8db9b95c-ead6-48db-9173-b777eaf13546 ] Request - Headers: {'Content-Type': 'application/json', 'Accept': 'application/json', 'X-Auth-Token': ''} Body: {"trunk": {"sub_ports": [], "port_id": "6c8d0700-35fc-401f-bd50-89cd0176b16b"}} Response - Headers: {'status': '404', u'content-length': '132', 'content-location': 'http://172.30.9.42:9696/v2.0/trunks', u'date': 'Mon, 18 Feb 2019 19:55:15 GMT', u'content-type': 'application/json', u'connection': 'close', u'x-openstack-request-id': 'req-8db9b95c-ead6-48db-9173-b777eaf13546'} Body: {"NeutronError": {"message": "Port 6c8d0700-35fc-401f-bd50-89cd0176b16b could not be found.", "type": "PortNotFound", "detail": ""}} _log_request_full /root/.rally/verification/verifier-db9506ce-85db-48b4-be4c-93827ef5b473/repo/tempest/lib/common/rest_client.py:437
2019-02-18 19:55:15.475 17916 INFO tempest.lib.common.rest_client [req-4af8625e-aebd-453f-91a6-18522357351b ] Request (TrunkTestJSON:_run_cleanups): 204 DELETE http://172.30.9.42:9696/v2.0/ports/12866a84-b3b6-4650-a9b8-3c530a5d57f9 0.533s
2019-02-18 19:55:15.475 17916 DEBUG tempest.lib.common.rest_client [req-4af8625e-aebd-453f-91a6-18522357351b ] Request - Headers: {'Content-Type': 'application/json', 'Accept': 'application/json', 'X-Auth-Token': ''} Body: None Response - Headers: {'status': '204', u'content-length': '0', 'content-location': 'http://172.30.9.42:9696/v2.0/ports/12866a84-b3b6-4650-a9b8-3c530a5d57f9', u'date': 'Mon, 18 Feb 2019 19:55:15 GMT', u'connection': 'close', u'x-openstack-request-id': 'req-4af8625e-aebd-453f-91a6-18522357351b'} Body: _log_request_full /root/.rally/verification/verifier-db9506ce-85db-48b4-be4c-93827ef5b473/repo/tempest/lib/common/rest_client.py:437
2019-02-18 19:55:15.485 17920 INFO tempest.lib.common.rest_client [req-2d99b30b-da7d-4e2d-a306-b38ee406426d ] Request (TrunkTestJSON:_run_cleanups): 404 GET http://172.30.9.42:9696/v2.0/trunks/afff1d70-9ea5-4cf1-93e6-4bc9f545c62b/get_subports 0.013s
2019-02-18 19:55:15.486 17920 DEBUG tempest.lib.common.rest_client [req-2d99b30b-da7d-4e2d-a306-b38ee406426d ] Request - Headers: {'Content-Type': 'application/json', 'Accept': 'application/json', 'X-Auth-Token': ''} Body: None Response - Headers: {'status': '404', u'content-length': '134', 'content-location': 'http://172.30.9.42:9696/v2.0/trunks/afff1d70-9ea5-4cf1-93e6-4bc9f545c62b/get_subports', u'date': 'Mon, 18 Feb 2019 19:55:15 GMT', u'content-type': 'application/json', u'connection': 'close', u'x-openstack-request-id': 'req-2d99b30b-da7d-4e2d-a306-b38ee406426d'} Body: {"NeutronError": {"message": "Trunk afff1d70-9ea5-4cf1-93e6-4bc9f545c62b could not be found.", "type": "TrunkNotFound", "detail": ""}} _log_request_full /root/.rally/verification/verifier-db9506ce-85db-48b4-be4c-93827ef5b473/repo/tempest/lib/common/rest_client.py:437
2019-02-18 19:55:15.500 17920 INFO tempest.lib.common.rest_client [req-12394865-f66b-4ff4-9545-3f392c3f5d7c ] Request (TrunkTestJSON:_run_cleanups): 404 DELETE http://172.30.9.42:9696/v2.0/trunks/afff1d70-9ea5-4cf1-93e6-4bc9f545c62b 0.013s
2019-02-18 19:55:15.500 17916 INFO tempest.lib.common.rest_client [req-aaf86ceb-84cf-4608-a710-9436c2a76fa2 ] Request (TrunkTestJSON:_run_cleanups): 404 DELETE http://172.30.9.42:9696/v2.0/networks/7904c7cf-a614-44df-a832-c70fab52c2f2 0.024s
2019-02-18 19:55:15.500 17920 DEBUG tempest.lib.common.rest_client [req-12394865-f66b-4ff4-9545-3f392c3f5d7c ] Request - Headers: {'Content-Type': 'application/json', 'Accept': 'application/json', 'X-Auth-Token': ''} Body: None Response - Headers: {'status': '404', u'content-length': '134', 'content-location': 'http://172.30.9.42:9696/v2.0/trunks/afff1d70-9ea5-4cf1-93e6-4bc9f545c62b', u'date': 'Mon, 18 Feb 2019 19:55:15 GMT', u'content-type': 'application/json', u'connection': 'close', u'x-openstack-request-id': 'req-12394865-f66b-4ff4-9545-3f392c3f5d7c'} Body: {"NeutronError": {"message": "Trunk afff1d70-9ea5-4cf1-93e6-4bc9f545c62b could not be found.", "type": "TrunkNotFound", "detail": ""}} _log_request_full /root/.rally/verification/verifier-db9506ce-85db-48b4-be4c-93827ef5b473/repo/tempest/lib/common/rest_client.py:437
2019-02-18 19:55:15.500 17916 DEBUG tempest.lib.common.rest_client [req-aaf86ceb-84cf-4608-a710-9436c2a76fa2 ] Request - Headers: {'Content-Type': 'application/json', 'Accept': 'application/json', 'X-Auth-Token': ''} Body: None Response - Headers: {'status': '404', u'content-length': '138', 'content-location': 'http://172.30.9.42:9696/v2.0/networks/7904c7cf-a614-44df-a832-c70fab52c2f2', u'date': 'Mon, 18 Feb 2019 19:55:15 GMT', u'content-type': 'application/json', u'connection': 'close', u'x-openstack-request-id': 'req-aaf86ceb-84cf-4608-a710-9436c2a76fa2'} Body: {"NeutronError": {"message": "Network 7904c7cf-a614-44df-a832-c70fab52c2f2 could not be found.", "type": "NetworkNotFound", "detail": ""}} _log_request_full /root/.rally/verification/verifier-db9506ce-85db-48b4-be4c-93827ef5b473/repo/tempest/lib/common/rest_client.py:437
2019-02-18 19:55:15.513 17920 INFO tempest.lib.common.rest_client [req-c3e2728d-8854-4c98-8079-113b30e43df0 ] Request (TrunkTestJSON:_run_cleanups): 404 GET http://172.30.9.42:9696/v2.0/trunks/2fc23050-bbed-417e-b867-abcce8e694bd/get_subports 0.012s
2019-02-18 19:55:15.514 17920 DEBUG tempest.lib.common.rest_client [req-c3e2728d-8854-4c98-8079-113b30e43df0 ] Request - Headers: {'Content-Type': 'application/json', 'Accept': 'application/json', 'X-Auth-Token': ''} Body: None Response - Headers: {'status': '404', u'content-length': '134', 'content-location': 'http://172.30.9.42:9696/v2.0/trunks/2fc23050-bbed-417e-b867-abcce8e694bd/get_subports', u'date': 'Mon, 18 Feb 2019 19:55:15 GMT', u'content-type': 'application/json', u'connection': 'close', u'x-openstack-request-id': 'req-c3e2728d-8854-4c98-8079-113b30e43df0'} Body: {"NeutronError": {"message": "Trunk 2fc23050-bbed-417e-b867-abcce8e694bd could not be found.", "type": "TrunkNotFound", "detail": ""}} _log_request_full /root/.rally/verification/verifier-db9506ce-85db-48b4-be4c-93827ef5b473/repo/tempest/lib/common/rest_client.py:437
2019-02-18 19:55:15.521 17916 INFO tempest.lib.common.rest_client [req-9af25b17-0418-4665-9ffd-ed825cb089b5 ] Request (TrunkTestJSON:_run_cleanups): 404 DELETE http://172.30.9.42:9696/v2.0/networks/71b50092-141a-4d81-b0ae-1e60fa1ffade 0.020s
2019-02-18 19:55:15.521 17916 DEBUG tempest.lib.common.rest_client [req-9af25b17-0418-4665-9ffd-ed825cb089b5 ] Request - Headers: {'Content-Type': 'application/json', 'Accept': 'application/json', 'X-Auth-Token': ''} Body: None Response - Headers: {'status': '404', u'content-length': '138', 'content-location': 'http://172.30.9.42:9696/v2.0/networks/71b50092-141a-4d81-b0ae-1e60fa1ffade', u'date': 'Mon, 18 Feb 2019 19:55:15 GMT', u'content-type': 'application/json', u'connection': 'close', u'x-openstack-request-id': 'req-9af25b17-0418-4665-9ffd-ed825cb089b5'} Body: {"NeutronError": {"message": "Network 71b50092-141a-4d81-b0ae-1e60fa1ffade could not be found.", "type": "NetworkNotFound", "detail": ""}} _log_request_full /root/.rally/verification/verifier-db9506ce-85db-48b4-be4c-93827ef5b473/repo/tempest/lib/common/rest_client.py:437
2019-02-18 19:55:15.527 17920 INFO tempest.lib.common.rest_client [req-cde45a8b-8663-40f9-abc7-260da662e52b ] Request (TrunkTestJSON:_run_cleanups): 404 DELETE http://172.30.9.42:9696/v2.0/trunks/2fc23050-bbed-417e-b867-abcce8e694bd 0.013s
2019-02-18 19:55:15.527 17920 DEBUG tempest.lib.common.rest_client [req-cde45a8b-8663-40f9-abc7-260da662e52b ] Request - Headers: {'Content-Type': 'application/json', 'Accept': 'application/json', 'X-Auth-Token': ''} Body: None Response - Headers: {'status': '404', u'content-length': '134', 'content-location': 'http://172.30.9.42:9696/v2.0/trunks/2fc23050-bbed-417e-b867-abcce8e694bd', u'date': 'Mon, 18 Feb 2019 19:55:15 GMT', u'content-type': 'application/json', u'connection': 'close', u'x-openstack-request-id': 'req-cde45a8b-8663-40f9-abc7-260da662e52b'} Body: {"NeutronError": {"message": "Trunk 2fc23050-bbed-417e-b867-abcce8e694bd could not be found.", "type": "TrunkNotFound", "detail": ""}} _log_request_full /root/.rally/verification/verifier-db9506ce-85db-48b4-be4c-93827ef5b473/repo/tempest/lib/common/rest_client.py:437
2019-02-18 19:55:15.540 17920 INFO tempest.lib.common.rest_client [req-d26026cb-bdad-428a-8a13-64ec916fdaee ] Request (TrunkTestJSON:_run_cleanups): 404 GET http://172.30.9.42:9696/v2.0/trunks/53787392-76c5-423e-95a6-362b23497454/get_subports 0.012s
2019-02-18 19:55:15.541 17920 DEBUG tempest.lib.common.rest_client [req-d26026cb-bdad-428a-8a13-64ec916fdaee ] Request - Headers: {'Content-Type': 'application/json', 'Accept': 'application/json', 'X-Auth-Token': ''} Body: None Response - Headers: {'status': '404', u'content-length': '134', 'content-location': 'http://172.30.9.42:9696/v2.0/trunks/53787392-76c5-423e-95a6-362b23497454/get_subports', u'date': 'Mon, 18 Feb 2019 19:55:15 GMT', u'content-type': 'application/json', u'connection': 'close', u'x-openstack-request-id': 'req-d26026cb-bdad-428a-8a13-64ec916fdaee'} Body: {"NeutronError": {"message": "Trunk 53787392-76c5-423e-95a6-362b23497454 could not be found.", "type": "TrunkNotFound", "detail": ""}} _log_request_full /root/.rally/verification/verifier-db9506ce-85db-48b4-be4c-93827ef5b473/repo/tempest/lib/common/rest_client.py:437
2019-02-18 19:55:15.543 17916 INFO tempest.lib.common.rest_client [req-6950496a-929b-448e-84aa-721bd7d76239 ] Request (TrunkTestJSON:_run_cleanups): 404 DELETE http://172.30.9.42:9696/v2.0/networks/58fc3206-d8ef-4b34-a08e-647bf9e4085d 0.021s
2019-02-18 19:55:15.543 17916 DEBUG tempest.lib.common.rest_client [req-6950496a-929b-448e-84aa-721bd7d76239 ] Request - Headers: {'Content-Type': 'application/json', 'Accept': 'application/json', 'X-Auth-Token': ''} Body: None Response - Headers: {'status': '404', u'content-length': '138', 'content-location': 'http://172.30.9.42:9696/v2.0/networks/58fc3206-d8ef-4b34-a08e-647bf9e4085d', u'date': 'Mon, 18 Feb 2019 19:55:15 GMT', u'content-type': 'application/json', u'connection': 'close', u'x-openstack-request-id': 'req-6950496a-929b-448e-84aa-721bd7d76239'} Body: {"NeutronError": {"message": "Network 58fc3206-d8ef-4b34-a08e-647bf9e4085d could not be found.", "type": "NetworkNotFound", "detail": ""}} _log_request_full /root/.rally/verification/verifier-db9506ce-85db-48b4-be4c-93827ef5b473/repo/tempest/lib/common/rest_client.py:437
2019-02-18 19:55:15.554 17920 INFO tempest.lib.common.rest_client [req-8bae518a-8bec-4c5d-b128-2e5948ad3919 ] Request (TrunkTestJSON:_run_cleanups): 404 DELETE http://172.30.9.42:9696/v2.0/trunks/53787392-76c5-423e-95a6-362b23497454 0.013s
2019-02-18 19:55:15.555 17920 DEBUG tempest.lib.common.rest_client [req-8bae518a-8bec-4c5d-b128-2e5948ad3919 ] Request - Headers: {'Content-Type': 'application/json', 'Accept': 'application/json', 'X-Auth-Token': ''} Body: None Response - Headers: {'status': '404', u'content-length': '134', 'content-location': 'http://172.30.9.42:9696/v2.0/trunks/53787392-76c5-423e-95a6-362b23497454', u'date': 'Mon, 18 Feb 2019 19:55:15 GMT', u'content-type': 'application/json', u'connection': 'close', u'x-openstack-request-id': 'req-8bae518a-8bec-4c5d-b128-2e5948ad3919'} Body: {"NeutronError": {"message": "Trunk 53787392-76c5-423e-95a6-362b23497454 could not be found.", "type": "TrunkNotFound", "detail": ""}} _log_request_full /root/.rally/verification/verifier-db9506ce-85db-48b4-be4c-93827ef5b473/repo/tempest/lib/common/rest_client.py:437
2019-02-18 19:55:15.567 17916 INFO tempest.lib.common.rest_client [req-ad7a3d24-e4c5-48bf-8dc2-9d6e280e4701 ] Request (TrunkTestJSON:_run_cleanups): 404 DELETE http://172.30.9.42:9696/v2.0/networks/d4ce8b03-a0f2-4bf8-96bd-30b095bdfbfe 0.023s
2019-02-18 19:55:15.567 17916 DEBUG tempest.lib.common.rest_client [req-ad7a3d24-e4c5-48bf-8dc2-9d6e280e4701 ] Request - Headers: {'Content-Type': 'application/json', 'Accept': 'application/json', 'X-Auth-Token': ''} Body: None Response - Headers: {'status': '404', u'content-length': '138', 'content-location': 'http://172.30.9.42:9696/v2.0/networks/d4ce8b03-a0f2-4bf8-96bd-30b095bdfbfe', u'date': 'Mon, 18 Feb 2019 19:55:15 GMT', u'content-type': 'application/json', u'connection': 'close', u'x-openstack-request-id': 'req-ad7a3d24-e4c5-48bf-8dc2-9d6e280e4701'} Body: {"NeutronError": {"message": "Network d4ce8b03-a0f2-4bf8-96bd-30b095bdfbfe could not be found.", "type": "NetworkNotFound", "detail": ""}} _log_request_full /root/.rally/verification/verifier-db9506ce-85db-48b4-be4c-93827ef5b473/repo/tempest/lib/common/rest_client.py:437
2019-02-18 19:55:15.569 17920 INFO tempest.lib.common.rest_client [req-4fa83758-7cf5-4715-ab66-0f38848a7004 ] Request (TrunkTestJSON:_run_cleanups): 404 GET http://172.30.9.42:9696/v2.0/trunks/39cdea27-34b7-4ee6-a49f-32d3582483cf/get_subports 0.014s
2019-02-18 19:55:15.569 17920 DEBUG tempest.lib.common.rest_client [req-4fa83758-7cf5-4715-ab66-0f38848a7004 ] Request - Headers: {'Content-Type': 'application/json', 'Accept': 'application/json', 'X-Auth-Token': ''} Body: None Response - Headers: {'status': '404', u'content-length': '134', 'content-location': 'http://172.30.9.42:9696/v2.0/trunks/39cdea27-34b7-4ee6-a49f-32d3582483cf/get_subports', u'date': 'Mon, 18 Feb 2019 19:55:15 GMT', u'content-type': 'application/json', u'connection': 'close', u'x-openstack-request-id': 'req-4fa83758-7cf5-4715-ab66-0f38848a7004'} Body: {"NeutronError": {"message": "Trunk 39cdea27-34b7-4ee6-a49f-32d3582483cf could not be found.", "type": "TrunkNotFound", "detail": ""}} _log_request_full /root/.rally/verification/verifier-db9506ce-85db-48b4-be4c-93827ef5b473/repo/tempest/lib/common/rest_client.py:437
2019-02-18 19:55:15.585 17920 INFO tempest.lib.common.rest_client [req-9452d3c8-1ac9-4ffa-ba78-1dfd66092e1f ] Request (TrunkTestJSON:_run_cleanups): 404 DELETE http://172.30.9.42:9696/v2.0/trunks/39cdea27-34b7-4ee6-a49f-32d3582483cf 0.015s
2019-02-18 19:55:15.586 17920 DEBUG tempest.lib.common.rest_client [req-9452d3c8-1ac9-4ffa-ba78-1dfd66092e1f ] Request - Headers: {'Content-Type': 'application/json', 'Accept': 'application/json', 'X-Auth-Token': ''} Body: None Response - Headers: {'status': '404', u'content-length': '134', 'content-location': 'http://172.30.9.42:9696/v2.0/trunks/39cdea27-34b7-4ee6-a49f-32d3582483cf', u'date': 'Mon, 18 Feb 2019 19:55:15 GMT', u'content-type': 'application/json', u'connection': 'close', u'x-openstack-request-id': 'req-9452d3c8-1ac9-4ffa-ba78-1dfd66092e1f'} Body: {"NeutronError": {"message": "Trunk 39cdea27-34b7-4ee6-a49f-32d3582483cf could not be found.", "type": "TrunkNotFound", "detail": ""}} _log_request_full /root/.rally/verification/verifier-db9506ce-85db-48b4-be4c-93827ef5b473/repo/tempest/lib/common/rest_client.py:437
2019-02-18 19:55:15.594 17916 INFO tempest.lib.common.rest_client [req-40b18f8c-88eb-44d6-b603-a228a746ff75 ] Request (TrunkTestJSON:_run_cleanups): 404 DELETE http://172.30.9.42:9696/v2.0/networks/d90d3515-e218-45ca-a442-6cb1902f4bf3 0.026s
2019-02-18 19:55:15.594 17916 DEBUG tempest.lib.common.rest_client [req-40b18f8c-88eb-44d6-b603-a228a746ff75 ] Request - Headers: {'Content-Type': 'application/json', 'Accept': 'application/json', 'X-Auth-Token': ''} Body: None Response - Headers: {'status': '404', u'content-length': '138', 'content-location': 'http://172.30.9.42:9696/v2.0/networks/d90d3515-e218-45ca-a442-6cb1902f4bf3', u'date': 'Mon, 18 Feb 2019 19:55:15 GMT', u'content-type': 'application/json', u'connection': 'close', u'x-openstack-request-id': 'req-40b18f8c-88eb-44d6-b603-a228a746ff75'} Body: {"NeutronError": {"message": "Network d90d3515-e218-45ca-a442-6cb1902f4bf3 could not be found.", "type": "NetworkNotFound", "detail": ""}} _log_request_full /root/.rally/verification/verifier-db9506ce-85db-48b4-be4c-93827ef5b473/repo/tempest/lib/common/rest_client.py:437
2019-02-18 19:55:15.599 17920 INFO tempest.lib.common.rest_client [req-68238b40-837a-48f6-a335-4b289763f822 ] Request (TrunkTestJSON:_run_cleanups): 404 GET http://172.30.9.42:9696/v2.0/trunks/741b5603-9923-4410-8831-2382c0f34f4c/get_subports 0.013s
2019-02-18 19:55:15.600 17920 DEBUG tempest.lib.common.rest_client [req-68238b40-837a-48f6-a335-4b289763f822 ] Request - Headers: {'Content-Type': 'application/json', 'Accept': 'application/json', 'X-Auth-Token': ''} Body: None Response - Headers: {'status': '404', u'content-length': '134', 'content-location': 'http://172.30.9.42:9696/v2.0/trunks/741b5603-9923-4410-8831-2382c0f34f4c/get_subports', u'date': 'Mon, 18 Feb 2019 19:55:15 GMT', u'content-type': 'application/json', u'connection': 'close', u'x-openstack-request-id': 'req-68238b40-837a-48f6-a335-4b289763f822'} Body: {"NeutronError": {"message": "Trunk 741b5603-9923-4410-8831-2382c0f34f4c could not be found.", "type": "TrunkNotFound", "detail": ""}} _log_request_full /root/.rally/verification/verifier-db9506ce-85db-48b4-be4c-93827ef5b473/repo/tempest/lib/common/rest_client.py:437
2019-02-18 19:55:15.621 17920 INFO tempest.lib.common.rest_client [req-b697f890-a8fb-4185-b488-49ad2f284218 ] Request (TrunkTestJSON:_run_cleanups): 404 DELETE http://172.30.9.42:9696/v2.0/trunks/741b5603-9923-4410-8831-2382c0f34f4c 0.020s
2019-02-18 19:55:15.621 17920 DEBUG tempest.lib.common.rest_client [req-b697f890-a8fb-4185-b488-49ad2f284218 ] Request - Headers: {'Content-Type': 'application/json', 'Accept': 'application/json', 'X-Auth-Token': ''} Body: None Response - Headers: {'status': '404', u'content-length': '134', 'content-location': 'http://172.30.9.42:9696/v2.0/trunks/741b5603-9923-4410-8831-2382c0f34f4c', u'date': 'Mon, 18 Feb 2019 19:55:15 GMT', u'content-type': 'application/json', u'connection': 'close', u'x-openstack-request-id': 'req-b697f890-a8fb-4185-b488-49ad2f284218'} Body: {"NeutronError": {"message": "Trunk 741b5603-9923-4410-8831-2382c0f34f4c could not be found.", "type": "TrunkNotFound", "detail": ""}} _log_request_full /root/.rally/verification/verifier-db9506ce-85db-48b4-be4c-93827ef5b473/repo/tempest/lib/common/rest_client.py:437
2019-02-18 19:55:15.622 17916 INFO tempest.lib.common.rest_client [req-e216adbf-313b-49f2-bbac-dfb910629ee2 ] Request (TrunkTestJSON:_run_cleanups): 404 DELETE http://172.30.9.42:9696/v2.0/networks/7d553dba-6020-40b6-a641-41047f6d5e95 0.027s
2019-02-18 19:55:15.622 17916 DEBUG tempest.lib.common.rest_client [req-e216adbf-313b-49f2-bbac-dfb910629ee2 ] Request - Headers: {'Content-Type': 'application/json', 'Accept': 'application/json', 'X-Auth-Token': ''} Body: None Response - Headers: {'status': '404', u'content-length': '138', 'content-location': 'http://172.30.9.42:9696/v2.0/networks/7d553dba-6020-40b6-a641-41047f6d5e95', u'date': 'Mon, 18 Feb 2019 19:55:15 GMT', u'content-type': 'application/json', u'connection': 'close', u'x-openstack-request-id': 'req-e216adbf-313b-49f2-bbac-dfb910629ee2'} Body: {"NeutronError": {"message": "Network 7d553dba-6020-40b6-a641-41047f6d5e95 could not be found.", "type": "NetworkNotFound", "detail": ""}} _log_request_full /root/.rally/verification/verifier-db9506ce-85db-48b4-be4c-93827ef5b473/repo/tempest/lib/common/rest_client.py:437
2019-02-18 19:55:15.636 17920 INFO tempest.lib.common.rest_client [req-f27ae615-2454-48ac-bd40-170a8eb73d95 ] Request (TrunkTestJSON:_run_cleanups): 404 GET http://172.30.9.42:9696/v2.0/trunks/ab9c8054-eccd-404b-aa6f-00a12ba249e5/get_subports 0.014s
2019-02-18 19:55:15.636 17920 DEBUG tempest.lib.common.rest_client [req-f27ae615-2454-48ac-bd40-170a8eb73d95 ] Request - Headers: {'Content-Type': 'application/json', 'Accept': 'application/json', 'X-Auth-Token': ''} Body: None Response - Headers: {'status': '404', u'content-length': '134', 'content-location': 'http://172.30.9.42:9696/v2.0/trunks/ab9c8054-eccd-404b-aa6f-00a12ba249e5/get_subports', u'date': 'Mon, 18 Feb 2019 19:55:15 GMT', u'content-type': 'application/json', u'connection': 'close', u'x-openstack-request-id': 'req-f27ae615-2454-48ac-bd40-170a8eb73d95'} Body: {"NeutronError": {"message": "Trunk ab9c8054-eccd-404b-aa6f-00a12ba249e5 could not be found.", "type": "TrunkNotFound", "detail": ""}} _log_request_full /root/.rally/verification/verifier-db9506ce-85db-48b4-be4c-93827ef5b473/repo/tempest/lib/common/rest_client.py:437
2019-02-18 19:55:15.646 17916 INFO tempest.lib.common.rest_client [req-7056ebec-d1cb-4ee1-9211-2479ee7297ff ] Request (TrunkTestJSON:_run_cleanups): 404 DELETE http://172.30.9.42:9696/v2.0/networks/da5171b4-b6c6-4ddd-88c4-9e93ea23eb94 0.023s
2019-02-18 19:55:15.647 17916 DEBUG tempest.lib.common.rest_client [req-7056ebec-d1cb-4ee1-9211-2479ee7297ff ] Request - Headers: {'Content-Type': 'application/json', 'Accept': 'application/json', 'X-Auth-Token': ''} Body: None Response - Headers: {'status': '404', u'content-length': '138', 'content-location': 'http://172.30.9.42:9696/v2.0/networks/da5171b4-b6c6-4ddd-88c4-9e93ea23eb94', u'date': 'Mon, 18 Feb 2019 19:55:15 GMT', u'content-type': 'application/json', u'connection': 'close', u'x-openstack-request-id': 'req-7056ebec-d1cb-4ee1-9211-2479ee7297ff'} Body: {"NeutronError": {"message": "Network da5171b4-b6c6-4ddd-88c4-9e93ea23eb94 could not be found.", "type": "NetworkNotFound", "detail": ""}} _log_request_full /root/.rally/verification/verifier-db9506ce-85db-48b4-be4c-93827ef5b473/repo/tempest/lib/common/rest_client.py:437
2019-02-18 19:55:15.650 17920 INFO tempest.lib.common.rest_client [req-ec2066f2-cfa1-479e-b014-7b874ec50e45 ] Request (TrunkTestJSON:_run_cleanups): 404 DELETE http://172.30.9.42:9696/v2.0/trunks/ab9c8054-eccd-404b-aa6f-00a12ba249e5 0.013s
2019-02-18 19:55:15.651 17920 DEBUG tempest.lib.common.rest_client [req-ec2066f2-cfa1-479e-b014-7b874ec50e45 ] Request - Headers: {'Content-Type': 'application/json', 'Accept': 'application/json', 'X-Auth-Token': ''} Body: None Response - Headers: {'status': '404', u'content-length': '134', 'content-location': 'http://172.30.9.42:9696/v2.0/trunks/ab9c8054-eccd-404b-aa6f-00a12ba249e5', u'date': 'Mon, 18 Feb 2019 19:55:15 GMT', u'content-type': 'application/json', u'connection': 'close', u'x-openstack-request-id': 'req-ec2066f2-cfa1-479e-b014-7b874ec50e45'} Body: {"NeutronError": {"message": "Trunk ab9c8054-eccd-404b-aa6f-00a12ba249e5 could not be found.", "type": "TrunkNotFound", "detail": ""}} _log_request_full /root/.rally/verification/verifier-db9506ce-85db-48b4-be4c-93827ef5b473/repo/tempest/lib/common/rest_client.py:437
2019-02-18 19:55:15.683 17920 INFO tempest.lib.common.rest_client [req-5854e701-0625-4bd4-93c9-7a8745d3c58b ] Request (TrunkTestJSON:_run_cleanups): 404 GET http://172.30.9.42:9696/v2.0/trunks/d2eb7841-160a-428e-ac29-e218af087625/get_subports 0.031s
2019-02-18 19:55:15.683 17920 DEBUG tempest.lib.common.rest_client [req-5854e701-0625-4bd4-93c9-7a8745d3c58b ] Request - Headers: {'Content-Type': 'application/json', 'Accept': 'application/json', 'X-Auth-Token': ''} Body: None Response - Headers: {'status': '404', u'content-length': '134', 'content-location': 'http://172.30.9.42:9696/v2.0/trunks/d2eb7841-160a-428e-ac29-e218af087625/get_subports', u'date': 'Mon, 18 Feb 2019 19:55:15 GMT', u'content-type': 'application/json', u'connection': 'close', u'x-openstack-request-id': 'req-5854e701-0625-4bd4-93c9-7a8745d3c58b'} Body: {"NeutronError": {"message": "Trunk d2eb7841-160a-428e-ac29-e218af087625 could not be found.", "type": "TrunkNotFound", "detail": ""}} _log_request_full /root/.rally/verification/verifier-db9506ce-85db-48b4-be4c-93827ef5b473/repo/tempest/lib/common/rest_client.py:437
2019-02-18 19:55:15.685 17916 INFO tempest.lib.common.rest_client [req-187c8695-a772-49b5-b0af-86e68239a528 ] Request (TrunkTestJSON:_run_cleanups): 404 DELETE http://172.30.9.42:9696/v2.0/networks/63259357-d2bf-4830-af45-bfe8514653c3 0.037s
2019-02-18 19:55:15.685 17916 DEBUG tempest.lib.common.rest_client [req-187c8695-a772-49b5-b0af-86e68239a528 ] Request - Headers: {'Content-Type': 'application/json', 'Accept': 'application/json', 'X-Auth-Token': ''} Body: None Response - Headers: {'status': '404', u'content-length': '138', 'content-location': 'http://172.30.9.42:9696/v2.0/networks/63259357-d2bf-4830-af45-bfe8514653c3', u'date': 'Mon, 18 Feb 2019 19:55:15 GMT', u'content-type': 'application/json', u'connection': 'close', u'x-openstack-request-id': 'req-187c8695-a772-49b5-b0af-86e68239a528'} Body: {"NeutronError": {"message": "Network 63259357-d2bf-4830-af45-bfe8514653c3 could not be found.", "type": "NetworkNotFound", "detail": ""}} _log_request_full /root/.rally/verification/verifier-db9506ce-85db-48b4-be4c-93827ef5b473/repo/tempest/lib/common/rest_client.py:437
2019-02-18 19:55:15.697 17920 INFO tempest.lib.common.rest_client [req-09d1284c-fcaa-4426-ae8f-db1876e2a52e ] Request (TrunkTestJSON:_run_cleanups): 404 DELETE http://172.30.9.42:9696/v2.0/trunks/d2eb7841-160a-428e-ac29-e218af087625 0.014s
2019-02-18 19:55:15.698 17920 DEBUG tempest.lib.common.rest_client [req-09d1284c-fcaa-4426-ae8f-db1876e2a52e ] Request - Headers: {'Content-Type': 'application/json', 'Accept': 'application/json', 'X-Auth-Token': ''} Body: None Response - Headers: {'status': '404', u'content-length': '134', 'content-location': 'http://172.30.9.42:9696/v2.0/trunks/d2eb7841-160a-428e-ac29-e218af087625', u'date': 'Mon, 18 Feb 2019 19:55:15 GMT', u'content-type': 'application/json', u'connection': 'close', u'x-openstack-request-id': 'req-09d1284c-fcaa-4426-ae8f-db1876e2a52e'} Body: {"NeutronError": {"message": "Trunk d2eb7841-160a-428e-ac29-e218af087625 could not be found.", "type": "TrunkNotFound", "detail": ""}} _log_request_full /root/.rally/verification/verifier-db9506ce-85db-48b4-be4c-93827ef5b473/repo/tempest/lib/common/rest_client.py:437
2019-02-18 19:55:15.713 17920 INFO tempest.lib.common.rest_client [req-34850d0e-a0e8-4117-ae00-ed049a3279b6 ] Request (TrunkTestJSON:_run_cleanups): 404 GET http://172.30.9.42:9696/v2.0/trunks/afff1d70-9ea5-4cf1-93e6-4bc9f545c62b 0.014s
2019-02-18 19:55:15.714 17920 DEBUG tempest.lib.common.rest_client [req-34850d0e-a0e8-4117-ae00-ed049a3279b6 ] Request - Headers: {'Content-Type': 'application/json', 'Accept': 'application/json', 'X-Auth-Token': ''} Body: None Response - Headers: {'status': '404', u'content-length': '134', 'content-location': 'http://172.30.9.42:9696/v2.0/trunks/afff1d70-9ea5-4cf1-93e6-4bc9f545c62b', u'date': 'Mon, 18 Feb 2019 19:55:15 GMT', u'content-type': 'application/json', u'connection': 'close', u'x-openstack-request-id': 'req-34850d0e-a0e8-4117-ae00-ed049a3279b6'} Body: {"NeutronError": {"message": "Trunk afff1d70-9ea5-4cf1-93e6-4bc9f545c62b could not be found.", "type": "TrunkNotFound", "detail": ""}} _log_request_full /root/.rally/verification/verifier-db9506ce-85db-48b4-be4c-93827ef5b473/repo/tempest/lib/common/rest_client.py:437
2019-02-18 19:55:15.716 17916 INFO tempest.lib.common.rest_client [req-675537e1-e69d-42f7-8c8f-3b8367651581 ] Request (TrunkTestJSON:_run_cleanups): 404 DELETE http://172.30.9.42:9696/v2.0/networks/8d270732-7785-48b8-a32a-f3bf6d59b0a5 0.030s
2019-02-18 19:55:15.717 17916 DEBUG tempest.lib.common.rest_client [req-675537e1-e69d-42f7-8c8f-3b8367651581 ] Request - Headers: {'Content-Type': 'application/json', 'Accept': 'application/json', 'X-Auth-Token': ''} Body: None Response - Headers: {'status': '404', u'content-length': '138', 'content-location': 'http://172.30.9.42:9696/v2.0/networks/8d270732-7785-48b8-a32a-f3bf6d59b0a5', u'date': 'Mon, 18 Feb 2019 19:55:15 GMT', u'content-type': 'application/json', u'connection': 'close', u'x-openstack-request-id': 'req-675537e1-e69d-42f7-8c8f-3b8367651581'} Body: {"NeutronError": {"message": "Network 8d270732-7785-48b8-a32a-f3bf6d59b0a5 could not be found.", "type": "NetworkNotFound", "detail": ""}} _log_request_full /root/.rally/verification/verifier-db9506ce-85db-48b4-be4c-93827ef5b473/repo/tempest/lib/common/rest_client.py:437
2019-02-18 19:55:15.727 17920 INFO tempest.lib.common.rest_client [req-ce7903b1-be19-4c8c-b056-f2072d94525f ] Request (TrunkTestJSON:_run_cleanups): 404 GET http://172.30.9.42:9696/v2.0/trunks/2fc23050-bbed-417e-b867-abcce8e694bd 0.013s
2019-02-18 19:55:15.727 17920 DEBUG tempest.lib.common.rest_client [req-ce7903b1-be19-4c8c-b056-f2072d94525f ] Request - Headers: {'Content-Type': 'application/json', 'Accept': 'application/json', 'X-Auth-Token': ''} Body: None Response - Headers: {'status': '404', u'content-length': '134', 'content-location': 'http://172.30.9.42:9696/v2.0/trunks/2fc23050-bbed-417e-b867-abcce8e694bd', u'date': 'Mon, 18 Feb 2019 19:55:15 GMT', u'content-type': 'application/json', u'connection': 'close', u'x-openstack-request-id': 'req-ce7903b1-be19-4c8c-b056-f2072d94525f'} Body: {"NeutronError": {"message": "Trunk 2fc23050-bbed-417e-b867-abcce8e694bd could not be found.", "type": "TrunkNotFound", "detail": ""}} _log_request_full /root/.rally/verification/verifier-db9506ce-85db-48b4-be4c-93827ef5b473/repo/tempest/lib/common/rest_client.py:437
2019-02-18 19:55:15.739 17916 INFO tempest.lib.common.rest_client [req-fbd87243-fcba-4c10-a780-3271314becff ] Request (TrunkTestJSON:_run_cleanups): 404 DELETE http://172.30.9.42:9696/v2.0/networks/5c6d670b-9d92-4126-b14a-39690b11db0d 0.022s
2019-02-18 19:55:15.740 17916 DEBUG tempest.lib.common.rest_client [req-fbd87243-fcba-4c10-a780-3271314becff ] Request - Headers: {'Content-Type': 'application/json', 'Accept': 'application/json', 'X-Auth-Token': ''} Body: None Response - Headers: {'status': '404', u'content-length': '138', 'content-location': 'http://172.30.9.42:9696/v2.0/networks/5c6d670b-9d92-4126-b14a-39690b11db0d', u'date': 'Mon, 18 Feb 2019 19:55:15 GMT', u'content-type': 'application/json', u'connection': 'close', u'x-openstack-request-id': 'req-fbd87243-fcba-4c10-a780-3271314becff'} Body: {"NeutronError": {"message": "Network 5c6d670b-9d92-4126-b14a-39690b11db0d could not be found.", "type": "NetworkNotFound", "detail": ""}} _log_request_full /root/.rally/verification/verifier-db9506ce-85db-48b4-be4c-93827ef5b473/repo/tempest/lib/common/rest_client.py:437
2019-02-18 19:55:15.750 17920 INFO tempest.lib.common.rest_client [req-369b14c6-0555-41cd-9010-7668c043d41f ] Request (TrunkTestJSON:_run_cleanups): 404 GET http://172.30.9.42:9696/v2.0/trunks/53787392-76c5-423e-95a6-362b23497454 0.021s
2019-02-18 19:55:15.750 17920 DEBUG tempest.lib.common.rest_client [req-369b14c6-0555-41cd-9010-7668c043d41f ] Request - Headers: {'Content-Type': 'application/json', 'Accept': 'application/json', 'X-Auth-Token': ''} Body: None Response - Headers: {'status': '404', u'content-length': '134', 'content-location': 'http://172.30.9.42:9696/v2.0/trunks/53787392-76c5-423e-95a6-362b23497454', u'date': 'Mon, 18 Feb 2019 19:55:15 GMT', u'content-type': 'application/json', u'connection': 'close', u'x-openstack-request-id': 'req-369b14c6-0555-41cd-9010-7668c043d41f'} Body: {"NeutronError": {"message": "Trunk 53787392-76c5-423e-95a6-362b23497454 could not be found.", "type": "TrunkNotFound", "detail": ""}} _log_request_full /root/.rally/verification/verifier-db9506ce-85db-48b4-be4c-93827ef5b473/repo/tempest/lib/common/rest_client.py:437
2019-02-18 19:55:15.764 17920 INFO tempest.lib.common.rest_client [req-80226c65-14bf-43c9-b795-8902ab94d4b6 ] Request (TrunkTestJSON:_run_cleanups): 404 GET http://172.30.9.42:9696/v2.0/trunks/39cdea27-34b7-4ee6-a49f-32d3582483cf 0.013s
2019-02-18 19:55:15.764 17920 DEBUG tempest.lib.common.rest_client [req-80226c65-14bf-43c9-b795-8902ab94d4b6 ] Request - Headers: {'Content-Type': 'application/json', 'Accept': 'application/json', 'X-Auth-Token': ''} Body: None Response - Headers: {'status': '404', u'content-length': '134', 'content-location': 'http://172.30.9.42:9696/v2.0/trunks/39cdea27-34b7-4ee6-a49f-32d3582483cf', u'date': 'Mon, 18 Feb 2019 19:55:15 GMT', u'content-type': 'application/json', u'connection': 'close', u'x-openstack-request-id': 'req-80226c65-14bf-43c9-b795-8902ab94d4b6'} Body: {"NeutronError": {"message": "Trunk 39cdea27-34b7-4ee6-a49f-32d3582483cf could not be found.", "type": "TrunkNotFound", "detail": ""}} _log_request_full /root/.rally/verification/verifier-db9506ce-85db-48b4-be4c-93827ef5b473/repo/tempest/lib/common/rest_client.py:437
2019-02-18 19:55:15.766 17916 INFO tempest.lib.common.rest_client [req-6c138f6f-9ea8-45b4-97e3-ce1c23fa3d62 ] Request (TrunkTestJSON:_run_cleanups): 404 DELETE http://172.30.9.42:9696/v2.0/networks/a9ee1cb8-cbfe-4e87-9877-81fba9a52bea 0.025s
2019-02-18 19:55:15.766 17916 DEBUG tempest.lib.common.rest_client [req-6c138f6f-9ea8-45b4-97e3-ce1c23fa3d62 ] Request - Headers: {'Content-Type': 'application/json', 'Accept': 'application/json', 'X-Auth-Token': ''} Body: None Response - Headers: {'status': '404', u'content-length': '138', 'content-location': 'http://172.30.9.42:9696/v2.0/networks/a9ee1cb8-cbfe-4e87-9877-81fba9a52bea', u'date': 'Mon, 18 Feb 2019 19:55:15 GMT', u'content-type': 'application/json', u'connection': 'close', u'x-openstack-request-id': 'req-6c138f6f-9ea8-45b4-97e3-ce1c23fa3d62'} Body: {"NeutronError": {"message": "Network a9ee1cb8-cbfe-4e87-9877-81fba9a52bea could not be found.", "type": "NetworkNotFound", "detail": ""}} _log_request_full /root/.rally/verification/verifier-db9506ce-85db-48b4-be4c-93827ef5b473/repo/tempest/lib/common/rest_client.py:437
2019-02-18 19:55:15.781 17920 INFO tempest.lib.common.rest_client [req-1f8f743c-24c0-4dcc-8ef9-19c8521a0955 ] Request (TrunkTestJSON:_run_cleanups): 404 GET http://172.30.9.42:9696/v2.0/trunks/741b5603-9923-4410-8831-2382c0f34f4c 0.016s
2019-02-18 19:55:15.781 17920 DEBUG tempest.lib.common.rest_client [req-1f8f743c-24c0-4dcc-8ef9-19c8521a0955 ] Request - Headers: {'Content-Type': 'application/json', 'Accept': 'application/json', 'X-Auth-Token': ''} Body: None Response - Headers: {'status': '404', u'content-length': '134', 'content-location': 'http://172.30.9.42:9696/v2.0/trunks/741b5603-9923-4410-8831-2382c0f34f4c', u'date': 'Mon, 18 Feb 2019 19:55:15 GMT', u'content-type': 'application/json', u'connection': 'close', u'x-openstack-request-id': 'req-1f8f743c-24c0-4dcc-8ef9-19c8521a0955'} Body: {"NeutronError": {"message": "Trunk 741b5603-9923-4410-8831-2382c0f34f4c could not be found.", "type": "TrunkNotFound", "detail": ""}} _log_request_full /root/.rally/verification/verifier-db9506ce-85db-48b4-be4c-93827ef5b473/repo/tempest/lib/common/rest_client.py:437
2019-02-18 19:55:16.059 17920 INFO tempest.lib.common.rest_client [req-ea968dc0-7703-4fac-bbba-53eadf9627b1 ] Request (TrunkTestJSON:_run_cleanups): 404 GET http://172.30.9.42:9696/v2.0/trunks/ab9c8054-eccd-404b-aa6f-00a12ba249e5 0.277s
2019-02-18 19:55:16.060 17920 DEBUG tempest.lib.common.rest_client [req-ea968dc0-7703-4fac-bbba-53eadf9627b1 ] Request - Headers: {'Content-Type': 'application/json', 'Accept': 'application/json', 'X-Auth-Token': ''} Body: None Response - Headers: {'status': '404', u'content-length': '134', 'content-location': 'http://172.30.9.42:9696/v2.0/trunks/ab9c8054-eccd-404b-aa6f-00a12ba249e5', u'date': 'Mon, 18 Feb 2019 19:55:16 GMT', u'content-type': 'application/json', u'connection': 'close', u'x-openstack-request-id': 'req-ea968dc0-7703-4fac-bbba-53eadf9627b1'} Body: {"NeutronError": {"message": "Trunk ab9c8054-eccd-404b-aa6f-00a12ba249e5 could not be found.", "type": "TrunkNotFound", "detail": ""}} _log_request_full /root/.rally/verification/verifier-db9506ce-85db-48b4-be4c-93827ef5b473/repo/tempest/lib/common/rest_client.py:437
2019-02-18 19:55:16.074 17920 INFO tempest.lib.common.rest_client [req-cd96948a-a235-45db-8927-f4bb5a61b612 ] Request (TrunkTestJSON:_run_cleanups): 404 GET http://172.30.9.42:9696/v2.0/trunks/d2eb7841-160a-428e-ac29-e218af087625 0.013s
2019-02-18 19:55:16.074 17920 DEBUG tempest.lib.common.rest_client [req-cd96948a-a235-45db-8927-f4bb5a61b612 ] Request - Headers: {'Content-Type': 'application/json', 'Accept': 'application/json', 'X-Auth-Token': ''} Body: None Response - Headers: {'status': '404', u'content-length': '134', 'content-location': 'http://172.30.9.42:9696/v2.0/trunks/d2eb7841-160a-428e-ac29-e218af087625', u'date': 'Mon, 18 Feb 2019 19:55:16 GMT', u'content-type': 'application/json', u'connection': 'close', u'x-openstack-request-id': 'req-cd96948a-a235-45db-8927-f4bb5a61b612'} Body: {"NeutronError": {"message": "Trunk d2eb7841-160a-428e-ac29-e218af087625 could not be found.", "type": "TrunkNotFound", "detail": ""}} _log_request_full /root/.rally/verification/verifier-db9506ce-85db-48b4-be4c-93827ef5b473/repo/tempest/lib/common/rest_client.py:437
2019-02-18 19:55:16.103 17920 INFO tempest.lib.common.rest_client [req-e264f0bb-aca2-448a-abd2-8c93a2bab1db ] Request (TrunkTestJSON:_run_cleanups): 404 DELETE http://172.30.9.42:9696/v2.0/ports/9260695b-22e6-4941-8fd3-4df75a809568 0.028s
2019-02-18 19:55:16.103 17920 DEBUG tempest.lib.common.rest_client [req-e264f0bb-aca2-448a-abd2-8c93a2bab1db ] Request - Headers: {'Content-Type': 'application/json', 'Accept': 'application/json', 'X-Auth-Token': ''} Body: None Response - Headers: {'status': '404', u'content-length': '132', 'content-location': 'http://172.30.9.42:9696/v2.0/ports/9260695b-22e6-4941-8fd3-4df75a809568', u'date': 'Mon, 18 Feb 2019 19:55:16 GMT', u'content-type': 'application/json', u'connection': 'close', u'x-openstack-request-id': 'req-e264f0bb-aca2-448a-abd2-8c93a2bab1db'} Body: {"NeutronError": {"message": "Port 9260695b-22e6-4941-8fd3-4df75a809568 could not be found.", "type": "PortNotFound", "detail": ""}} _log_request_full /root/.rally/verification/verifier-db9506ce-85db-48b4-be4c-93827ef5b473/repo/tempest/lib/common/rest_client.py:437
2019-02-18 19:55:16.134 17920 INFO tempest.lib.common.rest_client [req-1ea088c6-701d-4627-9483-6dfec929bc50 ] Request (TrunkTestJSON:_run_cleanups): 404 DELETE http://172.30.9.42:9696/v2.0/ports/5490bfb0-4510-4e03-8b00-be90448f0ce2 0.030s
2019-02-18 19:55:16.134 17920 DEBUG tempest.lib.common.rest_client [req-1ea088c6-701d-4627-9483-6dfec929bc50 ] Request - Headers: {'Content-Type': 'application/json', 'Accept': 'application/json', 'X-Auth-Token': ''} Body: None Response - Headers: {'status': '404', u'content-length': '132', 'content-location': 'http://172.30.9.42:9696/v2.0/ports/5490bfb0-4510-4e03-8b00-be90448f0ce2', u'date': 'Mon, 18 Feb 2019 19:55:16 GMT', u'content-type': 'application/json', u'connection': 'close', u'x-openstack-request-id': 'req-1ea088c6-701d-4627-9483-6dfec929bc50'} Body: {"NeutronError": {"message": "Port 5490bfb0-4510-4e03-8b00-be90448f0ce2 could not be found.", "type": "PortNotFound", "detail": ""}} _log_request_full /root/.rally/verification/verifier-db9506ce-85db-48b4-be4c-93827ef5b473/repo/tempest/lib/common/rest_client.py:437
2019-02-18 19:55:16.162 17920 INFO tempest.lib.common.rest_client [req-9bfb8933-5f2c-41de-8a23-629e230a28fd ] Request (TrunkTestJSON:_run_cleanups): 404 DELETE http://172.30.9.42:9696/v2.0/ports/624e875c-d24e-4929-b5b3-912aa7bef041 0.027s
2019-02-18 19:55:16.163 17920 DEBUG tempest.lib.common.rest_client [req-9bfb8933-5f2c-41de-8a23-629e230a28fd ] Request - Headers: {'Content-Type': 'application/json', 'Accept': 'application/json', 'X-Auth-Token': ''} Body: None Response - Headers: {'status': '404', u'content-length': '132', 'content-location': 'http://172.30.9.42:9696/v2.0/ports/624e875c-d24e-4929-b5b3-912aa7bef041', u'date': 'Mon, 18 Feb 2019 19:55:16 GMT', u'content-type': 'application/json', u'connection': 'close', u'x-openstack-request-id': 'req-9bfb8933-5f2c-41de-8a23-629e230a28fd'} Body: {"NeutronError": {"message": "Port 624e875c-d24e-4929-b5b3-912aa7bef041 could not be found.", "type": "PortNotFound", "detail": ""}} _log_request_full /root/.rally/verification/verifier-db9506ce-85db-48b4-be4c-93827ef5b473/repo/tempest/lib/common/rest_client.py:437
2019-02-18 19:55:16.195 17920 INFO tempest.lib.common.rest_client [req-d8809b89-96fc-47fc-9c30-053e441e23f7 ] Request (TrunkTestJSON:_run_cleanups): 404 DELETE http://172.30.9.42:9696/v2.0/ports/8e028c98-14c2-4ef5-bb3a-b07abe490c09 0.031s
2019-02-18 19:55:16.195 17920 DEBUG tempest.lib.common.rest_client [req-d8809b89-96fc-47fc-9c30-053e441e23f7 ] Request - Headers: {'Content-Type': 'application/json', 'Accept': 'application/json', 'X-Auth-Token': ''} Body: None Response - Headers: {'status': '404', u'content-length': '132', 'content-location': 'http://172.30.9.42:9696/v2.0/ports/8e028c98-14c2-4ef5-bb3a-b07abe490c09', u'date': 'Mon, 18 Feb 2019 19:55:16 GMT', u'content-type': 'application/json', u'connection': 'close', u'x-openstack-request-id': 'req-d8809b89-96fc-47fc-9c30-053e441e23f7'} Body: {"NeutronError": {"message": "Port 8e028c98-14c2-4ef5-bb3a-b07abe490c09 could not be found.", "type": "PortNotFound", "detail": ""}} _log_request_full /root/.rally/verification/verifier-db9506ce-85db-48b4-be4c-93827ef5b473/repo/tempest/lib/common/rest_client.py:437
2019-02-18 19:55:16.226 17920 INFO tempest.lib.common.rest_client [req-e865c958-0c8e-4697-ad82-175091b872e1 ] Request (TrunkTestJSON:_run_cleanups): 404 DELETE http://172.30.9.42:9696/v2.0/ports/bf09764e-c3c8-46ad-9556-69c9d32b277d 0.030s
