2019-02-15 10:57:49.072 17900 DEBUG tempest.lib.common.rest_client [req-6681b127-5a53-4b5a-af2e-c88b7b794426 ] Request - Headers: {'Content-Type': 'application/json', 'Accept': 'application/json', 'X-Auth-Token': ''} Body: None Response - Headers: {'status': '404', u'content-length': '134', 'content-location': 'http://172.30.9.32:9696/v2.0/trunks/df8b218b-1efb-4666-b7df-9e9c53a37ad4/get_subports', u'date': 'Fri, 15 Feb 2019 10:57:49 GMT', u'content-type': 'application/json', u'connection': 'close', u'x-openstack-request-id': 'req-6681b127-5a53-4b5a-af2e-c88b7b794426'} Body: {"NeutronError": {"message": "Trunk df8b218b-1efb-4666-b7df-9e9c53a37ad4 could not be found.", "type": "TrunkNotFound", "detail": ""}} _log_request_full /root/.rally/verification/verifier-d0a23e53-1646-4a2d-a394-579b8f3abc14/repo/tempest/lib/common/rest_client.py:437
2019-02-15 10:57:49.087 17900 INFO tempest.lib.common.rest_client [req-53976467-a528-4f00-9847-f5e74fe8ec68 ] Request (TrunkTestJSON:_run_cleanups): 404 DELETE http://172.30.9.32:9696/v2.0/trunks/df8b218b-1efb-4666-b7df-9e9c53a37ad4 0.015s
2019-02-15 10:57:49.087 17900 DEBUG tempest.lib.common.rest_client [req-53976467-a528-4f00-9847-f5e74fe8ec68 ] Request - Headers: {'Content-Type': 'application/json', 'Accept': 'application/json', 'X-Auth-Token': ''} Body: None Response - Headers: {'status': '404', u'content-length': '134', 'content-location': 'http://172.30.9.32:9696/v2.0/trunks/df8b218b-1efb-4666-b7df-9e9c53a37ad4', u'date': 'Fri, 15 Feb 2019 10:57:49 GMT', u'content-type': 'application/json', u'connection': 'close', u'x-openstack-request-id': 'req-53976467-a528-4f00-9847-f5e74fe8ec68'} Body: {"NeutronError": {"message": "Trunk df8b218b-1efb-4666-b7df-9e9c53a37ad4 could not be found.", "type": "TrunkNotFound", "detail": ""}} _log_request_full /root/.rally/verification/verifier-d0a23e53-1646-4a2d-a394-579b8f3abc14/repo/tempest/lib/common/rest_client.py:437
2019-02-15 10:57:49.101 17900 INFO tempest.lib.common.rest_client [req-953d34a2-82b6-4f4e-b53d-4a3dbe8c1c49 ] Request (TrunkTestJSON:_run_cleanups): 404 GET http://172.30.9.32:9696/v2.0/trunks/215c89f0-32aa-4c40-8f19-e91482e16403/get_subports 0.012s
2019-02-15 10:57:49.101 17900 DEBUG tempest.lib.common.rest_client [req-953d34a2-82b6-4f4e-b53d-4a3dbe8c1c49 ] Request - Headers: {'Content-Type': 'application/json', 'Accept': 'application/json', 'X-Auth-Token': ''} Body: None Response - Headers: {'status': '404', u'content-length': '134', 'content-location': 'http://172.30.9.32:9696/v2.0/trunks/215c89f0-32aa-4c40-8f19-e91482e16403/get_subports', u'date': 'Fri, 15 Feb 2019 10:57:49 GMT', u'content-type': 'application/json', u'connection': 'close', u'x-openstack-request-id': 'req-953d34a2-82b6-4f4e-b53d-4a3dbe8c1c49'} Body: {"NeutronError": {"message": "Trunk 215c89f0-32aa-4c40-8f19-e91482e16403 could not be found.", "type": "TrunkNotFound", "detail": ""}} _log_request_full /root/.rally/verification/verifier-d0a23e53-1646-4a2d-a394-579b8f3abc14/repo/tempest/lib/common/rest_client.py:437
2019-02-15 10:57:49.120 17900 INFO tempest.lib.common.rest_client [req-6a24ad4d-1395-423f-82b5-6f9b076d6a0b ] Request (TrunkTestJSON:_run_cleanups): 404 DELETE http://172.30.9.32:9696/v2.0/trunks/215c89f0-32aa-4c40-8f19-e91482e16403 0.018s
2019-02-15 10:57:49.120 17900 DEBUG tempest.lib.common.rest_client [req-6a24ad4d-1395-423f-82b5-6f9b076d6a0b ] Request - Headers: {'Content-Type': 'application/json', 'Accept': 'application/json', 'X-Auth-Token': ''} Body: None Response - Headers: {'status': '404', u'content-length': '134', 'content-location': 'http://172.30.9.32:9696/v2.0/trunks/215c89f0-32aa-4c40-8f19-e91482e16403', u'date': 'Fri, 15 Feb 2019 10:57:49 GMT', u'content-type': 'application/json', u'connection': 'close', u'x-openstack-request-id': 'req-6a24ad4d-1395-423f-82b5-6f9b076d6a0b'} Body: {"NeutronError": {"message": "Trunk 215c89f0-32aa-4c40-8f19-e91482e16403 could not be found.", "type": "TrunkNotFound", "detail": ""}} _log_request_full /root/.rally/verification/verifier-d0a23e53-1646-4a2d-a394-579b8f3abc14/repo/tempest/lib/common/rest_client.py:437
2019-02-15 10:57:49.134 17896 INFO tempest.lib.common.rest_client [req-8e744bae-c883-4c1a-b9aa-91e5cda8f127 ] Request (TrunkTestJSON:test_remove_subport): 201 POST http://172.30.9.32:9696/v2.0/trunks 0.660s
2019-02-15 10:57:49.134 17896 DEBUG tempest.lib.common.rest_client [req-8e744bae-c883-4c1a-b9aa-91e5cda8f127 ] Request - Headers: {'Content-Type': 'application/json', 'Accept': 'application/json', 'X-Auth-Token': ''} Body: {"trunk": {"sub_ports": [{"segmentation_type": "vlan", "port_id": "af7b4024-9897-475c-b4e7-c548365d679c", "segmentation_id": 2}, {"segmentation_type": "vlan", "port_id": "e29c6af0-48f0-468b-81d5-2bd76d5fca7d", "segmentation_id": 4}], "port_id": "a54f55a3-40d5-4346-b508-1b5d249afcda"}} Response - Headers: {'status': '201', u'content-length': '615', 'content-location': 'http://172.30.9.32:9696/v2.0/trunks', u'date': 'Fri, 15 Feb 2019 10:57:49 GMT', u'content-type': 'application/json', u'connection': 'close', u'x-openstack-request-id': 'req-8e744bae-c883-4c1a-b9aa-91e5cda8f127'} Body: {"trunk": {"status": "ACTIVE", "sub_ports": [{"segmentation_type": "vlan", "port_id": "af7b4024-9897-475c-b4e7-c548365d679c", "segmentation_id": 2}, {"segmentation_type": "vlan", "port_id": "e29c6af0-48f0-468b-81d5-2bd76d5fca7d", "segmentation_id": 4}], "name": "", "admin_state_up": true, "tenant_id": "9fc3439a9e1b4875b6383a9ce7d939d2", "created_at": "2019-02-15T10:57:49Z", "tags": [], "updated_at": "2019-02-15T10:57:49Z", "revision_number": 1, "project_id": "9fc3439a9e1b4875b6383a9ce7d939d2", "port_id": "a54f55a3-40d5-4346-b508-1b5d249afcda", "id": "37815d90-b2f0-44a9-b77a-1b7adf7c5e1a", "description": ""}} _log_request_full /root/.rally/verification/verifier-d0a23e53-1646-4a2d-a394-579b8f3abc14/repo/tempest/lib/common/rest_client.py:437
2019-02-15 10:57:49.135 17900 INFO tempest.lib.common.rest_client [req-8f70d9a1-7a12-404a-8f4a-7904383c4bca ] Request (TrunkTestJSON:_run_cleanups): 404 GET http://172.30.9.32:9696/v2.0/trunks/97849c10-e39f-4d40-b1df-5384542d7279 0.014s
2019-02-15 10:57:49.135 17900 DEBUG tempest.lib.common.rest_client [req-8f70d9a1-7a12-404a-8f4a-7904383c4bca ] Request - Headers: {'Content-Type': 'application/json', 'Accept': 'application/json', 'X-Auth-Token': ''} Body: None Response - Headers: {'status': '404', u'content-length': '134', 'content-location': 'http://172.30.9.32:9696/v2.0/trunks/97849c10-e39f-4d40-b1df-5384542d7279', u'date': 'Fri, 15 Feb 2019 10:57:49 GMT', u'content-type': 'application/json', u'connection': 'close', u'x-openstack-request-id': 'req-8f70d9a1-7a12-404a-8f4a-7904383c4bca'} Body: {"NeutronError": {"message": "Trunk 97849c10-e39f-4d40-b1df-5384542d7279 could not be found.", "type": "TrunkNotFound", "detail": ""}} _log_request_full /root/.rally/verification/verifier-d0a23e53-1646-4a2d-a394-579b8f3abc14/repo/tempest/lib/common/rest_client.py:437
2019-02-15 10:57:49.150 17900 INFO tempest.lib.common.rest_client [req-aae85ff9-c77f-4b6f-9c7f-aea3d7e4da45 ] Request (TrunkTestJSON:_run_cleanups): 404 GET http://172.30.9.32:9696/v2.0/trunks/335d8e85-849a-4647-92ad-df36dbdb8db0 0.014s
2019-02-15 10:57:49.150 17900 DEBUG tempest.lib.common.rest_client [req-aae85ff9-c77f-4b6f-9c7f-aea3d7e4da45 ] Request - Headers: {'Content-Type': 'application/json', 'Accept': 'application/json', 'X-Auth-Token': ''} Body: None Response - Headers: {'status': '404', u'content-length': '134', 'content-location': 'http://172.30.9.32:9696/v2.0/trunks/335d8e85-849a-4647-92ad-df36dbdb8db0', u'date': 'Fri, 15 Feb 2019 10:57:49 GMT', u'content-type': 'application/json', u'connection': 'close', u'x-openstack-request-id': 'req-aae85ff9-c77f-4b6f-9c7f-aea3d7e4da45'} Body: {"NeutronError": {"message": "Trunk 335d8e85-849a-4647-92ad-df36dbdb8db0 could not be found.", "type": "TrunkNotFound", "detail": ""}} _log_request_full /root/.rally/verification/verifier-d0a23e53-1646-4a2d-a394-579b8f3abc14/repo/tempest/lib/common/rest_client.py:437
2019-02-15 10:57:49.163 17900 INFO tempest.lib.common.rest_client [req-13e124a4-2d9e-46ea-86bc-d3835491cf9e ] Request (TrunkTestJSON:_run_cleanups): 404 GET http://172.30.9.32:9696/v2.0/trunks/4cb68672-e6c9-4a0b-a04a-08dd1614faa8 0.012s
2019-02-15 10:57:49.164 17900 DEBUG tempest.lib.common.rest_client [req-13e124a4-2d9e-46ea-86bc-d3835491cf9e ] Request - Headers: {'Content-Type': 'application/json', 'Accept': 'application/json', 'X-Auth-Token': ''} Body: None Response - Headers: {'status': '404', u'content-length': '134', 'content-location': 'http://172.30.9.32:9696/v2.0/trunks/4cb68672-e6c9-4a0b-a04a-08dd1614faa8', u'date': 'Fri, 15 Feb 2019 10:57:49 GMT', u'content-type': 'application/json', u'connection': 'close', u'x-openstack-request-id': 'req-13e124a4-2d9e-46ea-86bc-d3835491cf9e'} Body: {"NeutronError": {"message": "Trunk 4cb68672-e6c9-4a0b-a04a-08dd1614faa8 could not be found.", "type": "TrunkNotFound", "detail": ""}} _log_request_full /root/.rally/verification/verifier-d0a23e53-1646-4a2d-a394-579b8f3abc14/repo/tempest/lib/common/rest_client.py:437
2019-02-15 10:57:49.178 17900 INFO tempest.lib.common.rest_client [req-bcecf183-edff-4806-8f54-53aeb72cf505 ] Request (TrunkTestJSON:_run_cleanups): 404 GET http://172.30.9.32:9696/v2.0/trunks/a16bb0af-085f-44e5-8c40-87c7220407d3 0.013s
2019-02-15 10:57:49.179 17900 DEBUG tempest.lib.common.rest_client [req-bcecf183-edff-4806-8f54-53aeb72cf505 ] Request - Headers: {'Content-Type': 'application/json', 'Accept': 'application/json', 'X-Auth-Token': ''} Body: None Response - Headers: {'status': '404', u'content-length': '134', 'content-location': 'http://172.30.9.32:9696/v2.0/trunks/a16bb0af-085f-44e5-8c40-87c7220407d3', u'date': 'Fri, 15 Feb 2019 10:57:49 GMT', u'content-type': 'application/json', u'connection': 'close', u'x-openstack-request-id': 'req-bcecf183-edff-4806-8f54-53aeb72cf505'} Body: {"NeutronError": {"message": "Trunk a16bb0af-085f-44e5-8c40-87c7220407d3 could not be found.", "type": "TrunkNotFound", "detail": ""}} _log_request_full /root/.rally/verification/verifier-d0a23e53-1646-4a2d-a394-579b8f3abc14/repo/tempest/lib/common/rest_client.py:437
2019-02-15 10:57:49.194 17900 INFO tempest.lib.common.rest_client [req-5fddc4b5-35fa-4ef7-a438-45a78ddd5ce9 ] Request (TrunkTestJSON:_run_cleanups): 404 GET http://172.30.9.32:9696/v2.0/trunks/7a74e527-24c1-479a-acf8-160ea6117255 0.015s
2019-02-15 10:57:49.195 17900 DEBUG tempest.lib.common.rest_client [req-5fddc4b5-35fa-4ef7-a438-45a78ddd5ce9 ] Request - Headers: {'Content-Type': 'application/json', 'Accept': 'application/json', 'X-Auth-Token': ''} Body: None Response - Headers: {'status': '404', u'content-length': '134', 'content-location': 'http://172.30.9.32:9696/v2.0/trunks/7a74e527-24c1-479a-acf8-160ea6117255', u'date': 'Fri, 15 Feb 2019 10:57:49 GMT', u'content-type': 'application/json', u'connection': 'close', u'x-openstack-request-id': 'req-5fddc4b5-35fa-4ef7-a438-45a78ddd5ce9'} Body: {"NeutronError": {"message": "Trunk 7a74e527-24c1-479a-acf8-160ea6117255 could not be found.", "type": "TrunkNotFound", "detail": ""}} _log_request_full /root/.rally/verification/verifier-d0a23e53-1646-4a2d-a394-579b8f3abc14/repo/tempest/lib/common/rest_client.py:437
2019-02-15 10:57:49.212 17900 INFO tempest.lib.common.rest_client [req-740e47f3-6a26-4cb0-9bbc-9cf862609e45 ] Request (TrunkTestJSON:_run_cleanups): 404 GET http://172.30.9.32:9696/v2.0/trunks/df8b218b-1efb-4666-b7df-9e9c53a37ad4 0.016s
2019-02-15 10:57:49.212 17900 DEBUG tempest.lib.common.rest_client [req-740e47f3-6a26-4cb0-9bbc-9cf862609e45 ] Request - Headers: {'Content-Type': 'application/json', 'Accept': 'application/json', 'X-Auth-Token': ''} Body: None Response - Headers: {'status': '404', u'content-length': '134', 'content-location': 'http://172.30.9.32:9696/v2.0/trunks/df8b218b-1efb-4666-b7df-9e9c53a37ad4', u'date': 'Fri, 15 Feb 2019 10:57:49 GMT', u'content-type': 'application/json', u'connection': 'close', u'x-openstack-request-id': 'req-740e47f3-6a26-4cb0-9bbc-9cf862609e45'} Body: {"NeutronError": {"message": "Trunk df8b218b-1efb-4666-b7df-9e9c53a37ad4 could not be found.", "type": "TrunkNotFound", "detail": ""}} _log_request_full /root/.rally/verification/verifier-d0a23e53-1646-4a2d-a394-579b8f3abc14/repo/tempest/lib/common/rest_client.py:437
2019-02-15 10:57:49.225 17900 INFO tempest.lib.common.rest_client [req-f73567b6-fc20-4b70-9f0b-a5623849f1ea ] Request (TrunkTestJSON:_run_cleanups): 404 GET http://172.30.9.32:9696/v2.0/trunks/215c89f0-32aa-4c40-8f19-e91482e16403 0.012s
2019-02-15 10:57:49.226 17900 DEBUG tempest.lib.common.rest_client [req-f73567b6-fc20-4b70-9f0b-a5623849f1ea ] Request - Headers: {'Content-Type': 'application/json', 'Accept': 'application/json', 'X-Auth-Token': ''} Body: None Response - Headers: {'status': '404', u'content-length': '134', 'content-location': 'http://172.30.9.32:9696/v2.0/trunks/215c89f0-32aa-4c40-8f19-e91482e16403', u'date': 'Fri, 15 Feb 2019 10:57:49 GMT', u'content-type': 'application/json', u'connection': 'close', u'x-openstack-request-id': 'req-f73567b6-fc20-4b70-9f0b-a5623849f1ea'} Body: {"NeutronError": {"message": "Trunk 215c89f0-32aa-4c40-8f19-e91482e16403 could not be found.", "type": "TrunkNotFound", "detail": ""}} _log_request_full /root/.rally/verification/verifier-d0a23e53-1646-4a2d-a394-579b8f3abc14/repo/tempest/lib/common/rest_client.py:437
2019-02-15 10:57:49.255 17900 INFO tempest.lib.common.rest_client [req-4a69df28-6169-43ce-a578-796f5e086526 ] Request (TrunkTestJSON:_run_cleanups): 404 DELETE http://172.30.9.32:9696/v2.0/ports/93e687b7-81f7-4034-add1-4d381fc13410 0.028s
2019-02-15 10:57:49.255 17900 DEBUG tempest.lib.common.rest_client [req-4a69df28-6169-43ce-a578-796f5e086526 ] Request - Headers: {'Content-Type': 'application/json', 'Accept': 'application/json', 'X-Auth-Token': ''} Body: None Response - Headers: {'status': '404', u'content-length': '132', 'content-location': 'http://172.30.9.32:9696/v2.0/ports/93e687b7-81f7-4034-add1-4d381fc13410', u'date': 'Fri, 15 Feb 2019 10:57:49 GMT', u'content-type': 'application/json', u'connection': 'close', u'x-openstack-request-id': 'req-4a69df28-6169-43ce-a578-796f5e086526'} Body: {"NeutronError": {"message": "Port 93e687b7-81f7-4034-add1-4d381fc13410 could not be found.", "type": "PortNotFound", "detail": ""}} _log_request_full /root/.rally/verification/verifier-d0a23e53-1646-4a2d-a394-579b8f3abc14/repo/tempest/lib/common/rest_client.py:437
2019-02-15 10:57:49.270 17896 INFO tempest.lib.common.rest_client [req-e441a18c-ffb1-4d9c-87b3-7c47938a879e ] Request (TrunkTestJSON:test_remove_subport): 200 PUT http://172.30.9.32:9696/v2.0/trunks/37815d90-b2f0-44a9-b77a-1b7adf7c5e1a/remove_subports 0.134s
2019-02-15 10:57:49.270 17896 DEBUG tempest.lib.common.rest_client [req-e441a18c-ffb1-4d9c-87b3-7c47938a879e ] Request - Headers: {'Content-Type': 'application/json', 'Accept': 'application/json', 'X-Auth-Token': ''} Body: {"sub_ports": [{"port_id": "af7b4024-9897-475c-b4e7-c548365d679c", "segmentation_type": "vlan", "segmentation_id": 2}]} Response - Headers: {'status': '200', u'content-length': '500', 'content-location': 'http://172.30.9.32:9696/v2.0/trunks/37815d90-b2f0-44a9-b77a-1b7adf7c5e1a/remove_subports', u'date': 'Fri, 15 Feb 2019 10:57:49 GMT', u'content-type': 'application/json', u'connection': 'close', u'x-openstack-request-id': 'req-e441a18c-ffb1-4d9c-87b3-7c47938a879e'} Body: {"status": "ACTIVE", "sub_ports": [{"segmentation_type": "vlan", "port_id": "e29c6af0-48f0-468b-81d5-2bd76d5fca7d", "segmentation_id": 4}], "name": "", "admin_state_up": true, "tenant_id": "9fc3439a9e1b4875b6383a9ce7d939d2", "created_at": "2019-02-15T10:57:49Z", "tags": [], "updated_at": "2019-02-15T10:57:49Z", "revision_number": 4, "project_id": "9fc3439a9e1b4875b6383a9ce7d939d2", "port_id": "a54f55a3-40d5-4346-b508-1b5d249afcda", "id": "37815d90-b2f0-44a9-b77a-1b7adf7c5e1a", "description": ""} _log_request_full /root/.rally/verification/verifier-d0a23e53-1646-4a2d-a394-579b8f3abc14/repo/tempest/lib/common/rest_client.py:437
2019-02-15 10:57:49.283 17900 INFO tempest.lib.common.rest_client [req-9bfd1e8f-2503-4520-b398-0766a244d29b ] Request (TrunkTestJSON:_run_cleanups): 404 DELETE http://172.30.9.32:9696/v2.0/ports/2bbcf03d-e18e-42f6-a728-0d8d6bfbdbd1 0.027s
2019-02-15 10:57:49.283 17900 DEBUG tempest.lib.common.rest_client [req-9bfd1e8f-2503-4520-b398-0766a244d29b ] Request - Headers: {'Content-Type': 'application/json', 'Accept': 'application/json', 'X-Auth-Token': ''} Body: None Response - Headers: {'status': '404', u'content-length': '132', 'content-location': 'http://172.30.9.32:9696/v2.0/ports/2bbcf03d-e18e-42f6-a728-0d8d6bfbdbd1', u'date': 'Fri, 15 Feb 2019 10:57:49 GMT', u'content-type': 'application/json', u'connection': 'close', u'x-openstack-request-id': 'req-9bfd1e8f-2503-4520-b398-0766a244d29b'} Body: {"NeutronError": {"message": "Port 2bbcf03d-e18e-42f6-a728-0d8d6bfbdbd1 could not be found.", "type": "PortNotFound", "detail": ""}} _log_request_full /root/.rally/verification/verifier-d0a23e53-1646-4a2d-a394-579b8f3abc14/repo/tempest/lib/common/rest_client.py:437
2019-02-15 10:57:49.288 17896 INFO tempest.lib.common.rest_client [req-6dda9740-8d7a-4327-91b4-06fedbe0ffaa ] Request (TrunkTestJSON:test_remove_subport): 200 GET http://172.30.9.32:9696/v2.0/trunks/37815d90-b2f0-44a9-b77a-1b7adf7c5e1a 0.017s
2019-02-15 10:57:49.289 17896 DEBUG tempest.lib.common.rest_client [req-6dda9740-8d7a-4327-91b4-06fedbe0ffaa ] Request - Headers: {'Content-Type': 'application/json', 'Accept': 'application/json', 'X-Auth-Token': ''} Body: None Response - Headers: {'status': '200', u'content-length': '511', 'content-location': 'http://172.30.9.32:9696/v2.0/trunks/37815d90-b2f0-44a9-b77a-1b7adf7c5e1a', u'date': 'Fri, 15 Feb 2019 10:57:49 GMT', u'content-type': 'application/json', u'connection': 'close', u'x-openstack-request-id': 'req-6dda9740-8d7a-4327-91b4-06fedbe0ffaa'} Body: {"trunk": {"status": "ACTIVE", "sub_ports": [{"segmentation_type": "vlan", "port_id": "e29c6af0-48f0-468b-81d5-2bd76d5fca7d", "segmentation_id": 4}], "name": "", "admin_state_up": true, "tenant_id": "9fc3439a9e1b4875b6383a9ce7d939d2", "created_at": "2019-02-15T10:57:49Z", "tags": [], "updated_at": "2019-02-15T10:57:49Z", "revision_number": 4, "project_id": "9fc3439a9e1b4875b6383a9ce7d939d2", "port_id": "a54f55a3-40d5-4346-b508-1b5d249afcda", "id": "37815d90-b2f0-44a9-b77a-1b7adf7c5e1a", "description": ""}} _log_request_full /root/.rally/verification/verifier-d0a23e53-1646-4a2d-a394-579b8f3abc14/repo/tempest/lib/common/rest_client.py:437
2019-02-15 10:57:49.305 17896 INFO tempest.lib.common.rest_client [req-0c04d6c4-844f-4342-b9e3-9c3192ad0f84 ] Request (TrunkTestJSON:_run_cleanups): 404 GET http://172.30.9.32:9696/v2.0/trunks/751be84b-2463-44c6-9afd-e1ada3236e6b/get_subports 0.015s
2019-02-15 10:57:49.305 17896 DEBUG tempest.lib.common.rest_client [req-0c04d6c4-844f-4342-b9e3-9c3192ad0f84 ] Request - Headers: {'Content-Type': 'application/json', 'Accept': 'application/json', 'X-Auth-Token': ''} Body: None Response - Headers: {'status': '404', u'content-length': '134', 'content-location': 'http://172.30.9.32:9696/v2.0/trunks/751be84b-2463-44c6-9afd-e1ada3236e6b/get_subports', u'date': 'Fri, 15 Feb 2019 10:57:49 GMT', u'content-type': 'application/json', u'connection': 'close', u'x-openstack-request-id': 'req-0c04d6c4-844f-4342-b9e3-9c3192ad0f84'} Body: {"NeutronError": {"message": "Trunk 751be84b-2463-44c6-9afd-e1ada3236e6b could not be found.", "type": "TrunkNotFound", "detail": ""}} _log_request_full /root/.rally/verification/verifier-d0a23e53-1646-4a2d-a394-579b8f3abc14/repo/tempest/lib/common/rest_client.py:437
2019-02-15 10:57:49.316 17900 INFO tempest.lib.common.rest_client [req-9025bf12-587e-4e4c-86ae-7088e8196cb4 ] Request (TrunkTestJSON:_run_cleanups): 404 DELETE http://172.30.9.32:9696/v2.0/ports/b2e74d73-83c9-4ec8-8345-2b0f0eabc7d8 0.032s
2019-02-15 10:57:49.317 17900 DEBUG tempest.lib.common.rest_client [req-9025bf12-587e-4e4c-86ae-7088e8196cb4 ] Request - Headers: {'Content-Type': 'application/json', 'Accept': 'application/json', 'X-Auth-Token': ''} Body: None Response - Headers: {'status': '404', u'content-length': '132', 'content-location': 'http://172.30.9.32:9696/v2.0/ports/b2e74d73-83c9-4ec8-8345-2b0f0eabc7d8', u'date': 'Fri, 15 Feb 2019 10:57:49 GMT', u'content-type': 'application/json', u'connection': 'close', u'x-openstack-request-id': 'req-9025bf12-587e-4e4c-86ae-7088e8196cb4'} Body: {"NeutronError": {"message": "Port b2e74d73-83c9-4ec8-8345-2b0f0eabc7d8 could not be found.", "type": "PortNotFound", "detail": ""}} _log_request_full /root/.rally/verification/verifier-d0a23e53-1646-4a2d-a394-579b8f3abc14/repo/tempest/lib/common/rest_client.py:437
2019-02-15 10:57:49.344 17896 INFO tempest.lib.common.rest_client [req-ae77f188-c57a-4289-b356-dd73e72cf33c ] Request (TrunkTestJSON:_run_cleanups): 404 DELETE http://172.30.9.32:9696/v2.0/trunks/751be84b-2463-44c6-9afd-e1ada3236e6b 0.037s
2019-02-15 10:57:49.344 17896 DEBUG tempest.lib.common.rest_client [req-ae77f188-c57a-4289-b356-dd73e72cf33c ] Request - Headers: {'Content-Type': 'application/json', 'Accept': 'application/json', 'X-Auth-Token': ''} Body: None Response - Headers: {'status': '404', u'content-length': '134', 'content-location': 'http://172.30.9.32:9696/v2.0/trunks/751be84b-2463-44c6-9afd-e1ada3236e6b', u'date': 'Fri, 15 Feb 2019 10:57:49 GMT', u'content-type': 'application/json', u'connection': 'close', u'x-openstack-request-id': 'req-ae77f188-c57a-4289-b356-dd73e72cf33c'} Body: {"NeutronError": {"message": "Trunk 751be84b-2463-44c6-9afd-e1ada3236e6b could not be found.", "type": "TrunkNotFound", "detail": ""}} _log_request_full /root/.rally/verification/verifier-d0a23e53-1646-4a2d-a394-579b8f3abc14/repo/tempest/lib/common/rest_client.py:437
2019-02-15 10:57:49.348 17900 INFO tempest.lib.common.rest_client [req-8d08809b-02c2-4c16-9af8-e1125605f93a ] Request (TrunkTestJSON:_run_cleanups): 404 DELETE http://172.30.9.32:9696/v2.0/ports/6d5340c9-aeca-481d-b787-ac8fb958331d 0.031s
2019-02-15 10:57:49.349 17900 DEBUG tempest.lib.common.rest_client [req-8d08809b-02c2-4c16-9af8-e1125605f93a ] Request - Headers: {'Content-Type': 'application/json', 'Accept': 'application/json', 'X-Auth-Token': ''} Body: None Response - Headers: {'status': '404', u'content-length': '132', 'content-location': 'http://172.30.9.32:9696/v2.0/ports/6d5340c9-aeca-481d-b787-ac8fb958331d', u'date': 'Fri, 15 Feb 2019 10:57:49 GMT', u'content-type': 'application/json', u'connection': 'close', u'x-openstack-request-id': 'req-8d08809b-02c2-4c16-9af8-e1125605f93a'} Body: {"NeutronError": {"message": "Port 6d5340c9-aeca-481d-b787-ac8fb958331d could not be found.", "type": "PortNotFound", "detail": ""}} _log_request_full /root/.rally/verification/verifier-d0a23e53-1646-4a2d-a394-579b8f3abc14/repo/tempest/lib/common/rest_client.py:437
2019-02-15 10:57:49.360 17896 INFO tempest.lib.common.rest_client [req-80496178-8c13-4dce-8370-a1c5a750da22 ] Request (TrunkTestJSON:_run_cleanups): 404 GET http://172.30.9.32:9696/v2.0/trunks/ab7d8b28-74f8-4551-a5ab-b02928c7e926/get_subports 0.016s
2019-02-15 10:57:49.361 17896 DEBUG tempest.lib.common.rest_client [req-80496178-8c13-4dce-8370-a1c5a750da22 ] Request - Headers: {'Content-Type': 'application/json', 'Accept': 'application/json', 'X-Auth-Token': ''} Body: None Response - Headers: {'status': '404', u'content-length': '134', 'content-location': 'http://172.30.9.32:9696/v2.0/trunks/ab7d8b28-74f8-4551-a5ab-b02928c7e926/get_subports', u'date': 'Fri, 15 Feb 2019 10:57:49 GMT', u'content-type': 'application/json', u'connection': 'close', u'x-openstack-request-id': 'req-80496178-8c13-4dce-8370-a1c5a750da22'} Body: {"NeutronError": {"message": "Trunk ab7d8b28-74f8-4551-a5ab-b02928c7e926 could not be found.", "type": "TrunkNotFound", "detail": ""}} _log_request_full /root/.rally/verification/verifier-d0a23e53-1646-4a2d-a394-579b8f3abc14/repo/tempest/lib/common/rest_client.py:437
2019-02-15 10:57:49.380 17900 INFO tempest.lib.common.rest_client [req-b1e94612-58cf-4128-b9ae-db938c170180 ] Request (TrunkTestJSON:_run_cleanups): 404 DELETE http://172.30.9.32:9696/v2.0/ports/87c4429d-4e70-4064-8109-4b7ea39de2f9 0.031s
2019-02-15 10:57:49.381 17900 DEBUG tempest.lib.common.rest_client [req-b1e94612-58cf-4128-b9ae-db938c170180 ] Request - Headers: {'Content-Type': 'application/json', 'Accept': 'application/json', 'X-Auth-Token': ''} Body: None Response - Headers: {'status': '404', u'content-length': '132', 'content-location': 'http://172.30.9.32:9696/v2.0/ports/87c4429d-4e70-4064-8109-4b7ea39de2f9', u'date': 'Fri, 15 Feb 2019 10:57:49 GMT', u'content-type': 'application/json', u'connection': 'close', u'x-openstack-request-id': 'req-b1e94612-58cf-4128-b9ae-db938c170180'} Body: {"NeutronError": {"message": "Port 87c4429d-4e70-4064-8109-4b7ea39de2f9 could not be found.", "type": "PortNotFound", "detail": ""}} _log_request_full /root/.rally/verification/verifier-d0a23e53-1646-4a2d-a394-579b8f3abc14/repo/tempest/lib/common/rest_client.py:437
2019-02-15 10:57:49.383 17896 INFO tempest.lib.common.rest_client [req-fa873739-c43a-45e9-ad87-12a24ee9edbc ] Request (TrunkTestJSON:_run_cleanups): 404 DELETE http://172.30.9.32:9696/v2.0/trunks/ab7d8b28-74f8-4551-a5ab-b02928c7e926 0.022s
2019-02-15 10:57:49.384 17896 DEBUG tempest.lib.common.rest_client [req-fa873739-c43a-45e9-ad87-12a24ee9edbc ] Request - Headers: {'Content-Type': 'application/json', 'Accept': 'application/json', 'X-Auth-Token': ''} Body: None Response - Headers: {'status': '404', u'content-length': '134', 'content-location': 'http://172.30.9.32:9696/v2.0/trunks/ab7d8b28-74f8-4551-a5ab-b02928c7e926', u'date': 'Fri, 15 Feb 2019 10:57:49 GMT', u'content-type': 'application/json', u'connection': 'close', u'x-openstack-request-id': 'req-fa873739-c43a-45e9-ad87-12a24ee9edbc'} Body: {"NeutronError": {"message": "Trunk ab7d8b28-74f8-4551-a5ab-b02928c7e926 could not be found.", "type": "TrunkNotFound", "detail": ""}} _log_request_full /root/.rally/verification/verifier-d0a23e53-1646-4a2d-a394-579b8f3abc14/repo/tempest/lib/common/rest_client.py:437
2019-02-15 10:57:49.398 17896 INFO tempest.lib.common.rest_client [req-7f4b3bc3-61b5-462a-bc69-9fb5293ac950 ] Request (TrunkTestJSON:_run_cleanups): 404 GET http://172.30.9.32:9696/v2.0/trunks/64ad8b2c-a66d-4c7f-93ca-a7d86afa503e/get_subports 0.013s
2019-02-15 10:57:49.398 17896 DEBUG tempest.lib.common.rest_client [req-7f4b3bc3-61b5-462a-bc69-9fb5293ac950 ] Request - Headers: {'Content-Type': 'application/json', 'Accept': 'application/json', 'X-Auth-Token': ''} Body: None Response - Headers: {'status': '404', u'content-length': '134', 'content-location': 'http://172.30.9.32:9696/v2.0/trunks/64ad8b2c-a66d-4c7f-93ca-a7d86afa503e/get_subports', u'date': 'Fri, 15 Feb 2019 10:57:49 GMT', u'content-type': 'application/json', u'connection': 'close', u'x-openstack-request-id': 'req-7f4b3bc3-61b5-462a-bc69-9fb5293ac950'} Body: {"NeutronError": {"message": "Trunk 64ad8b2c-a66d-4c7f-93ca-a7d86afa503e could not be found.", "type": "TrunkNotFound", "detail": ""}} _log_request_full /root/.rally/verification/verifier-d0a23e53-1646-4a2d-a394-579b8f3abc14/repo/tempest/lib/common/rest_client.py:437
2019-02-15 10:57:49.415 17896 INFO tempest.lib.common.rest_client [req-9c8716f5-297c-465a-8998-05a2d790f505 ] Request (TrunkTestJSON:_run_cleanups): 404 DELETE http://172.30.9.32:9696/v2.0/trunks/64ad8b2c-a66d-4c7f-93ca-a7d86afa503e 0.016s
2019-02-15 10:57:49.415 17896 DEBUG tempest.lib.common.rest_client [req-9c8716f5-297c-465a-8998-05a2d790f505 ] Request - Headers: {'Content-Type': 'application/json', 'Accept': 'application/json', 'X-Auth-Token': ''} Body: None Response - Headers: {'status': '404', u'content-length': '134', 'content-location': 'http://172.30.9.32:9696/v2.0/trunks/64ad8b2c-a66d-4c7f-93ca-a7d86afa503e', u'date': 'Fri, 15 Feb 2019 10:57:49 GMT', u'content-type': 'application/json', u'connection': 'close', u'x-openstack-request-id': 'req-9c8716f5-297c-465a-8998-05a2d790f505'} Body: {"NeutronError": {"message": "Trunk 64ad8b2c-a66d-4c7f-93ca-a7d86afa503e could not be found.", "type": "TrunkNotFound", "detail": ""}} _log_request_full /root/.rally/verification/verifier-d0a23e53-1646-4a2d-a394-579b8f3abc14/repo/tempest/lib/common/rest_client.py:437
2019-02-15 10:57:49.428 17896 INFO tempest.lib.common.rest_client [req-5844f115-320e-47c3-abff-e0b4388a0369 ] Request (TrunkTestJSON:_run_cleanups): 404 GET http://172.30.9.32:9696/v2.0/trunks/d980a8b1-3d8e-4d82-8e80-b0101ff486de/get_subports 0.012s
2019-02-15 10:57:49.429 17896 DEBUG tempest.lib.common.rest_client [req-5844f115-320e-47c3-abff-e0b4388a0369 ] Request - Headers: {'Content-Type': 'application/json', 'Accept': 'application/json', 'X-Auth-Token': ''} Body: None Response - Headers: {'status': '404', u'content-length': '134', 'content-location': 'http://172.30.9.32:9696/v2.0/trunks/d980a8b1-3d8e-4d82-8e80-b0101ff486de/get_subports', u'date': 'Fri, 15 Feb 2019 10:57:49 GMT', u'content-type': 'application/json', u'connection': 'close', u'x-openstack-request-id': 'req-5844f115-320e-47c3-abff-e0b4388a0369'} Body: {"NeutronError": {"message": "Trunk d980a8b1-3d8e-4d82-8e80-b0101ff486de could not be found.", "type": "TrunkNotFound", "detail": ""}} _log_request_full /root/.rally/verification/verifier-d0a23e53-1646-4a2d-a394-579b8f3abc14/repo/tempest/lib/common/rest_client.py:437
2019-02-15 10:57:49.444 17896 INFO tempest.lib.common.rest_client [req-5815ef7f-db8b-4ccc-a1e2-85f70701881b ] Request (TrunkTestJSON:_run_cleanups): 404 DELETE http://172.30.9.32:9696/v2.0/trunks/d980a8b1-3d8e-4d82-8e80-b0101ff486de 0.014s
2019-02-15 10:57:49.444 17896 DEBUG tempest.lib.common.rest_client [req-5815ef7f-db8b-4ccc-a1e2-85f70701881b ] Request - Headers: {'Content-Type': 'application/json', 'Accept': 'application/json', 'X-Auth-Token': ''} Body: None Response - Headers: {'status': '404', u'content-length': '134', 'content-location': 'http://172.30.9.32:9696/v2.0/trunks/d980a8b1-3d8e-4d82-8e80-b0101ff486de', u'date': 'Fri, 15 Feb 2019 10:57:49 GMT', u'content-type': 'application/json', u'connection': 'close', u'x-openstack-request-id': 'req-5815ef7f-db8b-4ccc-a1e2-85f70701881b'} Body: {"NeutronError": {"message": "Trunk d980a8b1-3d8e-4d82-8e80-b0101ff486de could not be found.", "type": "TrunkNotFound", "detail": ""}} _log_request_full /root/.rally/verification/verifier-d0a23e53-1646-4a2d-a394-579b8f3abc14/repo/tempest/lib/common/rest_client.py:437
2019-02-15 10:57:49.460 17896 INFO tempest.lib.common.rest_client [req-44c9dc30-d1cd-445c-b9de-2f2d66297efd ] Request (TrunkTestJSON:_run_cleanups): 404 GET http://172.30.9.32:9696/v2.0/trunks/570a3a18-337f-4b7a-aa50-be2606ad74b3/get_subports 0.014s
2019-02-15 10:57:49.460 17896 DEBUG tempest.lib.common.rest_client [req-44c9dc30-d1cd-445c-b9de-2f2d66297efd ] Request - Headers: {'Content-Type': 'application/json', 'Accept': 'application/json', 'X-Auth-Token': ''} Body: None Response - Headers: {'status': '404', u'content-length': '134', 'content-location': 'http://172.30.9.32:9696/v2.0/trunks/570a3a18-337f-4b7a-aa50-be2606ad74b3/get_subports', u'date': 'Fri, 15 Feb 2019 10:57:49 GMT', u'content-type': 'application/json', u'connection': 'close', u'x-openstack-request-id': 'req-44c9dc30-d1cd-445c-b9de-2f2d66297efd'} Body: {"NeutronError": {"message": "Trunk 570a3a18-337f-4b7a-aa50-be2606ad74b3 could not be found.", "type": "TrunkNotFound", "detail": ""}} _log_request_full /root/.rally/verification/verifier-d0a23e53-1646-4a2d-a394-579b8f3abc14/repo/tempest/lib/common/rest_client.py:437
2019-02-15 10:57:49.475 17896 INFO tempest.lib.common.rest_client [req-5fe470cc-a1ee-4090-a081-5788880e226f ] Request (TrunkTestJSON:_run_cleanups): 404 DELETE http://172.30.9.32:9696/v2.0/trunks/570a3a18-337f-4b7a-aa50-be2606ad74b3 0.014s
2019-02-15 10:57:49.476 17896 DEBUG tempest.lib.common.rest_client [req-5fe470cc-a1ee-4090-a081-5788880e226f ] Request - Headers: {'Content-Type': 'application/json', 'Accept': 'application/json', 'X-Auth-Token': ''} Body: None Response - Headers: {'status': '404', u'content-length': '134', 'content-location': 'http://172.30.9.32:9696/v2.0/trunks/570a3a18-337f-4b7a-aa50-be2606ad74b3', u'date': 'Fri, 15 Feb 2019 10:57:49 GMT', u'content-type': 'application/json', u'connection': 'close', u'x-openstack-request-id': 'req-5fe470cc-a1ee-4090-a081-5788880e226f'} Body: {"NeutronError": {"message": "Trunk 570a3a18-337f-4b7a-aa50-be2606ad74b3 could not be found.", "type": "TrunkNotFound", "detail": ""}} _log_request_full /root/.rally/verification/verifier-d0a23e53-1646-4a2d-a394-579b8f3abc14/repo/tempest/lib/common/rest_client.py:437
2019-02-15 10:57:49.490 17896 INFO tempest.lib.common.rest_client [req-1d513d03-73bc-4ec2-94d9-fb95856d924e ] Request (TrunkTestJSON:_run_cleanups): 404 GET http://172.30.9.32:9696/v2.0/trunks/5c6f88f1-5aa8-4f41-90df-00d99d478f4d/get_subports 0.013s
2019-02-15 10:57:49.490 17896 DEBUG tempest.lib.common.rest_client [req-1d513d03-73bc-4ec2-94d9-fb95856d924e ] Request - Headers: {'Content-Type': 'application/json', 'Accept': 'application/json', 'X-Auth-Token': ''} Body: None Response - Headers: {'status': '404', u'content-length': '134', 'content-location': 'http://172.30.9.32:9696/v2.0/trunks/5c6f88f1-5aa8-4f41-90df-00d99d478f4d/get_subports', u'date': 'Fri, 15 Feb 2019 10:57:49 GMT', u'content-type': 'application/json', u'connection': 'close', u'x-openstack-request-id': 'req-1d513d03-73bc-4ec2-94d9-fb95856d924e'} Body: {"NeutronError": {"message": "Trunk 5c6f88f1-5aa8-4f41-90df-00d99d478f4d could not be found.", "type": "TrunkNotFound", "detail": ""}} _log_request_full /root/.rally/verification/verifier-d0a23e53-1646-4a2d-a394-579b8f3abc14/repo/tempest/lib/common/rest_client.py:437
2019-02-15 10:57:49.507 17896 INFO tempest.lib.common.rest_client [req-fe4a56ed-d69c-4c6a-bd11-4f9458ec1711 ] Request (TrunkTestJSON:_run_cleanups): 404 DELETE http://172.30.9.32:9696/v2.0/trunks/5c6f88f1-5aa8-4f41-90df-00d99d478f4d 0.016s
2019-02-15 10:57:49.507 17896 DEBUG tempest.lib.common.rest_client [req-fe4a56ed-d69c-4c6a-bd11-4f9458ec1711 ] Request - Headers: {'Content-Type': 'application/json', 'Accept': 'application/json', 'X-Auth-Token': ''} Body: None Response - Headers: {'status': '404', u'content-length': '134', 'content-location': 'http://172.30.9.32:9696/v2.0/trunks/5c6f88f1-5aa8-4f41-90df-00d99d478f4d', u'date': 'Fri, 15 Feb 2019 10:57:49 GMT', u'content-type': 'application/json', u'connection': 'close', u'x-openstack-request-id': 'req-fe4a56ed-d69c-4c6a-bd11-4f9458ec1711'} Body: {"NeutronError": {"message": "Trunk 5c6f88f1-5aa8-4f41-90df-00d99d478f4d could not be found.", "type": "TrunkNotFound", "detail": ""}} _log_request_full /root/.rally/verification/verifier-d0a23e53-1646-4a2d-a394-579b8f3abc14/repo/tempest/lib/common/rest_client.py:437
2019-02-15 10:57:49.520 17896 INFO tempest.lib.common.rest_client [req-f44bada0-a508-43ab-af60-5753648af57e ] Request (TrunkTestJSON:_run_cleanups): 404 GET http://172.30.9.32:9696/v2.0/trunks/300144cf-8e19-49df-b401-86ef82c9a121/get_subports 0.011s
2019-02-15 10:57:49.520 17896 DEBUG tempest.lib.common.rest_client [req-f44bada0-a508-43ab-af60-5753648af57e ] Request - Headers: {'Content-Type': 'application/json', 'Accept': 'application/json', 'X-Auth-Token': ''} Body: None Response - Headers: {'status': '404', u'content-length': '134', 'content-location': 'http://172.30.9.32:9696/v2.0/trunks/300144cf-8e19-49df-b401-86ef82c9a121/get_subports', u'date': 'Fri, 15 Feb 2019 10:57:49 GMT', u'content-type': 'application/json', u'connection': 'close', u'x-openstack-request-id': 'req-f44bada0-a508-43ab-af60-5753648af57e'} Body: {"NeutronError": {"message": "Trunk 300144cf-8e19-49df-b401-86ef82c9a121 could not be found.", "type": "TrunkNotFound", "detail": ""}} _log_request_full /root/.rally/verification/verifier-d0a23e53-1646-4a2d-a394-579b8f3abc14/repo/tempest/lib/common/rest_client.py:437
2019-02-15 10:57:49.536 17896 INFO tempest.lib.common.rest_client [req-22cb0b01-2342-44aa-9e5a-c06ee0221264 ] Request (TrunkTestJSON:_run_cleanups): 404 DELETE http://172.30.9.32:9696/v2.0/trunks/300144cf-8e19-49df-b401-86ef82c9a121 0.014s
2019-02-15 10:57:49.536 17896 DEBUG tempest.lib.common.rest_client [req-22cb0b01-2342-44aa-9e5a-c06ee0221264 ] Request - Headers: {'Content-Type': 'application/json', 'Accept': 'application/json', 'X-Auth-Token': ''} Body: None Response - Headers: {'status': '404', u'content-length': '134', 'content-location': 'http://172.30.9.32:9696/v2.0/trunks/300144cf-8e19-49df-b401-86ef82c9a121', u'date': 'Fri, 15 Feb 2019 10:57:49 GMT', u'content-type': 'application/json', u'connection': 'close', u'x-openstack-request-id': 'req-22cb0b01-2342-44aa-9e5a-c06ee0221264'} Body: {"NeutronError": {"message": "Trunk 300144cf-8e19-49df-b401-86ef82c9a121 could not be found.", "type": "TrunkNotFound", "detail": ""}} _log_request_full /root/.rally/verification/verifier-d0a23e53-1646-4a2d-a394-579b8f3abc14/repo/tempest/lib/common/rest_client.py:437
2019-02-15 10:57:49.552 17896 INFO tempest.lib.common.rest_client [req-52a4e016-d672-4a2b-8382-8016f5444462 ] Request (TrunkTestJSON:_run_cleanups): 404 GET http://172.30.9.32:9696/v2.0/trunks/a8c8fb9b-de39-42a9-bf66-0e2815eefe39/get_subports 0.015s
2019-02-15 10:57:49.553 17896 DEBUG tempest.lib.common.rest_client [req-52a4e016-d672-4a2b-8382-8016f5444462 ] Request - Headers: {'Content-Type': 'application/json', 'Accept': 'application/json', 'X-Auth-Token': ''} Body: None Response - Headers: {'status': '404', u'content-length': '134', 'content-location': 'http://172.30.9.32:9696/v2.0/trunks/a8c8fb9b-de39-42a9-bf66-0e2815eefe39/get_subports', u'date': 'Fri, 15 Feb 2019 10:57:49 GMT', u'content-type': 'application/json', u'connection': 'close', u'x-openstack-request-id': 'req-52a4e016-d672-4a2b-8382-8016f5444462'} Body: {"NeutronError": {"message": "Trunk a8c8fb9b-de39-42a9-bf66-0e2815eefe39 could not be found.", "type": "TrunkNotFound", "detail": ""}} _log_request_full /root/.rally/verification/verifier-d0a23e53-1646-4a2d-a394-579b8f3abc14/repo/tempest/lib/common/rest_client.py:437
2019-02-15 10:57:49.570 17896 INFO tempest.lib.common.rest_client [req-9c4c7ac2-fabd-4547-b106-71b09e1ec04e ] Request (TrunkTestJSON:_run_cleanups): 404 DELETE http://172.30.9.32:9696/v2.0/trunks/a8c8fb9b-de39-42a9-bf66-0e2815eefe39 0.017s
2019-02-15 10:57:49.571 17896 DEBUG tempest.lib.common.rest_client [req-9c4c7ac2-fabd-4547-b106-71b09e1ec04e ] Request - Headers: {'Content-Type': 'application/json', 'Accept': 'application/json', 'X-Auth-Token': ''} Body: None Response - Headers: {'status': '404', u'content-length': '134', 'content-location': 'http://172.30.9.32:9696/v2.0/trunks/a8c8fb9b-de39-42a9-bf66-0e2815eefe39', u'date': 'Fri, 15 Feb 2019 10:57:49 GMT', u'content-type': 'application/json', u'connection': 'close', u'x-openstack-request-id': 'req-9c4c7ac2-fabd-4547-b106-71b09e1ec04e'} Body: {"NeutronError": {"message": "Trunk a8c8fb9b-de39-42a9-bf66-0e2815eefe39 could not be found.", "type": "TrunkNotFound", "detail": ""}} _log_request_full /root/.rally/verification/verifier-d0a23e53-1646-4a2d-a394-579b8f3abc14/repo/tempest/lib/common/rest_client.py:437
2019-02-15 10:57:49.586 17896 INFO tempest.lib.common.rest_client [req-5f91f2d5-e276-4461-a3d8-1986ee20895e ] Request (TrunkTestJSON:_run_cleanups): 404 GET http://172.30.9.32:9696/v2.0/trunks/a4106b67-c293-474a-a202-ba0a707b721c/get_subports 0.014s
2019-02-15 10:57:49.586 17896 DEBUG tempest.lib.common.rest_client [req-5f91f2d5-e276-4461-a3d8-1986ee20895e ] Request - Headers: {'Content-Type': 'application/json', 'Accept': 'application/json', 'X-Auth-Token': ''} Body: None Response - Headers: {'status': '404', u'content-length': '134', 'content-location': 'http://172.30.9.32:9696/v2.0/trunks/a4106b67-c293-474a-a202-ba0a707b721c/get_subports', u'date': 'Fri, 15 Feb 2019 10:57:49 GMT', u'content-type': 'application/json', u'connection': 'close', u'x-openstack-request-id': 'req-5f91f2d5-e276-4461-a3d8-1986ee20895e'} Body: {"NeutronError": {"message": "Trunk a4106b67-c293-474a-a202-ba0a707b721c could not be found.", "type": "TrunkNotFound", "detail": ""}} _log_request_full /root/.rally/verification/verifier-d0a23e53-1646-4a2d-a394-579b8f3abc14/repo/tempest/lib/common/rest_client.py:437
2019-02-15 10:57:49.604 17896 INFO tempest.lib.common.rest_client [req-81f516ad-7348-479d-afad-a028fafee08d ] Request (TrunkTestJSON:_run_cleanups): 404 DELETE http://172.30.9.32:9696/v2.0/trunks/a4106b67-c293-474a-a202-ba0a707b721c 0.017s
2019-02-15 10:57:49.604 17896 DEBUG tempest.lib.common.rest_client [req-81f516ad-7348-479d-afad-a028fafee08d ] Request - Headers: {'Content-Type': 'application/json', 'Accept': 'application/json', 'X-Auth-Token': ''} Body: None Response - Headers: {'status': '404', u'content-length': '134', 'content-location': 'http://172.30.9.32:9696/v2.0/trunks/a4106b67-c293-474a-a202-ba0a707b721c', u'date': 'Fri, 15 Feb 2019 10:57:49 GMT', u'content-type': 'application/json', u'connection': 'close', u'x-openstack-request-id': 'req-81f516ad-7348-479d-afad-a028fafee08d'} Body: {"NeutronError": {"message": "Trunk a4106b67-c293-474a-a202-ba0a707b721c could not be found.", "type": "TrunkNotFound", "detail": ""}} _log_request_full /root/.rally/verification/verifier-d0a23e53-1646-4a2d-a394-579b8f3abc14/repo/tempest/lib/common/rest_client.py:437
2019-02-15 10:57:49.623 17896 INFO tempest.lib.common.rest_client [req-d15f8025-2b2e-4de2-8891-018f11fe6560 ] Request (TrunkTestJSON:_run_cleanups): 404 GET http://172.30.9.32:9696/v2.0/trunks/81a9634b-1fa7-4911-b1cb-d42576fbd5da/get_subports 0.018s
2019-02-15 10:57:49.623 17896 DEBUG tempest.lib.common.rest_client [req-d15f8025-2b2e-4de2-8891-018f11fe6560 ] Request - Headers: {'Content-Type': 'application/json', 'Accept': 'application/json', 'X-Auth-Token': ''} Body: None Response - Headers: {'status': '404', u'content-length': '134', 'content-location': 'http://172.30.9.32:9696/v2.0/trunks/81a9634b-1fa7-4911-b1cb-d42576fbd5da/get_subports', u'date': 'Fri, 15 Feb 2019 10:57:49 GMT', u'content-type': 'application/json', u'connection': 'close', u'x-openstack-request-id': 'req-d15f8025-2b2e-4de2-8891-018f11fe6560'} Body: {"NeutronError": {"message": "Trunk 81a9634b-1fa7-4911-b1cb-d42576fbd5da could not be found.", "type": "TrunkNotFound", "detail": ""}} _log_request_full /root/.rally/verification/verifier-d0a23e53-1646-4a2d-a394-579b8f3abc14/repo/tempest/lib/common/rest_client.py:437
2019-02-15 10:57:49.640 17896 INFO tempest.lib.common.rest_client [req-446177a4-2644-40ad-b813-cc6f39598185 ] Request (TrunkTestJSON:_run_cleanups): 404 DELETE http://172.30.9.32:9696/v2.0/trunks/81a9634b-1fa7-4911-b1cb-d42576fbd5da 0.016s
2019-02-15 10:57:49.640 17896 DEBUG tempest.lib.common.rest_client [req-446177a4-2644-40ad-b813-cc6f39598185 ] Request - Headers: {'Content-Type': 'application/json', 'Accept': 'application/json', 'X-Auth-Token': ''} Body: None Response - Headers: {'status': '404', u'content-length': '134', 'content-location': 'http://172.30.9.32:9696/v2.0/trunks/81a9634b-1fa7-4911-b1cb-d42576fbd5da', u'date': 'Fri, 15 Feb 2019 10:57:49 GMT', u'content-type': 'application/json', u'connection': 'close', u'x-openstack-request-id': 'req-446177a4-2644-40ad-b813-cc6f39598185'} Body: {"NeutronError": {"message": "Trunk 81a9634b-1fa7-4911-b1cb-d42576fbd5da could not be found.", "type": "TrunkNotFound", "detail": ""}} _log_request_full /root/.rally/verification/verifier-d0a23e53-1646-4a2d-a394-579b8f3abc14/repo/tempest/lib/common/rest_client.py:437
2019-02-15 10:57:49.666 17900 INFO tempest.lib.common.rest_client [req-c658c64d-0a70-4f98-9ce7-609923aeb787 ] Request (TrunkTestJSON:_run_cleanups): 404 DELETE http://172.30.9.32:9696/v2.0/ports/e1dee17a-d283-4e64-a409-7687405a6e24 0.284s
2019-02-15 10:57:49.666 17900 DEBUG tempest.lib.common.rest_client [req-c658c64d-0a70-4f98-9ce7-609923aeb787 ] Request - Headers: {'Content-Type': 'application/json', 'Accept': 'application/json', 'X-Auth-Token': ''} Body: None Response - Headers: {'status': '404', u'content-length': '132', 'content-location': 'http://172.30.9.32:9696/v2.0/ports/e1dee17a-d283-4e64-a409-7687405a6e24', u'date': 'Fri, 15 Feb 2019 10:57:49 GMT', u'content-type': 'application/json', u'connection': 'close', u'x-openstack-request-id': 'req-c658c64d-0a70-4f98-9ce7-609923aeb787'} Body: {"NeutronError": {"message": "Port e1dee17a-d283-4e64-a409-7687405a6e24 could not be found.", "type": "PortNotFound", "detail": ""}} _log_request_full /root/.rally/verification/verifier-d0a23e53-1646-4a2d-a394-579b8f3abc14/repo/tempest/lib/common/rest_client.py:437
2019-02-15 10:57:49.669 17896 INFO tempest.lib.common.rest_client [req-abe87233-66eb-4630-9b44-9ca38e964350 ] Request (TrunkTestJSON:_run_cleanups): 200 GET http://172.30.9.32:9696/v2.0/trunks/37815d90-b2f0-44a9-b77a-1b7adf7c5e1a/get_subports 0.028s
2019-02-15 10:57:49.670 17896 DEBUG tempest.lib.common.rest_client [req-abe87233-66eb-4630-9b44-9ca38e964350 ] Request - Headers: {'Content-Type': 'application/json', 'Accept': 'application/json', 'X-Auth-Token': ''} Body: None Response - Headers: {'status': '200', u'content-length': '119', 'content-location': 'http://172.30.9.32:9696/v2.0/trunks/37815d90-b2f0-44a9-b77a-1b7adf7c5e1a/get_subports', u'date': 'Fri, 15 Feb 2019 10:57:49 GMT', u'content-type': 'application/json', u'connection': 'close', u'x-openstack-request-id': 'req-abe87233-66eb-4630-9b44-9ca38e964350'} Body: {"sub_ports": [{"segmentation_type": "vlan", "port_id": "e29c6af0-48f0-468b-81d5-2bd76d5fca7d", "segmentation_id": 4}]} _log_request_full /root/.rally/verification/verifier-d0a23e53-1646-4a2d-a394-579b8f3abc14/repo/tempest/lib/common/rest_client.py:437
2019-02-15 10:57:49.697 17900 INFO tempest.lib.common.rest_client [req-b4e6eec8-0ceb-4387-94b2-47db462db50b ] Request (TrunkTestJSON:_run_cleanups): 404 DELETE http://172.30.9.32:9696/v2.0/ports/8b256893-f0b1-46f3-af92-8639240f3c7f 0.030s
2019-02-15 10:57:49.698 17900 DEBUG tempest.lib.common.rest_client [req-b4e6eec8-0ceb-4387-94b2-47db462db50b ] Request - Headers: {'Content-Type': 'application/json', 'Accept': 'application/json', 'X-Auth-Token': ''} Body: None Response - Headers: {'status': '404', u'content-length': '132', 'content-location': 'http://172.30.9.32:9696/v2.0/ports/8b256893-f0b1-46f3-af92-8639240f3c7f', u'date': 'Fri, 15 Feb 2019 10:57:49 GMT', u'content-type': 'application/json', u'connection': 'close', u'x-openstack-request-id': 'req-b4e6eec8-0ceb-4387-94b2-47db462db50b'} Body: {"NeutronError": {"message": "Port 8b256893-f0b1-46f3-af92-8639240f3c7f could not be found.", "type": "PortNotFound", "detail": ""}} _log_request_full /root/.rally/verification/verifier-d0a23e53-1646-4a2d-a394-579b8f3abc14/repo/tempest/lib/common/rest_client.py:437
2019-02-15 10:57:49.731 17900 INFO tempest.lib.common.rest_client [req-fa354c08-df21-48eb-ab9e-67748a415a7c ] Request (TrunkTestJSON:_run_cleanups): 404 DELETE http://172.30.9.32:9696/v2.0/ports/0977b74e-0927-401f-b9cd-8d050e48c50f 0.032s
2019-02-15 10:57:49.731 17900 DEBUG tempest.lib.common.rest_client [req-fa354c08-df21-48eb-ab9e-67748a415a7c ] Request - Headers: {'Content-Type': 'application/json', 'Accept': 'application/json', 'X-Auth-Token': ''} Body: None Response - Headers: {'status': '404', u'content-length': '132', 'content-location': 'http://172.30.9.32:9696/v2.0/ports/0977b74e-0927-401f-b9cd-8d050e48c50f', u'date': 'Fri, 15 Feb 2019 10:57:49 GMT', u'content-type': 'application/json', u'connection': 'close', u'x-openstack-request-id': 'req-fa354c08-df21-48eb-ab9e-67748a415a7c'} Body: {"NeutronError": {"message": "Port 0977b74e-0927-401f-b9cd-8d050e48c50f could not be found.", "type": "PortNotFound", "detail": ""}} _log_request_full /root/.rally/verification/verifier-d0a23e53-1646-4a2d-a394-579b8f3abc14/repo/tempest/lib/common/rest_client.py:437
2019-02-15 10:57:49.782 17900 INFO tempest.lib.common.rest_client [req-c556a5c6-79ba-4aaf-a20a-1409e08e6945 ] Request (TrunkTestJSON:_run_cleanups): 404 DELETE http://172.30.9.32:9696/v2.0/ports/be20a0fb-4cb4-450c-b9b7-eeedf428bb89 0.050s
2019-02-15 10:57:49.783 17900 DEBUG tempest.lib.common.rest_client [req-c556a5c6-79ba-4aaf-a20a-1409e08e6945 ] Request - Headers: {'Content-Type': 'application/json', 'Accept': 'application/json', 'X-Auth-Token': ''} Body: None Response - Headers: {'status': '404', u'content-length': '132', 'content-location': 'http://172.30.9.32:9696/v2.0/ports/be20a0fb-4cb4-450c-b9b7-eeedf428bb89', u'date': 'Fri, 15 Feb 2019 10:57:49 GMT', u'content-type': 'application/json', u'connection': 'close', u'x-openstack-request-id': 'req-c556a5c6-79ba-4aaf-a20a-1409e08e6945'} Body: {"NeutronError": {"message": "Port be20a0fb-4cb4-450c-b9b7-eeedf428bb89 could not be found.", "type": "PortNotFound", "detail": ""}} _log_request_full /root/.rally/verification/verifier-d0a23e53-1646-4a2d-a394-579b8f3abc14/repo/tempest/lib/common/rest_client.py:437
2019-02-15 10:57:49.816 17896 INFO tempest.lib.common.rest_client [req-314c2712-97e7-4529-9397-f63f51a08fbc ] Request (TrunkTestJSON:_run_cleanups): 200 PUT http://172.30.9.32:9696/v2.0/trunks/37815d90-b2f0-44a9-b77a-1b7adf7c5e1a/remove_subports 0.145s
