2019-02-14 21:02:53.992 17908 DEBUG tempest.lib.common.rest_client [req-fec9da7a-b87d-4c19-8daf-622e8497a33f ] Request - Headers: {'Content-Type': 'application/json', 'Accept': 'application/json', 'X-Auth-Token': ''} Body: None Response - Headers: {'status': '404', u'content-length': '134', 'content-location': 'http://172.30.9.49:9696/v2.0/trunks/1d7b9f11-6a08-4836-a4ed-5de0baabd821/get_subports', u'date': 'Thu, 14 Feb 2019 21:02:53 GMT', u'content-type': 'application/json', u'connection': 'close', u'x-openstack-request-id': 'req-fec9da7a-b87d-4c19-8daf-622e8497a33f'} Body: {"NeutronError": {"message": "Trunk 1d7b9f11-6a08-4836-a4ed-5de0baabd821 could not be found.", "type": "TrunkNotFound", "detail": ""}} _log_request_full /root/.rally/verification/verifier-57795710-28c9-4b5d-9e42-f9487336f875/repo/tempest/lib/common/rest_client.py:437
2019-02-14 21:02:54.005 17908 INFO tempest.lib.common.rest_client [req-d432d044-58e2-4d87-8db3-d79ead17ba79 ] Request (TrunkTestJSON:_run_cleanups): 404 DELETE http://172.30.9.49:9696/v2.0/trunks/1d7b9f11-6a08-4836-a4ed-5de0baabd821 0.013s
2019-02-14 21:02:54.006 17908 DEBUG tempest.lib.common.rest_client [req-d432d044-58e2-4d87-8db3-d79ead17ba79 ] Request - Headers: {'Content-Type': 'application/json', 'Accept': 'application/json', 'X-Auth-Token': ''} Body: None Response - Headers: {'status': '404', u'content-length': '134', 'content-location': 'http://172.30.9.49:9696/v2.0/trunks/1d7b9f11-6a08-4836-a4ed-5de0baabd821', u'date': 'Thu, 14 Feb 2019 21:02:54 GMT', u'content-type': 'application/json', u'connection': 'close', u'x-openstack-request-id': 'req-d432d044-58e2-4d87-8db3-d79ead17ba79'} Body: {"NeutronError": {"message": "Trunk 1d7b9f11-6a08-4836-a4ed-5de0baabd821 could not be found.", "type": "TrunkNotFound", "detail": ""}} _log_request_full /root/.rally/verification/verifier-57795710-28c9-4b5d-9e42-f9487336f875/repo/tempest/lib/common/rest_client.py:437
2019-02-14 21:02:54.025 17908 INFO tempest.lib.common.rest_client [req-1c513fa0-4092-4519-8e0e-def91a3c182f ] Request (TrunkTestJSON:_run_cleanups): 404 GET http://172.30.9.49:9696/v2.0/trunks/226e247e-e073-4f6e-9bcb-8d2c96a0e9be 0.018s
2019-02-14 21:02:54.025 17908 DEBUG tempest.lib.common.rest_client [req-1c513fa0-4092-4519-8e0e-def91a3c182f ] Request - Headers: {'Content-Type': 'application/json', 'Accept': 'application/json', 'X-Auth-Token': ''} Body: None Response - Headers: {'status': '404', u'content-length': '134', 'content-location': 'http://172.30.9.49:9696/v2.0/trunks/226e247e-e073-4f6e-9bcb-8d2c96a0e9be', u'date': 'Thu, 14 Feb 2019 21:02:54 GMT', u'content-type': 'application/json', u'connection': 'close', u'x-openstack-request-id': 'req-1c513fa0-4092-4519-8e0e-def91a3c182f'} Body: {"NeutronError": {"message": "Trunk 226e247e-e073-4f6e-9bcb-8d2c96a0e9be could not be found.", "type": "TrunkNotFound", "detail": ""}} _log_request_full /root/.rally/verification/verifier-57795710-28c9-4b5d-9e42-f9487336f875/repo/tempest/lib/common/rest_client.py:437
2019-02-14 21:02:54.037 17908 INFO tempest.lib.common.rest_client [req-8cfb990d-e90f-4093-b7b5-2e7c9ab0fcca ] Request (TrunkTestJSON:_run_cleanups): 404 GET http://172.30.9.49:9696/v2.0/trunks/812a681a-c636-46cb-88a0-2227a9b7b720 0.011s
2019-02-14 21:02:54.038 17908 DEBUG tempest.lib.common.rest_client [req-8cfb990d-e90f-4093-b7b5-2e7c9ab0fcca ] Request - Headers: {'Content-Type': 'application/json', 'Accept': 'application/json', 'X-Auth-Token': ''} Body: None Response - Headers: {'status': '404', u'content-length': '134', 'content-location': 'http://172.30.9.49:9696/v2.0/trunks/812a681a-c636-46cb-88a0-2227a9b7b720', u'date': 'Thu, 14 Feb 2019 21:02:54 GMT', u'content-type': 'application/json', u'connection': 'close', u'x-openstack-request-id': 'req-8cfb990d-e90f-4093-b7b5-2e7c9ab0fcca'} Body: {"NeutronError": {"message": "Trunk 812a681a-c636-46cb-88a0-2227a9b7b720 could not be found.", "type": "TrunkNotFound", "detail": ""}} _log_request_full /root/.rally/verification/verifier-57795710-28c9-4b5d-9e42-f9487336f875/repo/tempest/lib/common/rest_client.py:437
2019-02-14 21:02:54.052 17908 INFO tempest.lib.common.rest_client [req-c09afa95-53f4-4fa6-9dab-63b1e415ceef ] Request (TrunkTestJSON:_run_cleanups): 404 GET http://172.30.9.49:9696/v2.0/trunks/c6c0449b-3b35-429c-901d-f1063c73a209 0.014s
2019-02-14 21:02:54.053 17908 DEBUG tempest.lib.common.rest_client [req-c09afa95-53f4-4fa6-9dab-63b1e415ceef ] Request - Headers: {'Content-Type': 'application/json', 'Accept': 'application/json', 'X-Auth-Token': ''} Body: None Response - Headers: {'status': '404', u'content-length': '134', 'content-location': 'http://172.30.9.49:9696/v2.0/trunks/c6c0449b-3b35-429c-901d-f1063c73a209', u'date': 'Thu, 14 Feb 2019 21:02:54 GMT', u'content-type': 'application/json', u'connection': 'close', u'x-openstack-request-id': 'req-c09afa95-53f4-4fa6-9dab-63b1e415ceef'} Body: {"NeutronError": {"message": "Trunk c6c0449b-3b35-429c-901d-f1063c73a209 could not be found.", "type": "TrunkNotFound", "detail": ""}} _log_request_full /root/.rally/verification/verifier-57795710-28c9-4b5d-9e42-f9487336f875/repo/tempest/lib/common/rest_client.py:437
2019-02-14 21:02:54.065 17908 INFO tempest.lib.common.rest_client [req-9daa209b-b379-43e5-a9b8-ccc1dd6a930e ] Request (TrunkTestJSON:_run_cleanups): 404 GET http://172.30.9.49:9696/v2.0/trunks/689b1389-d83b-447b-966f-21da32a5e577 0.012s
2019-02-14 21:02:54.065 17908 DEBUG tempest.lib.common.rest_client [req-9daa209b-b379-43e5-a9b8-ccc1dd6a930e ] Request - Headers: {'Content-Type': 'application/json', 'Accept': 'application/json', 'X-Auth-Token': ''} Body: None Response - Headers: {'status': '404', u'content-length': '134', 'content-location': 'http://172.30.9.49:9696/v2.0/trunks/689b1389-d83b-447b-966f-21da32a5e577', u'date': 'Thu, 14 Feb 2019 21:02:54 GMT', u'content-type': 'application/json', u'connection': 'close', u'x-openstack-request-id': 'req-9daa209b-b379-43e5-a9b8-ccc1dd6a930e'} Body: {"NeutronError": {"message": "Trunk 689b1389-d83b-447b-966f-21da32a5e577 could not be found.", "type": "TrunkNotFound", "detail": ""}} _log_request_full /root/.rally/verification/verifier-57795710-28c9-4b5d-9e42-f9487336f875/repo/tempest/lib/common/rest_client.py:437
2019-02-14 21:02:54.069 17904 INFO tempest.lib.common.rest_client [req-d7573043-acdb-46ee-ba10-5534ea2c23cc ] Request (TrunkTestJSON:_run_cleanups): 204 DELETE http://172.30.9.49:9696/v2.0/trunks/72d93c6b-08e2-48a2-8090-fa44cd6a79f5 0.137s
2019-02-14 21:02:54.069 17904 DEBUG tempest.lib.common.rest_client [req-d7573043-acdb-46ee-ba10-5534ea2c23cc ] Request - Headers: {'Content-Type': 'application/json', 'Accept': 'application/json', 'X-Auth-Token': ''} Body: None Response - Headers: {'status': '204', u'content-length': '0', 'content-location': 'http://172.30.9.49:9696/v2.0/trunks/72d93c6b-08e2-48a2-8090-fa44cd6a79f5', u'date': 'Thu, 14 Feb 2019 21:02:54 GMT', u'connection': 'close', u'x-openstack-request-id': 'req-d7573043-acdb-46ee-ba10-5534ea2c23cc'} Body: _log_request_full /root/.rally/verification/verifier-57795710-28c9-4b5d-9e42-f9487336f875/repo/tempest/lib/common/rest_client.py:437
2019-02-14 21:02:54.078 17908 INFO tempest.lib.common.rest_client [req-31ae8489-9547-41f1-ac53-0d7e5da9f3fc ] Request (TrunkTestJSON:_run_cleanups): 404 GET http://172.30.9.49:9696/v2.0/trunks/dc727c2b-94af-46ae-ae31-b289f553d9d7 0.012s
2019-02-14 21:02:54.078 17908 DEBUG tempest.lib.common.rest_client [req-31ae8489-9547-41f1-ac53-0d7e5da9f3fc ] Request - Headers: {'Content-Type': 'application/json', 'Accept': 'application/json', 'X-Auth-Token': ''} Body: None Response - Headers: {'status': '404', u'content-length': '134', 'content-location': 'http://172.30.9.49:9696/v2.0/trunks/dc727c2b-94af-46ae-ae31-b289f553d9d7', u'date': 'Thu, 14 Feb 2019 21:02:54 GMT', u'content-type': 'application/json', u'connection': 'close', u'x-openstack-request-id': 'req-31ae8489-9547-41f1-ac53-0d7e5da9f3fc'} Body: {"NeutronError": {"message": "Trunk dc727c2b-94af-46ae-ae31-b289f553d9d7 could not be found.", "type": "TrunkNotFound", "detail": ""}} _log_request_full /root/.rally/verification/verifier-57795710-28c9-4b5d-9e42-f9487336f875/repo/tempest/lib/common/rest_client.py:437
2019-02-14 21:02:54.083 17904 INFO tempest.lib.common.rest_client [req-b15e25f3-f6e1-492a-b197-c6f4542b918a ] Request (TrunkTestJSON:_run_cleanups): 404 GET http://172.30.9.49:9696/v2.0/trunks/cc9155a3-999f-49c8-861d-f0f9a7bc872c 0.014s
2019-02-14 21:02:54.084 17904 DEBUG tempest.lib.common.rest_client [req-b15e25f3-f6e1-492a-b197-c6f4542b918a ] Request - Headers: {'Content-Type': 'application/json', 'Accept': 'application/json', 'X-Auth-Token': ''} Body: None Response - Headers: {'status': '404', u'content-length': '134', 'content-location': 'http://172.30.9.49:9696/v2.0/trunks/cc9155a3-999f-49c8-861d-f0f9a7bc872c', u'date': 'Thu, 14 Feb 2019 21:02:54 GMT', u'content-type': 'application/json', u'connection': 'close', u'x-openstack-request-id': 'req-b15e25f3-f6e1-492a-b197-c6f4542b918a'} Body: {"NeutronError": {"message": "Trunk cc9155a3-999f-49c8-861d-f0f9a7bc872c could not be found.", "type": "TrunkNotFound", "detail": ""}} _log_request_full /root/.rally/verification/verifier-57795710-28c9-4b5d-9e42-f9487336f875/repo/tempest/lib/common/rest_client.py:437
2019-02-14 21:02:54.092 17908 INFO tempest.lib.common.rest_client [req-6f65a1d9-bcab-4731-942b-83692999426d ] Request (TrunkTestJSON:_run_cleanups): 404 GET http://172.30.9.49:9696/v2.0/trunks/da395ebc-b413-4e97-a806-0707dca82cce 0.013s
2019-02-14 21:02:54.092 17908 DEBUG tempest.lib.common.rest_client [req-6f65a1d9-bcab-4731-942b-83692999426d ] Request - Headers: {'Content-Type': 'application/json', 'Accept': 'application/json', 'X-Auth-Token': ''} Body: None Response - Headers: {'status': '404', u'content-length': '134', 'content-location': 'http://172.30.9.49:9696/v2.0/trunks/da395ebc-b413-4e97-a806-0707dca82cce', u'date': 'Thu, 14 Feb 2019 21:02:54 GMT', u'content-type': 'application/json', u'connection': 'close', u'x-openstack-request-id': 'req-6f65a1d9-bcab-4731-942b-83692999426d'} Body: {"NeutronError": {"message": "Trunk da395ebc-b413-4e97-a806-0707dca82cce could not be found.", "type": "TrunkNotFound", "detail": ""}} _log_request_full /root/.rally/verification/verifier-57795710-28c9-4b5d-9e42-f9487336f875/repo/tempest/lib/common/rest_client.py:437
2019-02-14 21:02:54.097 17904 INFO tempest.lib.common.rest_client [req-649712c9-7418-4850-b436-884b77239b60 ] Request (TrunkTestJSON:_run_cleanups): 404 GET http://172.30.9.49:9696/v2.0/trunks/89793192-64fb-490f-88b6-af4b02c169b8 0.013s
2019-02-14 21:02:54.097 17904 DEBUG tempest.lib.common.rest_client [req-649712c9-7418-4850-b436-884b77239b60 ] Request - Headers: {'Content-Type': 'application/json', 'Accept': 'application/json', 'X-Auth-Token': ''} Body: None Response - Headers: {'status': '404', u'content-length': '134', 'content-location': 'http://172.30.9.49:9696/v2.0/trunks/89793192-64fb-490f-88b6-af4b02c169b8', u'date': 'Thu, 14 Feb 2019 21:02:54 GMT', u'content-type': 'application/json', u'connection': 'close', u'x-openstack-request-id': 'req-649712c9-7418-4850-b436-884b77239b60'} Body: {"NeutronError": {"message": "Trunk 89793192-64fb-490f-88b6-af4b02c169b8 could not be found.", "type": "TrunkNotFound", "detail": ""}} _log_request_full /root/.rally/verification/verifier-57795710-28c9-4b5d-9e42-f9487336f875/repo/tempest/lib/common/rest_client.py:437
2019-02-14 21:02:54.105 17908 INFO tempest.lib.common.rest_client [req-fa20919d-8827-4b23-974b-b910ed1abd09 ] Request (TrunkTestJSON:_run_cleanups): 404 GET http://172.30.9.49:9696/v2.0/trunks/1d7b9f11-6a08-4836-a4ed-5de0baabd821 0.012s
2019-02-14 21:02:54.105 17908 DEBUG tempest.lib.common.rest_client [req-fa20919d-8827-4b23-974b-b910ed1abd09 ] Request - Headers: {'Content-Type': 'application/json', 'Accept': 'application/json', 'X-Auth-Token': ''} Body: None Response - Headers: {'status': '404', u'content-length': '134', 'content-location': 'http://172.30.9.49:9696/v2.0/trunks/1d7b9f11-6a08-4836-a4ed-5de0baabd821', u'date': 'Thu, 14 Feb 2019 21:02:54 GMT', u'content-type': 'application/json', u'connection': 'close', u'x-openstack-request-id': 'req-fa20919d-8827-4b23-974b-b910ed1abd09'} Body: {"NeutronError": {"message": "Trunk 1d7b9f11-6a08-4836-a4ed-5de0baabd821 could not be found.", "type": "TrunkNotFound", "detail": ""}} _log_request_full /root/.rally/verification/verifier-57795710-28c9-4b5d-9e42-f9487336f875/repo/tempest/lib/common/rest_client.py:437
2019-02-14 21:02:54.111 17904 INFO tempest.lib.common.rest_client [req-b34dbca9-92ba-46f3-aaf1-bb1f615964cf ] Request (TrunkTestJSON:_run_cleanups): 404 GET http://172.30.9.49:9696/v2.0/trunks/cfe40515-9922-4c3b-af4c-034728fda8eb 0.013s
2019-02-14 21:02:54.111 17904 DEBUG tempest.lib.common.rest_client [req-b34dbca9-92ba-46f3-aaf1-bb1f615964cf ] Request - Headers: {'Content-Type': 'application/json', 'Accept': 'application/json', 'X-Auth-Token': ''} Body: None Response - Headers: {'status': '404', u'content-length': '134', 'content-location': 'http://172.30.9.49:9696/v2.0/trunks/cfe40515-9922-4c3b-af4c-034728fda8eb', u'date': 'Thu, 14 Feb 2019 21:02:54 GMT', u'content-type': 'application/json', u'connection': 'close', u'x-openstack-request-id': 'req-b34dbca9-92ba-46f3-aaf1-bb1f615964cf'} Body: {"NeutronError": {"message": "Trunk cfe40515-9922-4c3b-af4c-034728fda8eb could not be found.", "type": "TrunkNotFound", "detail": ""}} _log_request_full /root/.rally/verification/verifier-57795710-28c9-4b5d-9e42-f9487336f875/repo/tempest/lib/common/rest_client.py:437
2019-02-14 21:02:54.123 17904 INFO tempest.lib.common.rest_client [req-27435638-8039-4f6e-abe8-6e165ca9af48 ] Request (TrunkTestJSON:_run_cleanups): 404 GET http://172.30.9.49:9696/v2.0/trunks/75aea8be-9a73-4a94-b721-32614b36929f 0.011s
2019-02-14 21:02:54.124 17904 DEBUG tempest.lib.common.rest_client [req-27435638-8039-4f6e-abe8-6e165ca9af48 ] Request - Headers: {'Content-Type': 'application/json', 'Accept': 'application/json', 'X-Auth-Token': ''} Body: None Response - Headers: {'status': '404', u'content-length': '134', 'content-location': 'http://172.30.9.49:9696/v2.0/trunks/75aea8be-9a73-4a94-b721-32614b36929f', u'date': 'Thu, 14 Feb 2019 21:02:54 GMT', u'content-type': 'application/json', u'connection': 'close', u'x-openstack-request-id': 'req-27435638-8039-4f6e-abe8-6e165ca9af48'} Body: {"NeutronError": {"message": "Trunk 75aea8be-9a73-4a94-b721-32614b36929f could not be found.", "type": "TrunkNotFound", "detail": ""}} _log_request_full /root/.rally/verification/verifier-57795710-28c9-4b5d-9e42-f9487336f875/repo/tempest/lib/common/rest_client.py:437
2019-02-14 21:02:54.134 17908 INFO tempest.lib.common.rest_client [req-9edc3fea-000d-45d5-964c-5fda6a7a38a1 ] Request (TrunkTestJSON:_run_cleanups): 404 DELETE http://172.30.9.49:9696/v2.0/ports/abfe52f7-cd47-4fab-9d61-4c762fee28f4 0.028s
2019-02-14 21:02:54.135 17908 DEBUG tempest.lib.common.rest_client [req-9edc3fea-000d-45d5-964c-5fda6a7a38a1 ] Request - Headers: {'Content-Type': 'application/json', 'Accept': 'application/json', 'X-Auth-Token': ''} Body: None Response - Headers: {'status': '404', u'content-length': '132', 'content-location': 'http://172.30.9.49:9696/v2.0/ports/abfe52f7-cd47-4fab-9d61-4c762fee28f4', u'date': 'Thu, 14 Feb 2019 21:02:54 GMT', u'content-type': 'application/json', u'connection': 'close', u'x-openstack-request-id': 'req-9edc3fea-000d-45d5-964c-5fda6a7a38a1'} Body: {"NeutronError": {"message": "Port abfe52f7-cd47-4fab-9d61-4c762fee28f4 could not be found.", "type": "PortNotFound", "detail": ""}} _log_request_full /root/.rally/verification/verifier-57795710-28c9-4b5d-9e42-f9487336f875/repo/tempest/lib/common/rest_client.py:437
2019-02-14 21:02:54.137 17904 INFO tempest.lib.common.rest_client [req-b6150a0e-6f6f-497b-b5b8-807c22f7ac9c ] Request (TrunkTestJSON:_run_cleanups): 404 GET http://172.30.9.49:9696/v2.0/trunks/396cbfdb-23b7-43db-9712-638dad132498 0.013s
2019-02-14 21:02:54.138 17904 DEBUG tempest.lib.common.rest_client [req-b6150a0e-6f6f-497b-b5b8-807c22f7ac9c ] Request - Headers: {'Content-Type': 'application/json', 'Accept': 'application/json', 'X-Auth-Token': ''} Body: None Response - Headers: {'status': '404', u'content-length': '134', 'content-location': 'http://172.30.9.49:9696/v2.0/trunks/396cbfdb-23b7-43db-9712-638dad132498', u'date': 'Thu, 14 Feb 2019 21:02:54 GMT', u'content-type': 'application/json', u'connection': 'close', u'x-openstack-request-id': 'req-b6150a0e-6f6f-497b-b5b8-807c22f7ac9c'} Body: {"NeutronError": {"message": "Trunk 396cbfdb-23b7-43db-9712-638dad132498 could not be found.", "type": "TrunkNotFound", "detail": ""}} _log_request_full /root/.rally/verification/verifier-57795710-28c9-4b5d-9e42-f9487336f875/repo/tempest/lib/common/rest_client.py:437
2019-02-14 21:02:54.156 17904 INFO tempest.lib.common.rest_client [req-597be3a3-1975-4ec8-aba1-e0b661b36c2c ] Request (TrunkTestJSON:_run_cleanups): 404 GET http://172.30.9.49:9696/v2.0/trunks/5d831cc7-f6e4-4557-a70d-d79a4c1f65ca 0.017s
2019-02-14 21:02:54.157 17904 DEBUG tempest.lib.common.rest_client [req-597be3a3-1975-4ec8-aba1-e0b661b36c2c ] Request - Headers: {'Content-Type': 'application/json', 'Accept': 'application/json', 'X-Auth-Token': ''} Body: None Response - Headers: {'status': '404', u'content-length': '134', 'content-location': 'http://172.30.9.49:9696/v2.0/trunks/5d831cc7-f6e4-4557-a70d-d79a4c1f65ca', u'date': 'Thu, 14 Feb 2019 21:02:54 GMT', u'content-type': 'application/json', u'connection': 'close', u'x-openstack-request-id': 'req-597be3a3-1975-4ec8-aba1-e0b661b36c2c'} Body: {"NeutronError": {"message": "Trunk 5d831cc7-f6e4-4557-a70d-d79a4c1f65ca could not be found.", "type": "TrunkNotFound", "detail": ""}} _log_request_full /root/.rally/verification/verifier-57795710-28c9-4b5d-9e42-f9487336f875/repo/tempest/lib/common/rest_client.py:437
2019-02-14 21:02:54.170 17904 INFO tempest.lib.common.rest_client [req-fdf1c4b4-288b-4dc3-832f-30f7cf025740 ] Request (TrunkTestJSON:_run_cleanups): 404 GET http://172.30.9.49:9696/v2.0/trunks/b8d2056b-34e0-497c-a403-b642bfa4ce99 0.013s
2019-02-14 21:02:54.171 17904 DEBUG tempest.lib.common.rest_client [req-fdf1c4b4-288b-4dc3-832f-30f7cf025740 ] Request - Headers: {'Content-Type': 'application/json', 'Accept': 'application/json', 'X-Auth-Token': ''} Body: None Response - Headers: {'status': '404', u'content-length': '134', 'content-location': 'http://172.30.9.49:9696/v2.0/trunks/b8d2056b-34e0-497c-a403-b642bfa4ce99', u'date': 'Thu, 14 Feb 2019 21:02:54 GMT', u'content-type': 'application/json', u'connection': 'close', u'x-openstack-request-id': 'req-fdf1c4b4-288b-4dc3-832f-30f7cf025740'} Body: {"NeutronError": {"message": "Trunk b8d2056b-34e0-497c-a403-b642bfa4ce99 could not be found.", "type": "TrunkNotFound", "detail": ""}} _log_request_full /root/.rally/verification/verifier-57795710-28c9-4b5d-9e42-f9487336f875/repo/tempest/lib/common/rest_client.py:437
2019-02-14 21:02:54.171 17908 INFO tempest.lib.common.rest_client [req-62af20b9-450e-435a-ac2b-9dab023c22de ] Request (TrunkTestJSON:_run_cleanups): 404 DELETE http://172.30.9.49:9696/v2.0/ports/8db50ffd-760c-425b-ab14-dbe2544510d1 0.035s
2019-02-14 21:02:54.171 17908 DEBUG tempest.lib.common.rest_client [req-62af20b9-450e-435a-ac2b-9dab023c22de ] Request - Headers: {'Content-Type': 'application/json', 'Accept': 'application/json', 'X-Auth-Token': ''} Body: None Response - Headers: {'status': '404', u'content-length': '132', 'content-location': 'http://172.30.9.49:9696/v2.0/ports/8db50ffd-760c-425b-ab14-dbe2544510d1', u'date': 'Thu, 14 Feb 2019 21:02:54 GMT', u'content-type': 'application/json', u'connection': 'close', u'x-openstack-request-id': 'req-62af20b9-450e-435a-ac2b-9dab023c22de'} Body: {"NeutronError": {"message": "Port 8db50ffd-760c-425b-ab14-dbe2544510d1 could not be found.", "type": "PortNotFound", "detail": ""}} _log_request_full /root/.rally/verification/verifier-57795710-28c9-4b5d-9e42-f9487336f875/repo/tempest/lib/common/rest_client.py:437
2019-02-14 21:02:54.184 17904 INFO tempest.lib.common.rest_client [req-9d3070ae-80c6-4f7d-868e-39f7ac3a7b5e ] Request (TrunkTestJSON:_run_cleanups): 404 GET http://172.30.9.49:9696/v2.0/trunks/5d1da8f4-ec8a-4516-912f-6cdb2f721427 0.013s
2019-02-14 21:02:54.185 17904 DEBUG tempest.lib.common.rest_client [req-9d3070ae-80c6-4f7d-868e-39f7ac3a7b5e ] Request - Headers: {'Content-Type': 'application/json', 'Accept': 'application/json', 'X-Auth-Token': ''} Body: None Response - Headers: {'status': '404', u'content-length': '134', 'content-location': 'http://172.30.9.49:9696/v2.0/trunks/5d1da8f4-ec8a-4516-912f-6cdb2f721427', u'date': 'Thu, 14 Feb 2019 21:02:54 GMT', u'content-type': 'application/json', u'connection': 'close', u'x-openstack-request-id': 'req-9d3070ae-80c6-4f7d-868e-39f7ac3a7b5e'} Body: {"NeutronError": {"message": "Trunk 5d1da8f4-ec8a-4516-912f-6cdb2f721427 could not be found.", "type": "TrunkNotFound", "detail": ""}} _log_request_full /root/.rally/verification/verifier-57795710-28c9-4b5d-9e42-f9487336f875/repo/tempest/lib/common/rest_client.py:437
2019-02-14 21:02:54.204 17904 INFO tempest.lib.common.rest_client [req-66674576-55da-4c04-8523-3792ea705901 ] Request (TrunkTestJSON:_run_cleanups): 404 GET http://172.30.9.49:9696/v2.0/trunks/73e94096-9e52-47b3-a0ee-a829e8f22147 0.018s
2019-02-14 21:02:54.204 17904 DEBUG tempest.lib.common.rest_client [req-66674576-55da-4c04-8523-3792ea705901 ] Request - Headers: {'Content-Type': 'application/json', 'Accept': 'application/json', 'X-Auth-Token': ''} Body: None Response - Headers: {'status': '404', u'content-length': '134', 'content-location': 'http://172.30.9.49:9696/v2.0/trunks/73e94096-9e52-47b3-a0ee-a829e8f22147', u'date': 'Thu, 14 Feb 2019 21:02:54 GMT', u'content-type': 'application/json', u'connection': 'close', u'x-openstack-request-id': 'req-66674576-55da-4c04-8523-3792ea705901'} Body: {"NeutronError": {"message": "Trunk 73e94096-9e52-47b3-a0ee-a829e8f22147 could not be found.", "type": "TrunkNotFound", "detail": ""}} _log_request_full /root/.rally/verification/verifier-57795710-28c9-4b5d-9e42-f9487336f875/repo/tempest/lib/common/rest_client.py:437
2019-02-14 21:02:54.211 17908 INFO tempest.lib.common.rest_client [req-8bff6365-c8f9-4b20-9e96-8c12fd9e67ff ] Request (TrunkTestJSON:_run_cleanups): 404 DELETE http://172.30.9.49:9696/v2.0/ports/bc37238a-a672-4550-879f-4a983392f06f 0.039s
2019-02-14 21:02:54.211 17908 DEBUG tempest.lib.common.rest_client [req-8bff6365-c8f9-4b20-9e96-8c12fd9e67ff ] Request - Headers: {'Content-Type': 'application/json', 'Accept': 'application/json', 'X-Auth-Token': ''} Body: None Response - Headers: {'status': '404', u'content-length': '132', 'content-location': 'http://172.30.9.49:9696/v2.0/ports/bc37238a-a672-4550-879f-4a983392f06f', u'date': 'Thu, 14 Feb 2019 21:02:54 GMT', u'content-type': 'application/json', u'connection': 'close', u'x-openstack-request-id': 'req-8bff6365-c8f9-4b20-9e96-8c12fd9e67ff'} Body: {"NeutronError": {"message": "Port bc37238a-a672-4550-879f-4a983392f06f could not be found.", "type": "PortNotFound", "detail": ""}} _log_request_full /root/.rally/verification/verifier-57795710-28c9-4b5d-9e42-f9487336f875/repo/tempest/lib/common/rest_client.py:437
2019-02-14 21:02:54.219 17904 INFO tempest.lib.common.rest_client [req-3a417ffb-b781-461a-9068-74cdbbccf1c6 ] Request (TrunkTestJSON:_run_cleanups): 404 GET http://172.30.9.49:9696/v2.0/trunks/828f6014-48b3-42e8-af56-71f3a6d020a7 0.014s
2019-02-14 21:02:54.219 17904 DEBUG tempest.lib.common.rest_client [req-3a417ffb-b781-461a-9068-74cdbbccf1c6 ] Request - Headers: {'Content-Type': 'application/json', 'Accept': 'application/json', 'X-Auth-Token': ''} Body: None Response - Headers: {'status': '404', u'content-length': '134', 'content-location': 'http://172.30.9.49:9696/v2.0/trunks/828f6014-48b3-42e8-af56-71f3a6d020a7', u'date': 'Thu, 14 Feb 2019 21:02:54 GMT', u'content-type': 'application/json', u'connection': 'close', u'x-openstack-request-id': 'req-3a417ffb-b781-461a-9068-74cdbbccf1c6'} Body: {"NeutronError": {"message": "Trunk 828f6014-48b3-42e8-af56-71f3a6d020a7 could not be found.", "type": "TrunkNotFound", "detail": ""}} _log_request_full /root/.rally/verification/verifier-57795710-28c9-4b5d-9e42-f9487336f875/repo/tempest/lib/common/rest_client.py:437
2019-02-14 21:02:54.234 17904 INFO tempest.lib.common.rest_client [req-22efb6f1-8486-4743-bec6-c2ccc3602f30 ] Request (TrunkTestJSON:_run_cleanups): 404 GET http://172.30.9.49:9696/v2.0/trunks/72d93c6b-08e2-48a2-8090-fa44cd6a79f5 0.014s
2019-02-14 21:02:54.234 17904 DEBUG tempest.lib.common.rest_client [req-22efb6f1-8486-4743-bec6-c2ccc3602f30 ] Request - Headers: {'Content-Type': 'application/json', 'Accept': 'application/json', 'X-Auth-Token': ''} Body: None Response - Headers: {'status': '404', u'content-length': '134', 'content-location': 'http://172.30.9.49:9696/v2.0/trunks/72d93c6b-08e2-48a2-8090-fa44cd6a79f5', u'date': 'Thu, 14 Feb 2019 21:02:54 GMT', u'content-type': 'application/json', u'connection': 'close', u'x-openstack-request-id': 'req-22efb6f1-8486-4743-bec6-c2ccc3602f30'} Body: {"NeutronError": {"message": "Trunk 72d93c6b-08e2-48a2-8090-fa44cd6a79f5 could not be found.", "type": "TrunkNotFound", "detail": ""}} _log_request_full /root/.rally/verification/verifier-57795710-28c9-4b5d-9e42-f9487336f875/repo/tempest/lib/common/rest_client.py:437
2019-02-14 21:02:54.259 17908 INFO tempest.lib.common.rest_client [req-1c0c4d26-aff9-4182-b6f4-7a450f008ddb ] Request (TrunkTestJSON:_run_cleanups): 404 DELETE http://172.30.9.49:9696/v2.0/ports/b0c97a34-d910-416a-a981-1888b6dae5a7 0.046s
2019-02-14 21:02:54.259 17908 DEBUG tempest.lib.common.rest_client [req-1c0c4d26-aff9-4182-b6f4-7a450f008ddb ] Request - Headers: {'Content-Type': 'application/json', 'Accept': 'application/json', 'X-Auth-Token': ''} Body: None Response - Headers: {'status': '404', u'content-length': '132', 'content-location': 'http://172.30.9.49:9696/v2.0/ports/b0c97a34-d910-416a-a981-1888b6dae5a7', u'date': 'Thu, 14 Feb 2019 21:02:54 GMT', u'content-type': 'application/json', u'connection': 'close', u'x-openstack-request-id': 'req-1c0c4d26-aff9-4182-b6f4-7a450f008ddb'} Body: {"NeutronError": {"message": "Port b0c97a34-d910-416a-a981-1888b6dae5a7 could not be found.", "type": "PortNotFound", "detail": ""}} _log_request_full /root/.rally/verification/verifier-57795710-28c9-4b5d-9e42-f9487336f875/repo/tempest/lib/common/rest_client.py:437
2019-02-14 21:02:54.269 17904 INFO tempest.lib.common.rest_client [req-e8fe1034-28b4-49fc-a502-7876b176ee6a ] Request (TrunkTestJSON:_run_cleanups): 404 DELETE http://172.30.9.49:9696/v2.0/ports/4801a542-3a80-45f6-b85c-6c8e594b4e79 0.034s
2019-02-14 21:02:54.269 17904 DEBUG tempest.lib.common.rest_client [req-e8fe1034-28b4-49fc-a502-7876b176ee6a ] Request - Headers: {'Content-Type': 'application/json', 'Accept': 'application/json', 'X-Auth-Token': ''} Body: None Response - Headers: {'status': '404', u'content-length': '132', 'content-location': 'http://172.30.9.49:9696/v2.0/ports/4801a542-3a80-45f6-b85c-6c8e594b4e79', u'date': 'Thu, 14 Feb 2019 21:02:54 GMT', u'content-type': 'application/json', u'connection': 'close', u'x-openstack-request-id': 'req-e8fe1034-28b4-49fc-a502-7876b176ee6a'} Body: {"NeutronError": {"message": "Port 4801a542-3a80-45f6-b85c-6c8e594b4e79 could not be found.", "type": "PortNotFound", "detail": ""}} _log_request_full /root/.rally/verification/verifier-57795710-28c9-4b5d-9e42-f9487336f875/repo/tempest/lib/common/rest_client.py:437
2019-02-14 21:02:54.298 17908 INFO tempest.lib.common.rest_client [req-b1ec818f-936c-440b-bde4-a2f9d665f12f ] Request (TrunkTestJSON:_run_cleanups): 404 DELETE http://172.30.9.49:9696/v2.0/ports/a660bcc2-815e-4537-8eaf-51b84771381a 0.038s
2019-02-14 21:02:54.298 17908 DEBUG tempest.lib.common.rest_client [req-b1ec818f-936c-440b-bde4-a2f9d665f12f ] Request - Headers: {'Content-Type': 'application/json', 'Accept': 'application/json', 'X-Auth-Token': ''} Body: None Response - Headers: {'status': '404', u'content-length': '132', 'content-location': 'http://172.30.9.49:9696/v2.0/ports/a660bcc2-815e-4537-8eaf-51b84771381a', u'date': 'Thu, 14 Feb 2019 21:02:54 GMT', u'content-type': 'application/json', u'connection': 'close', u'x-openstack-request-id': 'req-b1ec818f-936c-440b-bde4-a2f9d665f12f'} Body: {"NeutronError": {"message": "Port a660bcc2-815e-4537-8eaf-51b84771381a could not be found.", "type": "PortNotFound", "detail": ""}} _log_request_full /root/.rally/verification/verifier-57795710-28c9-4b5d-9e42-f9487336f875/repo/tempest/lib/common/rest_client.py:437
2019-02-14 21:02:54.309 17904 INFO tempest.lib.common.rest_client [req-578e4c30-3452-4a4b-b26a-52af7830cd7f ] Request (TrunkTestJSON:_run_cleanups): 404 DELETE http://172.30.9.49:9696/v2.0/ports/95116be0-bb0f-4e82-abf5-dadd1e6908e4 0.039s
2019-02-14 21:02:54.309 17904 DEBUG tempest.lib.common.rest_client [req-578e4c30-3452-4a4b-b26a-52af7830cd7f ] Request - Headers: {'Content-Type': 'application/json', 'Accept': 'application/json', 'X-Auth-Token': ''} Body: None Response - Headers: {'status': '404', u'content-length': '132', 'content-location': 'http://172.30.9.49:9696/v2.0/ports/95116be0-bb0f-4e82-abf5-dadd1e6908e4', u'date': 'Thu, 14 Feb 2019 21:02:54 GMT', u'content-type': 'application/json', u'connection': 'close', u'x-openstack-request-id': 'req-578e4c30-3452-4a4b-b26a-52af7830cd7f'} Body: {"NeutronError": {"message": "Port 95116be0-bb0f-4e82-abf5-dadd1e6908e4 could not be found.", "type": "PortNotFound", "detail": ""}} _log_request_full /root/.rally/verification/verifier-57795710-28c9-4b5d-9e42-f9487336f875/repo/tempest/lib/common/rest_client.py:437
2019-02-14 21:02:54.347 17908 INFO tempest.lib.common.rest_client [req-f6202b1c-54ee-44a1-b6b1-baaa18d6edfd ] Request (TrunkTestJSON:_run_cleanups): 404 DELETE http://172.30.9.49:9696/v2.0/ports/6c895217-04e5-47fe-99c5-c1eef09a61cb 0.048s
2019-02-14 21:02:54.347 17908 DEBUG tempest.lib.common.rest_client [req-f6202b1c-54ee-44a1-b6b1-baaa18d6edfd ] Request - Headers: {'Content-Type': 'application/json', 'Accept': 'application/json', 'X-Auth-Token': ''} Body: None Response - Headers: {'status': '404', u'content-length': '132', 'content-location': 'http://172.30.9.49:9696/v2.0/ports/6c895217-04e5-47fe-99c5-c1eef09a61cb', u'date': 'Thu, 14 Feb 2019 21:02:54 GMT', u'content-type': 'application/json', u'connection': 'close', u'x-openstack-request-id': 'req-f6202b1c-54ee-44a1-b6b1-baaa18d6edfd'} Body: {"NeutronError": {"message": "Port 6c895217-04e5-47fe-99c5-c1eef09a61cb could not be found.", "type": "PortNotFound", "detail": ""}} _log_request_full /root/.rally/verification/verifier-57795710-28c9-4b5d-9e42-f9487336f875/repo/tempest/lib/common/rest_client.py:437
2019-02-14 21:02:54.356 17904 INFO tempest.lib.common.rest_client [req-05eb8674-cf7c-403b-8cf8-db79a93e8043 ] Request (TrunkTestJSON:_run_cleanups): 404 DELETE http://172.30.9.49:9696/v2.0/ports/d61c55c0-5431-4f31-ad81-38f292d0c119 0.046s
2019-02-14 21:02:54.357 17904 DEBUG tempest.lib.common.rest_client [req-05eb8674-cf7c-403b-8cf8-db79a93e8043 ] Request - Headers: {'Content-Type': 'application/json', 'Accept': 'application/json', 'X-Auth-Token': ''} Body: None Response - Headers: {'status': '404', u'content-length': '132', 'content-location': 'http://172.30.9.49:9696/v2.0/ports/d61c55c0-5431-4f31-ad81-38f292d0c119', u'date': 'Thu, 14 Feb 2019 21:02:54 GMT', u'content-type': 'application/json', u'connection': 'close', u'x-openstack-request-id': 'req-05eb8674-cf7c-403b-8cf8-db79a93e8043'} Body: {"NeutronError": {"message": "Port d61c55c0-5431-4f31-ad81-38f292d0c119 could not be found.", "type": "PortNotFound", "detail": ""}} _log_request_full /root/.rally/verification/verifier-57795710-28c9-4b5d-9e42-f9487336f875/repo/tempest/lib/common/rest_client.py:437
2019-02-14 21:02:54.380 17908 INFO tempest.lib.common.rest_client [req-2bde34d0-6b79-4d6a-9f56-d1203270cda3 ] Request (TrunkTestJSON:_run_cleanups): 404 DELETE http://172.30.9.49:9696/v2.0/ports/75a57d8f-a3ba-44f2-a232-bab17cad5ec0 0.032s
2019-02-14 21:02:54.381 17908 DEBUG tempest.lib.common.rest_client [req-2bde34d0-6b79-4d6a-9f56-d1203270cda3 ] Request - Headers: {'Content-Type': 'application/json', 'Accept': 'application/json', 'X-Auth-Token': ''} Body: None Response - Headers: {'status': '404', u'content-length': '132', 'content-location': 'http://172.30.9.49:9696/v2.0/ports/75a57d8f-a3ba-44f2-a232-bab17cad5ec0', u'date': 'Thu, 14 Feb 2019 21:02:54 GMT', u'content-type': 'application/json', u'connection': 'close', u'x-openstack-request-id': 'req-2bde34d0-6b79-4d6a-9f56-d1203270cda3'} Body: {"NeutronError": {"message": "Port 75a57d8f-a3ba-44f2-a232-bab17cad5ec0 could not be found.", "type": "PortNotFound", "detail": ""}} _log_request_full /root/.rally/verification/verifier-57795710-28c9-4b5d-9e42-f9487336f875/repo/tempest/lib/common/rest_client.py:437
2019-02-14 21:02:54.389 17904 INFO tempest.lib.common.rest_client [req-f674b142-bc7a-45cb-aaf6-18dae0325a71 ] Request (TrunkTestJSON:_run_cleanups): 404 DELETE http://172.30.9.49:9696/v2.0/ports/e269300c-8105-453a-9298-36b762ce01e8 0.031s
2019-02-14 21:02:54.389 17904 DEBUG tempest.lib.common.rest_client [req-f674b142-bc7a-45cb-aaf6-18dae0325a71 ] Request - Headers: {'Content-Type': 'application/json', 'Accept': 'application/json', 'X-Auth-Token': ''} Body: None Response - Headers: {'status': '404', u'content-length': '132', 'content-location': 'http://172.30.9.49:9696/v2.0/ports/e269300c-8105-453a-9298-36b762ce01e8', u'date': 'Thu, 14 Feb 2019 21:02:54 GMT', u'content-type': 'application/json', u'connection': 'close', u'x-openstack-request-id': 'req-f674b142-bc7a-45cb-aaf6-18dae0325a71'} Body: {"NeutronError": {"message": "Port e269300c-8105-453a-9298-36b762ce01e8 could not be found.", "type": "PortNotFound", "detail": ""}} _log_request_full /root/.rally/verification/verifier-57795710-28c9-4b5d-9e42-f9487336f875/repo/tempest/lib/common/rest_client.py:437
2019-02-14 21:02:54.415 17908 INFO tempest.lib.common.rest_client [req-fc3ee25c-d645-4712-ad3d-9338d6b60a70 ] Request (TrunkTestJSON:_run_cleanups): 404 DELETE http://172.30.9.49:9696/v2.0/ports/005f2c4a-80ec-4642-9962-8dfd8a6fb81b 0.033s
2019-02-14 21:02:54.415 17908 DEBUG tempest.lib.common.rest_client [req-fc3ee25c-d645-4712-ad3d-9338d6b60a70 ] Request - Headers: {'Content-Type': 'application/json', 'Accept': 'application/json', 'X-Auth-Token': ''} Body: None Response - Headers: {'status': '404', u'content-length': '132', 'content-location': 'http://172.30.9.49:9696/v2.0/ports/005f2c4a-80ec-4642-9962-8dfd8a6fb81b', u'date': 'Thu, 14 Feb 2019 21:02:54 GMT', u'content-type': 'application/json', u'connection': 'close', u'x-openstack-request-id': 'req-fc3ee25c-d645-4712-ad3d-9338d6b60a70'} Body: {"NeutronError": {"message": "Port 005f2c4a-80ec-4642-9962-8dfd8a6fb81b could not be found.", "type": "PortNotFound", "detail": ""}} _log_request_full /root/.rally/verification/verifier-57795710-28c9-4b5d-9e42-f9487336f875/repo/tempest/lib/common/rest_client.py:437
2019-02-14 21:02:54.421 17904 INFO tempest.lib.common.rest_client [req-abfbdb22-2bbe-4642-b390-5d12a82c6c05 ] Request (TrunkTestJSON:_run_cleanups): 404 DELETE http://172.30.9.49:9696/v2.0/ports/2f9828ed-cf0d-4b9f-8149-a14069957169 0.030s
2019-02-14 21:02:54.421 17904 DEBUG tempest.lib.common.rest_client [req-abfbdb22-2bbe-4642-b390-5d12a82c6c05 ] Request - Headers: {'Content-Type': 'application/json', 'Accept': 'application/json', 'X-Auth-Token': ''} Body: None Response - Headers: {'status': '404', u'content-length': '132', 'content-location': 'http://172.30.9.49:9696/v2.0/ports/2f9828ed-cf0d-4b9f-8149-a14069957169', u'date': 'Thu, 14 Feb 2019 21:02:54 GMT', u'content-type': 'application/json', u'connection': 'close', u'x-openstack-request-id': 'req-abfbdb22-2bbe-4642-b390-5d12a82c6c05'} Body: {"NeutronError": {"message": "Port 2f9828ed-cf0d-4b9f-8149-a14069957169 could not be found.", "type": "PortNotFound", "detail": ""}} _log_request_full /root/.rally/verification/verifier-57795710-28c9-4b5d-9e42-f9487336f875/repo/tempest/lib/common/rest_client.py:437
2019-02-14 21:02:54.446 17908 INFO tempest.lib.common.rest_client [req-7a280a9b-2d05-4fee-9fe6-354451b25b83 ] Request (TrunkTestJSON:_run_cleanups): 404 DELETE http://172.30.9.49:9696/v2.0/ports/21823aec-176e-40f9-bdaa-3d5f19549c60 0.030s
2019-02-14 21:02:54.447 17908 DEBUG tempest.lib.common.rest_client [req-7a280a9b-2d05-4fee-9fe6-354451b25b83 ] Request - Headers: {'Content-Type': 'application/json', 'Accept': 'application/json', 'X-Auth-Token': ''} Body: None Response - Headers: {'status': '404', u'content-length': '132', 'content-location': 'http://172.30.9.49:9696/v2.0/ports/21823aec-176e-40f9-bdaa-3d5f19549c60', u'date': 'Thu, 14 Feb 2019 21:02:54 GMT', u'content-type': 'application/json', u'connection': 'close', u'x-openstack-request-id': 'req-7a280a9b-2d05-4fee-9fe6-354451b25b83'} Body: {"NeutronError": {"message": "Port 21823aec-176e-40f9-bdaa-3d5f19549c60 could not be found.", "type": "PortNotFound", "detail": ""}} _log_request_full /root/.rally/verification/verifier-57795710-28c9-4b5d-9e42-f9487336f875/repo/tempest/lib/common/rest_client.py:437
2019-02-14 21:02:54.459 17904 INFO tempest.lib.common.rest_client [req-5a8c42d9-26a2-48ba-b910-ef6411336a8d ] Request (TrunkTestJSON:_run_cleanups): 404 DELETE http://172.30.9.49:9696/v2.0/ports/3fc402a1-11f5-4db0-bec8-7ce9149bedb5 0.037s
2019-02-14 21:02:54.459 17905 INFO tempest.lib.common.rest_client [req-5b64f28d-eafd-469f-9f4e-ccee4f871423 ] Request (TrunkTest:test_trunk_subport_lifecycle): 200 GET http://172.30.9.49:9696/v2.0/trunks/94c83e4f-9069-487b-ba04-8d2fca3726ff 0.019s
2019-02-14 21:02:54.459 17904 DEBUG tempest.lib.common.rest_client [req-5a8c42d9-26a2-48ba-b910-ef6411336a8d ] Request - Headers: {'Content-Type': 'application/json', 'Accept': 'application/json', 'X-Auth-Token': ''} Body: None Response - Headers: {'status': '404', u'content-length': '132', 'content-location': 'http://172.30.9.49:9696/v2.0/ports/3fc402a1-11f5-4db0-bec8-7ce9149bedb5', u'date': 'Thu, 14 Feb 2019 21:02:54 GMT', u'content-type': 'application/json', u'connection': 'close', u'x-openstack-request-id': 'req-5a8c42d9-26a2-48ba-b910-ef6411336a8d'} Body: {"NeutronError": {"message": "Port 3fc402a1-11f5-4db0-bec8-7ce9149bedb5 could not be found.", "type": "PortNotFound", "detail": ""}} _log_request_full /root/.rally/verification/verifier-57795710-28c9-4b5d-9e42-f9487336f875/repo/tempest/lib/common/rest_client.py:437
2019-02-14 21:02:54.460 17905 DEBUG tempest.lib.common.rest_client [req-5b64f28d-eafd-469f-9f4e-ccee4f871423 ] Request - Headers: {'Content-Type': 'application/json', 'Accept': 'application/json', 'X-Auth-Token': ''} Body: None Response - Headers: {'status': '200', u'content-length': '822', 'content-location': 'http://172.30.9.49:9696/v2.0/trunks/94c83e4f-9069-487b-ba04-8d2fca3726ff', u'date': 'Thu, 14 Feb 2019 21:02:54 GMT', u'content-type': 'application/json', u'connection': 'close', u'x-openstack-request-id': 'req-5b64f28d-eafd-469f-9f4e-ccee4f871423'} Body: {"trunk": {"status": "BUILD", "sub_ports": [{"segmentation_type": "vlan", "port_id": "18d65141-821e-4ed5-b72b-57d4c100ab0d", "segmentation_id": 3}, {"segmentation_type": "vlan", "port_id": "8eddff42-8857-4ec3-bb1e-f8df30abaae1", "segmentation_id": 4}, {"segmentation_type": "vlan", "port_id": "1d0924c1-2f2c-40be-8722-a475350e9bac", "segmentation_id": 5}, {"segmentation_type": "vlan", "port_id": "8bd172cf-d46d-4908-9f74-096d7fc5055d", "segmentation_id": 6}], "name": "", "admin_state_up": true, "tenant_id": "5cabb1fe8ba343b8aecf2c4ca63f949f", "created_at": "2019-02-14T21:02:17Z", "tags": [], "updated_at": "2019-02-14T21:02:51Z", "revision_number": 3, "project_id": "5cabb1fe8ba343b8aecf2c4ca63f949f", "port_id": "cb15ac0f-7ace-49ad-8c22-246072976ebb", "id": "94c83e4f-9069-487b-ba04-8d2fca3726ff", "description": ""}} _log_request_full /root/.rally/verification/verifier-57795710-28c9-4b5d-9e42-f9487336f875/repo/tempest/lib/common/rest_client.py:437
2019-02-14 21:02:54.491 17904 INFO tempest.lib.common.rest_client [req-b2e02c30-36d2-4544-a344-70a4ff3a3e32 ] Request (TrunkTestJSON:_run_cleanups): 404 DELETE http://172.30.9.49:9696/v2.0/ports/925fadb3-71f2-47bb-9db4-7c2ba9a72377 0.031s
2019-02-14 21:02:54.492 17904 DEBUG tempest.lib.common.rest_client [req-b2e02c30-36d2-4544-a344-70a4ff3a3e32 ] Request - Headers: {'Content-Type': 'application/json', 'Accept': 'application/json', 'X-Auth-Token': ''} Body: None Response - Headers: {'status': '404', u'content-length': '132', 'content-location': 'http://172.30.9.49:9696/v2.0/ports/925fadb3-71f2-47bb-9db4-7c2ba9a72377', u'date': 'Thu, 14 Feb 2019 21:02:54 GMT', u'content-type': 'application/json', u'connection': 'close', u'x-openstack-request-id': 'req-b2e02c30-36d2-4544-a344-70a4ff3a3e32'} Body: {"NeutronError": {"message": "Port 925fadb3-71f2-47bb-9db4-7c2ba9a72377 could not be found.", "type": "PortNotFound", "detail": ""}} _log_request_full /root/.rally/verification/verifier-57795710-28c9-4b5d-9e42-f9487336f875/repo/tempest/lib/common/rest_client.py:437
2019-02-14 21:02:54.493 17908 INFO tempest.lib.common.rest_client [req-c715f092-5c0f-4385-ad47-3730dd61c1b4 ] Request (TrunkTestJSON:_run_cleanups): 404 DELETE http://172.30.9.49:9696/v2.0/ports/bb624c5f-2ef8-40d7-b362-e7b9c5a2b34a 0.045s
2019-02-14 21:02:54.493 17908 DEBUG tempest.lib.common.rest_client [req-c715f092-5c0f-4385-ad47-3730dd61c1b4 ] Request - Headers: {'Content-Type': 'application/json', 'Accept': 'application/json', 'X-Auth-Token': ''} Body: None Response - Headers: {'status': '404', u'content-length': '132', 'content-location': 'http://172.30.9.49:9696/v2.0/ports/bb624c5f-2ef8-40d7-b362-e7b9c5a2b34a', u'date': 'Thu, 14 Feb 2019 21:02:54 GMT', u'content-type': 'application/json', u'connection': 'close', u'x-openstack-request-id': 'req-c715f092-5c0f-4385-ad47-3730dd61c1b4'} Body: {"NeutronError": {"message": "Port bb624c5f-2ef8-40d7-b362-e7b9c5a2b34a could not be found.", "type": "PortNotFound", "detail": ""}} _log_request_full /root/.rally/verification/verifier-57795710-28c9-4b5d-9e42-f9487336f875/repo/tempest/lib/common/rest_client.py:437
2019-02-14 21:02:54.521 17908 INFO tempest.lib.common.rest_client [req-58fb152d-acdb-473f-9aa9-7fab676576eb ] Request (TrunkTestJSON:_run_cleanups): 404 DELETE http://172.30.9.49:9696/v2.0/ports/492a6d62-004b-46f4-a1c8-91180a030628 0.027s
2019-02-14 21:02:54.521 17904 INFO tempest.lib.common.rest_client [req-c31ed165-003b-416e-8790-fe83be534702 ] Request (TrunkTestJSON:_run_cleanups): 404 DELETE http://172.30.9.49:9696/v2.0/ports/b738d858-c80e-42a9-b74c-b7a73420dbaa 0.028s
2019-02-14 21:02:54.522 17908 DEBUG tempest.lib.common.rest_client [req-58fb152d-acdb-473f-9aa9-7fab676576eb ] Request - Headers: {'Content-Type': 'application/json', 'Accept': 'application/json', 'X-Auth-Token': ''} Body: None Response - Headers: {'status': '404', u'content-length': '132', 'content-location': 'http://172.30.9.49:9696/v2.0/ports/492a6d62-004b-46f4-a1c8-91180a030628', u'date': 'Thu, 14 Feb 2019 21:02:54 GMT', u'content-type': 'application/json', u'connection': 'close', u'x-openstack-request-id': 'req-58fb152d-acdb-473f-9aa9-7fab676576eb'} Body: {"NeutronError": {"message": "Port 492a6d62-004b-46f4-a1c8-91180a030628 could not be found.", "type": "PortNotFound", "detail": ""}} _log_request_full /root/.rally/verification/verifier-57795710-28c9-4b5d-9e42-f9487336f875/repo/tempest/lib/common/rest_client.py:437
2019-02-14 21:02:54.522 17904 DEBUG tempest.lib.common.rest_client [req-c31ed165-003b-416e-8790-fe83be534702 ] Request - Headers: {'Content-Type': 'application/json', 'Accept': 'application/json', 'X-Auth-Token': ''} Body: None Response - Headers: {'status': '404', u'content-length': '132', 'content-location': 'http://172.30.9.49:9696/v2.0/ports/b738d858-c80e-42a9-b74c-b7a73420dbaa', u'date': 'Thu, 14 Feb 2019 21:02:54 GMT', u'content-type': 'application/json', u'connection': 'close', u'x-openstack-request-id': 'req-c31ed165-003b-416e-8790-fe83be534702'} Body: {"NeutronError": {"message": "Port b738d858-c80e-42a9-b74c-b7a73420dbaa could not be found.", "type": "PortNotFound", "detail": ""}} _log_request_full /root/.rally/verification/verifier-57795710-28c9-4b5d-9e42-f9487336f875/repo/tempest/lib/common/rest_client.py:437
2019-02-14 21:02:54.555 17904 INFO tempest.lib.common.rest_client [req-9ebc64a1-ab95-4f2a-987e-6103e630676f ] Request (TrunkTestJSON:_run_cleanups): 404 DELETE http://172.30.9.49:9696/v2.0/ports/fddf5cee-12d7-486a-8f0f-714854dfd92e 0.032s
2019-02-14 21:02:54.555 17904 DEBUG tempest.lib.common.rest_client [req-9ebc64a1-ab95-4f2a-987e-6103e630676f ] Request - Headers: {'Content-Type': 'application/json', 'Accept': 'application/json', 'X-Auth-Token': ''} Body: None Response - Headers: {'status': '404', u'content-length': '132', 'content-location': 'http://172.30.9.49:9696/v2.0/ports/fddf5cee-12d7-486a-8f0f-714854dfd92e', u'date': 'Thu, 14 Feb 2019 21:02:54 GMT', u'content-type': 'application/json', u'connection': 'close', u'x-openstack-request-id': 'req-9ebc64a1-ab95-4f2a-987e-6103e630676f'} Body: {"NeutronError": {"message": "Port fddf5cee-12d7-486a-8f0f-714854dfd92e could not be found.", "type": "PortNotFound", "detail": ""}} _log_request_full /root/.rally/verification/verifier-57795710-28c9-4b5d-9e42-f9487336f875/repo/tempest/lib/common/rest_client.py:437
2019-02-14 21:02:54.556 17908 INFO tempest.lib.common.rest_client [req-532a5c9c-9d1b-4c03-84ce-6ed89a39c738 ] Request (TrunkTestJSON:_run_cleanups): 404 DELETE http://172.30.9.49:9696/v2.0/ports/792fc24c-18ad-4414-ba2e-a5c4a8fecb56 0.033s
2019-02-14 21:02:54.556 17908 DEBUG tempest.lib.common.rest_client [req-532a5c9c-9d1b-4c03-84ce-6ed89a39c738 ] Request - Headers: {'Content-Type': 'application/json', 'Accept': 'application/json', 'X-Auth-Token': ''} Body: None Response - Headers: {'status': '404', u'content-length': '132', 'content-location': 'http://172.30.9.49:9696/v2.0/ports/792fc24c-18ad-4414-ba2e-a5c4a8fecb56', u'date': 'Thu, 14 Feb 2019 21:02:54 GMT', u'content-type': 'application/json', u'connection': 'close', u'x-openstack-request-id': 'req-532a5c9c-9d1b-4c03-84ce-6ed89a39c738'} Body: {"NeutronError": {"message": "Port 792fc24c-18ad-4414-ba2e-a5c4a8fecb56 could not be found.", "type": "PortNotFound", "detail": ""}} _log_request_full /root/.rally/verification/verifier-57795710-28c9-4b5d-9e42-f9487336f875/repo/tempest/lib/common/rest_client.py:437
2019-02-14 21:02:54.583 17904 INFO tempest.lib.common.rest_client [req-451e6d77-a994-4895-8eb7-8acce9e25b01 ] Request (TrunkTestJSON:_run_cleanups): 404 DELETE http://172.30.9.49:9696/v2.0/ports/77489a1b-51d1-42c5-95f1-cfb28bb1b26d 0.027s
2019-02-14 21:02:54.584 17904 DEBUG tempest.lib.common.rest_client [req-451e6d77-a994-4895-8eb7-8acce9e25b01 ] Request - Headers: {'Content-Type': 'application/json', 'Accept': 'application/json', 'X-Auth-Token': ''} Body: None Response - Headers: {'status': '404', u'content-length': '132', 'content-location': 'http://172.30.9.49:9696/v2.0/ports/77489a1b-51d1-42c5-95f1-cfb28bb1b26d', u'date': 'Thu, 14 Feb 2019 21:02:54 GMT', u'content-type': 'application/json', u'connection': 'close', u'x-openstack-request-id': 'req-451e6d77-a994-4895-8eb7-8acce9e25b01'} Body: {"NeutronError": {"message": "Port 77489a1b-51d1-42c5-95f1-cfb28bb1b26d could not be found.", "type": "PortNotFound", "detail": ""}} _log_request_full /root/.rally/verification/verifier-57795710-28c9-4b5d-9e42-f9487336f875/repo/tempest/lib/common/rest_client.py:437
2019-02-14 21:02:54.589 17908 INFO tempest.lib.common.rest_client [req-6408bfbc-bfee-4284-92d6-a9ee0aa1f168 ] Request (TrunkTestJSON:_run_cleanups): 404 DELETE http://172.30.9.49:9696/v2.0/ports/01fcfeb1-e6d2-4898-ac54-7848f906bd11 0.032s
2019-02-14 21:02:54.589 17908 DEBUG tempest.lib.common.rest_client [req-6408bfbc-bfee-4284-92d6-a9ee0aa1f168 ] Request - Headers: {'Content-Type': 'application/json', 'Accept': 'application/json', 'X-Auth-Token': ''} Body: None Response - Headers: {'status': '404', u'content-length': '132', 'content-location': 'http://172.30.9.49:9696/v2.0/ports/01fcfeb1-e6d2-4898-ac54-7848f906bd11', u'date': 'Thu, 14 Feb 2019 21:02:54 GMT', u'content-type': 'application/json', u'connection': 'close', u'x-openstack-request-id': 'req-6408bfbc-bfee-4284-92d6-a9ee0aa1f168'} Body: {"NeutronError": {"message": "Port 01fcfeb1-e6d2-4898-ac54-7848f906bd11 could not be found.", "type": "PortNotFound", "detail": ""}} _log_request_full /root/.rally/verification/verifier-57795710-28c9-4b5d-9e42-f9487336f875/repo/tempest/lib/common/rest_client.py:437
2019-02-14 21:02:54.620 17904 INFO tempest.lib.common.rest_client [req-6e9fa72a-5b4b-4a83-89ec-5f399c7eabe8 ] Request (TrunkTestJSON:_run_cleanups): 404 DELETE http://172.30.9.49:9696/v2.0/ports/6a92db99-f2c6-4d37-859d-34ea946964d1 0.035s
2019-02-14 21:02:54.621 17904 DEBUG tempest.lib.common.rest_client [req-6e9fa72a-5b4b-4a83-89ec-5f399c7eabe8 ] Request - Headers: {'Content-Type': 'application/json', 'Accept': 'application/json', 'X-Auth-Token': ''} Body: None Response - Headers: {'status': '404', u'content-length': '132', 'content-location': 'http://172.30.9.49:9696/v2.0/ports/6a92db99-f2c6-4d37-859d-34ea946964d1', u'date': 'Thu, 14 Feb 2019 21:02:54 GMT', u'content-type': 'application/json', u'connection': 'close', u'x-openstack-request-id': 'req-6e9fa72a-5b4b-4a83-89ec-5f399c7eabe8'} Body: {"NeutronError": {"message": "Port 6a92db99-f2c6-4d37-859d-34ea946964d1 could not be found.", "type": "PortNotFound", "detail": ""}} _log_request_full /root/.rally/verification/verifier-57795710-28c9-4b5d-9e42-f9487336f875/repo/tempest/lib/common/rest_client.py:437
2019-02-14 21:02:54.621 17908 INFO tempest.lib.common.rest_client [req-5499d5f1-4f16-4670-957e-0a0a05dd3e88 ] Request (TrunkTestJSON:_run_cleanups): 404 DELETE http://172.30.9.49:9696/v2.0/ports/7d5d7571-8358-44f4-942d-26ebc1faa6b6 0.031s
