2019-02-14 21:02:29.500 17904 DEBUG tempest.lib.common.rest_client [req-1bd593b8-f602-4690-91a0-e8625256847a ] Request - Headers: {'Content-Type': 'application/json', 'Accept': 'application/json', 'X-Auth-Token': ''} Body: None Response - Headers: {'status': '404', u'content-length': '134', 'content-location': 'http://172.30.9.49:9696/v2.0/trunks/396cbfdb-23b7-43db-9712-638dad132498', u'date': 'Thu, 14 Feb 2019 21:02:29 GMT', u'content-type': 'application/json', u'connection': 'close', u'x-openstack-request-id': 'req-1bd593b8-f602-4690-91a0-e8625256847a'} Body: {"NeutronError": {"message": "Trunk 396cbfdb-23b7-43db-9712-638dad132498 could not be found.", "type": "TrunkNotFound", "detail": ""}} _log_request_full /root/.rally/verification/verifier-57795710-28c9-4b5d-9e42-f9487336f875/repo/tempest/lib/common/rest_client.py:437
2019-02-14 21:02:29.500 17908 INFO tempest.lib.common.rest_client [req-06d0339d-2fb2-4659-8808-f06f97bc8c7e ] Request (TrunkTestJSON:_run_cleanups): 404 DELETE http://172.30.9.49:9696/v2.0/ports/abfe52f7-cd47-4fab-9d61-4c762fee28f4 0.033s
2019-02-14 21:02:29.501 17908 DEBUG tempest.lib.common.rest_client [req-06d0339d-2fb2-4659-8808-f06f97bc8c7e ] Request - Headers: {'Content-Type': 'application/json', 'Accept': 'application/json', 'X-Auth-Token': ''} Body: None Response - Headers: {'status': '404', u'content-length': '132', 'content-location': 'http://172.30.9.49:9696/v2.0/ports/abfe52f7-cd47-4fab-9d61-4c762fee28f4', u'date': 'Thu, 14 Feb 2019 21:02:29 GMT', u'content-type': 'application/json', u'connection': 'close', u'x-openstack-request-id': 'req-06d0339d-2fb2-4659-8808-f06f97bc8c7e'} Body: {"NeutronError": {"message": "Port abfe52f7-cd47-4fab-9d61-4c762fee28f4 could not be found.", "type": "PortNotFound", "detail": ""}} _log_request_full /root/.rally/verification/verifier-57795710-28c9-4b5d-9e42-f9487336f875/repo/tempest/lib/common/rest_client.py:437
2019-02-14 21:02:29.529 17904 INFO tempest.lib.common.rest_client [req-0d1627c3-828e-44a5-8eee-8e8e072921ae ] Request (TrunkTestJSON:_run_cleanups): 200 GET http://172.30.9.49:9696/v2.0/trunks/5d831cc7-f6e4-4557-a70d-d79a4c1f65ca/get_subports 0.029s
2019-02-14 21:02:29.530 17904 DEBUG tempest.lib.common.rest_client [req-0d1627c3-828e-44a5-8eee-8e8e072921ae ] Request - Headers: {'Content-Type': 'application/json', 'Accept': 'application/json', 'X-Auth-Token': ''} Body: None Response - Headers: {'status': '200', u'content-length': '17', 'content-location': 'http://172.30.9.49:9696/v2.0/trunks/5d831cc7-f6e4-4557-a70d-d79a4c1f65ca/get_subports', u'date': 'Thu, 14 Feb 2019 21:02:29 GMT', u'content-type': 'application/json', u'connection': 'close', u'x-openstack-request-id': 'req-0d1627c3-828e-44a5-8eee-8e8e072921ae'} Body: {"sub_ports": []} _log_request_full /root/.rally/verification/verifier-57795710-28c9-4b5d-9e42-f9487336f875/repo/tempest/lib/common/rest_client.py:437
2019-02-14 21:02:29.533 17908 INFO tempest.lib.common.rest_client [req-5d9daf32-29cb-40da-aed4-43a7b70ae3ce ] Request (TrunkTestJSON:_run_cleanups): 404 DELETE http://172.30.9.49:9696/v2.0/ports/8db50ffd-760c-425b-ab14-dbe2544510d1 0.031s
2019-02-14 21:02:29.533 17908 DEBUG tempest.lib.common.rest_client [req-5d9daf32-29cb-40da-aed4-43a7b70ae3ce ] Request - Headers: {'Content-Type': 'application/json', 'Accept': 'application/json', 'X-Auth-Token': ''} Body: None Response - Headers: {'status': '404', u'content-length': '132', 'content-location': 'http://172.30.9.49:9696/v2.0/ports/8db50ffd-760c-425b-ab14-dbe2544510d1', u'date': 'Thu, 14 Feb 2019 21:02:29 GMT', u'content-type': 'application/json', u'connection': 'close', u'x-openstack-request-id': 'req-5d9daf32-29cb-40da-aed4-43a7b70ae3ce'} Body: {"NeutronError": {"message": "Port 8db50ffd-760c-425b-ab14-dbe2544510d1 could not be found.", "type": "PortNotFound", "detail": ""}} _log_request_full /root/.rally/verification/verifier-57795710-28c9-4b5d-9e42-f9487336f875/repo/tempest/lib/common/rest_client.py:437
2019-02-14 21:02:29.563 17908 INFO tempest.lib.common.rest_client [req-a23a4390-eaa1-407b-a541-e9e52cc51c31 ] Request (TrunkTestJSON:_run_cleanups): 404 DELETE http://172.30.9.49:9696/v2.0/ports/bc37238a-a672-4550-879f-4a983392f06f 0.029s
2019-02-14 21:02:29.564 17908 DEBUG tempest.lib.common.rest_client [req-a23a4390-eaa1-407b-a541-e9e52cc51c31 ] Request - Headers: {'Content-Type': 'application/json', 'Accept': 'application/json', 'X-Auth-Token': ''} Body: None Response - Headers: {'status': '404', u'content-length': '132', 'content-location': 'http://172.30.9.49:9696/v2.0/ports/bc37238a-a672-4550-879f-4a983392f06f', u'date': 'Thu, 14 Feb 2019 21:02:29 GMT', u'content-type': 'application/json', u'connection': 'close', u'x-openstack-request-id': 'req-a23a4390-eaa1-407b-a541-e9e52cc51c31'} Body: {"NeutronError": {"message": "Port bc37238a-a672-4550-879f-4a983392f06f could not be found.", "type": "PortNotFound", "detail": ""}} _log_request_full /root/.rally/verification/verifier-57795710-28c9-4b5d-9e42-f9487336f875/repo/tempest/lib/common/rest_client.py:437
2019-02-14 21:02:29.575 17905 INFO paramiko.transport [-] Connected (version 2.0, client dropbear_2015.67)
2019-02-14 21:02:29.585 17904 INFO tempest.lib.common.rest_client [req-a2c0bda2-b632-4701-aa10-0575668b0cbc ] Request (TrunkTestJSON:_run_cleanups): 200 PUT http://172.30.9.49:9696/v2.0/trunks/5d831cc7-f6e4-4557-a70d-d79a4c1f65ca/remove_subports 0.054s
2019-02-14 21:02:29.586 17904 DEBUG tempest.lib.common.rest_client [req-a2c0bda2-b632-4701-aa10-0575668b0cbc ] Request - Headers: {'Content-Type': 'application/json', 'Accept': 'application/json', 'X-Auth-Token': ''} Body: {"sub_ports": []} Response - Headers: {'status': '200', u'content-length': '396', 'content-location': 'http://172.30.9.49:9696/v2.0/trunks/5d831cc7-f6e4-4557-a70d-d79a4c1f65ca/remove_subports', u'date': 'Thu, 14 Feb 2019 21:02:29 GMT', u'content-type': 'application/json', u'connection': 'close', u'x-openstack-request-id': 'req-a2c0bda2-b632-4701-aa10-0575668b0cbc'} Body: {"status": "DOWN", "sub_ports": [], "name": "", "admin_state_up": true, "tenant_id": "4c201db0e4dd45649b64df9212425c02", "created_at": "2019-02-14T21:02:29Z", "tags": [], "updated_at": "2019-02-14T21:02:29Z", "revision_number": 1, "project_id": "4c201db0e4dd45649b64df9212425c02", "port_id": "925fadb3-71f2-47bb-9db4-7c2ba9a72377", "id": "5d831cc7-f6e4-4557-a70d-d79a4c1f65ca", "description": ""} _log_request_full /root/.rally/verification/verifier-57795710-28c9-4b5d-9e42-f9487336f875/repo/tempest/lib/common/rest_client.py:437
2019-02-14 21:02:29.597 17908 INFO tempest.lib.common.rest_client [req-89c72e85-5edd-4fce-bd18-67038e909101 ] Request (TrunkTestJSON:_run_cleanups): 404 DELETE http://172.30.9.49:9696/v2.0/ports/b0c97a34-d910-416a-a981-1888b6dae5a7 0.033s
2019-02-14 21:02:29.598 17908 DEBUG tempest.lib.common.rest_client [req-89c72e85-5edd-4fce-bd18-67038e909101 ] Request - Headers: {'Content-Type': 'application/json', 'Accept': 'application/json', 'X-Auth-Token': ''} Body: None Response - Headers: {'status': '404', u'content-length': '132', 'content-location': 'http://172.30.9.49:9696/v2.0/ports/b0c97a34-d910-416a-a981-1888b6dae5a7', u'date': 'Thu, 14 Feb 2019 21:02:29 GMT', u'content-type': 'application/json', u'connection': 'close', u'x-openstack-request-id': 'req-89c72e85-5edd-4fce-bd18-67038e909101'} Body: {"NeutronError": {"message": "Port b0c97a34-d910-416a-a981-1888b6dae5a7 could not be found.", "type": "PortNotFound", "detail": ""}} _log_request_full /root/.rally/verification/verifier-57795710-28c9-4b5d-9e42-f9487336f875/repo/tempest/lib/common/rest_client.py:437
2019-02-14 21:02:29.630 17908 INFO tempest.lib.common.rest_client [req-1f99916d-6478-4a3c-831f-61ccaa7ff09d ] Request (TrunkTestJSON:_run_cleanups): 404 DELETE http://172.30.9.49:9696/v2.0/ports/a660bcc2-815e-4537-8eaf-51b84771381a 0.031s
2019-02-14 21:02:29.631 17908 DEBUG tempest.lib.common.rest_client [req-1f99916d-6478-4a3c-831f-61ccaa7ff09d ] Request - Headers: {'Content-Type': 'application/json', 'Accept': 'application/json', 'X-Auth-Token': ''} Body: None Response - Headers: {'status': '404', u'content-length': '132', 'content-location': 'http://172.30.9.49:9696/v2.0/ports/a660bcc2-815e-4537-8eaf-51b84771381a', u'date': 'Thu, 14 Feb 2019 21:02:29 GMT', u'content-type': 'application/json', u'connection': 'close', u'x-openstack-request-id': 'req-1f99916d-6478-4a3c-831f-61ccaa7ff09d'} Body: {"NeutronError": {"message": "Port a660bcc2-815e-4537-8eaf-51b84771381a could not be found.", "type": "PortNotFound", "detail": ""}} _log_request_full /root/.rally/verification/verifier-57795710-28c9-4b5d-9e42-f9487336f875/repo/tempest/lib/common/rest_client.py:437
2019-02-14 21:02:29.640 17905 INFO paramiko.transport [-] Authentication (publickey) successful!
2019-02-14 21:02:29.660 17908 INFO tempest.lib.common.rest_client [req-c98e8e4d-15b7-4f9d-976c-408b96274233 ] Request (TrunkTestJSON:_run_cleanups): 404 DELETE http://172.30.9.49:9696/v2.0/ports/6c895217-04e5-47fe-99c5-c1eef09a61cb 0.029s
2019-02-14 21:02:29.661 17908 DEBUG tempest.lib.common.rest_client [req-c98e8e4d-15b7-4f9d-976c-408b96274233 ] Request - Headers: {'Content-Type': 'application/json', 'Accept': 'application/json', 'X-Auth-Token': ''} Body: None Response - Headers: {'status': '404', u'content-length': '132', 'content-location': 'http://172.30.9.49:9696/v2.0/ports/6c895217-04e5-47fe-99c5-c1eef09a61cb', u'date': 'Thu, 14 Feb 2019 21:02:29 GMT', u'content-type': 'application/json', u'connection': 'close', u'x-openstack-request-id': 'req-c98e8e4d-15b7-4f9d-976c-408b96274233'} Body: {"NeutronError": {"message": "Port 6c895217-04e5-47fe-99c5-c1eef09a61cb could not be found.", "type": "PortNotFound", "detail": ""}} _log_request_full /root/.rally/verification/verifier-57795710-28c9-4b5d-9e42-f9487336f875/repo/tempest/lib/common/rest_client.py:437
2019-02-14 21:02:29.672 17905 INFO tempest.lib.common.ssh [-] ssh connection to cirros@172.30.9.206 successfully created
2019-02-14 21:02:29.715 17904 INFO tempest.lib.common.rest_client [req-468824b4-5907-49d4-9b7d-96c6ed691160 ] Request (TrunkTestJSON:_run_cleanups): 204 DELETE http://172.30.9.49:9696/v2.0/trunks/5d831cc7-f6e4-4557-a70d-d79a4c1f65ca 0.128s
2019-02-14 21:02:29.715 17904 DEBUG tempest.lib.common.rest_client [req-468824b4-5907-49d4-9b7d-96c6ed691160 ] Request - Headers: {'Content-Type': 'application/json', 'Accept': 'application/json', 'X-Auth-Token': ''} Body: None Response - Headers: {'status': '204', u'content-length': '0', 'content-location': 'http://172.30.9.49:9696/v2.0/trunks/5d831cc7-f6e4-4557-a70d-d79a4c1f65ca', u'date': 'Thu, 14 Feb 2019 21:02:29 GMT', u'connection': 'close', u'x-openstack-request-id': 'req-468824b4-5907-49d4-9b7d-96c6ed691160'} Body: _log_request_full /root/.rally/verification/verifier-57795710-28c9-4b5d-9e42-f9487336f875/repo/tempest/lib/common/rest_client.py:437
2019-02-14 21:02:29.728 17904 INFO tempest.lib.common.rest_client [req-6d2bd006-f263-4b57-8d4e-59aad30c1a7a ] Request (TrunkTestJSON:_run_cleanups): 404 GET http://172.30.9.49:9696/v2.0/trunks/cc9155a3-999f-49c8-861d-f0f9a7bc872c 0.012s
2019-02-14 21:02:29.728 17904 DEBUG tempest.lib.common.rest_client [req-6d2bd006-f263-4b57-8d4e-59aad30c1a7a ] Request - Headers: {'Content-Type': 'application/json', 'Accept': 'application/json', 'X-Auth-Token': ''} Body: None Response - Headers: {'status': '404', u'content-length': '134', 'content-location': 'http://172.30.9.49:9696/v2.0/trunks/cc9155a3-999f-49c8-861d-f0f9a7bc872c', u'date': 'Thu, 14 Feb 2019 21:02:29 GMT', u'content-type': 'application/json', u'connection': 'close', u'x-openstack-request-id': 'req-6d2bd006-f263-4b57-8d4e-59aad30c1a7a'} Body: {"NeutronError": {"message": "Trunk cc9155a3-999f-49c8-861d-f0f9a7bc872c could not be found.", "type": "TrunkNotFound", "detail": ""}} _log_request_full /root/.rally/verification/verifier-57795710-28c9-4b5d-9e42-f9487336f875/repo/tempest/lib/common/rest_client.py:437
2019-02-14 21:02:29.741 17904 INFO tempest.lib.common.rest_client [req-32734136-1a50-45f9-8e5a-0d85c352ab9d ] Request (TrunkTestJSON:_run_cleanups): 404 GET http://172.30.9.49:9696/v2.0/trunks/89793192-64fb-490f-88b6-af4b02c169b8 0.011s
2019-02-14 21:02:29.741 17904 DEBUG tempest.lib.common.rest_client [req-32734136-1a50-45f9-8e5a-0d85c352ab9d ] Request - Headers: {'Content-Type': 'application/json', 'Accept': 'application/json', 'X-Auth-Token': ''} Body: None Response - Headers: {'status': '404', u'content-length': '134', 'content-location': 'http://172.30.9.49:9696/v2.0/trunks/89793192-64fb-490f-88b6-af4b02c169b8', u'date': 'Thu, 14 Feb 2019 21:02:29 GMT', u'content-type': 'application/json', u'connection': 'close', u'x-openstack-request-id': 'req-32734136-1a50-45f9-8e5a-0d85c352ab9d'} Body: {"NeutronError": {"message": "Trunk 89793192-64fb-490f-88b6-af4b02c169b8 could not be found.", "type": "TrunkNotFound", "detail": ""}} _log_request_full /root/.rally/verification/verifier-57795710-28c9-4b5d-9e42-f9487336f875/repo/tempest/lib/common/rest_client.py:437
2019-02-14 21:02:29.754 17904 INFO tempest.lib.common.rest_client [req-16117351-16a3-481d-8634-2a4ff69a8b32 ] Request (TrunkTestJSON:_run_cleanups): 404 GET http://172.30.9.49:9696/v2.0/trunks/cfe40515-9922-4c3b-af4c-034728fda8eb 0.012s
2019-02-14 21:02:29.754 17904 DEBUG tempest.lib.common.rest_client [req-16117351-16a3-481d-8634-2a4ff69a8b32 ] Request - Headers: {'Content-Type': 'application/json', 'Accept': 'application/json', 'X-Auth-Token': ''} Body: None Response - Headers: {'status': '404', u'content-length': '134', 'content-location': 'http://172.30.9.49:9696/v2.0/trunks/cfe40515-9922-4c3b-af4c-034728fda8eb', u'date': 'Thu, 14 Feb 2019 21:02:29 GMT', u'content-type': 'application/json', u'connection': 'close', u'x-openstack-request-id': 'req-16117351-16a3-481d-8634-2a4ff69a8b32'} Body: {"NeutronError": {"message": "Trunk cfe40515-9922-4c3b-af4c-034728fda8eb could not be found.", "type": "TrunkNotFound", "detail": ""}} _log_request_full /root/.rally/verification/verifier-57795710-28c9-4b5d-9e42-f9487336f875/repo/tempest/lib/common/rest_client.py:437
2019-02-14 21:02:29.768 17904 INFO tempest.lib.common.rest_client [req-99cb302d-2ca8-45f5-b3fa-c058770eef9d ] Request (TrunkTestJSON:_run_cleanups): 404 GET http://172.30.9.49:9696/v2.0/trunks/75aea8be-9a73-4a94-b721-32614b36929f 0.013s
2019-02-14 21:02:29.768 17904 DEBUG tempest.lib.common.rest_client [req-99cb302d-2ca8-45f5-b3fa-c058770eef9d ] Request - Headers: {'Content-Type': 'application/json', 'Accept': 'application/json', 'X-Auth-Token': ''} Body: None Response - Headers: {'status': '404', u'content-length': '134', 'content-location': 'http://172.30.9.49:9696/v2.0/trunks/75aea8be-9a73-4a94-b721-32614b36929f', u'date': 'Thu, 14 Feb 2019 21:02:29 GMT', u'content-type': 'application/json', u'connection': 'close', u'x-openstack-request-id': 'req-99cb302d-2ca8-45f5-b3fa-c058770eef9d'} Body: {"NeutronError": {"message": "Trunk 75aea8be-9a73-4a94-b721-32614b36929f could not be found.", "type": "TrunkNotFound", "detail": ""}} _log_request_full /root/.rally/verification/verifier-57795710-28c9-4b5d-9e42-f9487336f875/repo/tempest/lib/common/rest_client.py:437
2019-02-14 21:02:29.783 17904 INFO tempest.lib.common.rest_client [req-d303a383-b6f2-4e90-b57d-68633c3fd0ac ] Request (TrunkTestJSON:_run_cleanups): 404 GET http://172.30.9.49:9696/v2.0/trunks/396cbfdb-23b7-43db-9712-638dad132498 0.015s
2019-02-14 21:02:29.784 17904 DEBUG tempest.lib.common.rest_client [req-d303a383-b6f2-4e90-b57d-68633c3fd0ac ] Request - Headers: {'Content-Type': 'application/json', 'Accept': 'application/json', 'X-Auth-Token': ''} Body: None Response - Headers: {'status': '404', u'content-length': '134', 'content-location': 'http://172.30.9.49:9696/v2.0/trunks/396cbfdb-23b7-43db-9712-638dad132498', u'date': 'Thu, 14 Feb 2019 21:02:29 GMT', u'content-type': 'application/json', u'connection': 'close', u'x-openstack-request-id': 'req-d303a383-b6f2-4e90-b57d-68633c3fd0ac'} Body: {"NeutronError": {"message": "Trunk 396cbfdb-23b7-43db-9712-638dad132498 could not be found.", "type": "TrunkNotFound", "detail": ""}} _log_request_full /root/.rally/verification/verifier-57795710-28c9-4b5d-9e42-f9487336f875/repo/tempest/lib/common/rest_client.py:437
2019-02-14 21:02:29.795 17904 INFO tempest.lib.common.rest_client [req-dcf7f555-1bd3-43b6-8142-6824a0c4d7e0 ] Request (TrunkTestJSON:_run_cleanups): 404 GET http://172.30.9.49:9696/v2.0/trunks/5d831cc7-f6e4-4557-a70d-d79a4c1f65ca 0.011s
2019-02-14 21:02:29.795 17904 DEBUG tempest.lib.common.rest_client [req-dcf7f555-1bd3-43b6-8142-6824a0c4d7e0 ] Request - Headers: {'Content-Type': 'application/json', 'Accept': 'application/json', 'X-Auth-Token': ''} Body: None Response - Headers: {'status': '404', u'content-length': '134', 'content-location': 'http://172.30.9.49:9696/v2.0/trunks/5d831cc7-f6e4-4557-a70d-d79a4c1f65ca', u'date': 'Thu, 14 Feb 2019 21:02:29 GMT', u'content-type': 'application/json', u'connection': 'close', u'x-openstack-request-id': 'req-dcf7f555-1bd3-43b6-8142-6824a0c4d7e0'} Body: {"NeutronError": {"message": "Trunk 5d831cc7-f6e4-4557-a70d-d79a4c1f65ca could not be found.", "type": "TrunkNotFound", "detail": ""}} _log_request_full /root/.rally/verification/verifier-57795710-28c9-4b5d-9e42-f9487336f875/repo/tempest/lib/common/rest_client.py:437
2019-02-14 21:02:29.832 17904 INFO tempest.lib.common.rest_client [req-d8f6b12c-d1f6-47f2-b0ef-07f7c9e0bc68 ] Request (TrunkTestJSON:_run_cleanups): 404 DELETE http://172.30.9.49:9696/v2.0/ports/4801a542-3a80-45f6-b85c-6c8e594b4e79 0.035s
2019-02-14 21:02:29.832 17904 DEBUG tempest.lib.common.rest_client [req-d8f6b12c-d1f6-47f2-b0ef-07f7c9e0bc68 ] Request - Headers: {'Content-Type': 'application/json', 'Accept': 'application/json', 'X-Auth-Token': ''} Body: None Response - Headers: {'status': '404', u'content-length': '132', 'content-location': 'http://172.30.9.49:9696/v2.0/ports/4801a542-3a80-45f6-b85c-6c8e594b4e79', u'date': 'Thu, 14 Feb 2019 21:02:29 GMT', u'content-type': 'application/json', u'connection': 'close', u'x-openstack-request-id': 'req-d8f6b12c-d1f6-47f2-b0ef-07f7c9e0bc68'} Body: {"NeutronError": {"message": "Port 4801a542-3a80-45f6-b85c-6c8e594b4e79 could not be found.", "type": "PortNotFound", "detail": ""}} _log_request_full /root/.rally/verification/verifier-57795710-28c9-4b5d-9e42-f9487336f875/repo/tempest/lib/common/rest_client.py:437
2019-02-14 21:02:29.864 17904 INFO tempest.lib.common.rest_client [req-a34b70d2-b6b7-496e-bf1d-3802b3d8a9f8 ] Request (TrunkTestJSON:_run_cleanups): 404 DELETE http://172.30.9.49:9696/v2.0/ports/95116be0-bb0f-4e82-abf5-dadd1e6908e4 0.031s
2019-02-14 21:02:29.864 17904 DEBUG tempest.lib.common.rest_client [req-a34b70d2-b6b7-496e-bf1d-3802b3d8a9f8 ] Request - Headers: {'Content-Type': 'application/json', 'Accept': 'application/json', 'X-Auth-Token': ''} Body: None Response - Headers: {'status': '404', u'content-length': '132', 'content-location': 'http://172.30.9.49:9696/v2.0/ports/95116be0-bb0f-4e82-abf5-dadd1e6908e4', u'date': 'Thu, 14 Feb 2019 21:02:29 GMT', u'content-type': 'application/json', u'connection': 'close', u'x-openstack-request-id': 'req-a34b70d2-b6b7-496e-bf1d-3802b3d8a9f8'} Body: {"NeutronError": {"message": "Port 95116be0-bb0f-4e82-abf5-dadd1e6908e4 could not be found.", "type": "PortNotFound", "detail": ""}} _log_request_full /root/.rally/verification/verifier-57795710-28c9-4b5d-9e42-f9487336f875/repo/tempest/lib/common/rest_client.py:437
2019-02-14 21:02:29.895 17904 INFO tempest.lib.common.rest_client [req-2a5885ff-8f3d-4cd7-a5a2-8b9b9bf1e264 ] Request (TrunkTestJSON:_run_cleanups): 404 DELETE http://172.30.9.49:9696/v2.0/ports/d61c55c0-5431-4f31-ad81-38f292d0c119 0.030s
2019-02-14 21:02:29.895 17904 DEBUG tempest.lib.common.rest_client [req-2a5885ff-8f3d-4cd7-a5a2-8b9b9bf1e264 ] Request - Headers: {'Content-Type': 'application/json', 'Accept': 'application/json', 'X-Auth-Token': ''} Body: None Response - Headers: {'status': '404', u'content-length': '132', 'content-location': 'http://172.30.9.49:9696/v2.0/ports/d61c55c0-5431-4f31-ad81-38f292d0c119', u'date': 'Thu, 14 Feb 2019 21:02:29 GMT', u'content-type': 'application/json', u'connection': 'close', u'x-openstack-request-id': 'req-2a5885ff-8f3d-4cd7-a5a2-8b9b9bf1e264'} Body: {"NeutronError": {"message": "Port d61c55c0-5431-4f31-ad81-38f292d0c119 could not be found.", "type": "PortNotFound", "detail": ""}} _log_request_full /root/.rally/verification/verifier-57795710-28c9-4b5d-9e42-f9487336f875/repo/tempest/lib/common/rest_client.py:437
2019-02-14 21:02:29.929 17904 INFO tempest.lib.common.rest_client [req-a38f5bad-fe4a-4393-bb0a-2eaa4ad20889 ] Request (TrunkTestJSON:_run_cleanups): 404 DELETE http://172.30.9.49:9696/v2.0/ports/e269300c-8105-453a-9298-36b762ce01e8 0.034s
2019-02-14 21:02:29.930 17904 DEBUG tempest.lib.common.rest_client [req-a38f5bad-fe4a-4393-bb0a-2eaa4ad20889 ] Request - Headers: {'Content-Type': 'application/json', 'Accept': 'application/json', 'X-Auth-Token': ''} Body: None Response - Headers: {'status': '404', u'content-length': '132', 'content-location': 'http://172.30.9.49:9696/v2.0/ports/e269300c-8105-453a-9298-36b762ce01e8', u'date': 'Thu, 14 Feb 2019 21:02:29 GMT', u'content-type': 'application/json', u'connection': 'close', u'x-openstack-request-id': 'req-a38f5bad-fe4a-4393-bb0a-2eaa4ad20889'} Body: {"NeutronError": {"message": "Port e269300c-8105-453a-9298-36b762ce01e8 could not be found.", "type": "PortNotFound", "detail": ""}} _log_request_full /root/.rally/verification/verifier-57795710-28c9-4b5d-9e42-f9487336f875/repo/tempest/lib/common/rest_client.py:437
2019-02-14 21:02:29.961 17904 INFO tempest.lib.common.rest_client [req-5ea60fff-ebaf-4fc4-97bd-f3af661ae1d1 ] Request (TrunkTestJSON:_run_cleanups): 404 DELETE http://172.30.9.49:9696/v2.0/ports/2f9828ed-cf0d-4b9f-8149-a14069957169 0.030s
2019-02-14 21:02:29.961 17904 DEBUG tempest.lib.common.rest_client [req-5ea60fff-ebaf-4fc4-97bd-f3af661ae1d1 ] Request - Headers: {'Content-Type': 'application/json', 'Accept': 'application/json', 'X-Auth-Token': ''} Body: None Response - Headers: {'status': '404', u'content-length': '132', 'content-location': 'http://172.30.9.49:9696/v2.0/ports/2f9828ed-cf0d-4b9f-8149-a14069957169', u'date': 'Thu, 14 Feb 2019 21:02:29 GMT', u'content-type': 'application/json', u'connection': 'close', u'x-openstack-request-id': 'req-5ea60fff-ebaf-4fc4-97bd-f3af661ae1d1'} Body: {"NeutronError": {"message": "Port 2f9828ed-cf0d-4b9f-8149-a14069957169 could not be found.", "type": "PortNotFound", "detail": ""}} _log_request_full /root/.rally/verification/verifier-57795710-28c9-4b5d-9e42-f9487336f875/repo/tempest/lib/common/rest_client.py:437
2019-02-14 21:02:29.991 17904 INFO tempest.lib.common.rest_client [req-2f47f49f-52a8-46ce-8a62-5bdb3acff26d ] Request (TrunkTestJSON:_run_cleanups): 404 DELETE http://172.30.9.49:9696/v2.0/ports/3fc402a1-11f5-4db0-bec8-7ce9149bedb5 0.029s
2019-02-14 21:02:29.992 17904 DEBUG tempest.lib.common.rest_client [req-2f47f49f-52a8-46ce-8a62-5bdb3acff26d ] Request - Headers: {'Content-Type': 'application/json', 'Accept': 'application/json', 'X-Auth-Token': ''} Body: None Response - Headers: {'status': '404', u'content-length': '132', 'content-location': 'http://172.30.9.49:9696/v2.0/ports/3fc402a1-11f5-4db0-bec8-7ce9149bedb5', u'date': 'Thu, 14 Feb 2019 21:02:29 GMT', u'content-type': 'application/json', u'connection': 'close', u'x-openstack-request-id': 'req-2f47f49f-52a8-46ce-8a62-5bdb3acff26d'} Body: {"NeutronError": {"message": "Port 3fc402a1-11f5-4db0-bec8-7ce9149bedb5 could not be found.", "type": "PortNotFound", "detail": ""}} _log_request_full /root/.rally/verification/verifier-57795710-28c9-4b5d-9e42-f9487336f875/repo/tempest/lib/common/rest_client.py:437
2019-02-14 21:02:30.002 17908 INFO tempest.lib.common.rest_client [req-d359520f-df0c-4d55-a266-d489787de15e ] Request (TrunkTestJSON:_run_cleanups): 204 DELETE http://172.30.9.49:9696/v2.0/ports/75a57d8f-a3ba-44f2-a232-bab17cad5ec0 0.340s
2019-02-14 21:02:30.003 17908 DEBUG tempest.lib.common.rest_client [req-d359520f-df0c-4d55-a266-d489787de15e ] Request - Headers: {'Content-Type': 'application/json', 'Accept': 'application/json', 'X-Auth-Token': ''} Body: None Response - Headers: {'status': '204', u'content-length': '0', 'content-location': 'http://172.30.9.49:9696/v2.0/ports/75a57d8f-a3ba-44f2-a232-bab17cad5ec0', u'date': 'Thu, 14 Feb 2019 21:02:30 GMT', u'connection': 'close', u'x-openstack-request-id': 'req-d359520f-df0c-4d55-a266-d489787de15e'} Body: _log_request_full /root/.rally/verification/verifier-57795710-28c9-4b5d-9e42-f9487336f875/repo/tempest/lib/common/rest_client.py:437
2019-02-14 21:02:30.145 17905 INFO tempest.lib.common.rest_client [req-18cabfa4-c814-4e15-a7e2-c9b631bc4bd4 ] Request (TrunkTest:test_trunk_subport_lifecycle): 200 GET http://172.30.9.49:8774/v2.1/servers/bd6ba16f-ed34-4f96-86f3-628ec3f119d6 0.358s
2019-02-14 21:02:30.146 17905 DEBUG tempest.lib.common.rest_client [req-18cabfa4-c814-4e15-a7e2-c9b631bc4bd4 ] Request - Headers: {'Content-Type': 'application/json', 'Accept': 'application/json', 'X-Auth-Token': ''} Body: None Response - Headers: {'status': '200', u'content-length': '1690', 'content-location': 'http://172.30.9.49:8774/v2.1/servers/bd6ba16f-ed34-4f96-86f3-628ec3f119d6', u'x-compute-request-id': 'req-18cabfa4-c814-4e15-a7e2-c9b631bc4bd4', u'vary': 'OpenStack-API-Version,X-OpenStack-Nova-API-Version,Accept-Encoding', u'server': 'Apache', u'openstack-api-version': 'compute 2.1', u'connection': 'close', u'x-openstack-nova-api-version': '2.1', u'date': 'Thu, 14 Feb 2019 21:02:29 GMT', u'content-type': 'application/json', u'x-openstack-request-id': 'req-18cabfa4-c814-4e15-a7e2-c9b631bc4bd4'} Body: {"server": {"OS-EXT-STS:task_state": null, "addresses": {"tempest-test-network--1523993340": [{"OS-EXT-IPS-MAC:mac_addr": "fa:16:3e:4e:a8:c8", "version": 4, "addr": "192.168.120.10", "OS-EXT-IPS:type": "fixed"}, {"OS-EXT-IPS-MAC:mac_addr": "fa:16:3e:4e:a8:c8", "version": 4, "addr": "172.30.9.203", "OS-EXT-IPS:type": "floating"}]}, "links": [{"href": "http://172.30.9.49:8774/v2.1/servers/bd6ba16f-ed34-4f96-86f3-628ec3f119d6", "rel": "self"}, {"href": "http://172.30.9.49:8774/servers/bd6ba16f-ed34-4f96-86f3-628ec3f119d6", "rel": "bookmark"}], "image": {"id": "85f544b7-fc8f-4705-9cfd-b78289cac081", "links": [{"href": "http://172.30.9.49:8774/images/85f544b7-fc8f-4705-9cfd-b78289cac081", "rel": "bookmark"}]}, "OS-EXT-STS:vm_state": "active", "OS-SRV-USG:launched_at": "2019-02-14T21:02:28.000000", "flavor": {"id": "826eca98-a546-46c6-aec8-708ac379b657", "links": [{"href": "http://172.30.9.49:8774/flavors/826eca98-a546-46c6-aec8-708ac379b657", "rel": "bookmark"}]}, "id": "bd6ba16f-ed34-4f96-86f3-628ec3f119d6", "security_groups": [{"name": "tempest-secgroup-252294186"}], "user_id": "6a60b3d822404c27a58b784ffe39b59b", "OS-DCF:diskConfig": "MANUAL", "accessIPv4": "", "accessIPv6": "", "progress": 0, "OS-EXT-STS:power_state": 1, "OS-EXT-AZ:availability_zone": "nova", "config_drive": "", "status": "ACTIVE", "updated": "2019-02-14T21:02:28Z", "hostId": "b77c252b1edb5942684d23f4de86d384aa03b4adbb6764cc8e40bc3e", "OS-SRV-USG:terminated_at": null, "key_name": "tempest-keypair-test-1455692602", "name": "tempest-server-test-1385397177", "created": "2019-02-14T21:02:22Z", "tenant_id": "5cabb1fe8ba343b8aecf2c4ca63f949f", "os-extended-volumes:volumes_attached": [], "metadata": {}}} _log_request_full /root/.rally/verification/verifier-57795710-28c9-4b5d-9e42-f9487336f875/repo/tempest/lib/common/rest_client.py:437
2019-02-14 21:02:30.160 17905 INFO tempest.lib.common.ssh [-] Creating ssh connection to '172.30.9.203:22' as 'cirros' with public key authentication
2019-02-14 21:02:30.336 17904 INFO tempest.lib.common.rest_client [req-b25f3d8f-2be5-45b9-acd1-9a72e69ba844 ] Request (TrunkTestJSON:_run_cleanups): 204 DELETE http://172.30.9.49:9696/v2.0/ports/925fadb3-71f2-47bb-9db4-7c2ba9a72377 0.343s
2019-02-14 21:02:30.337 17904 DEBUG tempest.lib.common.rest_client [req-b25f3d8f-2be5-45b9-acd1-9a72e69ba844 ] Request - Headers: {'Content-Type': 'application/json', 'Accept': 'application/json', 'X-Auth-Token': ''} Body: None Response - Headers: {'status': '204', u'content-length': '0', 'content-location': 'http://172.30.9.49:9696/v2.0/ports/925fadb3-71f2-47bb-9db4-7c2ba9a72377', u'date': 'Thu, 14 Feb 2019 21:02:30 GMT', u'connection': 'close', u'x-openstack-request-id': 'req-b25f3d8f-2be5-45b9-acd1-9a72e69ba844'} Body: _log_request_full /root/.rally/verification/verifier-57795710-28c9-4b5d-9e42-f9487336f875/repo/tempest/lib/common/rest_client.py:437
2019-02-14 21:02:30.348 17908 INFO tempest.lib.common.rest_client [req-7b6a14bc-d705-4d77-9cb6-d04a66e92633 ] Request (TrunkTestJSON:_run_cleanups): 204 DELETE http://172.30.9.49:9696/v2.0/ports/005f2c4a-80ec-4642-9962-8dfd8a6fb81b 0.344s
2019-02-14 21:02:30.348 17908 DEBUG tempest.lib.common.rest_client [req-7b6a14bc-d705-4d77-9cb6-d04a66e92633 ] Request - Headers: {'Content-Type': 'application/json', 'Accept': 'application/json', 'X-Auth-Token': ''} Body: None Response - Headers: {'status': '204', u'content-length': '0', 'content-location': 'http://172.30.9.49:9696/v2.0/ports/005f2c4a-80ec-4642-9962-8dfd8a6fb81b', u'date': 'Thu, 14 Feb 2019 21:02:30 GMT', u'connection': 'close', u'x-openstack-request-id': 'req-7b6a14bc-d705-4d77-9cb6-d04a66e92633'} Body: _log_request_full /root/.rally/verification/verifier-57795710-28c9-4b5d-9e42-f9487336f875/repo/tempest/lib/common/rest_client.py:437
2019-02-14 21:02:30.357 17904 INFO tempest.lib.common.rest_client [req-a991a44f-7c86-482c-aa08-7584fa33e642 ] Request (TrunkTestJSON:_run_cleanups): 404 DELETE http://172.30.9.49:9696/v2.0/networks/09e962b1-de93-486d-8406-00e2eacddb8d 0.020s
2019-02-14 21:02:30.358 17904 DEBUG tempest.lib.common.rest_client [req-a991a44f-7c86-482c-aa08-7584fa33e642 ] Request - Headers: {'Content-Type': 'application/json', 'Accept': 'application/json', 'X-Auth-Token': ''} Body: None Response - Headers: {'status': '404', u'content-length': '138', 'content-location': 'http://172.30.9.49:9696/v2.0/networks/09e962b1-de93-486d-8406-00e2eacddb8d', u'date': 'Thu, 14 Feb 2019 21:02:30 GMT', u'content-type': 'application/json', u'connection': 'close', u'x-openstack-request-id': 'req-a991a44f-7c86-482c-aa08-7584fa33e642'} Body: {"NeutronError": {"message": "Network 09e962b1-de93-486d-8406-00e2eacddb8d could not be found.", "type": "NetworkNotFound", "detail": ""}} _log_request_full /root/.rally/verification/verifier-57795710-28c9-4b5d-9e42-f9487336f875/repo/tempest/lib/common/rest_client.py:437
2019-02-14 21:02:30.370 17908 INFO tempest.lib.common.rest_client [req-e5f41589-fcb0-4832-8683-7685b4d11508 ] Request (TrunkTestJSON:_run_cleanups): 404 DELETE http://172.30.9.49:9696/v2.0/networks/3bfd5d33-ce8a-446b-908b-488fb14689d3 0.021s
2019-02-14 21:02:30.371 17908 DEBUG tempest.lib.common.rest_client [req-e5f41589-fcb0-4832-8683-7685b4d11508 ] Request - Headers: {'Content-Type': 'application/json', 'Accept': 'application/json', 'X-Auth-Token': ''} Body: None Response - Headers: {'status': '404', u'content-length': '138', 'content-location': 'http://172.30.9.49:9696/v2.0/networks/3bfd5d33-ce8a-446b-908b-488fb14689d3', u'date': 'Thu, 14 Feb 2019 21:02:30 GMT', u'content-type': 'application/json', u'connection': 'close', u'x-openstack-request-id': 'req-e5f41589-fcb0-4832-8683-7685b4d11508'} Body: {"NeutronError": {"message": "Network 3bfd5d33-ce8a-446b-908b-488fb14689d3 could not be found.", "type": "NetworkNotFound", "detail": ""}} _log_request_full /root/.rally/verification/verifier-57795710-28c9-4b5d-9e42-f9487336f875/repo/tempest/lib/common/rest_client.py:437
2019-02-14 21:02:30.387 17904 INFO tempest.lib.common.rest_client [req-9d56074e-6d44-411d-ae8e-31c2a70233f0 ] Request (TrunkTestJSON:_run_cleanups): 404 DELETE http://172.30.9.49:9696/v2.0/networks/0b2d81f2-df3a-438c-841f-0c7ed3d3c115 0.028s
2019-02-14 21:02:30.387 17904 DEBUG tempest.lib.common.rest_client [req-9d56074e-6d44-411d-ae8e-31c2a70233f0 ] Request - Headers: {'Content-Type': 'application/json', 'Accept': 'application/json', 'X-Auth-Token': ''} Body: None Response - Headers: {'status': '404', u'content-length': '138', 'content-location': 'http://172.30.9.49:9696/v2.0/networks/0b2d81f2-df3a-438c-841f-0c7ed3d3c115', u'date': 'Thu, 14 Feb 2019 21:02:30 GMT', u'content-type': 'application/json', u'connection': 'close', u'x-openstack-request-id': 'req-9d56074e-6d44-411d-ae8e-31c2a70233f0'} Body: {"NeutronError": {"message": "Network 0b2d81f2-df3a-438c-841f-0c7ed3d3c115 could not be found.", "type": "NetworkNotFound", "detail": ""}} _log_request_full /root/.rally/verification/verifier-57795710-28c9-4b5d-9e42-f9487336f875/repo/tempest/lib/common/rest_client.py:437
2019-02-14 21:02:30.398 17908 INFO tempest.lib.common.rest_client [req-2a2ea406-6735-4e92-9968-dc22c3ebc73a ] Request (TrunkTestJSON:_run_cleanups): 404 DELETE http://172.30.9.49:9696/v2.0/networks/cceb3c0b-65f2-48ee-9552-e5242372cac8 0.026s
2019-02-14 21:02:30.398 17908 DEBUG tempest.lib.common.rest_client [req-2a2ea406-6735-4e92-9968-dc22c3ebc73a ] Request - Headers: {'Content-Type': 'application/json', 'Accept': 'application/json', 'X-Auth-Token': ''} Body: None Response - Headers: {'status': '404', u'content-length': '138', 'content-location': 'http://172.30.9.49:9696/v2.0/networks/cceb3c0b-65f2-48ee-9552-e5242372cac8', u'date': 'Thu, 14 Feb 2019 21:02:30 GMT', u'content-type': 'application/json', u'connection': 'close', u'x-openstack-request-id': 'req-2a2ea406-6735-4e92-9968-dc22c3ebc73a'} Body: {"NeutronError": {"message": "Network cceb3c0b-65f2-48ee-9552-e5242372cac8 could not be found.", "type": "NetworkNotFound", "detail": ""}} _log_request_full /root/.rally/verification/verifier-57795710-28c9-4b5d-9e42-f9487336f875/repo/tempest/lib/common/rest_client.py:437
2019-02-14 21:02:30.408 17904 INFO tempest.lib.common.rest_client [req-9f13ad0d-e890-45bd-a14c-a2c184107aae ] Request (TrunkTestJSON:_run_cleanups): 404 DELETE http://172.30.9.49:9696/v2.0/networks/3150eea1-7abd-4670-8373-b32f5376fd56 0.020s
2019-02-14 21:02:30.409 17904 DEBUG tempest.lib.common.rest_client [req-9f13ad0d-e890-45bd-a14c-a2c184107aae ] Request - Headers: {'Content-Type': 'application/json', 'Accept': 'application/json', 'X-Auth-Token': ''} Body: None Response - Headers: {'status': '404', u'content-length': '138', 'content-location': 'http://172.30.9.49:9696/v2.0/networks/3150eea1-7abd-4670-8373-b32f5376fd56', u'date': 'Thu, 14 Feb 2019 21:02:30 GMT', u'content-type': 'application/json', u'connection': 'close', u'x-openstack-request-id': 'req-9f13ad0d-e890-45bd-a14c-a2c184107aae'} Body: {"NeutronError": {"message": "Network 3150eea1-7abd-4670-8373-b32f5376fd56 could not be found.", "type": "NetworkNotFound", "detail": ""}} _log_request_full /root/.rally/verification/verifier-57795710-28c9-4b5d-9e42-f9487336f875/repo/tempest/lib/common/rest_client.py:437
2019-02-14 21:02:30.420 17908 INFO tempest.lib.common.rest_client [req-5d2f9baf-0f54-4fdc-be49-2af2d337a0eb ] Request (TrunkTestJSON:_run_cleanups): 404 DELETE http://172.30.9.49:9696/v2.0/networks/b76de57a-50c3-4158-88b5-e102a44e5a60 0.021s
2019-02-14 21:02:30.420 17908 DEBUG tempest.lib.common.rest_client [req-5d2f9baf-0f54-4fdc-be49-2af2d337a0eb ] Request - Headers: {'Content-Type': 'application/json', 'Accept': 'application/json', 'X-Auth-Token': ''} Body: None Response - Headers: {'status': '404', u'content-length': '138', 'content-location': 'http://172.30.9.49:9696/v2.0/networks/b76de57a-50c3-4158-88b5-e102a44e5a60', u'date': 'Thu, 14 Feb 2019 21:02:30 GMT', u'content-type': 'application/json', u'connection': 'close', u'x-openstack-request-id': 'req-5d2f9baf-0f54-4fdc-be49-2af2d337a0eb'} Body: {"NeutronError": {"message": "Network b76de57a-50c3-4158-88b5-e102a44e5a60 could not be found.", "type": "NetworkNotFound", "detail": ""}} _log_request_full /root/.rally/verification/verifier-57795710-28c9-4b5d-9e42-f9487336f875/repo/tempest/lib/common/rest_client.py:437
2019-02-14 21:02:30.430 17904 INFO tempest.lib.common.rest_client [req-716625f7-6571-4451-9c3d-4e69955beb3c ] Request (TrunkTestJSON:_run_cleanups): 404 DELETE http://172.30.9.49:9696/v2.0/networks/16e54227-5069-4346-9bf2-049b29696460 0.020s
2019-02-14 21:02:30.430 17904 DEBUG tempest.lib.common.rest_client [req-716625f7-6571-4451-9c3d-4e69955beb3c ] Request - Headers: {'Content-Type': 'application/json', 'Accept': 'application/json', 'X-Auth-Token': ''} Body: None Response - Headers: {'status': '404', u'content-length': '138', 'content-location': 'http://172.30.9.49:9696/v2.0/networks/16e54227-5069-4346-9bf2-049b29696460', u'date': 'Thu, 14 Feb 2019 21:02:30 GMT', u'content-type': 'application/json', u'connection': 'close', u'x-openstack-request-id': 'req-716625f7-6571-4451-9c3d-4e69955beb3c'} Body: {"NeutronError": {"message": "Network 16e54227-5069-4346-9bf2-049b29696460 could not be found.", "type": "NetworkNotFound", "detail": ""}} _log_request_full /root/.rally/verification/verifier-57795710-28c9-4b5d-9e42-f9487336f875/repo/tempest/lib/common/rest_client.py:437
2019-02-14 21:02:30.443 17908 INFO tempest.lib.common.rest_client [req-5919e18d-cfb2-47a8-a7e4-b2d163429a0b ] Request (TrunkTestJSON:_run_cleanups): 404 DELETE http://172.30.9.49:9696/v2.0/networks/d11749a3-33f1-48e7-aecc-bfa31ee013f0 0.021s
2019-02-14 21:02:30.443 17908 DEBUG tempest.lib.common.rest_client [req-5919e18d-cfb2-47a8-a7e4-b2d163429a0b ] Request - Headers: {'Content-Type': 'application/json', 'Accept': 'application/json', 'X-Auth-Token': ''} Body: None Response - Headers: {'status': '404', u'content-length': '138', 'content-location': 'http://172.30.9.49:9696/v2.0/networks/d11749a3-33f1-48e7-aecc-bfa31ee013f0', u'date': 'Thu, 14 Feb 2019 21:02:30 GMT', u'content-type': 'application/json', u'connection': 'close', u'x-openstack-request-id': 'req-5919e18d-cfb2-47a8-a7e4-b2d163429a0b'} Body: {"NeutronError": {"message": "Network d11749a3-33f1-48e7-aecc-bfa31ee013f0 could not be found.", "type": "NetworkNotFound", "detail": ""}} _log_request_full /root/.rally/verification/verifier-57795710-28c9-4b5d-9e42-f9487336f875/repo/tempest/lib/common/rest_client.py:437
2019-02-14 21:02:30.452 17904 INFO tempest.lib.common.rest_client [req-ab838b8c-59ec-438d-9461-3c7240d838fe ] Request (TrunkTestJSON:_run_cleanups): 404 DELETE http://172.30.9.49:9696/v2.0/networks/944f5017-77e3-4df4-b187-26f691da46c3 0.021s
2019-02-14 21:02:30.453 17904 DEBUG tempest.lib.common.rest_client [req-ab838b8c-59ec-438d-9461-3c7240d838fe ] Request - Headers: {'Content-Type': 'application/json', 'Accept': 'application/json', 'X-Auth-Token': ''} Body: None Response - Headers: {'status': '404', u'content-length': '138', 'content-location': 'http://172.30.9.49:9696/v2.0/networks/944f5017-77e3-4df4-b187-26f691da46c3', u'date': 'Thu, 14 Feb 2019 21:02:30 GMT', u'content-type': 'application/json', u'connection': 'close', u'x-openstack-request-id': 'req-ab838b8c-59ec-438d-9461-3c7240d838fe'} Body: {"NeutronError": {"message": "Network 944f5017-77e3-4df4-b187-26f691da46c3 could not be found.", "type": "NetworkNotFound", "detail": ""}} _log_request_full /root/.rally/verification/verifier-57795710-28c9-4b5d-9e42-f9487336f875/repo/tempest/lib/common/rest_client.py:437
2019-02-14 21:02:30.464 17908 INFO tempest.lib.common.rest_client [req-e4e3e4ad-52bc-4e73-93a1-b84e1ee04ca8 ] Request (TrunkTestJSON:_run_cleanups): 404 DELETE http://172.30.9.49:9696/v2.0/networks/badfad20-22eb-4426-a77d-d1f3df233f65 0.020s
2019-02-14 21:02:30.465 17908 DEBUG tempest.lib.common.rest_client [req-e4e3e4ad-52bc-4e73-93a1-b84e1ee04ca8 ] Request - Headers: {'Content-Type': 'application/json', 'Accept': 'application/json', 'X-Auth-Token': ''} Body: None Response - Headers: {'status': '404', u'content-length': '138', 'content-location': 'http://172.30.9.49:9696/v2.0/networks/badfad20-22eb-4426-a77d-d1f3df233f65', u'date': 'Thu, 14 Feb 2019 21:02:30 GMT', u'content-type': 'application/json', u'connection': 'close', u'x-openstack-request-id': 'req-e4e3e4ad-52bc-4e73-93a1-b84e1ee04ca8'} Body: {"NeutronError": {"message": "Network badfad20-22eb-4426-a77d-d1f3df233f65 could not be found.", "type": "NetworkNotFound", "detail": ""}} _log_request_full /root/.rally/verification/verifier-57795710-28c9-4b5d-9e42-f9487336f875/repo/tempest/lib/common/rest_client.py:437
2019-02-14 21:02:30.474 17904 INFO tempest.lib.common.rest_client [req-0fcb9cdd-a8de-4f77-87aa-f0bebccfd7ef ] Request (TrunkTestJSON:_run_cleanups): 404 DELETE http://172.30.9.49:9696/v2.0/networks/7214c894-bc14-479e-a672-bb514a28f1da 0.020s
2019-02-14 21:02:30.474 17904 DEBUG tempest.lib.common.rest_client [req-0fcb9cdd-a8de-4f77-87aa-f0bebccfd7ef ] Request - Headers: {'Content-Type': 'application/json', 'Accept': 'application/json', 'X-Auth-Token': ''} Body: None Response - Headers: {'status': '404', u'content-length': '138', 'content-location': 'http://172.30.9.49:9696/v2.0/networks/7214c894-bc14-479e-a672-bb514a28f1da', u'date': 'Thu, 14 Feb 2019 21:02:30 GMT', u'content-type': 'application/json', u'connection': 'close', u'x-openstack-request-id': 'req-0fcb9cdd-a8de-4f77-87aa-f0bebccfd7ef'} Body: {"NeutronError": {"message": "Network 7214c894-bc14-479e-a672-bb514a28f1da could not be found.", "type": "NetworkNotFound", "detail": ""}} _log_request_full /root/.rally/verification/verifier-57795710-28c9-4b5d-9e42-f9487336f875/repo/tempest/lib/common/rest_client.py:437
2019-02-14 21:02:30.686 17905 WARNING tempest.lib.common.ssh [-] Failed to establish authenticated ssh connection to cirros@172.30.9.203 ([Errno None] Unable to connect to port 22 on 172.30.9.203). Number attempts: 1. Retry after 2 seconds.: NoValidConnectionsError: [Errno None] Unable to connect to port 22 on 172.30.9.203
2019-02-14 21:02:31.055 17908 INFO tempest.lib.common.rest_client [req-f62b8868-8123-4980-892b-4fc35411010d ] Request (TrunkTestJSON:_run_cleanups): 204 DELETE http://172.30.9.49:9696/v2.0/networks/54e7bcf1-0a77-4d03-a5d1-b853d658b2f6 0.589s
2019-02-14 21:02:31.055 17908 DEBUG tempest.lib.common.rest_client [req-f62b8868-8123-4980-892b-4fc35411010d ] Request - Headers: {'Content-Type': 'application/json', 'Accept': 'application/json', 'X-Auth-Token': ''} Body: None Response - Headers: {'status': '204', u'content-length': '0', 'content-location': 'http://172.30.9.49:9696/v2.0/networks/54e7bcf1-0a77-4d03-a5d1-b853d658b2f6', u'date': 'Thu, 14 Feb 2019 21:02:31 GMT', u'connection': 'close', u'x-openstack-request-id': 'req-f62b8868-8123-4980-892b-4fc35411010d'} Body: _log_request_full /root/.rally/verification/verifier-57795710-28c9-4b5d-9e42-f9487336f875/repo/tempest/lib/common/rest_client.py:437
2019-02-14 21:02:31.070 17904 INFO tempest.lib.common.rest_client [req-c720f271-49e7-4b8b-8123-69198e67bc62 ] Request (TrunkTestJSON:_run_cleanups): 204 DELETE http://172.30.9.49:9696/v2.0/networks/768b1b82-020a-4151-9190-59c4832d136a 0.595s
2019-02-14 21:02:31.071 17904 DEBUG tempest.lib.common.rest_client [req-c720f271-49e7-4b8b-8123-69198e67bc62 ] Request - Headers: {'Content-Type': 'application/json', 'Accept': 'application/json', 'X-Auth-Token': ''} Body: None Response - Headers: {'status': '204', u'content-length': '0', 'content-location': 'http://172.30.9.49:9696/v2.0/networks/768b1b82-020a-4151-9190-59c4832d136a', u'date': 'Thu, 14 Feb 2019 21:02:31 GMT', u'connection': 'close', u'x-openstack-request-id': 'req-c720f271-49e7-4b8b-8123-69198e67bc62'} Body: _log_request_full /root/.rally/verification/verifier-57795710-28c9-4b5d-9e42-f9487336f875/repo/tempest/lib/common/rest_client.py:437
2019-02-14 21:02:31.477 17904 INFO tempest.lib.common.rest_client [req-2030cad3-39d6-4d14-abdf-7be291f933e7 ] Request (TrunkTestJSON:test_delete_trunk_with_subport_is_allowed): 201 POST http://172.30.9.49:9696/v2.0/networks 0.404s
2019-02-14 21:02:31.478 17904 DEBUG tempest.lib.common.rest_client [req-2030cad3-39d6-4d14-abdf-7be291f933e7 ] Request - Headers: {'Content-Type': 'application/json', 'Accept': 'application/json', 'X-Auth-Token': ''} Body: {"network": {"name": "tempest-test-network--589159299"}} Response - Headers: {'status': '201', u'content-length': '609', 'content-location': 'http://172.30.9.49:9696/v2.0/networks', u'date': 'Thu, 14 Feb 2019 21:02:31 GMT', u'content-type': 'application/json', u'connection': 'close', u'x-openstack-request-id': 'req-2030cad3-39d6-4d14-abdf-7be291f933e7'} Body: {"network":{"ipv6_address_scope":null,"revision_number":3,"port_security_enabled":true,"id":"03d74439-119d-4622-b002-12905ecfebe4","router:external":false,"availability_zone_hints":[],"availability_zones":[],"ipv4_address_scope":null,"shared":false,"project_id":"4c201db0e4dd45649b64df9212425c02","l2_adjacency":true,"status":"ACTIVE","subnets":[],"description":"","tags":[],"updated_at":"2019-02-14T21:02:31Z","is_default":false,"name":"tempest-test-network--589159299","qos_policy_id":null,"admin_state_up":true,"tenant_id":"4c201db0e4dd45649b64df9212425c02","created_at":"2019-02-14T21:02:31Z","mtu":1450}} _log_request_full /root/.rally/verification/verifier-57795710-28c9-4b5d-9e42-f9487336f875/repo/tempest/lib/common/rest_client.py:437
2019-02-14 21:02:31.666 17908 INFO tempest.lib.common.rest_client [req-d668cbb7-7a55-45da-ba51-7d91d6155c1b ] Request (TrunkTestJSON:_run_cleanups): 204 DELETE http://172.30.9.49:9696/v2.0/networks/3bc226a6-d5c2-4aea-bf8a-3271a70e5817 0.610s
2019-02-14 21:02:31.666 17908 DEBUG tempest.lib.common.rest_client [req-d668cbb7-7a55-45da-ba51-7d91d6155c1b ] Request - Headers: {'Content-Type': 'application/json', 'Accept': 'application/json', 'X-Auth-Token': ''} Body: None Response - Headers: {'status': '204', u'content-length': '0', 'content-location': 'http://172.30.9.49:9696/v2.0/networks/3bc226a6-d5c2-4aea-bf8a-3271a70e5817', u'date': 'Thu, 14 Feb 2019 21:02:31 GMT', u'connection': 'close', u'x-openstack-request-id': 'req-d668cbb7-7a55-45da-ba51-7d91d6155c1b'} Body: _log_request_full /root/.rally/verification/verifier-57795710-28c9-4b5d-9e42-f9487336f875/repo/tempest/lib/common/rest_client.py:437
2019-02-14 21:02:31.884 17908 INFO tempest.lib.common.rest_client [req-0ce7f2a3-7e89-497f-9077-dc0bfe29a306 ] Request (TrunkTestJSON:test_create_subport_nonexistent_port_id): 201 POST http://172.30.9.49:9696/v2.0/networks 0.215s
2019-02-14 21:02:31.884 17908 DEBUG tempest.lib.common.rest_client [req-0ce7f2a3-7e89-497f-9077-dc0bfe29a306 ] Request - Headers: {'Content-Type': 'application/json', 'Accept': 'application/json', 'X-Auth-Token': ''} Body: {"network": {"name": "tempest-test-network--2053833110"}} Response - Headers: {'status': '201', u'content-length': '610', 'content-location': 'http://172.30.9.49:9696/v2.0/networks', u'date': 'Thu, 14 Feb 2019 21:02:31 GMT', u'content-type': 'application/json', u'connection': 'close', u'x-openstack-request-id': 'req-0ce7f2a3-7e89-497f-9077-dc0bfe29a306'} Body: {"network":{"ipv6_address_scope":null,"revision_number":3,"port_security_enabled":true,"id":"c3f7019b-c9b2-4a00-8c33-2f40a841ed36","router:external":false,"availability_zone_hints":[],"availability_zones":[],"ipv4_address_scope":null,"shared":false,"project_id":"7382cc16eca74d409d5b43151ffac2a9","l2_adjacency":true,"status":"ACTIVE","subnets":[],"description":"","tags":[],"updated_at":"2019-02-14T21:02:31Z","is_default":false,"name":"tempest-test-network--2053833110","qos_policy_id":null,"admin_state_up":true,"tenant_id":"7382cc16eca74d409d5b43151ffac2a9","created_at":"2019-02-14T21:02:31Z","mtu":1450}} _log_request_full /root/.rally/verification/verifier-57795710-28c9-4b5d-9e42-f9487336f875/repo/tempest/lib/common/rest_client.py:437
2019-02-14 21:02:32.417 17904 INFO tempest.lib.common.rest_client [req-780555e9-12fb-427d-9d7e-c1ece2421ced ] Request (TrunkTestJSON:test_delete_trunk_with_subport_is_allowed): 201 POST http://172.30.9.49:9696/v2.0/ports 0.938s
2019-02-14 21:02:32.418 17904 DEBUG tempest.lib.common.rest_client [req-780555e9-12fb-427d-9d7e-c1ece2421ced ] Request - Headers: {'Content-Type': 'application/json', 'Accept': 'application/json', 'X-Auth-Token': ''} Body: {"port": {"network_id": "03d74439-119d-4622-b002-12905ecfebe4"}} Response - Headers: {'status': '201', u'content-length': '664', 'content-location': 'http://172.30.9.49:9696/v2.0/ports', u'date': 'Thu, 14 Feb 2019 21:02:32 GMT', u'content-type': 'application/json', u'connection': 'close', u'x-openstack-request-id': 'req-780555e9-12fb-427d-9d7e-c1ece2421ced'} Body: {"port":{"allowed_address_pairs":[],"extra_dhcp_opts":[],"updated_at":"2019-02-14T21:02:32Z","device_owner":"","revision_number":5,"port_security_enabled":true,"fixed_ips":[],"id":"b738d858-c80e-42a9-b74c-b7a73420dbaa","security_groups":["072a7745-ca6d-408c-9e32-f8affce0f98c"],"mac_address":"fa:16:3e:d7:5a:39","device_id":"","status":"DOWN","description":"","tags":[],"name":"","project_id":"4c201db0e4dd45649b64df9212425c02","qos_policy_id":null,"admin_state_up":true,"network_id":"03d74439-119d-4622-b002-12905ecfebe4","tenant_id":"4c201db0e4dd45649b64df9212425c02","created_at":"2019-02-14T21:02:31Z","binding:vnic_type":"normal","ip_allocation":"immediate"}} _log_request_full /root/.rally/verification/verifier-57795710-28c9-4b5d-9e42-f9487336f875/repo/tempest/lib/common/rest_client.py:437
2019-02-14 21:02:32.669 17904 INFO tempest.lib.common.rest_client [req-c06e7c9b-dd6f-4075-8769-04806c89c42a ] Request (TrunkTestJSON:test_delete_trunk_with_subport_is_allowed): 201 POST http://172.30.9.49:9696/v2.0/networks 0.250s
