2019-02-14 21:02:47.771 17905 DEBUG tempest.lib.common.rest_client [req-33b499ea-7b7d-4306-8010-c1787110f7b3 ] Request - Headers: {'Content-Type': 'application/json', 'Accept': 'application/json', 'X-Auth-Token': ''} Body: None Response - Headers: {'status': '200', u'content-length': '679', 'content-location': 'http://172.30.9.49:9696/v2.0/ports/1d0924c1-2f2c-40be-8722-a475350e9bac', u'date': 'Thu, 14 Feb 2019 21:02:47 GMT', u'content-type': 'application/json', u'connection': 'close', u'x-openstack-request-id': 'req-33b499ea-7b7d-4306-8010-c1787110f7b3'} Body: {"port":{"allowed_address_pairs":[],"extra_dhcp_opts":[],"updated_at":"2019-02-14T21:02:46Z","device_owner":"trunk:subport","revision_number":9,"port_security_enabled":true,"fixed_ips":[],"id":"1d0924c1-2f2c-40be-8722-a475350e9bac","security_groups":["f0d634ef-0d24-4ba1-996a-2e93e8cb6d9c"],"mac_address":"fa:16:3e:d0:19:ca","device_id":"","status":"ACTIVE","description":"","tags":[],"name":"","project_id":"5cabb1fe8ba343b8aecf2c4ca63f949f","qos_policy_id":null,"admin_state_up":true,"network_id":"de3d2f12-bff4-41f2-88e8-4c2e44b79742","tenant_id":"5cabb1fe8ba343b8aecf2c4ca63f949f","created_at":"2019-02-14T21:02:39Z","binding:vnic_type":"normal","ip_allocation":"immediate"}} _log_request_full /root/.rally/verification/verifier-57795710-28c9-4b5d-9e42-f9487336f875/repo/tempest/lib/common/rest_client.py:437
2019-02-14 21:02:47.775 17908 INFO tempest.lib.common.rest_client [req-f6571005-fa16-4106-83ad-543b6ce538ee ] Request (TrunkTestJSON:_run_cleanups): 404 GET http://172.30.9.49:9696/v2.0/trunks/812a681a-c636-46cb-88a0-2227a9b7b720/get_subports 0.012s
2019-02-14 21:02:47.775 17908 DEBUG tempest.lib.common.rest_client [req-f6571005-fa16-4106-83ad-543b6ce538ee ] Request - Headers: {'Content-Type': 'application/json', 'Accept': 'application/json', 'X-Auth-Token': ''} Body: None Response - Headers: {'status': '404', u'content-length': '134', 'content-location': 'http://172.30.9.49:9696/v2.0/trunks/812a681a-c636-46cb-88a0-2227a9b7b720/get_subports', u'date': 'Thu, 14 Feb 2019 21:02:47 GMT', u'content-type': 'application/json', u'connection': 'close', u'x-openstack-request-id': 'req-f6571005-fa16-4106-83ad-543b6ce538ee'} Body: {"NeutronError": {"message": "Trunk 812a681a-c636-46cb-88a0-2227a9b7b720 could not be found.", "type": "TrunkNotFound", "detail": ""}} _log_request_full /root/.rally/verification/verifier-57795710-28c9-4b5d-9e42-f9487336f875/repo/tempest/lib/common/rest_client.py:437
2019-02-14 21:02:47.790 17908 INFO tempest.lib.common.rest_client [req-02a2e8ab-ffd9-4aa5-bfb5-feb58e24b9f1 ] Request (TrunkTestJSON:_run_cleanups): 404 DELETE http://172.30.9.49:9696/v2.0/trunks/812a681a-c636-46cb-88a0-2227a9b7b720 0.014s
2019-02-14 21:02:47.790 17908 DEBUG tempest.lib.common.rest_client [req-02a2e8ab-ffd9-4aa5-bfb5-feb58e24b9f1 ] Request - Headers: {'Content-Type': 'application/json', 'Accept': 'application/json', 'X-Auth-Token': ''} Body: None Response - Headers: {'status': '404', u'content-length': '134', 'content-location': 'http://172.30.9.49:9696/v2.0/trunks/812a681a-c636-46cb-88a0-2227a9b7b720', u'date': 'Thu, 14 Feb 2019 21:02:47 GMT', u'content-type': 'application/json', u'connection': 'close', u'x-openstack-request-id': 'req-02a2e8ab-ffd9-4aa5-bfb5-feb58e24b9f1'} Body: {"NeutronError": {"message": "Trunk 812a681a-c636-46cb-88a0-2227a9b7b720 could not be found.", "type": "TrunkNotFound", "detail": ""}} _log_request_full /root/.rally/verification/verifier-57795710-28c9-4b5d-9e42-f9487336f875/repo/tempest/lib/common/rest_client.py:437
2019-02-14 21:02:47.802 17908 INFO tempest.lib.common.rest_client [req-d0f1616f-1477-4672-b1ba-738e8c4bd786 ] Request (TrunkTestJSON:_run_cleanups): 404 GET http://172.30.9.49:9696/v2.0/trunks/c6c0449b-3b35-429c-901d-f1063c73a209/get_subports 0.012s
2019-02-14 21:02:47.802 17908 DEBUG tempest.lib.common.rest_client [req-d0f1616f-1477-4672-b1ba-738e8c4bd786 ] Request - Headers: {'Content-Type': 'application/json', 'Accept': 'application/json', 'X-Auth-Token': ''} Body: None Response - Headers: {'status': '404', u'content-length': '134', 'content-location': 'http://172.30.9.49:9696/v2.0/trunks/c6c0449b-3b35-429c-901d-f1063c73a209/get_subports', u'date': 'Thu, 14 Feb 2019 21:02:47 GMT', u'content-type': 'application/json', u'connection': 'close', u'x-openstack-request-id': 'req-d0f1616f-1477-4672-b1ba-738e8c4bd786'} Body: {"NeutronError": {"message": "Trunk c6c0449b-3b35-429c-901d-f1063c73a209 could not be found.", "type": "TrunkNotFound", "detail": ""}} _log_request_full /root/.rally/verification/verifier-57795710-28c9-4b5d-9e42-f9487336f875/repo/tempest/lib/common/rest_client.py:437
2019-02-14 21:02:47.816 17905 INFO tempest.lib.common.rest_client [req-97d7a4b5-33c6-490f-bba5-9c944fae91b1 ] Request (TrunkTest:test_trunk_subport_lifecycle): 200 GET http://172.30.9.49:9696/v2.0/ports/8bd172cf-d46d-4908-9f74-096d7fc5055d 0.044s
2019-02-14 21:02:47.816 17905 DEBUG tempest.lib.common.rest_client [req-97d7a4b5-33c6-490f-bba5-9c944fae91b1 ] Request - Headers: {'Content-Type': 'application/json', 'Accept': 'application/json', 'X-Auth-Token': ''} Body: None Response - Headers: {'status': '200', u'content-length': '679', 'content-location': 'http://172.30.9.49:9696/v2.0/ports/8bd172cf-d46d-4908-9f74-096d7fc5055d', u'date': 'Thu, 14 Feb 2019 21:02:47 GMT', u'content-type': 'application/json', u'connection': 'close', u'x-openstack-request-id': 'req-97d7a4b5-33c6-490f-bba5-9c944fae91b1'} Body: {"port":{"allowed_address_pairs":[],"extra_dhcp_opts":[],"updated_at":"2019-02-14T21:02:46Z","device_owner":"trunk:subport","revision_number":9,"port_security_enabled":true,"fixed_ips":[],"id":"8bd172cf-d46d-4908-9f74-096d7fc5055d","security_groups":["f0d634ef-0d24-4ba1-996a-2e93e8cb6d9c"],"mac_address":"fa:16:3e:f9:9d:2e","device_id":"","status":"ACTIVE","description":"","tags":[],"name":"","project_id":"5cabb1fe8ba343b8aecf2c4ca63f949f","qos_policy_id":null,"admin_state_up":true,"network_id":"da1eebc0-4c66-471b-99e2-332a4f631388","tenant_id":"5cabb1fe8ba343b8aecf2c4ca63f949f","created_at":"2019-02-14T21:02:40Z","binding:vnic_type":"normal","ip_allocation":"immediate"}} _log_request_full /root/.rally/verification/verifier-57795710-28c9-4b5d-9e42-f9487336f875/repo/tempest/lib/common/rest_client.py:437
2019-02-14 21:02:47.817 17908 INFO tempest.lib.common.rest_client [req-ed8c7bbd-470b-4000-beff-d0927035e1ee ] Request (TrunkTestJSON:_run_cleanups): 404 DELETE http://172.30.9.49:9696/v2.0/trunks/c6c0449b-3b35-429c-901d-f1063c73a209 0.014s
2019-02-14 21:02:47.817 17905 INFO tempest.lib.common.ssh [-] Creating ssh connection to '172.30.9.206:22' as 'cirros' with public key authentication
2019-02-14 21:02:47.817 17908 DEBUG tempest.lib.common.rest_client [req-ed8c7bbd-470b-4000-beff-d0927035e1ee ] Request - Headers: {'Content-Type': 'application/json', 'Accept': 'application/json', 'X-Auth-Token': ''} Body: None Response - Headers: {'status': '404', u'content-length': '134', 'content-location': 'http://172.30.9.49:9696/v2.0/trunks/c6c0449b-3b35-429c-901d-f1063c73a209', u'date': 'Thu, 14 Feb 2019 21:02:47 GMT', u'content-type': 'application/json', u'connection': 'close', u'x-openstack-request-id': 'req-ed8c7bbd-470b-4000-beff-d0927035e1ee'} Body: {"NeutronError": {"message": "Trunk c6c0449b-3b35-429c-901d-f1063c73a209 could not be found.", "type": "TrunkNotFound", "detail": ""}} _log_request_full /root/.rally/verification/verifier-57795710-28c9-4b5d-9e42-f9487336f875/repo/tempest/lib/common/rest_client.py:437
2019-02-14 21:02:47.820 17905 INFO paramiko.transport [-] Connected (version 2.0, client dropbear_2015.67)
2019-02-14 21:02:47.836 17908 INFO tempest.lib.common.rest_client [req-46dc98d2-f0fb-4926-b9a1-573cc96143e0 ] Request (TrunkTestJSON:_run_cleanups): 404 GET http://172.30.9.49:9696/v2.0/trunks/689b1389-d83b-447b-966f-21da32a5e577/get_subports 0.018s
2019-02-14 21:02:47.837 17908 DEBUG tempest.lib.common.rest_client [req-46dc98d2-f0fb-4926-b9a1-573cc96143e0 ] Request - Headers: {'Content-Type': 'application/json', 'Accept': 'application/json', 'X-Auth-Token': ''} Body: None Response - Headers: {'status': '404', u'content-length': '134', 'content-location': 'http://172.30.9.49:9696/v2.0/trunks/689b1389-d83b-447b-966f-21da32a5e577/get_subports', u'date': 'Thu, 14 Feb 2019 21:02:47 GMT', u'content-type': 'application/json', u'connection': 'close', u'x-openstack-request-id': 'req-46dc98d2-f0fb-4926-b9a1-573cc96143e0'} Body: {"NeutronError": {"message": "Trunk 689b1389-d83b-447b-966f-21da32a5e577 could not be found.", "type": "TrunkNotFound", "detail": ""}} _log_request_full /root/.rally/verification/verifier-57795710-28c9-4b5d-9e42-f9487336f875/repo/tempest/lib/common/rest_client.py:437
2019-02-14 21:02:47.853 17908 INFO tempest.lib.common.rest_client [req-2f95f5f1-4c97-42bf-9512-494ef00012c5 ] Request (TrunkTestJSON:_run_cleanups): 404 DELETE http://172.30.9.49:9696/v2.0/trunks/689b1389-d83b-447b-966f-21da32a5e577 0.016s
2019-02-14 21:02:47.854 17908 DEBUG tempest.lib.common.rest_client [req-2f95f5f1-4c97-42bf-9512-494ef00012c5 ] Request - Headers: {'Content-Type': 'application/json', 'Accept': 'application/json', 'X-Auth-Token': ''} Body: None Response - Headers: {'status': '404', u'content-length': '134', 'content-location': 'http://172.30.9.49:9696/v2.0/trunks/689b1389-d83b-447b-966f-21da32a5e577', u'date': 'Thu, 14 Feb 2019 21:02:47 GMT', u'content-type': 'application/json', u'connection': 'close', u'x-openstack-request-id': 'req-2f95f5f1-4c97-42bf-9512-494ef00012c5'} Body: {"NeutronError": {"message": "Trunk 689b1389-d83b-447b-966f-21da32a5e577 could not be found.", "type": "TrunkNotFound", "detail": ""}} _log_request_full /root/.rally/verification/verifier-57795710-28c9-4b5d-9e42-f9487336f875/repo/tempest/lib/common/rest_client.py:437
2019-02-14 21:02:47.856 17904 INFO tempest.lib.common.rest_client [req-cf4e3524-1f8d-4a35-aa5d-482ee0fc6b2f ] Request (TrunkTestJSON:_run_cleanups): 204 DELETE http://172.30.9.49:9696/v2.0/ports/f7220cf0-107b-4ae5-a2bd-59dd88a25afb 0.344s
2019-02-14 21:02:47.856 17904 DEBUG tempest.lib.common.rest_client [req-cf4e3524-1f8d-4a35-aa5d-482ee0fc6b2f ] Request - Headers: {'Content-Type': 'application/json', 'Accept': 'application/json', 'X-Auth-Token': ''} Body: None Response - Headers: {'status': '204', u'content-length': '0', 'content-location': 'http://172.30.9.49:9696/v2.0/ports/f7220cf0-107b-4ae5-a2bd-59dd88a25afb', u'date': 'Thu, 14 Feb 2019 21:02:47 GMT', u'connection': 'close', u'x-openstack-request-id': 'req-cf4e3524-1f8d-4a35-aa5d-482ee0fc6b2f'} Body: _log_request_full /root/.rally/verification/verifier-57795710-28c9-4b5d-9e42-f9487336f875/repo/tempest/lib/common/rest_client.py:437
2019-02-14 21:02:47.868 17908 INFO tempest.lib.common.rest_client [req-4bba3823-a4ad-44f8-b991-c554a47aa0b7 ] Request (TrunkTestJSON:_run_cleanups): 404 GET http://172.30.9.49:9696/v2.0/trunks/dc727c2b-94af-46ae-ae31-b289f553d9d7/get_subports 0.014s
2019-02-14 21:02:47.869 17908 DEBUG tempest.lib.common.rest_client [req-4bba3823-a4ad-44f8-b991-c554a47aa0b7 ] Request - Headers: {'Content-Type': 'application/json', 'Accept': 'application/json', 'X-Auth-Token': ''} Body: None Response - Headers: {'status': '404', u'content-length': '134', 'content-location': 'http://172.30.9.49:9696/v2.0/trunks/dc727c2b-94af-46ae-ae31-b289f553d9d7/get_subports', u'date': 'Thu, 14 Feb 2019 21:02:47 GMT', u'content-type': 'application/json', u'connection': 'close', u'x-openstack-request-id': 'req-4bba3823-a4ad-44f8-b991-c554a47aa0b7'} Body: {"NeutronError": {"message": "Trunk dc727c2b-94af-46ae-ae31-b289f553d9d7 could not be found.", "type": "TrunkNotFound", "detail": ""}} _log_request_full /root/.rally/verification/verifier-57795710-28c9-4b5d-9e42-f9487336f875/repo/tempest/lib/common/rest_client.py:437
2019-02-14 21:02:47.878 17905 INFO paramiko.transport [-] Authentication (publickey) successful!
2019-02-14 21:02:47.884 17908 INFO tempest.lib.common.rest_client [req-bca912fd-a568-4a4e-be44-c23c55c26230 ] Request (TrunkTestJSON:_run_cleanups): 404 DELETE http://172.30.9.49:9696/v2.0/trunks/dc727c2b-94af-46ae-ae31-b289f553d9d7 0.014s
2019-02-14 21:02:47.884 17908 DEBUG tempest.lib.common.rest_client [req-bca912fd-a568-4a4e-be44-c23c55c26230 ] Request - Headers: {'Content-Type': 'application/json', 'Accept': 'application/json', 'X-Auth-Token': ''} Body: None Response - Headers: {'status': '404', u'content-length': '134', 'content-location': 'http://172.30.9.49:9696/v2.0/trunks/dc727c2b-94af-46ae-ae31-b289f553d9d7', u'date': 'Thu, 14 Feb 2019 21:02:47 GMT', u'content-type': 'application/json', u'connection': 'close', u'x-openstack-request-id': 'req-bca912fd-a568-4a4e-be44-c23c55c26230'} Body: {"NeutronError": {"message": "Trunk dc727c2b-94af-46ae-ae31-b289f553d9d7 could not be found.", "type": "TrunkNotFound", "detail": ""}} _log_request_full /root/.rally/verification/verifier-57795710-28c9-4b5d-9e42-f9487336f875/repo/tempest/lib/common/rest_client.py:437
2019-02-14 21:02:47.884 17905 INFO tempest.lib.common.ssh [-] ssh connection to cirros@172.30.9.206 successfully created
2019-02-14 21:02:47.901 17908 INFO tempest.lib.common.rest_client [req-1e960fbe-a3e0-4818-8253-62d837fdbd6a ] Request (TrunkTestJSON:_run_cleanups): 404 GET http://172.30.9.49:9696/v2.0/trunks/da395ebc-b413-4e97-a806-0707dca82cce/get_subports 0.016s
2019-02-14 21:02:47.901 17908 DEBUG tempest.lib.common.rest_client [req-1e960fbe-a3e0-4818-8253-62d837fdbd6a ] Request - Headers: {'Content-Type': 'application/json', 'Accept': 'application/json', 'X-Auth-Token': ''} Body: None Response - Headers: {'status': '404', u'content-length': '134', 'content-location': 'http://172.30.9.49:9696/v2.0/trunks/da395ebc-b413-4e97-a806-0707dca82cce/get_subports', u'date': 'Thu, 14 Feb 2019 21:02:47 GMT', u'content-type': 'application/json', u'connection': 'close', u'x-openstack-request-id': 'req-1e960fbe-a3e0-4818-8253-62d837fdbd6a'} Body: {"NeutronError": {"message": "Trunk da395ebc-b413-4e97-a806-0707dca82cce could not be found.", "type": "TrunkNotFound", "detail": ""}} _log_request_full /root/.rally/verification/verifier-57795710-28c9-4b5d-9e42-f9487336f875/repo/tempest/lib/common/rest_client.py:437
2019-02-14 21:02:47.922 17908 INFO tempest.lib.common.rest_client [req-b289be50-88c0-4078-be86-8e274f891588 ] Request (TrunkTestJSON:_run_cleanups): 404 DELETE http://172.30.9.49:9696/v2.0/trunks/da395ebc-b413-4e97-a806-0707dca82cce 0.020s
2019-02-14 21:02:47.922 17908 DEBUG tempest.lib.common.rest_client [req-b289be50-88c0-4078-be86-8e274f891588 ] Request - Headers: {'Content-Type': 'application/json', 'Accept': 'application/json', 'X-Auth-Token': ''} Body: None Response - Headers: {'status': '404', u'content-length': '134', 'content-location': 'http://172.30.9.49:9696/v2.0/trunks/da395ebc-b413-4e97-a806-0707dca82cce', u'date': 'Thu, 14 Feb 2019 21:02:47 GMT', u'content-type': 'application/json', u'connection': 'close', u'x-openstack-request-id': 'req-b289be50-88c0-4078-be86-8e274f891588'} Body: {"NeutronError": {"message": "Trunk da395ebc-b413-4e97-a806-0707dca82cce could not be found.", "type": "TrunkNotFound", "detail": ""}} _log_request_full /root/.rally/verification/verifier-57795710-28c9-4b5d-9e42-f9487336f875/repo/tempest/lib/common/rest_client.py:437
2019-02-14 21:02:47.936 17908 INFO tempest.lib.common.rest_client [req-b51f5f34-6b15-4b0b-9c81-3efb38819cbf ] Request (TrunkTestJSON:_run_cleanups): 404 GET http://172.30.9.49:9696/v2.0/trunks/1d7b9f11-6a08-4836-a4ed-5de0baabd821/get_subports 0.012s
2019-02-14 21:02:47.936 17908 DEBUG tempest.lib.common.rest_client [req-b51f5f34-6b15-4b0b-9c81-3efb38819cbf ] Request - Headers: {'Content-Type': 'application/json', 'Accept': 'application/json', 'X-Auth-Token': ''} Body: None Response - Headers: {'status': '404', u'content-length': '134', 'content-location': 'http://172.30.9.49:9696/v2.0/trunks/1d7b9f11-6a08-4836-a4ed-5de0baabd821/get_subports', u'date': 'Thu, 14 Feb 2019 21:02:47 GMT', u'content-type': 'application/json', u'connection': 'close', u'x-openstack-request-id': 'req-b51f5f34-6b15-4b0b-9c81-3efb38819cbf'} Body: {"NeutronError": {"message": "Trunk 1d7b9f11-6a08-4836-a4ed-5de0baabd821 could not be found.", "type": "TrunkNotFound", "detail": ""}} _log_request_full /root/.rally/verification/verifier-57795710-28c9-4b5d-9e42-f9487336f875/repo/tempest/lib/common/rest_client.py:437
2019-02-14 21:02:47.950 17908 INFO tempest.lib.common.rest_client [req-6460c2f2-50b8-43a6-a536-b01d4a3eb682 ] Request (TrunkTestJSON:_run_cleanups): 404 DELETE http://172.30.9.49:9696/v2.0/trunks/1d7b9f11-6a08-4836-a4ed-5de0baabd821 0.014s
2019-02-14 21:02:47.951 17908 DEBUG tempest.lib.common.rest_client [req-6460c2f2-50b8-43a6-a536-b01d4a3eb682 ] Request - Headers: {'Content-Type': 'application/json', 'Accept': 'application/json', 'X-Auth-Token': ''} Body: None Response - Headers: {'status': '404', u'content-length': '134', 'content-location': 'http://172.30.9.49:9696/v2.0/trunks/1d7b9f11-6a08-4836-a4ed-5de0baabd821', u'date': 'Thu, 14 Feb 2019 21:02:47 GMT', u'content-type': 'application/json', u'connection': 'close', u'x-openstack-request-id': 'req-6460c2f2-50b8-43a6-a536-b01d4a3eb682'} Body: {"NeutronError": {"message": "Trunk 1d7b9f11-6a08-4836-a4ed-5de0baabd821 could not be found.", "type": "TrunkNotFound", "detail": ""}} _log_request_full /root/.rally/verification/verifier-57795710-28c9-4b5d-9e42-f9487336f875/repo/tempest/lib/common/rest_client.py:437
2019-02-14 21:02:47.963 17908 INFO tempest.lib.common.rest_client [req-749c2cfa-1803-4c9b-8669-545055cbe01c ] Request (TrunkTestJSON:_run_cleanups): 404 GET http://172.30.9.49:9696/v2.0/trunks/226e247e-e073-4f6e-9bcb-8d2c96a0e9be 0.012s
2019-02-14 21:02:47.963 17908 DEBUG tempest.lib.common.rest_client [req-749c2cfa-1803-4c9b-8669-545055cbe01c ] Request - Headers: {'Content-Type': 'application/json', 'Accept': 'application/json', 'X-Auth-Token': ''} Body: None Response - Headers: {'status': '404', u'content-length': '134', 'content-location': 'http://172.30.9.49:9696/v2.0/trunks/226e247e-e073-4f6e-9bcb-8d2c96a0e9be', u'date': 'Thu, 14 Feb 2019 21:02:47 GMT', u'content-type': 'application/json', u'connection': 'close', u'x-openstack-request-id': 'req-749c2cfa-1803-4c9b-8669-545055cbe01c'} Body: {"NeutronError": {"message": "Trunk 226e247e-e073-4f6e-9bcb-8d2c96a0e9be could not be found.", "type": "TrunkNotFound", "detail": ""}} _log_request_full /root/.rally/verification/verifier-57795710-28c9-4b5d-9e42-f9487336f875/repo/tempest/lib/common/rest_client.py:437
2019-02-14 21:02:47.976 17908 INFO tempest.lib.common.rest_client [req-51face4f-4cee-4ed8-818b-9fd569876576 ] Request (TrunkTestJSON:_run_cleanups): 404 GET http://172.30.9.49:9696/v2.0/trunks/812a681a-c636-46cb-88a0-2227a9b7b720 0.012s
2019-02-14 21:02:47.977 17908 DEBUG tempest.lib.common.rest_client [req-51face4f-4cee-4ed8-818b-9fd569876576 ] Request - Headers: {'Content-Type': 'application/json', 'Accept': 'application/json', 'X-Auth-Token': ''} Body: None Response - Headers: {'status': '404', u'content-length': '134', 'content-location': 'http://172.30.9.49:9696/v2.0/trunks/812a681a-c636-46cb-88a0-2227a9b7b720', u'date': 'Thu, 14 Feb 2019 21:02:47 GMT', u'content-type': 'application/json', u'connection': 'close', u'x-openstack-request-id': 'req-51face4f-4cee-4ed8-818b-9fd569876576'} Body: {"NeutronError": {"message": "Trunk 812a681a-c636-46cb-88a0-2227a9b7b720 could not be found.", "type": "TrunkNotFound", "detail": ""}} _log_request_full /root/.rally/verification/verifier-57795710-28c9-4b5d-9e42-f9487336f875/repo/tempest/lib/common/rest_client.py:437
2019-02-14 21:02:47.989 17908 INFO tempest.lib.common.rest_client [req-9b658779-1a70-405c-b8ad-afa3f4b90c28 ] Request (TrunkTestJSON:_run_cleanups): 404 GET http://172.30.9.49:9696/v2.0/trunks/c6c0449b-3b35-429c-901d-f1063c73a209 0.012s
2019-02-14 21:02:47.989 17908 DEBUG tempest.lib.common.rest_client [req-9b658779-1a70-405c-b8ad-afa3f4b90c28 ] Request - Headers: {'Content-Type': 'application/json', 'Accept': 'application/json', 'X-Auth-Token': ''} Body: None Response - Headers: {'status': '404', u'content-length': '134', 'content-location': 'http://172.30.9.49:9696/v2.0/trunks/c6c0449b-3b35-429c-901d-f1063c73a209', u'date': 'Thu, 14 Feb 2019 21:02:47 GMT', u'content-type': 'application/json', u'connection': 'close', u'x-openstack-request-id': 'req-9b658779-1a70-405c-b8ad-afa3f4b90c28'} Body: {"NeutronError": {"message": "Trunk c6c0449b-3b35-429c-901d-f1063c73a209 could not be found.", "type": "TrunkNotFound", "detail": ""}} _log_request_full /root/.rally/verification/verifier-57795710-28c9-4b5d-9e42-f9487336f875/repo/tempest/lib/common/rest_client.py:437
2019-02-14 21:02:48.002 17908 INFO tempest.lib.common.rest_client [req-0170b6fa-39d9-403c-9cb6-84792372ceee ] Request (TrunkTestJSON:_run_cleanups): 404 GET http://172.30.9.49:9696/v2.0/trunks/689b1389-d83b-447b-966f-21da32a5e577 0.012s
2019-02-14 21:02:48.002 17908 DEBUG tempest.lib.common.rest_client [req-0170b6fa-39d9-403c-9cb6-84792372ceee ] Request - Headers: {'Content-Type': 'application/json', 'Accept': 'application/json', 'X-Auth-Token': ''} Body: None Response - Headers: {'status': '404', u'content-length': '134', 'content-location': 'http://172.30.9.49:9696/v2.0/trunks/689b1389-d83b-447b-966f-21da32a5e577', u'date': 'Thu, 14 Feb 2019 21:02:48 GMT', u'content-type': 'application/json', u'connection': 'close', u'x-openstack-request-id': 'req-0170b6fa-39d9-403c-9cb6-84792372ceee'} Body: {"NeutronError": {"message": "Trunk 689b1389-d83b-447b-966f-21da32a5e577 could not be found.", "type": "TrunkNotFound", "detail": ""}} _log_request_full /root/.rally/verification/verifier-57795710-28c9-4b5d-9e42-f9487336f875/repo/tempest/lib/common/rest_client.py:437
2019-02-14 21:02:48.021 17908 INFO tempest.lib.common.rest_client [req-f1aed9de-1b34-403c-aa67-b6c946c47a22 ] Request (TrunkTestJSON:_run_cleanups): 404 GET http://172.30.9.49:9696/v2.0/trunks/dc727c2b-94af-46ae-ae31-b289f553d9d7 0.018s
2019-02-14 21:02:48.021 17908 DEBUG tempest.lib.common.rest_client [req-f1aed9de-1b34-403c-aa67-b6c946c47a22 ] Request - Headers: {'Content-Type': 'application/json', 'Accept': 'application/json', 'X-Auth-Token': ''} Body: None Response - Headers: {'status': '404', u'content-length': '134', 'content-location': 'http://172.30.9.49:9696/v2.0/trunks/dc727c2b-94af-46ae-ae31-b289f553d9d7', u'date': 'Thu, 14 Feb 2019 21:02:48 GMT', u'content-type': 'application/json', u'connection': 'close', u'x-openstack-request-id': 'req-f1aed9de-1b34-403c-aa67-b6c946c47a22'} Body: {"NeutronError": {"message": "Trunk dc727c2b-94af-46ae-ae31-b289f553d9d7 could not be found.", "type": "TrunkNotFound", "detail": ""}} _log_request_full /root/.rally/verification/verifier-57795710-28c9-4b5d-9e42-f9487336f875/repo/tempest/lib/common/rest_client.py:437
2019-02-14 21:02:48.036 17908 INFO tempest.lib.common.rest_client [req-0167ed2d-213d-4e89-a328-08df74e95bcf ] Request (TrunkTestJSON:_run_cleanups): 404 GET http://172.30.9.49:9696/v2.0/trunks/da395ebc-b413-4e97-a806-0707dca82cce 0.015s
2019-02-14 21:02:48.037 17908 DEBUG tempest.lib.common.rest_client [req-0167ed2d-213d-4e89-a328-08df74e95bcf ] Request - Headers: {'Content-Type': 'application/json', 'Accept': 'application/json', 'X-Auth-Token': ''} Body: None Response - Headers: {'status': '404', u'content-length': '134', 'content-location': 'http://172.30.9.49:9696/v2.0/trunks/da395ebc-b413-4e97-a806-0707dca82cce', u'date': 'Thu, 14 Feb 2019 21:02:48 GMT', u'content-type': 'application/json', u'connection': 'close', u'x-openstack-request-id': 'req-0167ed2d-213d-4e89-a328-08df74e95bcf'} Body: {"NeutronError": {"message": "Trunk da395ebc-b413-4e97-a806-0707dca82cce could not be found.", "type": "TrunkNotFound", "detail": ""}} _log_request_full /root/.rally/verification/verifier-57795710-28c9-4b5d-9e42-f9487336f875/repo/tempest/lib/common/rest_client.py:437
2019-02-14 21:02:48.055 17908 INFO tempest.lib.common.rest_client [req-44e3342b-37ea-4576-bc91-231ec70d540a ] Request (TrunkTestJSON:_run_cleanups): 404 GET http://172.30.9.49:9696/v2.0/trunks/1d7b9f11-6a08-4836-a4ed-5de0baabd821 0.018s
2019-02-14 21:02:48.055 17908 DEBUG tempest.lib.common.rest_client [req-44e3342b-37ea-4576-bc91-231ec70d540a ] Request - Headers: {'Content-Type': 'application/json', 'Accept': 'application/json', 'X-Auth-Token': ''} Body: None Response - Headers: {'status': '404', u'content-length': '134', 'content-location': 'http://172.30.9.49:9696/v2.0/trunks/1d7b9f11-6a08-4836-a4ed-5de0baabd821', u'date': 'Thu, 14 Feb 2019 21:02:48 GMT', u'content-type': 'application/json', u'connection': 'close', u'x-openstack-request-id': 'req-44e3342b-37ea-4576-bc91-231ec70d540a'} Body: {"NeutronError": {"message": "Trunk 1d7b9f11-6a08-4836-a4ed-5de0baabd821 could not be found.", "type": "TrunkNotFound", "detail": ""}} _log_request_full /root/.rally/verification/verifier-57795710-28c9-4b5d-9e42-f9487336f875/repo/tempest/lib/common/rest_client.py:437
2019-02-14 21:02:48.078 17905 INFO tempest.lib.common.rest_client [req-d5cf859b-bfcc-4c71-899d-357b76067f87 ] Request (TrunkTest:test_trunk_subport_lifecycle): 200 PUT http://172.30.9.49:9696/v2.0/trunks/1882c476-bad9-4288-8fde-a741f765e9a2/remove_subports 0.079s
2019-02-14 21:02:48.078 17905 DEBUG tempest.lib.common.rest_client [req-d5cf859b-bfcc-4c71-899d-357b76067f87 ] Request - Headers: {'Content-Type': 'application/json', 'Accept': 'application/json', 'X-Auth-Token': ''} Body: {"sub_ports": [{"segmentation_type": "vlan", "port_id": "18d65141-821e-4ed5-b72b-57d4c100ab0d", "segmentation_id": 3}, {"segmentation_type": "vlan", "port_id": "8eddff42-8857-4ec3-bb1e-f8df30abaae1", "segmentation_id": 4}, {"segmentation_type": "vlan", "port_id": "1d0924c1-2f2c-40be-8722-a475350e9bac", "segmentation_id": 5}, {"segmentation_type": "vlan", "port_id": "8bd172cf-d46d-4908-9f74-096d7fc5055d", "segmentation_id": 6}]} Response - Headers: {'status': '200', u'content-length': '396', 'content-location': 'http://172.30.9.49:9696/v2.0/trunks/1882c476-bad9-4288-8fde-a741f765e9a2/remove_subports', u'date': 'Thu, 14 Feb 2019 21:02:48 GMT', u'content-type': 'application/json', u'connection': 'close', u'x-openstack-request-id': 'req-d5cf859b-bfcc-4c71-899d-357b76067f87'} Body: {"status": "DOWN", "sub_ports": [], "name": "", "admin_state_up": true, "tenant_id": "5cabb1fe8ba343b8aecf2c4ca63f949f", "created_at": "2019-02-14T21:02:11Z", "tags": [], "updated_at": "2019-02-14T21:02:48Z", "revision_number": 5, "project_id": "5cabb1fe8ba343b8aecf2c4ca63f949f", "port_id": "22c287ef-9e73-45c3-8d12-f63cca12bc88", "id": "1882c476-bad9-4288-8fde-a741f765e9a2", "description": ""} _log_request_full /root/.rally/verification/verifier-57795710-28c9-4b5d-9e42-f9487336f875/repo/tempest/lib/common/rest_client.py:437
2019-02-14 21:02:48.114 17908 INFO tempest.lib.common.rest_client [req-9527a191-e943-45bd-8912-8bd7e6038e2d ] Request (TrunkTestJSON:_run_cleanups): 404 DELETE http://172.30.9.49:9696/v2.0/ports/abfe52f7-cd47-4fab-9d61-4c762fee28f4 0.057s
2019-02-14 21:02:48.114 17908 DEBUG tempest.lib.common.rest_client [req-9527a191-e943-45bd-8912-8bd7e6038e2d ] Request - Headers: {'Content-Type': 'application/json', 'Accept': 'application/json', 'X-Auth-Token': ''} Body: None Response - Headers: {'status': '404', u'content-length': '132', 'content-location': 'http://172.30.9.49:9696/v2.0/ports/abfe52f7-cd47-4fab-9d61-4c762fee28f4', u'date': 'Thu, 14 Feb 2019 21:02:48 GMT', u'content-type': 'application/json', u'connection': 'close', u'x-openstack-request-id': 'req-9527a191-e943-45bd-8912-8bd7e6038e2d'} Body: {"NeutronError": {"message": "Port abfe52f7-cd47-4fab-9d61-4c762fee28f4 could not be found.", "type": "PortNotFound", "detail": ""}} _log_request_full /root/.rally/verification/verifier-57795710-28c9-4b5d-9e42-f9487336f875/repo/tempest/lib/common/rest_client.py:437
2019-02-14 21:02:48.123 17905 INFO tempest.lib.common.rest_client [req-51a144f4-8859-4d15-96c6-ffbf28172050 ] Request (TrunkTest:test_trunk_subport_lifecycle): 200 GET http://172.30.9.49:9696/v2.0/ports/18d65141-821e-4ed5-b72b-57d4c100ab0d 0.044s
2019-02-14 21:02:48.124 17905 DEBUG tempest.lib.common.rest_client [req-51a144f4-8859-4d15-96c6-ffbf28172050 ] Request - Headers: {'Content-Type': 'application/json', 'Accept': 'application/json', 'X-Auth-Token': ''} Body: None Response - Headers: {'status': '200', u'content-length': '679', 'content-location': 'http://172.30.9.49:9696/v2.0/ports/18d65141-821e-4ed5-b72b-57d4c100ab0d', u'date': 'Thu, 14 Feb 2019 21:02:48 GMT', u'content-type': 'application/json', u'connection': 'close', u'x-openstack-request-id': 'req-51a144f4-8859-4d15-96c6-ffbf28172050'} Body: {"port":{"allowed_address_pairs":[],"extra_dhcp_opts":[],"updated_at":"2019-02-14T21:02:45Z","device_owner":"trunk:subport","revision_number":9,"port_security_enabled":true,"fixed_ips":[],"id":"18d65141-821e-4ed5-b72b-57d4c100ab0d","security_groups":["f0d634ef-0d24-4ba1-996a-2e93e8cb6d9c"],"mac_address":"fa:16:3e:1d:ef:af","device_id":"","status":"ACTIVE","description":"","tags":[],"name":"","project_id":"5cabb1fe8ba343b8aecf2c4ca63f949f","qos_policy_id":null,"admin_state_up":true,"network_id":"98e0c0a1-3dfe-41ed-8e0b-3865303086c3","tenant_id":"5cabb1fe8ba343b8aecf2c4ca63f949f","created_at":"2019-02-14T21:02:37Z","binding:vnic_type":"normal","ip_allocation":"immediate"}} _log_request_full /root/.rally/verification/verifier-57795710-28c9-4b5d-9e42-f9487336f875/repo/tempest/lib/common/rest_client.py:437
2019-02-14 21:02:48.220 17908 INFO tempest.lib.common.rest_client [req-65dc48eb-6393-4e3c-aabd-1c4a9c1fe224 ] Request (TrunkTestJSON:_run_cleanups): 404 DELETE http://172.30.9.49:9696/v2.0/ports/8db50ffd-760c-425b-ab14-dbe2544510d1 0.105s
2019-02-14 21:02:48.220 17908 DEBUG tempest.lib.common.rest_client [req-65dc48eb-6393-4e3c-aabd-1c4a9c1fe224 ] Request - Headers: {'Content-Type': 'application/json', 'Accept': 'application/json', 'X-Auth-Token': ''} Body: None Response - Headers: {'status': '404', u'content-length': '132', 'content-location': 'http://172.30.9.49:9696/v2.0/ports/8db50ffd-760c-425b-ab14-dbe2544510d1', u'date': 'Thu, 14 Feb 2019 21:02:48 GMT', u'content-type': 'application/json', u'connection': 'close', u'x-openstack-request-id': 'req-65dc48eb-6393-4e3c-aabd-1c4a9c1fe224'} Body: {"NeutronError": {"message": "Port 8db50ffd-760c-425b-ab14-dbe2544510d1 could not be found.", "type": "PortNotFound", "detail": ""}} _log_request_full /root/.rally/verification/verifier-57795710-28c9-4b5d-9e42-f9487336f875/repo/tempest/lib/common/rest_client.py:437
2019-02-14 21:02:48.244 17904 INFO tempest.lib.common.rest_client [req-facfc513-da7a-4526-ad46-9bfb9ff6d320 ] Request (TrunkTestJSON:_run_cleanups): 204 DELETE http://172.30.9.49:9696/v2.0/ports/49c1fe80-5e01-44f0-a3ae-a6d34326da33 0.387s
2019-02-14 21:02:48.244 17904 DEBUG tempest.lib.common.rest_client [req-facfc513-da7a-4526-ad46-9bfb9ff6d320 ] Request - Headers: {'Content-Type': 'application/json', 'Accept': 'application/json', 'X-Auth-Token': ''} Body: None Response - Headers: {'status': '204', u'content-length': '0', 'content-location': 'http://172.30.9.49:9696/v2.0/ports/49c1fe80-5e01-44f0-a3ae-a6d34326da33', u'date': 'Thu, 14 Feb 2019 21:02:48 GMT', u'connection': 'close', u'x-openstack-request-id': 'req-facfc513-da7a-4526-ad46-9bfb9ff6d320'} Body: _log_request_full /root/.rally/verification/verifier-57795710-28c9-4b5d-9e42-f9487336f875/repo/tempest/lib/common/rest_client.py:437
2019-02-14 21:02:48.261 17908 INFO tempest.lib.common.rest_client [req-06f7c809-c114-491f-b73e-cc4da34b5199 ] Request (TrunkTestJSON:_run_cleanups): 404 DELETE http://172.30.9.49:9696/v2.0/ports/bc37238a-a672-4550-879f-4a983392f06f 0.039s
2019-02-14 21:02:48.261 17908 DEBUG tempest.lib.common.rest_client [req-06f7c809-c114-491f-b73e-cc4da34b5199 ] Request - Headers: {'Content-Type': 'application/json', 'Accept': 'application/json', 'X-Auth-Token': ''} Body: None Response - Headers: {'status': '404', u'content-length': '132', 'content-location': 'http://172.30.9.49:9696/v2.0/ports/bc37238a-a672-4550-879f-4a983392f06f', u'date': 'Thu, 14 Feb 2019 21:02:48 GMT', u'content-type': 'application/json', u'connection': 'close', u'x-openstack-request-id': 'req-06f7c809-c114-491f-b73e-cc4da34b5199'} Body: {"NeutronError": {"message": "Port bc37238a-a672-4550-879f-4a983392f06f could not be found.", "type": "PortNotFound", "detail": ""}} _log_request_full /root/.rally/verification/verifier-57795710-28c9-4b5d-9e42-f9487336f875/repo/tempest/lib/common/rest_client.py:437
2019-02-14 21:02:48.265 17904 INFO tempest.lib.common.rest_client [req-0e41b415-d8a8-48ad-848d-54492bab51b9 ] Request (TrunkTestJSON:_run_cleanups): 404 DELETE http://172.30.9.49:9696/v2.0/networks/09e962b1-de93-486d-8406-00e2eacddb8d 0.020s
2019-02-14 21:02:48.266 17904 DEBUG tempest.lib.common.rest_client [req-0e41b415-d8a8-48ad-848d-54492bab51b9 ] Request - Headers: {'Content-Type': 'application/json', 'Accept': 'application/json', 'X-Auth-Token': ''} Body: None Response - Headers: {'status': '404', u'content-length': '138', 'content-location': 'http://172.30.9.49:9696/v2.0/networks/09e962b1-de93-486d-8406-00e2eacddb8d', u'date': 'Thu, 14 Feb 2019 21:02:48 GMT', u'content-type': 'application/json', u'connection': 'close', u'x-openstack-request-id': 'req-0e41b415-d8a8-48ad-848d-54492bab51b9'} Body: {"NeutronError": {"message": "Network 09e962b1-de93-486d-8406-00e2eacddb8d could not be found.", "type": "NetworkNotFound", "detail": ""}} _log_request_full /root/.rally/verification/verifier-57795710-28c9-4b5d-9e42-f9487336f875/repo/tempest/lib/common/rest_client.py:437
2019-02-14 21:02:48.293 17908 INFO tempest.lib.common.rest_client [req-f94c87a6-3f74-433f-8d43-95c3c1812faf ] Request (TrunkTestJSON:_run_cleanups): 404 DELETE http://172.30.9.49:9696/v2.0/ports/b0c97a34-d910-416a-a981-1888b6dae5a7 0.031s
2019-02-14 21:02:48.293 17908 DEBUG tempest.lib.common.rest_client [req-f94c87a6-3f74-433f-8d43-95c3c1812faf ] Request - Headers: {'Content-Type': 'application/json', 'Accept': 'application/json', 'X-Auth-Token': ''} Body: None Response - Headers: {'status': '404', u'content-length': '132', 'content-location': 'http://172.30.9.49:9696/v2.0/ports/b0c97a34-d910-416a-a981-1888b6dae5a7', u'date': 'Thu, 14 Feb 2019 21:02:48 GMT', u'content-type': 'application/json', u'connection': 'close', u'x-openstack-request-id': 'req-f94c87a6-3f74-433f-8d43-95c3c1812faf'} Body: {"NeutronError": {"message": "Port b0c97a34-d910-416a-a981-1888b6dae5a7 could not be found.", "type": "PortNotFound", "detail": ""}} _log_request_full /root/.rally/verification/verifier-57795710-28c9-4b5d-9e42-f9487336f875/repo/tempest/lib/common/rest_client.py:437
2019-02-14 21:02:48.294 17904 INFO tempest.lib.common.rest_client [req-294d91e3-c0cd-4ffd-9d45-caca8c954b00 ] Request (TrunkTestJSON:_run_cleanups): 404 DELETE http://172.30.9.49:9696/v2.0/networks/0b2d81f2-df3a-438c-841f-0c7ed3d3c115 0.027s
2019-02-14 21:02:48.294 17904 DEBUG tempest.lib.common.rest_client [req-294d91e3-c0cd-4ffd-9d45-caca8c954b00 ] Request - Headers: {'Content-Type': 'application/json', 'Accept': 'application/json', 'X-Auth-Token': ''} Body: None Response - Headers: {'status': '404', u'content-length': '138', 'content-location': 'http://172.30.9.49:9696/v2.0/networks/0b2d81f2-df3a-438c-841f-0c7ed3d3c115', u'date': 'Thu, 14 Feb 2019 21:02:48 GMT', u'content-type': 'application/json', u'connection': 'close', u'x-openstack-request-id': 'req-294d91e3-c0cd-4ffd-9d45-caca8c954b00'} Body: {"NeutronError": {"message": "Network 0b2d81f2-df3a-438c-841f-0c7ed3d3c115 could not be found.", "type": "NetworkNotFound", "detail": ""}} _log_request_full /root/.rally/verification/verifier-57795710-28c9-4b5d-9e42-f9487336f875/repo/tempest/lib/common/rest_client.py:437
2019-02-14 21:02:48.319 17904 INFO tempest.lib.common.rest_client [req-aadd93dd-05b8-4d82-846c-728c85f8feba ] Request (TrunkTestJSON:_run_cleanups): 404 DELETE http://172.30.9.49:9696/v2.0/networks/3150eea1-7abd-4670-8373-b32f5376fd56 0.024s
2019-02-14 21:02:48.320 17904 DEBUG tempest.lib.common.rest_client [req-aadd93dd-05b8-4d82-846c-728c85f8feba ] Request - Headers: {'Content-Type': 'application/json', 'Accept': 'application/json', 'X-Auth-Token': ''} Body: None Response - Headers: {'status': '404', u'content-length': '138', 'content-location': 'http://172.30.9.49:9696/v2.0/networks/3150eea1-7abd-4670-8373-b32f5376fd56', u'date': 'Thu, 14 Feb 2019 21:02:48 GMT', u'content-type': 'application/json', u'connection': 'close', u'x-openstack-request-id': 'req-aadd93dd-05b8-4d82-846c-728c85f8feba'} Body: {"NeutronError": {"message": "Network 3150eea1-7abd-4670-8373-b32f5376fd56 could not be found.", "type": "NetworkNotFound", "detail": ""}} _log_request_full /root/.rally/verification/verifier-57795710-28c9-4b5d-9e42-f9487336f875/repo/tempest/lib/common/rest_client.py:437
2019-02-14 21:02:48.326 17908 INFO tempest.lib.common.rest_client [req-7d5e08b0-8cd7-404e-bb0b-13e3f3cdcee6 ] Request (TrunkTestJSON:_run_cleanups): 404 DELETE http://172.30.9.49:9696/v2.0/ports/a660bcc2-815e-4537-8eaf-51b84771381a 0.032s
2019-02-14 21:02:48.326 17908 DEBUG tempest.lib.common.rest_client [req-7d5e08b0-8cd7-404e-bb0b-13e3f3cdcee6 ] Request - Headers: {'Content-Type': 'application/json', 'Accept': 'application/json', 'X-Auth-Token': ''} Body: None Response - Headers: {'status': '404', u'content-length': '132', 'content-location': 'http://172.30.9.49:9696/v2.0/ports/a660bcc2-815e-4537-8eaf-51b84771381a', u'date': 'Thu, 14 Feb 2019 21:02:48 GMT', u'content-type': 'application/json', u'connection': 'close', u'x-openstack-request-id': 'req-7d5e08b0-8cd7-404e-bb0b-13e3f3cdcee6'} Body: {"NeutronError": {"message": "Port a660bcc2-815e-4537-8eaf-51b84771381a could not be found.", "type": "PortNotFound", "detail": ""}} _log_request_full /root/.rally/verification/verifier-57795710-28c9-4b5d-9e42-f9487336f875/repo/tempest/lib/common/rest_client.py:437
2019-02-14 21:02:48.342 17904 INFO tempest.lib.common.rest_client [req-aaa09642-00d6-4b47-b7b9-129b7d719bf0 ] Request (TrunkTestJSON:_run_cleanups): 404 DELETE http://172.30.9.49:9696/v2.0/networks/16e54227-5069-4346-9bf2-049b29696460 0.021s
2019-02-14 21:02:48.342 17904 DEBUG tempest.lib.common.rest_client [req-aaa09642-00d6-4b47-b7b9-129b7d719bf0 ] Request - Headers: {'Content-Type': 'application/json', 'Accept': 'application/json', 'X-Auth-Token': ''} Body: None Response - Headers: {'status': '404', u'content-length': '138', 'content-location': 'http://172.30.9.49:9696/v2.0/networks/16e54227-5069-4346-9bf2-049b29696460', u'date': 'Thu, 14 Feb 2019 21:02:48 GMT', u'content-type': 'application/json', u'connection': 'close', u'x-openstack-request-id': 'req-aaa09642-00d6-4b47-b7b9-129b7d719bf0'} Body: {"NeutronError": {"message": "Network 16e54227-5069-4346-9bf2-049b29696460 could not be found.", "type": "NetworkNotFound", "detail": ""}} _log_request_full /root/.rally/verification/verifier-57795710-28c9-4b5d-9e42-f9487336f875/repo/tempest/lib/common/rest_client.py:437
2019-02-14 21:02:48.357 17908 INFO tempest.lib.common.rest_client [req-ea6d471d-fdae-45a3-a4d6-d89a2ca69b51 ] Request (TrunkTestJSON:_run_cleanups): 404 DELETE http://172.30.9.49:9696/v2.0/ports/6c895217-04e5-47fe-99c5-c1eef09a61cb 0.030s
2019-02-14 21:02:48.357 17908 DEBUG tempest.lib.common.rest_client [req-ea6d471d-fdae-45a3-a4d6-d89a2ca69b51 ] Request - Headers: {'Content-Type': 'application/json', 'Accept': 'application/json', 'X-Auth-Token': ''} Body: None Response - Headers: {'status': '404', u'content-length': '132', 'content-location': 'http://172.30.9.49:9696/v2.0/ports/6c895217-04e5-47fe-99c5-c1eef09a61cb', u'date': 'Thu, 14 Feb 2019 21:02:48 GMT', u'content-type': 'application/json', u'connection': 'close', u'x-openstack-request-id': 'req-ea6d471d-fdae-45a3-a4d6-d89a2ca69b51'} Body: {"NeutronError": {"message": "Port 6c895217-04e5-47fe-99c5-c1eef09a61cb could not be found.", "type": "PortNotFound", "detail": ""}} _log_request_full /root/.rally/verification/verifier-57795710-28c9-4b5d-9e42-f9487336f875/repo/tempest/lib/common/rest_client.py:437
2019-02-14 21:02:48.367 17904 INFO tempest.lib.common.rest_client [req-0d661d33-3289-434e-b820-a78d56d42f88 ] Request (TrunkTestJSON:_run_cleanups): 404 DELETE http://172.30.9.49:9696/v2.0/networks/944f5017-77e3-4df4-b187-26f691da46c3 0.024s
2019-02-14 21:02:48.368 17904 DEBUG tempest.lib.common.rest_client [req-0d661d33-3289-434e-b820-a78d56d42f88 ] Request - Headers: {'Content-Type': 'application/json', 'Accept': 'application/json', 'X-Auth-Token': ''} Body: None Response - Headers: {'status': '404', u'content-length': '138', 'content-location': 'http://172.30.9.49:9696/v2.0/networks/944f5017-77e3-4df4-b187-26f691da46c3', u'date': 'Thu, 14 Feb 2019 21:02:48 GMT', u'content-type': 'application/json', u'connection': 'close', u'x-openstack-request-id': 'req-0d661d33-3289-434e-b820-a78d56d42f88'} Body: {"NeutronError": {"message": "Network 944f5017-77e3-4df4-b187-26f691da46c3 could not be found.", "type": "NetworkNotFound", "detail": ""}} _log_request_full /root/.rally/verification/verifier-57795710-28c9-4b5d-9e42-f9487336f875/repo/tempest/lib/common/rest_client.py:437
2019-02-14 21:02:48.388 17908 INFO tempest.lib.common.rest_client [req-d47bc793-7890-4486-818f-9d723967a31f ] Request (TrunkTestJSON:_run_cleanups): 404 DELETE http://172.30.9.49:9696/v2.0/ports/75a57d8f-a3ba-44f2-a232-bab17cad5ec0 0.030s
2019-02-14 21:02:48.388 17908 DEBUG tempest.lib.common.rest_client [req-d47bc793-7890-4486-818f-9d723967a31f ] Request - Headers: {'Content-Type': 'application/json', 'Accept': 'application/json', 'X-Auth-Token': ''} Body: None Response - Headers: {'status': '404', u'content-length': '132', 'content-location': 'http://172.30.9.49:9696/v2.0/ports/75a57d8f-a3ba-44f2-a232-bab17cad5ec0', u'date': 'Thu, 14 Feb 2019 21:02:48 GMT', u'content-type': 'application/json', u'connection': 'close', u'x-openstack-request-id': 'req-d47bc793-7890-4486-818f-9d723967a31f'} Body: {"NeutronError": {"message": "Port 75a57d8f-a3ba-44f2-a232-bab17cad5ec0 could not be found.", "type": "PortNotFound", "detail": ""}} _log_request_full /root/.rally/verification/verifier-57795710-28c9-4b5d-9e42-f9487336f875/repo/tempest/lib/common/rest_client.py:437
2019-02-14 21:02:48.391 17904 INFO tempest.lib.common.rest_client [req-eab6bbe1-7c1a-4acb-acad-f145507f9d33 ] Request (TrunkTestJSON:_run_cleanups): 404 DELETE http://172.30.9.49:9696/v2.0/networks/7214c894-bc14-479e-a672-bb514a28f1da 0.022s
2019-02-14 21:02:48.391 17904 DEBUG tempest.lib.common.rest_client [req-eab6bbe1-7c1a-4acb-acad-f145507f9d33 ] Request - Headers: {'Content-Type': 'application/json', 'Accept': 'application/json', 'X-Auth-Token': ''} Body: None Response - Headers: {'status': '404', u'content-length': '138', 'content-location': 'http://172.30.9.49:9696/v2.0/networks/7214c894-bc14-479e-a672-bb514a28f1da', u'date': 'Thu, 14 Feb 2019 21:02:48 GMT', u'content-type': 'application/json', u'connection': 'close', u'x-openstack-request-id': 'req-eab6bbe1-7c1a-4acb-acad-f145507f9d33'} Body: {"NeutronError": {"message": "Network 7214c894-bc14-479e-a672-bb514a28f1da could not be found.", "type": "NetworkNotFound", "detail": ""}} _log_request_full /root/.rally/verification/verifier-57795710-28c9-4b5d-9e42-f9487336f875/repo/tempest/lib/common/rest_client.py:437
2019-02-14 21:02:48.417 17904 INFO tempest.lib.common.rest_client [req-8131d1ae-298a-4e1c-8cd7-159f2050e4d7 ] Request (TrunkTestJSON:_run_cleanups): 404 DELETE http://172.30.9.49:9696/v2.0/networks/768b1b82-020a-4151-9190-59c4832d136a 0.024s
2019-02-14 21:02:48.417 17904 DEBUG tempest.lib.common.rest_client [req-8131d1ae-298a-4e1c-8cd7-159f2050e4d7 ] Request - Headers: {'Content-Type': 'application/json', 'Accept': 'application/json', 'X-Auth-Token': ''} Body: None Response - Headers: {'status': '404', u'content-length': '138', 'content-location': 'http://172.30.9.49:9696/v2.0/networks/768b1b82-020a-4151-9190-59c4832d136a', u'date': 'Thu, 14 Feb 2019 21:02:48 GMT', u'content-type': 'application/json', u'connection': 'close', u'x-openstack-request-id': 'req-8131d1ae-298a-4e1c-8cd7-159f2050e4d7'} Body: {"NeutronError": {"message": "Network 768b1b82-020a-4151-9190-59c4832d136a could not be found.", "type": "NetworkNotFound", "detail": ""}} _log_request_full /root/.rally/verification/verifier-57795710-28c9-4b5d-9e42-f9487336f875/repo/tempest/lib/common/rest_client.py:437
2019-02-14 21:02:48.422 17908 INFO tempest.lib.common.rest_client [req-74748a8d-1635-4ea2-8ec4-dba459e1a4c9 ] Request (TrunkTestJSON:_run_cleanups): 404 DELETE http://172.30.9.49:9696/v2.0/ports/005f2c4a-80ec-4642-9962-8dfd8a6fb81b 0.033s
2019-02-14 21:02:48.423 17908 DEBUG tempest.lib.common.rest_client [req-74748a8d-1635-4ea2-8ec4-dba459e1a4c9 ] Request - Headers: {'Content-Type': 'application/json', 'Accept': 'application/json', 'X-Auth-Token': ''} Body: None Response - Headers: {'status': '404', u'content-length': '132', 'content-location': 'http://172.30.9.49:9696/v2.0/ports/005f2c4a-80ec-4642-9962-8dfd8a6fb81b', u'date': 'Thu, 14 Feb 2019 21:02:48 GMT', u'content-type': 'application/json', u'connection': 'close', u'x-openstack-request-id': 'req-74748a8d-1635-4ea2-8ec4-dba459e1a4c9'} Body: {"NeutronError": {"message": "Port 005f2c4a-80ec-4642-9962-8dfd8a6fb81b could not be found.", "type": "PortNotFound", "detail": ""}} _log_request_full /root/.rally/verification/verifier-57795710-28c9-4b5d-9e42-f9487336f875/repo/tempest/lib/common/rest_client.py:437
2019-02-14 21:02:48.438 17904 INFO tempest.lib.common.rest_client [req-8c350f1e-bb40-4343-85db-774e43685470 ] Request (TrunkTestJSON:_run_cleanups): 404 DELETE http://172.30.9.49:9696/v2.0/networks/03d74439-119d-4622-b002-12905ecfebe4 0.020s
2019-02-14 21:02:48.438 17904 DEBUG tempest.lib.common.rest_client [req-8c350f1e-bb40-4343-85db-774e43685470 ] Request - Headers: {'Content-Type': 'application/json', 'Accept': 'application/json', 'X-Auth-Token': ''} Body: None Response - Headers: {'status': '404', u'content-length': '138', 'content-location': 'http://172.30.9.49:9696/v2.0/networks/03d74439-119d-4622-b002-12905ecfebe4', u'date': 'Thu, 14 Feb 2019 21:02:48 GMT', u'content-type': 'application/json', u'connection': 'close', u'x-openstack-request-id': 'req-8c350f1e-bb40-4343-85db-774e43685470'} Body: {"NeutronError": {"message": "Network 03d74439-119d-4622-b002-12905ecfebe4 could not be found.", "type": "NetworkNotFound", "detail": ""}} _log_request_full /root/.rally/verification/verifier-57795710-28c9-4b5d-9e42-f9487336f875/repo/tempest/lib/common/rest_client.py:437
2019-02-14 21:02:48.453 17908 INFO tempest.lib.common.rest_client [req-12900c61-8336-4307-8ded-b1b1b15b6db9 ] Request (TrunkTestJSON:_run_cleanups): 404 DELETE http://172.30.9.49:9696/v2.0/ports/21823aec-176e-40f9-bdaa-3d5f19549c60 0.030s
2019-02-14 21:02:48.454 17908 DEBUG tempest.lib.common.rest_client [req-12900c61-8336-4307-8ded-b1b1b15b6db9 ] Request - Headers: {'Content-Type': 'application/json', 'Accept': 'application/json', 'X-Auth-Token': ''} Body: None Response - Headers: {'status': '404', u'content-length': '132', 'content-location': 'http://172.30.9.49:9696/v2.0/ports/21823aec-176e-40f9-bdaa-3d5f19549c60', u'date': 'Thu, 14 Feb 2019 21:02:48 GMT', u'content-type': 'application/json', u'connection': 'close', u'x-openstack-request-id': 'req-12900c61-8336-4307-8ded-b1b1b15b6db9'} Body: {"NeutronError": {"message": "Port 21823aec-176e-40f9-bdaa-3d5f19549c60 could not be found.", "type": "PortNotFound", "detail": ""}} _log_request_full /root/.rally/verification/verifier-57795710-28c9-4b5d-9e42-f9487336f875/repo/tempest/lib/common/rest_client.py:437
2019-02-14 21:02:48.460 17904 INFO tempest.lib.common.rest_client [req-a91f2da9-a6f7-4cb5-a62b-e8ca18a4669f ] Request (TrunkTestJSON:_run_cleanups): 404 DELETE http://172.30.9.49:9696/v2.0/networks/bb9792e7-dfd1-47ab-8b47-92f830da1032 0.021s
2019-02-14 21:02:48.461 17904 DEBUG tempest.lib.common.rest_client [req-a91f2da9-a6f7-4cb5-a62b-e8ca18a4669f ] Request - Headers: {'Content-Type': 'application/json', 'Accept': 'application/json', 'X-Auth-Token': ''} Body: None Response - Headers: {'status': '404', u'content-length': '138', 'content-location': 'http://172.30.9.49:9696/v2.0/networks/bb9792e7-dfd1-47ab-8b47-92f830da1032', u'date': 'Thu, 14 Feb 2019 21:02:48 GMT', u'content-type': 'application/json', u'connection': 'close', u'x-openstack-request-id': 'req-a91f2da9-a6f7-4cb5-a62b-e8ca18a4669f'} Body: {"NeutronError": {"message": "Network bb9792e7-dfd1-47ab-8b47-92f830da1032 could not be found.", "type": "NetworkNotFound", "detail": ""}} _log_request_full /root/.rally/verification/verifier-57795710-28c9-4b5d-9e42-f9487336f875/repo/tempest/lib/common/rest_client.py:437
2019-02-14 21:02:48.487 17904 INFO tempest.lib.common.rest_client [req-22202bd0-f6f1-41e5-a762-f28527b0b74d ] Request (TrunkTestJSON:_run_cleanups): 404 DELETE http://172.30.9.49:9696/v2.0/networks/bd6d0d88-1955-46f1-9409-8b898534e154 0.025s
2019-02-14 21:02:48.487 17904 DEBUG tempest.lib.common.rest_client [req-22202bd0-f6f1-41e5-a762-f28527b0b74d ] Request - Headers: {'Content-Type': 'application/json', 'Accept': 'application/json', 'X-Auth-Token': ''} Body: None Response - Headers: {'status': '404', u'content-length': '138', 'content-location': 'http://172.30.9.49:9696/v2.0/networks/bd6d0d88-1955-46f1-9409-8b898534e154', u'date': 'Thu, 14 Feb 2019 21:02:48 GMT', u'content-type': 'application/json', u'connection': 'close', u'x-openstack-request-id': 'req-22202bd0-f6f1-41e5-a762-f28527b0b74d'} Body: {"NeutronError": {"message": "Network bd6d0d88-1955-46f1-9409-8b898534e154 could not be found.", "type": "NetworkNotFound", "detail": ""}} _log_request_full /root/.rally/verification/verifier-57795710-28c9-4b5d-9e42-f9487336f875/repo/tempest/lib/common/rest_client.py:437
