2019-02-13 16:25:14.478 17904 DEBUG tempest.lib.common.rest_client [req-e3d6c1cf-d633-4cf8-91fb-1d58cfea75b0 ] Request - Headers: {'Content-Type': 'application/json', 'Accept': 'application/json', 'X-Auth-Token': ''} Body: {"network": {"name": "tempest-test-network--529476010"}} Response - Headers: {'status': '201', u'content-length': '609', 'content-location': 'http://172.30.9.48:9696/v2.0/networks', u'date': 'Wed, 13 Feb 2019 16:25:14 GMT', u'content-type': 'application/json', u'connection': 'close', u'x-openstack-request-id': 'req-e3d6c1cf-d633-4cf8-91fb-1d58cfea75b0'} Body: {"network":{"ipv6_address_scope":null,"revision_number":3,"port_security_enabled":true,"id":"8d5854e2-56c0-4c4e-b58c-00a8122ae744","router:external":false,"availability_zone_hints":[],"availability_zones":[],"ipv4_address_scope":null,"shared":false,"project_id":"b7bcbea501c14fe0b738083eac8c2765","l2_adjacency":true,"status":"ACTIVE","subnets":[],"description":"","tags":[],"updated_at":"2019-02-13T16:25:14Z","is_default":false,"name":"tempest-test-network--529476010","qos_policy_id":null,"admin_state_up":true,"tenant_id":"b7bcbea501c14fe0b738083eac8c2765","created_at":"2019-02-13T16:25:14Z","mtu":1450}} _log_request_full /root/.rally/verification/verifier-aee8c065-1b7d-4919-bc5a-db1c7281876d/repo/tempest/lib/common/rest_client.py:437
2019-02-13 16:25:14.869 17908 INFO tempest.lib.common.rest_client [req-da4a7194-d7ca-4e7c-9050-2178310ee8c2 ] Request (TrunkTestJSON:_run_cleanups): 204 DELETE http://172.30.9.48:9696/v2.0/networks/be5006e8-0265-4f39-9d62-9e5774874c43 0.774s
2019-02-13 16:25:14.870 17908 DEBUG tempest.lib.common.rest_client [req-da4a7194-d7ca-4e7c-9050-2178310ee8c2 ] Request - Headers: {'Content-Type': 'application/json', 'Accept': 'application/json', 'X-Auth-Token': ''} Body: None Response - Headers: {'status': '204', u'content-length': '0', 'content-location': 'http://172.30.9.48:9696/v2.0/networks/be5006e8-0265-4f39-9d62-9e5774874c43', u'date': 'Wed, 13 Feb 2019 16:25:14 GMT', u'connection': 'close', u'x-openstack-request-id': 'req-da4a7194-d7ca-4e7c-9050-2178310ee8c2'} Body: _log_request_full /root/.rally/verification/verifier-aee8c065-1b7d-4919-bc5a-db1c7281876d/repo/tempest/lib/common/rest_client.py:437
2019-02-13 16:25:15.032 17905 WARNING tempest.lib.common.ssh [-] Failed to establish authenticated ssh connection to cirros@172.30.9.200 ([Errno None] Unable to connect to port 22 on 172.30.9.200). Number attempts: 4. Retry after 5 seconds.: NoValidConnectionsError: [Errno None] Unable to connect to port 22 on 172.30.9.200
2019-02-13 16:25:15.364 17904 INFO tempest.lib.common.rest_client [req-e8f68ae6-d2b7-4ea3-ae0d-f5f38dd6e127 ] Request (TrunkTestJSON:test_list_trunks): 201 POST http://172.30.9.48:9696/v2.0/ports 0.885s
2019-02-13 16:25:15.365 17904 DEBUG tempest.lib.common.rest_client [req-e8f68ae6-d2b7-4ea3-ae0d-f5f38dd6e127 ] Request - Headers: {'Content-Type': 'application/json', 'Accept': 'application/json', 'X-Auth-Token': ''} Body: {"port": {"network_id": "8d5854e2-56c0-4c4e-b58c-00a8122ae744"}} Response - Headers: {'status': '201', u'content-length': '664', 'content-location': 'http://172.30.9.48:9696/v2.0/ports', u'date': 'Wed, 13 Feb 2019 16:25:15 GMT', u'content-type': 'application/json', u'connection': 'close', u'x-openstack-request-id': 'req-e8f68ae6-d2b7-4ea3-ae0d-f5f38dd6e127'} Body: {"port":{"allowed_address_pairs":[],"extra_dhcp_opts":[],"updated_at":"2019-02-13T16:25:15Z","device_owner":"","revision_number":5,"port_security_enabled":true,"fixed_ips":[],"id":"872b89c8-14c6-486f-91f6-0ea7a74951c2","security_groups":["1e2b12d0-60d8-454c-9f1a-6ee0e4c9419c"],"mac_address":"fa:16:3e:ad:17:6d","device_id":"","status":"DOWN","description":"","tags":[],"name":"","project_id":"b7bcbea501c14fe0b738083eac8c2765","qos_policy_id":null,"admin_state_up":true,"network_id":"8d5854e2-56c0-4c4e-b58c-00a8122ae744","tenant_id":"b7bcbea501c14fe0b738083eac8c2765","created_at":"2019-02-13T16:25:14Z","binding:vnic_type":"normal","ip_allocation":"immediate"}} _log_request_full /root/.rally/verification/verifier-aee8c065-1b7d-4919-bc5a-db1c7281876d/repo/tempest/lib/common/rest_client.py:437
2019-02-13 16:25:15.599 17908 INFO tempest.lib.common.rest_client [req-e36d82a3-c1e2-441c-8b62-055e7145ed21 ] Request (TrunkTestJSON:_run_cleanups): 204 DELETE http://172.30.9.48:9696/v2.0/networks/0f8153c3-1670-4b4d-88b7-92ef60556a6c 0.728s
2019-02-13 16:25:15.599 17908 DEBUG tempest.lib.common.rest_client [req-e36d82a3-c1e2-441c-8b62-055e7145ed21 ] Request - Headers: {'Content-Type': 'application/json', 'Accept': 'application/json', 'X-Auth-Token': ''} Body: None Response - Headers: {'status': '204', u'content-length': '0', 'content-location': 'http://172.30.9.48:9696/v2.0/networks/0f8153c3-1670-4b4d-88b7-92ef60556a6c', u'date': 'Wed, 13 Feb 2019 16:25:15 GMT', u'connection': 'close', u'x-openstack-request-id': 'req-e36d82a3-c1e2-441c-8b62-055e7145ed21'} Body: _log_request_full /root/.rally/verification/verifier-aee8c065-1b7d-4919-bc5a-db1c7281876d/repo/tempest/lib/common/rest_client.py:437
2019-02-13 16:25:15.646 17904 INFO tempest.lib.common.rest_client [req-cf2161b6-841b-429c-a4f6-b96acfcc59c8 ] Request (TrunkTestJSON:test_list_trunks): 201 POST http://172.30.9.48:9696/v2.0/trunks 0.280s
2019-02-13 16:25:15.647 17904 DEBUG tempest.lib.common.rest_client [req-cf2161b6-841b-429c-a4f6-b96acfcc59c8 ] Request - Headers: {'Content-Type': 'application/json', 'Accept': 'application/json', 'X-Auth-Token': ''} Body: {"trunk": {"port_id": "872b89c8-14c6-486f-91f6-0ea7a74951c2"}} Response - Headers: {'status': '201', u'content-length': '407', 'content-location': 'http://172.30.9.48:9696/v2.0/trunks', u'date': 'Wed, 13 Feb 2019 16:25:15 GMT', u'content-type': 'application/json', u'connection': 'close', u'x-openstack-request-id': 'req-cf2161b6-841b-429c-a4f6-b96acfcc59c8'} Body: {"trunk": {"status": "DOWN", "sub_ports": [], "name": "", "admin_state_up": true, "tenant_id": "b7bcbea501c14fe0b738083eac8c2765", "created_at": "2019-02-13T16:25:15Z", "tags": [], "updated_at": "2019-02-13T16:25:15Z", "revision_number": 0, "project_id": "b7bcbea501c14fe0b738083eac8c2765", "port_id": "872b89c8-14c6-486f-91f6-0ea7a74951c2", "id": "871bd464-c578-47a8-8341-ad54665c78ec", "description": ""}} _log_request_full /root/.rally/verification/verifier-aee8c065-1b7d-4919-bc5a-db1c7281876d/repo/tempest/lib/common/rest_client.py:437
2019-02-13 16:25:15.665 17904 INFO tempest.lib.common.rest_client [req-8aea0fb5-31ec-407f-85ad-1efa42effb3a ] Request (TrunkTestJSON:test_list_trunks): 200 GET http://172.30.9.48:9696/v2.0/trunks 0.018s
2019-02-13 16:25:15.666 17904 DEBUG tempest.lib.common.rest_client [req-8aea0fb5-31ec-407f-85ad-1efa42effb3a ] Request - Headers: {'Content-Type': 'application/json', 'Accept': 'application/json', 'X-Auth-Token': ''} Body: None Response - Headers: {'status': '200', u'content-length': '808', 'content-location': 'http://172.30.9.48:9696/v2.0/trunks', u'date': 'Wed, 13 Feb 2019 16:25:15 GMT', u'content-type': 'application/json', u'connection': 'close', u'x-openstack-request-id': 'req-8aea0fb5-31ec-407f-85ad-1efa42effb3a'} Body: {"trunks": [{"status": "DOWN", "sub_ports": [], "name": "", "admin_state_up": true, "tenant_id": "b7bcbea501c14fe0b738083eac8c2765", "created_at": "2019-02-13T16:25:14Z", "tags": [], "updated_at": "2019-02-13T16:25:14Z", "revision_number": 0, "project_id": "b7bcbea501c14fe0b738083eac8c2765", "port_id": "77d37687-203f-4ebe-84fc-b719e8d0e879", "id": "367c8811-43b3-449e-8325-4d8a361acd98", "description": ""}, {"status": "DOWN", "sub_ports": [], "name": "", "admin_state_up": true, "tenant_id": "b7bcbea501c14fe0b738083eac8c2765", "created_at": "2019-02-13T16:25:15Z", "tags": [], "updated_at": "2019-02-13T16:25:15Z", "revision_number": 0, "project_id": "b7bcbea501c14fe0b738083eac8c2765", "port_id": "872b89c8-14c6-486f-91f6-0ea7a74951c2", "id": "871bd464-c578-47a8-8341-ad54665c78ec", "description": ""}]} _log_request_full /root/.rally/verification/verifier-aee8c065-1b7d-4919-bc5a-db1c7281876d/repo/tempest/lib/common/rest_client.py:437
2019-02-13 16:25:15.680 17904 INFO tempest.lib.common.rest_client [req-046aa3bf-7053-4b9e-8ef7-c415e2822a34 ] Request (TrunkTestJSON:_run_cleanups): 404 GET http://172.30.9.48:9696/v2.0/trunks/0d6db610-c676-4314-bfb3-c8af8655749f/get_subports 0.013s
2019-02-13 16:25:15.681 17904 DEBUG tempest.lib.common.rest_client [req-046aa3bf-7053-4b9e-8ef7-c415e2822a34 ] Request - Headers: {'Content-Type': 'application/json', 'Accept': 'application/json', 'X-Auth-Token': ''} Body: None Response - Headers: {'status': '404', u'content-length': '134', 'content-location': 'http://172.30.9.48:9696/v2.0/trunks/0d6db610-c676-4314-bfb3-c8af8655749f/get_subports', u'date': 'Wed, 13 Feb 2019 16:25:15 GMT', u'content-type': 'application/json', u'connection': 'close', u'x-openstack-request-id': 'req-046aa3bf-7053-4b9e-8ef7-c415e2822a34'} Body: {"NeutronError": {"message": "Trunk 0d6db610-c676-4314-bfb3-c8af8655749f could not be found.", "type": "TrunkNotFound", "detail": ""}} _log_request_full /root/.rally/verification/verifier-aee8c065-1b7d-4919-bc5a-db1c7281876d/repo/tempest/lib/common/rest_client.py:437
2019-02-13 16:25:15.687 17908 INFO tempest.lib.common.rest_client [req-e068d6b6-ed6f-4778-86b8-965127f7a523 ] Request (TrunkTestJSON:test_create_trunk_nonexistent_port_id): 404 POST http://172.30.9.48:9696/v2.0/trunks 0.085s
2019-02-13 16:25:15.687 17908 DEBUG tempest.lib.common.rest_client [req-e068d6b6-ed6f-4778-86b8-965127f7a523 ] Request - Headers: {'Content-Type': 'application/json', 'Accept': 'application/json', 'X-Auth-Token': ''} Body: {"trunk": {"sub_ports": [], "port_id": "51641f2e-2d32-43d4-ab95-952be6604ae3"}} Response - Headers: {'status': '404', u'content-length': '132', 'content-location': 'http://172.30.9.48:9696/v2.0/trunks', u'date': 'Wed, 13 Feb 2019 16:25:15 GMT', u'content-type': 'application/json', u'connection': 'close', u'x-openstack-request-id': 'req-e068d6b6-ed6f-4778-86b8-965127f7a523'} Body: {"NeutronError": {"message": "Port 51641f2e-2d32-43d4-ab95-952be6604ae3 could not be found.", "type": "PortNotFound", "detail": ""}} _log_request_full /root/.rally/verification/verifier-aee8c065-1b7d-4919-bc5a-db1c7281876d/repo/tempest/lib/common/rest_client.py:437
2019-02-13 16:25:15.696 17904 INFO tempest.lib.common.rest_client [req-686e4071-8463-4621-99d6-9262a636ca1c ] Request (TrunkTestJSON:_run_cleanups): 404 DELETE http://172.30.9.48:9696/v2.0/trunks/0d6db610-c676-4314-bfb3-c8af8655749f 0.014s
2019-02-13 16:25:15.696 17904 DEBUG tempest.lib.common.rest_client [req-686e4071-8463-4621-99d6-9262a636ca1c ] Request - Headers: {'Content-Type': 'application/json', 'Accept': 'application/json', 'X-Auth-Token': ''} Body: None Response - Headers: {'status': '404', u'content-length': '134', 'content-location': 'http://172.30.9.48:9696/v2.0/trunks/0d6db610-c676-4314-bfb3-c8af8655749f', u'date': 'Wed, 13 Feb 2019 16:25:15 GMT', u'content-type': 'application/json', u'connection': 'close', u'x-openstack-request-id': 'req-686e4071-8463-4621-99d6-9262a636ca1c'} Body: {"NeutronError": {"message": "Trunk 0d6db610-c676-4314-bfb3-c8af8655749f could not be found.", "type": "TrunkNotFound", "detail": ""}} _log_request_full /root/.rally/verification/verifier-aee8c065-1b7d-4919-bc5a-db1c7281876d/repo/tempest/lib/common/rest_client.py:437
2019-02-13 16:25:15.702 17908 INFO tempest.lib.common.rest_client [req-b719a0a3-2d94-437d-a951-ed6db253c764 ] Request (TrunkTestJSON:_run_cleanups): 404 GET http://172.30.9.48:9696/v2.0/trunks/44ea5915-df7a-4144-b820-344c093324db/get_subports 0.014s
2019-02-13 16:25:15.703 17908 DEBUG tempest.lib.common.rest_client [req-b719a0a3-2d94-437d-a951-ed6db253c764 ] Request - Headers: {'Content-Type': 'application/json', 'Accept': 'application/json', 'X-Auth-Token': ''} Body: None Response - Headers: {'status': '404', u'content-length': '134', 'content-location': 'http://172.30.9.48:9696/v2.0/trunks/44ea5915-df7a-4144-b820-344c093324db/get_subports', u'date': 'Wed, 13 Feb 2019 16:25:15 GMT', u'content-type': 'application/json', u'connection': 'close', u'x-openstack-request-id': 'req-b719a0a3-2d94-437d-a951-ed6db253c764'} Body: {"NeutronError": {"message": "Trunk 44ea5915-df7a-4144-b820-344c093324db could not be found.", "type": "TrunkNotFound", "detail": ""}} _log_request_full /root/.rally/verification/verifier-aee8c065-1b7d-4919-bc5a-db1c7281876d/repo/tempest/lib/common/rest_client.py:437
2019-02-13 16:25:15.715 17904 INFO tempest.lib.common.rest_client [req-c3c4dbd2-6137-46f3-abad-c318588ed3ac ] Request (TrunkTestJSON:_run_cleanups): 404 GET http://172.30.9.48:9696/v2.0/trunks/9cc83cf5-0b42-4650-a51b-12e4e50f1d21/get_subports 0.018s
2019-02-13 16:25:15.715 17904 DEBUG tempest.lib.common.rest_client [req-c3c4dbd2-6137-46f3-abad-c318588ed3ac ] Request - Headers: {'Content-Type': 'application/json', 'Accept': 'application/json', 'X-Auth-Token': ''} Body: None Response - Headers: {'status': '404', u'content-length': '134', 'content-location': 'http://172.30.9.48:9696/v2.0/trunks/9cc83cf5-0b42-4650-a51b-12e4e50f1d21/get_subports', u'date': 'Wed, 13 Feb 2019 16:25:15 GMT', u'content-type': 'application/json', u'connection': 'close', u'x-openstack-request-id': 'req-c3c4dbd2-6137-46f3-abad-c318588ed3ac'} Body: {"NeutronError": {"message": "Trunk 9cc83cf5-0b42-4650-a51b-12e4e50f1d21 could not be found.", "type": "TrunkNotFound", "detail": ""}} _log_request_full /root/.rally/verification/verifier-aee8c065-1b7d-4919-bc5a-db1c7281876d/repo/tempest/lib/common/rest_client.py:437
2019-02-13 16:25:15.728 17908 INFO tempest.lib.common.rest_client [req-3c4406b6-6179-49ea-b2d4-8bf3adc89c07 ] Request (TrunkTestJSON:_run_cleanups): 404 DELETE http://172.30.9.48:9696/v2.0/trunks/44ea5915-df7a-4144-b820-344c093324db 0.024s
2019-02-13 16:25:15.729 17908 DEBUG tempest.lib.common.rest_client [req-3c4406b6-6179-49ea-b2d4-8bf3adc89c07 ] Request - Headers: {'Content-Type': 'application/json', 'Accept': 'application/json', 'X-Auth-Token': ''} Body: None Response - Headers: {'status': '404', u'content-length': '134', 'content-location': 'http://172.30.9.48:9696/v2.0/trunks/44ea5915-df7a-4144-b820-344c093324db', u'date': 'Wed, 13 Feb 2019 16:25:15 GMT', u'content-type': 'application/json', u'connection': 'close', u'x-openstack-request-id': 'req-3c4406b6-6179-49ea-b2d4-8bf3adc89c07'} Body: {"NeutronError": {"message": "Trunk 44ea5915-df7a-4144-b820-344c093324db could not be found.", "type": "TrunkNotFound", "detail": ""}} _log_request_full /root/.rally/verification/verifier-aee8c065-1b7d-4919-bc5a-db1c7281876d/repo/tempest/lib/common/rest_client.py:437
2019-02-13 16:25:15.731 17904 INFO tempest.lib.common.rest_client [req-f81b9ba5-fbbe-4221-b0ea-7897a3499f0e ] Request (TrunkTestJSON:_run_cleanups): 404 DELETE http://172.30.9.48:9696/v2.0/trunks/9cc83cf5-0b42-4650-a51b-12e4e50f1d21 0.015s
2019-02-13 16:25:15.731 17904 DEBUG tempest.lib.common.rest_client [req-f81b9ba5-fbbe-4221-b0ea-7897a3499f0e ] Request - Headers: {'Content-Type': 'application/json', 'Accept': 'application/json', 'X-Auth-Token': ''} Body: None Response - Headers: {'status': '404', u'content-length': '134', 'content-location': 'http://172.30.9.48:9696/v2.0/trunks/9cc83cf5-0b42-4650-a51b-12e4e50f1d21', u'date': 'Wed, 13 Feb 2019 16:25:15 GMT', u'content-type': 'application/json', u'connection': 'close', u'x-openstack-request-id': 'req-f81b9ba5-fbbe-4221-b0ea-7897a3499f0e'} Body: {"NeutronError": {"message": "Trunk 9cc83cf5-0b42-4650-a51b-12e4e50f1d21 could not be found.", "type": "TrunkNotFound", "detail": ""}} _log_request_full /root/.rally/verification/verifier-aee8c065-1b7d-4919-bc5a-db1c7281876d/repo/tempest/lib/common/rest_client.py:437
2019-02-13 16:25:15.741 17908 INFO tempest.lib.common.rest_client [req-4cd247db-2d64-4e13-b94b-41b9deb866d6 ] Request (TrunkTestJSON:_run_cleanups): 404 GET http://172.30.9.48:9696/v2.0/trunks/f2407bac-ef05-4322-b703-20e955b6f0c4/get_subports 0.011s
2019-02-13 16:25:15.741 17908 DEBUG tempest.lib.common.rest_client [req-4cd247db-2d64-4e13-b94b-41b9deb866d6 ] Request - Headers: {'Content-Type': 'application/json', 'Accept': 'application/json', 'X-Auth-Token': ''} Body: None Response - Headers: {'status': '404', u'content-length': '134', 'content-location': 'http://172.30.9.48:9696/v2.0/trunks/f2407bac-ef05-4322-b703-20e955b6f0c4/get_subports', u'date': 'Wed, 13 Feb 2019 16:25:15 GMT', u'content-type': 'application/json', u'connection': 'close', u'x-openstack-request-id': 'req-4cd247db-2d64-4e13-b94b-41b9deb866d6'} Body: {"NeutronError": {"message": "Trunk f2407bac-ef05-4322-b703-20e955b6f0c4 could not be found.", "type": "TrunkNotFound", "detail": ""}} _log_request_full /root/.rally/verification/verifier-aee8c065-1b7d-4919-bc5a-db1c7281876d/repo/tempest/lib/common/rest_client.py:437
2019-02-13 16:25:15.754 17904 INFO tempest.lib.common.rest_client [req-c8d8b250-be20-4be1-8311-198d0e9a8c30 ] Request (TrunkTestJSON:_run_cleanups): 404 GET http://172.30.9.48:9696/v2.0/trunks/318212f7-e010-4538-9b9b-17274930ef74/get_subports 0.023s
2019-02-13 16:25:15.755 17904 DEBUG tempest.lib.common.rest_client [req-c8d8b250-be20-4be1-8311-198d0e9a8c30 ] Request - Headers: {'Content-Type': 'application/json', 'Accept': 'application/json', 'X-Auth-Token': ''} Body: None Response - Headers: {'status': '404', u'content-length': '134', 'content-location': 'http://172.30.9.48:9696/v2.0/trunks/318212f7-e010-4538-9b9b-17274930ef74/get_subports', u'date': 'Wed, 13 Feb 2019 16:25:15 GMT', u'content-type': 'application/json', u'connection': 'close', u'x-openstack-request-id': 'req-c8d8b250-be20-4be1-8311-198d0e9a8c30'} Body: {"NeutronError": {"message": "Trunk 318212f7-e010-4538-9b9b-17274930ef74 could not be found.", "type": "TrunkNotFound", "detail": ""}} _log_request_full /root/.rally/verification/verifier-aee8c065-1b7d-4919-bc5a-db1c7281876d/repo/tempest/lib/common/rest_client.py:437
2019-02-13 16:25:15.760 17908 INFO tempest.lib.common.rest_client [req-e230c980-caa4-4a18-8b5a-41b7221902c3 ] Request (TrunkTestJSON:_run_cleanups): 404 DELETE http://172.30.9.48:9696/v2.0/trunks/f2407bac-ef05-4322-b703-20e955b6f0c4 0.018s
2019-02-13 16:25:15.761 17908 DEBUG tempest.lib.common.rest_client [req-e230c980-caa4-4a18-8b5a-41b7221902c3 ] Request - Headers: {'Content-Type': 'application/json', 'Accept': 'application/json', 'X-Auth-Token': ''} Body: None Response - Headers: {'status': '404', u'content-length': '134', 'content-location': 'http://172.30.9.48:9696/v2.0/trunks/f2407bac-ef05-4322-b703-20e955b6f0c4', u'date': 'Wed, 13 Feb 2019 16:25:15 GMT', u'content-type': 'application/json', u'connection': 'close', u'x-openstack-request-id': 'req-e230c980-caa4-4a18-8b5a-41b7221902c3'} Body: {"NeutronError": {"message": "Trunk f2407bac-ef05-4322-b703-20e955b6f0c4 could not be found.", "type": "TrunkNotFound", "detail": ""}} _log_request_full /root/.rally/verification/verifier-aee8c065-1b7d-4919-bc5a-db1c7281876d/repo/tempest/lib/common/rest_client.py:437
2019-02-13 16:25:15.770 17904 INFO tempest.lib.common.rest_client [req-da4cfcab-9f6d-4c83-8319-78bd9f6a1150 ] Request (TrunkTestJSON:_run_cleanups): 404 DELETE http://172.30.9.48:9696/v2.0/trunks/318212f7-e010-4538-9b9b-17274930ef74 0.014s
2019-02-13 16:25:15.770 17904 DEBUG tempest.lib.common.rest_client [req-da4cfcab-9f6d-4c83-8319-78bd9f6a1150 ] Request - Headers: {'Content-Type': 'application/json', 'Accept': 'application/json', 'X-Auth-Token': ''} Body: None Response - Headers: {'status': '404', u'content-length': '134', 'content-location': 'http://172.30.9.48:9696/v2.0/trunks/318212f7-e010-4538-9b9b-17274930ef74', u'date': 'Wed, 13 Feb 2019 16:25:15 GMT', u'content-type': 'application/json', u'connection': 'close', u'x-openstack-request-id': 'req-da4cfcab-9f6d-4c83-8319-78bd9f6a1150'} Body: {"NeutronError": {"message": "Trunk 318212f7-e010-4538-9b9b-17274930ef74 could not be found.", "type": "TrunkNotFound", "detail": ""}} _log_request_full /root/.rally/verification/verifier-aee8c065-1b7d-4919-bc5a-db1c7281876d/repo/tempest/lib/common/rest_client.py:437
2019-02-13 16:25:15.776 17908 INFO tempest.lib.common.rest_client [req-7f7d636a-819d-492a-ae69-0f46a246e01d ] Request (TrunkTestJSON:_run_cleanups): 404 GET http://172.30.9.48:9696/v2.0/trunks/c961ec97-3daf-46ac-80b6-8f03486184e2/get_subports 0.014s
2019-02-13 16:25:15.776 17908 DEBUG tempest.lib.common.rest_client [req-7f7d636a-819d-492a-ae69-0f46a246e01d ] Request - Headers: {'Content-Type': 'application/json', 'Accept': 'application/json', 'X-Auth-Token': ''} Body: None Response - Headers: {'status': '404', u'content-length': '134', 'content-location': 'http://172.30.9.48:9696/v2.0/trunks/c961ec97-3daf-46ac-80b6-8f03486184e2/get_subports', u'date': 'Wed, 13 Feb 2019 16:25:15 GMT', u'content-type': 'application/json', u'connection': 'close', u'x-openstack-request-id': 'req-7f7d636a-819d-492a-ae69-0f46a246e01d'} Body: {"NeutronError": {"message": "Trunk c961ec97-3daf-46ac-80b6-8f03486184e2 could not be found.", "type": "TrunkNotFound", "detail": ""}} _log_request_full /root/.rally/verification/verifier-aee8c065-1b7d-4919-bc5a-db1c7281876d/repo/tempest/lib/common/rest_client.py:437
2019-02-13 16:25:15.785 17904 INFO tempest.lib.common.rest_client [req-b2929881-15fa-4c08-b168-1932e9ccd49c ] Request (TrunkTestJSON:_run_cleanups): 404 GET http://172.30.9.48:9696/v2.0/trunks/40dccad2-c2c2-4370-8c2a-64329aebb548/get_subports 0.014s
2019-02-13 16:25:15.786 17904 DEBUG tempest.lib.common.rest_client [req-b2929881-15fa-4c08-b168-1932e9ccd49c ] Request - Headers: {'Content-Type': 'application/json', 'Accept': 'application/json', 'X-Auth-Token': ''} Body: None Response - Headers: {'status': '404', u'content-length': '134', 'content-location': 'http://172.30.9.48:9696/v2.0/trunks/40dccad2-c2c2-4370-8c2a-64329aebb548/get_subports', u'date': 'Wed, 13 Feb 2019 16:25:15 GMT', u'content-type': 'application/json', u'connection': 'close', u'x-openstack-request-id': 'req-b2929881-15fa-4c08-b168-1932e9ccd49c'} Body: {"NeutronError": {"message": "Trunk 40dccad2-c2c2-4370-8c2a-64329aebb548 could not be found.", "type": "TrunkNotFound", "detail": ""}} _log_request_full /root/.rally/verification/verifier-aee8c065-1b7d-4919-bc5a-db1c7281876d/repo/tempest/lib/common/rest_client.py:437
2019-02-13 16:25:15.794 17908 INFO tempest.lib.common.rest_client [req-78383a15-be6d-4a58-9673-d64aa3bd102a ] Request (TrunkTestJSON:_run_cleanups): 404 DELETE http://172.30.9.48:9696/v2.0/trunks/c961ec97-3daf-46ac-80b6-8f03486184e2 0.017s
2019-02-13 16:25:15.795 17908 DEBUG tempest.lib.common.rest_client [req-78383a15-be6d-4a58-9673-d64aa3bd102a ] Request - Headers: {'Content-Type': 'application/json', 'Accept': 'application/json', 'X-Auth-Token': ''} Body: None Response - Headers: {'status': '404', u'content-length': '134', 'content-location': 'http://172.30.9.48:9696/v2.0/trunks/c961ec97-3daf-46ac-80b6-8f03486184e2', u'date': 'Wed, 13 Feb 2019 16:25:15 GMT', u'content-type': 'application/json', u'connection': 'close', u'x-openstack-request-id': 'req-78383a15-be6d-4a58-9673-d64aa3bd102a'} Body: {"NeutronError": {"message": "Trunk c961ec97-3daf-46ac-80b6-8f03486184e2 could not be found.", "type": "TrunkNotFound", "detail": ""}} _log_request_full /root/.rally/verification/verifier-aee8c065-1b7d-4919-bc5a-db1c7281876d/repo/tempest/lib/common/rest_client.py:437
2019-02-13 16:25:15.802 17904 INFO tempest.lib.common.rest_client [req-038b2de9-730d-4b6c-994a-e6e55efb47fc ] Request (TrunkTestJSON:_run_cleanups): 404 DELETE http://172.30.9.48:9696/v2.0/trunks/40dccad2-c2c2-4370-8c2a-64329aebb548 0.015s
2019-02-13 16:25:15.802 17904 DEBUG tempest.lib.common.rest_client [req-038b2de9-730d-4b6c-994a-e6e55efb47fc ] Request - Headers: {'Content-Type': 'application/json', 'Accept': 'application/json', 'X-Auth-Token': ''} Body: None Response - Headers: {'status': '404', u'content-length': '134', 'content-location': 'http://172.30.9.48:9696/v2.0/trunks/40dccad2-c2c2-4370-8c2a-64329aebb548', u'date': 'Wed, 13 Feb 2019 16:25:15 GMT', u'content-type': 'application/json', u'connection': 'close', u'x-openstack-request-id': 'req-038b2de9-730d-4b6c-994a-e6e55efb47fc'} Body: {"NeutronError": {"message": "Trunk 40dccad2-c2c2-4370-8c2a-64329aebb548 could not be found.", "type": "TrunkNotFound", "detail": ""}} _log_request_full /root/.rally/verification/verifier-aee8c065-1b7d-4919-bc5a-db1c7281876d/repo/tempest/lib/common/rest_client.py:437
2019-02-13 16:25:15.808 17908 INFO tempest.lib.common.rest_client [req-8cfcba7c-34b5-475a-9fe7-bebb5a5ce13f ] Request (TrunkTestJSON:_run_cleanups): 404 GET http://172.30.9.48:9696/v2.0/trunks/f2c05005-9a00-437b-bfca-b5b383922b6d/get_subports 0.012s
2019-02-13 16:25:15.808 17908 DEBUG tempest.lib.common.rest_client [req-8cfcba7c-34b5-475a-9fe7-bebb5a5ce13f ] Request - Headers: {'Content-Type': 'application/json', 'Accept': 'application/json', 'X-Auth-Token': ''} Body: None Response - Headers: {'status': '404', u'content-length': '134', 'content-location': 'http://172.30.9.48:9696/v2.0/trunks/f2c05005-9a00-437b-bfca-b5b383922b6d/get_subports', u'date': 'Wed, 13 Feb 2019 16:25:15 GMT', u'content-type': 'application/json', u'connection': 'close', u'x-openstack-request-id': 'req-8cfcba7c-34b5-475a-9fe7-bebb5a5ce13f'} Body: {"NeutronError": {"message": "Trunk f2c05005-9a00-437b-bfca-b5b383922b6d could not be found.", "type": "TrunkNotFound", "detail": ""}} _log_request_full /root/.rally/verification/verifier-aee8c065-1b7d-4919-bc5a-db1c7281876d/repo/tempest/lib/common/rest_client.py:437
2019-02-13 16:25:15.815 17904 INFO tempest.lib.common.rest_client [req-21918251-4f8b-48a3-a8b0-3f003094925a ] Request (TrunkTestJSON:_run_cleanups): 404 GET http://172.30.9.48:9696/v2.0/trunks/b95df418-3483-4e11-908a-5a60739ccaaf/get_subports 0.012s
2019-02-13 16:25:15.816 17904 DEBUG tempest.lib.common.rest_client [req-21918251-4f8b-48a3-a8b0-3f003094925a ] Request - Headers: {'Content-Type': 'application/json', 'Accept': 'application/json', 'X-Auth-Token': ''} Body: None Response - Headers: {'status': '404', u'content-length': '134', 'content-location': 'http://172.30.9.48:9696/v2.0/trunks/b95df418-3483-4e11-908a-5a60739ccaaf/get_subports', u'date': 'Wed, 13 Feb 2019 16:25:15 GMT', u'content-type': 'application/json', u'connection': 'close', u'x-openstack-request-id': 'req-21918251-4f8b-48a3-a8b0-3f003094925a'} Body: {"NeutronError": {"message": "Trunk b95df418-3483-4e11-908a-5a60739ccaaf could not be found.", "type": "TrunkNotFound", "detail": ""}} _log_request_full /root/.rally/verification/verifier-aee8c065-1b7d-4919-bc5a-db1c7281876d/repo/tempest/lib/common/rest_client.py:437
2019-02-13 16:25:15.825 17908 INFO tempest.lib.common.rest_client [req-3c433279-3557-41d4-86ac-d2e00c4c4586 ] Request (TrunkTestJSON:_run_cleanups): 404 DELETE http://172.30.9.48:9696/v2.0/trunks/f2c05005-9a00-437b-bfca-b5b383922b6d 0.016s
2019-02-13 16:25:15.826 17908 DEBUG tempest.lib.common.rest_client [req-3c433279-3557-41d4-86ac-d2e00c4c4586 ] Request - Headers: {'Content-Type': 'application/json', 'Accept': 'application/json', 'X-Auth-Token': ''} Body: None Response - Headers: {'status': '404', u'content-length': '134', 'content-location': 'http://172.30.9.48:9696/v2.0/trunks/f2c05005-9a00-437b-bfca-b5b383922b6d', u'date': 'Wed, 13 Feb 2019 16:25:15 GMT', u'content-type': 'application/json', u'connection': 'close', u'x-openstack-request-id': 'req-3c433279-3557-41d4-86ac-d2e00c4c4586'} Body: {"NeutronError": {"message": "Trunk f2c05005-9a00-437b-bfca-b5b383922b6d could not be found.", "type": "TrunkNotFound", "detail": ""}} _log_request_full /root/.rally/verification/verifier-aee8c065-1b7d-4919-bc5a-db1c7281876d/repo/tempest/lib/common/rest_client.py:437
2019-02-13 16:25:15.834 17904 INFO tempest.lib.common.rest_client [req-87c6812a-97fb-459a-9bbd-6f4d6657af89 ] Request (TrunkTestJSON:_run_cleanups): 404 DELETE http://172.30.9.48:9696/v2.0/trunks/b95df418-3483-4e11-908a-5a60739ccaaf 0.017s
2019-02-13 16:25:15.834 17904 DEBUG tempest.lib.common.rest_client [req-87c6812a-97fb-459a-9bbd-6f4d6657af89 ] Request - Headers: {'Content-Type': 'application/json', 'Accept': 'application/json', 'X-Auth-Token': ''} Body: None Response - Headers: {'status': '404', u'content-length': '134', 'content-location': 'http://172.30.9.48:9696/v2.0/trunks/b95df418-3483-4e11-908a-5a60739ccaaf', u'date': 'Wed, 13 Feb 2019 16:25:15 GMT', u'content-type': 'application/json', u'connection': 'close', u'x-openstack-request-id': 'req-87c6812a-97fb-459a-9bbd-6f4d6657af89'} Body: {"NeutronError": {"message": "Trunk b95df418-3483-4e11-908a-5a60739ccaaf could not be found.", "type": "TrunkNotFound", "detail": ""}} _log_request_full /root/.rally/verification/verifier-aee8c065-1b7d-4919-bc5a-db1c7281876d/repo/tempest/lib/common/rest_client.py:437
2019-02-13 16:25:15.839 17908 INFO tempest.lib.common.rest_client [req-11e2ae7e-8a13-4d87-adf2-b64e3fa77bf2 ] Request (TrunkTestJSON:_run_cleanups): 404 GET http://172.30.9.48:9696/v2.0/trunks/1604edc2-62b0-4509-91e9-ef8db115e284/get_subports 0.013s
2019-02-13 16:25:15.840 17908 DEBUG tempest.lib.common.rest_client [req-11e2ae7e-8a13-4d87-adf2-b64e3fa77bf2 ] Request - Headers: {'Content-Type': 'application/json', 'Accept': 'application/json', 'X-Auth-Token': ''} Body: None Response - Headers: {'status': '404', u'content-length': '134', 'content-location': 'http://172.30.9.48:9696/v2.0/trunks/1604edc2-62b0-4509-91e9-ef8db115e284/get_subports', u'date': 'Wed, 13 Feb 2019 16:25:15 GMT', u'content-type': 'application/json', u'connection': 'close', u'x-openstack-request-id': 'req-11e2ae7e-8a13-4d87-adf2-b64e3fa77bf2'} Body: {"NeutronError": {"message": "Trunk 1604edc2-62b0-4509-91e9-ef8db115e284 could not be found.", "type": "TrunkNotFound", "detail": ""}} _log_request_full /root/.rally/verification/verifier-aee8c065-1b7d-4919-bc5a-db1c7281876d/repo/tempest/lib/common/rest_client.py:437
2019-02-13 16:25:15.848 17904 INFO tempest.lib.common.rest_client [req-4c245f9b-72c0-4099-beb6-ad49a0ef54a4 ] Request (TrunkTestJSON:_run_cleanups): 404 GET http://172.30.9.48:9696/v2.0/trunks/bbf90a8f-295b-4242-9cb4-aebbea4ac9dc/get_subports 0.013s
2019-02-13 16:25:15.848 17904 DEBUG tempest.lib.common.rest_client [req-4c245f9b-72c0-4099-beb6-ad49a0ef54a4 ] Request - Headers: {'Content-Type': 'application/json', 'Accept': 'application/json', 'X-Auth-Token': ''} Body: None Response - Headers: {'status': '404', u'content-length': '134', 'content-location': 'http://172.30.9.48:9696/v2.0/trunks/bbf90a8f-295b-4242-9cb4-aebbea4ac9dc/get_subports', u'date': 'Wed, 13 Feb 2019 16:25:15 GMT', u'content-type': 'application/json', u'connection': 'close', u'x-openstack-request-id': 'req-4c245f9b-72c0-4099-beb6-ad49a0ef54a4'} Body: {"NeutronError": {"message": "Trunk bbf90a8f-295b-4242-9cb4-aebbea4ac9dc could not be found.", "type": "TrunkNotFound", "detail": ""}} _log_request_full /root/.rally/verification/verifier-aee8c065-1b7d-4919-bc5a-db1c7281876d/repo/tempest/lib/common/rest_client.py:437
2019-02-13 16:25:15.854 17908 INFO tempest.lib.common.rest_client [req-36facd6c-c148-4f29-8d81-b5c41764a752 ] Request (TrunkTestJSON:_run_cleanups): 404 DELETE http://172.30.9.48:9696/v2.0/trunks/1604edc2-62b0-4509-91e9-ef8db115e284 0.014s
2019-02-13 16:25:15.855 17908 DEBUG tempest.lib.common.rest_client [req-36facd6c-c148-4f29-8d81-b5c41764a752 ] Request - Headers: {'Content-Type': 'application/json', 'Accept': 'application/json', 'X-Auth-Token': ''} Body: None Response - Headers: {'status': '404', u'content-length': '134', 'content-location': 'http://172.30.9.48:9696/v2.0/trunks/1604edc2-62b0-4509-91e9-ef8db115e284', u'date': 'Wed, 13 Feb 2019 16:25:15 GMT', u'content-type': 'application/json', u'connection': 'close', u'x-openstack-request-id': 'req-36facd6c-c148-4f29-8d81-b5c41764a752'} Body: {"NeutronError": {"message": "Trunk 1604edc2-62b0-4509-91e9-ef8db115e284 could not be found.", "type": "TrunkNotFound", "detail": ""}} _log_request_full /root/.rally/verification/verifier-aee8c065-1b7d-4919-bc5a-db1c7281876d/repo/tempest/lib/common/rest_client.py:437
2019-02-13 16:25:15.866 17904 INFO tempest.lib.common.rest_client [req-33dc837a-9d77-4f01-9eba-d4286eeec659 ] Request (TrunkTestJSON:_run_cleanups): 404 DELETE http://172.30.9.48:9696/v2.0/trunks/bbf90a8f-295b-4242-9cb4-aebbea4ac9dc 0.017s
2019-02-13 16:25:15.866 17904 DEBUG tempest.lib.common.rest_client [req-33dc837a-9d77-4f01-9eba-d4286eeec659 ] Request - Headers: {'Content-Type': 'application/json', 'Accept': 'application/json', 'X-Auth-Token': ''} Body: None Response - Headers: {'status': '404', u'content-length': '134', 'content-location': 'http://172.30.9.48:9696/v2.0/trunks/bbf90a8f-295b-4242-9cb4-aebbea4ac9dc', u'date': 'Wed, 13 Feb 2019 16:25:15 GMT', u'content-type': 'application/json', u'connection': 'close', u'x-openstack-request-id': 'req-33dc837a-9d77-4f01-9eba-d4286eeec659'} Body: {"NeutronError": {"message": "Trunk bbf90a8f-295b-4242-9cb4-aebbea4ac9dc could not be found.", "type": "TrunkNotFound", "detail": ""}} _log_request_full /root/.rally/verification/verifier-aee8c065-1b7d-4919-bc5a-db1c7281876d/repo/tempest/lib/common/rest_client.py:437
2019-02-13 16:25:15.868 17908 INFO tempest.lib.common.rest_client [req-8f7ae69e-e7ab-442a-8ac2-7513301690c7 ] Request (TrunkTestJSON:_run_cleanups): 404 GET http://172.30.9.48:9696/v2.0/trunks/b16e69ef-e0d9-4970-ba13-d1423c3d7f7e/get_subports 0.013s
2019-02-13 16:25:15.869 17908 DEBUG tempest.lib.common.rest_client [req-8f7ae69e-e7ab-442a-8ac2-7513301690c7 ] Request - Headers: {'Content-Type': 'application/json', 'Accept': 'application/json', 'X-Auth-Token': ''} Body: None Response - Headers: {'status': '404', u'content-length': '134', 'content-location': 'http://172.30.9.48:9696/v2.0/trunks/b16e69ef-e0d9-4970-ba13-d1423c3d7f7e/get_subports', u'date': 'Wed, 13 Feb 2019 16:25:15 GMT', u'content-type': 'application/json', u'connection': 'close', u'x-openstack-request-id': 'req-8f7ae69e-e7ab-442a-8ac2-7513301690c7'} Body: {"NeutronError": {"message": "Trunk b16e69ef-e0d9-4970-ba13-d1423c3d7f7e could not be found.", "type": "TrunkNotFound", "detail": ""}} _log_request_full /root/.rally/verification/verifier-aee8c065-1b7d-4919-bc5a-db1c7281876d/repo/tempest/lib/common/rest_client.py:437
2019-02-13 16:25:15.880 17904 INFO tempest.lib.common.rest_client [req-63018bf6-f289-470b-acdf-91c005e53fe7 ] Request (TrunkTestJSON:_run_cleanups): 404 GET http://172.30.9.48:9696/v2.0/trunks/fef2e7a5-109f-4d8d-85d4-835cc57de9e7/get_subports 0.013s
2019-02-13 16:25:15.880 17904 DEBUG tempest.lib.common.rest_client [req-63018bf6-f289-470b-acdf-91c005e53fe7 ] Request - Headers: {'Content-Type': 'application/json', 'Accept': 'application/json', 'X-Auth-Token': ''} Body: None Response - Headers: {'status': '404', u'content-length': '134', 'content-location': 'http://172.30.9.48:9696/v2.0/trunks/fef2e7a5-109f-4d8d-85d4-835cc57de9e7/get_subports', u'date': 'Wed, 13 Feb 2019 16:25:15 GMT', u'content-type': 'application/json', u'connection': 'close', u'x-openstack-request-id': 'req-63018bf6-f289-470b-acdf-91c005e53fe7'} Body: {"NeutronError": {"message": "Trunk fef2e7a5-109f-4d8d-85d4-835cc57de9e7 could not be found.", "type": "TrunkNotFound", "detail": ""}} _log_request_full /root/.rally/verification/verifier-aee8c065-1b7d-4919-bc5a-db1c7281876d/repo/tempest/lib/common/rest_client.py:437
2019-02-13 16:25:15.887 17908 INFO tempest.lib.common.rest_client [req-1baab58a-3017-4033-998c-970d5c1437f2 ] Request (TrunkTestJSON:_run_cleanups): 404 DELETE http://172.30.9.48:9696/v2.0/trunks/b16e69ef-e0d9-4970-ba13-d1423c3d7f7e 0.018s
2019-02-13 16:25:15.888 17908 DEBUG tempest.lib.common.rest_client [req-1baab58a-3017-4033-998c-970d5c1437f2 ] Request - Headers: {'Content-Type': 'application/json', 'Accept': 'application/json', 'X-Auth-Token': ''} Body: None Response - Headers: {'status': '404', u'content-length': '134', 'content-location': 'http://172.30.9.48:9696/v2.0/trunks/b16e69ef-e0d9-4970-ba13-d1423c3d7f7e', u'date': 'Wed, 13 Feb 2019 16:25:15 GMT', u'content-type': 'application/json', u'connection': 'close', u'x-openstack-request-id': 'req-1baab58a-3017-4033-998c-970d5c1437f2'} Body: {"NeutronError": {"message": "Trunk b16e69ef-e0d9-4970-ba13-d1423c3d7f7e could not be found.", "type": "TrunkNotFound", "detail": ""}} _log_request_full /root/.rally/verification/verifier-aee8c065-1b7d-4919-bc5a-db1c7281876d/repo/tempest/lib/common/rest_client.py:437
2019-02-13 16:25:15.895 17904 INFO tempest.lib.common.rest_client [req-22de4417-0662-4597-85d7-6ad244d74821 ] Request (TrunkTestJSON:_run_cleanups): 404 DELETE http://172.30.9.48:9696/v2.0/trunks/fef2e7a5-109f-4d8d-85d4-835cc57de9e7 0.014s
2019-02-13 16:25:15.895 17904 DEBUG tempest.lib.common.rest_client [req-22de4417-0662-4597-85d7-6ad244d74821 ] Request - Headers: {'Content-Type': 'application/json', 'Accept': 'application/json', 'X-Auth-Token': ''} Body: None Response - Headers: {'status': '404', u'content-length': '134', 'content-location': 'http://172.30.9.48:9696/v2.0/trunks/fef2e7a5-109f-4d8d-85d4-835cc57de9e7', u'date': 'Wed, 13 Feb 2019 16:25:15 GMT', u'content-type': 'application/json', u'connection': 'close', u'x-openstack-request-id': 'req-22de4417-0662-4597-85d7-6ad244d74821'} Body: {"NeutronError": {"message": "Trunk fef2e7a5-109f-4d8d-85d4-835cc57de9e7 could not be found.", "type": "TrunkNotFound", "detail": ""}} _log_request_full /root/.rally/verification/verifier-aee8c065-1b7d-4919-bc5a-db1c7281876d/repo/tempest/lib/common/rest_client.py:437
2019-02-13 16:25:15.901 17908 INFO tempest.lib.common.rest_client [req-9a532836-3bfe-4403-adef-b83fc8124014 ] Request (TrunkTestJSON:_run_cleanups): 404 GET http://172.30.9.48:9696/v2.0/trunks/af5360cc-35c0-4532-ad1f-cd07a8240395/get_subports 0.013s
2019-02-13 16:25:15.902 17908 DEBUG tempest.lib.common.rest_client [req-9a532836-3bfe-4403-adef-b83fc8124014 ] Request - Headers: {'Content-Type': 'application/json', 'Accept': 'application/json', 'X-Auth-Token': ''} Body: None Response - Headers: {'status': '404', u'content-length': '134', 'content-location': 'http://172.30.9.48:9696/v2.0/trunks/af5360cc-35c0-4532-ad1f-cd07a8240395/get_subports', u'date': 'Wed, 13 Feb 2019 16:25:15 GMT', u'content-type': 'application/json', u'connection': 'close', u'x-openstack-request-id': 'req-9a532836-3bfe-4403-adef-b83fc8124014'} Body: {"NeutronError": {"message": "Trunk af5360cc-35c0-4532-ad1f-cd07a8240395 could not be found.", "type": "TrunkNotFound", "detail": ""}} _log_request_full /root/.rally/verification/verifier-aee8c065-1b7d-4919-bc5a-db1c7281876d/repo/tempest/lib/common/rest_client.py:437
2019-02-13 16:25:15.909 17904 INFO tempest.lib.common.rest_client [req-46b3db0a-2fdf-40d9-b686-9fee1ada2ba9 ] Request (TrunkTestJSON:_run_cleanups): 404 GET http://172.30.9.48:9696/v2.0/trunks/89683208-a775-4c07-af0e-7654aa14c1eb/get_subports 0.013s
2019-02-13 16:25:15.910 17904 DEBUG tempest.lib.common.rest_client [req-46b3db0a-2fdf-40d9-b686-9fee1ada2ba9 ] Request - Headers: {'Content-Type': 'application/json', 'Accept': 'application/json', 'X-Auth-Token': ''} Body: None Response - Headers: {'status': '404', u'content-length': '134', 'content-location': 'http://172.30.9.48:9696/v2.0/trunks/89683208-a775-4c07-af0e-7654aa14c1eb/get_subports', u'date': 'Wed, 13 Feb 2019 16:25:15 GMT', u'content-type': 'application/json', u'connection': 'close', u'x-openstack-request-id': 'req-46b3db0a-2fdf-40d9-b686-9fee1ada2ba9'} Body: {"NeutronError": {"message": "Trunk 89683208-a775-4c07-af0e-7654aa14c1eb could not be found.", "type": "TrunkNotFound", "detail": ""}} _log_request_full /root/.rally/verification/verifier-aee8c065-1b7d-4919-bc5a-db1c7281876d/repo/tempest/lib/common/rest_client.py:437
2019-02-13 16:25:15.918 17908 INFO tempest.lib.common.rest_client [req-2b2b1a61-95da-4819-a3b4-0bd1ce88c611 ] Request (TrunkTestJSON:_run_cleanups): 404 DELETE http://172.30.9.48:9696/v2.0/trunks/af5360cc-35c0-4532-ad1f-cd07a8240395 0.015s
2019-02-13 16:25:15.918 17908 DEBUG tempest.lib.common.rest_client [req-2b2b1a61-95da-4819-a3b4-0bd1ce88c611 ] Request - Headers: {'Content-Type': 'application/json', 'Accept': 'application/json', 'X-Auth-Token': ''} Body: None Response - Headers: {'status': '404', u'content-length': '134', 'content-location': 'http://172.30.9.48:9696/v2.0/trunks/af5360cc-35c0-4532-ad1f-cd07a8240395', u'date': 'Wed, 13 Feb 2019 16:25:15 GMT', u'content-type': 'application/json', u'connection': 'close', u'x-openstack-request-id': 'req-2b2b1a61-95da-4819-a3b4-0bd1ce88c611'} Body: {"NeutronError": {"message": "Trunk af5360cc-35c0-4532-ad1f-cd07a8240395 could not be found.", "type": "TrunkNotFound", "detail": ""}} _log_request_full /root/.rally/verification/verifier-aee8c065-1b7d-4919-bc5a-db1c7281876d/repo/tempest/lib/common/rest_client.py:437
2019-02-13 16:25:15.932 17904 INFO tempest.lib.common.rest_client [req-31598726-ceb2-4ca6-8258-610f69dfabda ] Request (TrunkTestJSON:_run_cleanups): 404 DELETE http://172.30.9.48:9696/v2.0/trunks/89683208-a775-4c07-af0e-7654aa14c1eb 0.021s
2019-02-13 16:25:15.932 17908 INFO tempest.lib.common.rest_client [req-47a20886-eae6-40f7-9814-77c30e93eaeb ] Request (TrunkTestJSON:_run_cleanups): 404 GET http://172.30.9.48:9696/v2.0/trunks/44ea5915-df7a-4144-b820-344c093324db 0.013s
2019-02-13 16:25:15.932 17904 DEBUG tempest.lib.common.rest_client [req-31598726-ceb2-4ca6-8258-610f69dfabda ] Request - Headers: {'Content-Type': 'application/json', 'Accept': 'application/json', 'X-Auth-Token': ''} Body: None Response - Headers: {'status': '404', u'content-length': '134', 'content-location': 'http://172.30.9.48:9696/v2.0/trunks/89683208-a775-4c07-af0e-7654aa14c1eb', u'date': 'Wed, 13 Feb 2019 16:25:15 GMT', u'content-type': 'application/json', u'connection': 'close', u'x-openstack-request-id': 'req-31598726-ceb2-4ca6-8258-610f69dfabda'} Body: {"NeutronError": {"message": "Trunk 89683208-a775-4c07-af0e-7654aa14c1eb could not be found.", "type": "TrunkNotFound", "detail": ""}} _log_request_full /root/.rally/verification/verifier-aee8c065-1b7d-4919-bc5a-db1c7281876d/repo/tempest/lib/common/rest_client.py:437
2019-02-13 16:25:15.932 17908 DEBUG tempest.lib.common.rest_client [req-47a20886-eae6-40f7-9814-77c30e93eaeb ] Request - Headers: {'Content-Type': 'application/json', 'Accept': 'application/json', 'X-Auth-Token': ''} Body: None Response - Headers: {'status': '404', u'content-length': '134', 'content-location': 'http://172.30.9.48:9696/v2.0/trunks/44ea5915-df7a-4144-b820-344c093324db', u'date': 'Wed, 13 Feb 2019 16:25:15 GMT', u'content-type': 'application/json', u'connection': 'close', u'x-openstack-request-id': 'req-47a20886-eae6-40f7-9814-77c30e93eaeb'} Body: {"NeutronError": {"message": "Trunk 44ea5915-df7a-4144-b820-344c093324db could not be found.", "type": "TrunkNotFound", "detail": ""}} _log_request_full /root/.rally/verification/verifier-aee8c065-1b7d-4919-bc5a-db1c7281876d/repo/tempest/lib/common/rest_client.py:437
2019-02-13 16:25:15.946 17908 INFO tempest.lib.common.rest_client [req-9a47356c-bb42-46d5-83ba-b52944629f1d ] Request (TrunkTestJSON:_run_cleanups): 404 GET http://172.30.9.48:9696/v2.0/trunks/f2407bac-ef05-4322-b703-20e955b6f0c4 0.012s
2019-02-13 16:25:15.946 17908 DEBUG tempest.lib.common.rest_client [req-9a47356c-bb42-46d5-83ba-b52944629f1d ] Request - Headers: {'Content-Type': 'application/json', 'Accept': 'application/json', 'X-Auth-Token': ''} Body: None Response - Headers: {'status': '404', u'content-length': '134', 'content-location': 'http://172.30.9.48:9696/v2.0/trunks/f2407bac-ef05-4322-b703-20e955b6f0c4', u'date': 'Wed, 13 Feb 2019 16:25:15 GMT', u'content-type': 'application/json', u'connection': 'close', u'x-openstack-request-id': 'req-9a47356c-bb42-46d5-83ba-b52944629f1d'} Body: {"NeutronError": {"message": "Trunk f2407bac-ef05-4322-b703-20e955b6f0c4 could not be found.", "type": "TrunkNotFound", "detail": ""}} _log_request_full /root/.rally/verification/verifier-aee8c065-1b7d-4919-bc5a-db1c7281876d/repo/tempest/lib/common/rest_client.py:437
2019-02-13 16:25:15.959 17908 INFO tempest.lib.common.rest_client [req-1c04b721-a173-4008-880b-b07041ea088d ] Request (TrunkTestJSON:_run_cleanups): 404 GET http://172.30.9.48:9696/v2.0/trunks/c961ec97-3daf-46ac-80b6-8f03486184e2 0.012s
2019-02-13 16:25:15.959 17908 DEBUG tempest.lib.common.rest_client [req-1c04b721-a173-4008-880b-b07041ea088d ] Request - Headers: {'Content-Type': 'application/json', 'Accept': 'application/json', 'X-Auth-Token': ''} Body: None Response - Headers: {'status': '404', u'content-length': '134', 'content-location': 'http://172.30.9.48:9696/v2.0/trunks/c961ec97-3daf-46ac-80b6-8f03486184e2', u'date': 'Wed, 13 Feb 2019 16:25:15 GMT', u'content-type': 'application/json', u'connection': 'close', u'x-openstack-request-id': 'req-1c04b721-a173-4008-880b-b07041ea088d'} Body: {"NeutronError": {"message": "Trunk c961ec97-3daf-46ac-80b6-8f03486184e2 could not be found.", "type": "TrunkNotFound", "detail": ""}} _log_request_full /root/.rally/verification/verifier-aee8c065-1b7d-4919-bc5a-db1c7281876d/repo/tempest/lib/common/rest_client.py:437
2019-02-13 16:25:15.962 17904 INFO tempest.lib.common.rest_client [req-4d3f03ac-2827-4c9a-8230-dd05b981e1ed ] Request (TrunkTestJSON:_run_cleanups): 200 GET http://172.30.9.48:9696/v2.0/trunks/367c8811-43b3-449e-8325-4d8a361acd98/get_subports 0.029s
2019-02-13 16:25:15.962 17904 DEBUG tempest.lib.common.rest_client [req-4d3f03ac-2827-4c9a-8230-dd05b981e1ed ] Request - Headers: {'Content-Type': 'application/json', 'Accept': 'application/json', 'X-Auth-Token': ''} Body: None Response - Headers: {'status': '200', u'content-length': '17', 'content-location': 'http://172.30.9.48:9696/v2.0/trunks/367c8811-43b3-449e-8325-4d8a361acd98/get_subports', u'date': 'Wed, 13 Feb 2019 16:25:15 GMT', u'content-type': 'application/json', u'connection': 'close', u'x-openstack-request-id': 'req-4d3f03ac-2827-4c9a-8230-dd05b981e1ed'} Body: {"sub_ports": []} _log_request_full /root/.rally/verification/verifier-aee8c065-1b7d-4919-bc5a-db1c7281876d/repo/tempest/lib/common/rest_client.py:437
2019-02-13 16:25:15.980 17908 INFO tempest.lib.common.rest_client [req-0a1e6ad0-491f-4aea-90d7-9c518ac5e9b2 ] Request (TrunkTestJSON:_run_cleanups): 404 GET http://172.30.9.48:9696/v2.0/trunks/f2c05005-9a00-437b-bfca-b5b383922b6d 0.020s
2019-02-13 16:25:15.981 17908 DEBUG tempest.lib.common.rest_client [req-0a1e6ad0-491f-4aea-90d7-9c518ac5e9b2 ] Request - Headers: {'Content-Type': 'application/json', 'Accept': 'application/json', 'X-Auth-Token': ''} Body: None Response - Headers: {'status': '404', u'content-length': '134', 'content-location': 'http://172.30.9.48:9696/v2.0/trunks/f2c05005-9a00-437b-bfca-b5b383922b6d', u'date': 'Wed, 13 Feb 2019 16:25:15 GMT', u'content-type': 'application/json', u'connection': 'close', u'x-openstack-request-id': 'req-0a1e6ad0-491f-4aea-90d7-9c518ac5e9b2'} Body: {"NeutronError": {"message": "Trunk f2c05005-9a00-437b-bfca-b5b383922b6d could not be found.", "type": "TrunkNotFound", "detail": ""}} _log_request_full /root/.rally/verification/verifier-aee8c065-1b7d-4919-bc5a-db1c7281876d/repo/tempest/lib/common/rest_client.py:437
2019-02-13 16:25:15.995 17908 INFO tempest.lib.common.rest_client [req-4102acf4-ac53-4768-908d-700ece3c14d7 ] Request (TrunkTestJSON:_run_cleanups): 404 GET http://172.30.9.48:9696/v2.0/trunks/1604edc2-62b0-4509-91e9-ef8db115e284 0.014s
2019-02-13 16:25:15.996 17908 DEBUG tempest.lib.common.rest_client [req-4102acf4-ac53-4768-908d-700ece3c14d7 ] Request - Headers: {'Content-Type': 'application/json', 'Accept': 'application/json', 'X-Auth-Token': ''} Body: None Response - Headers: {'status': '404', u'content-length': '134', 'content-location': 'http://172.30.9.48:9696/v2.0/trunks/1604edc2-62b0-4509-91e9-ef8db115e284', u'date': 'Wed, 13 Feb 2019 16:25:16 GMT', u'content-type': 'application/json', u'connection': 'close', u'x-openstack-request-id': 'req-4102acf4-ac53-4768-908d-700ece3c14d7'} Body: {"NeutronError": {"message": "Trunk 1604edc2-62b0-4509-91e9-ef8db115e284 could not be found.", "type": "TrunkNotFound", "detail": ""}} _log_request_full /root/.rally/verification/verifier-aee8c065-1b7d-4919-bc5a-db1c7281876d/repo/tempest/lib/common/rest_client.py:437
2019-02-13 16:25:16.009 17908 INFO tempest.lib.common.rest_client [req-c3cb5b59-5c26-4c43-a43e-dd69b898c9a8 ] Request (TrunkTestJSON:_run_cleanups): 404 GET http://172.30.9.48:9696/v2.0/trunks/b16e69ef-e0d9-4970-ba13-d1423c3d7f7e 0.013s
2019-02-13 16:25:16.010 17908 DEBUG tempest.lib.common.rest_client [req-c3cb5b59-5c26-4c43-a43e-dd69b898c9a8 ] Request - Headers: {'Content-Type': 'application/json', 'Accept': 'application/json', 'X-Auth-Token': ''} Body: None Response - Headers: {'status': '404', u'content-length': '134', 'content-location': 'http://172.30.9.48:9696/v2.0/trunks/b16e69ef-e0d9-4970-ba13-d1423c3d7f7e', u'date': 'Wed, 13 Feb 2019 16:25:16 GMT', u'content-type': 'application/json', u'connection': 'close', u'x-openstack-request-id': 'req-c3cb5b59-5c26-4c43-a43e-dd69b898c9a8'} Body: {"NeutronError": {"message": "Trunk b16e69ef-e0d9-4970-ba13-d1423c3d7f7e could not be found.", "type": "TrunkNotFound", "detail": ""}} _log_request_full /root/.rally/verification/verifier-aee8c065-1b7d-4919-bc5a-db1c7281876d/repo/tempest/lib/common/rest_client.py:437
2019-02-13 16:25:16.012 17904 INFO tempest.lib.common.rest_client [req-b3ccf9fe-236e-42d2-a224-fed3f5b2efa2 ] Request (TrunkTestJSON:_run_cleanups): 200 PUT http://172.30.9.48:9696/v2.0/trunks/367c8811-43b3-449e-8325-4d8a361acd98/remove_subports 0.049s
