2019-02-08 16:02:19.825 17914 DEBUG tempest.lib.common.rest_client [req-c9818fcd-23d9-4f8d-aea9-ee679655291c ] Request - Headers: {'Content-Type': 'application/json', 'Accept': 'application/json', 'X-Auth-Token': ''} Body: None Response - Headers: {'status': '404', u'content-length': '134', 'content-location': 'http://172.30.9.21:9696/v2.0/trunks/fbbc5923-5e86-4b5f-bdfe-91fb35b3b81e', u'date': 'Fri, 08 Feb 2019 16:02:19 GMT', u'content-type': 'application/json', u'connection': 'close', u'x-openstack-request-id': 'req-c9818fcd-23d9-4f8d-aea9-ee679655291c'} Body: {"NeutronError": {"message": "Trunk fbbc5923-5e86-4b5f-bdfe-91fb35b3b81e could not be found.", "type": "TrunkNotFound", "detail": ""}} _log_request_full /root/.rally/verification/verifier-3061ead3-063c-4422-afd2-2b0a707e2bc7/repo/tempest/lib/common/rest_client.py:437
2019-02-08 16:02:19.839 17914 INFO tempest.lib.common.rest_client [req-c0a6fabd-0069-421b-a0f6-2ac500b4a457 ] Request (TrunkTestJSON:_run_cleanups): 404 GET http://172.30.9.21:9696/v2.0/trunks/ce68a251-06f3-4cba-b5fe-1c432c4d3c33 0.014s
2019-02-08 16:02:19.839 17914 DEBUG tempest.lib.common.rest_client [req-c0a6fabd-0069-421b-a0f6-2ac500b4a457 ] Request - Headers: {'Content-Type': 'application/json', 'Accept': 'application/json', 'X-Auth-Token': ''} Body: None Response - Headers: {'status': '404', u'content-length': '134', 'content-location': 'http://172.30.9.21:9696/v2.0/trunks/ce68a251-06f3-4cba-b5fe-1c432c4d3c33', u'date': 'Fri, 08 Feb 2019 16:02:19 GMT', u'content-type': 'application/json', u'connection': 'close', u'x-openstack-request-id': 'req-c0a6fabd-0069-421b-a0f6-2ac500b4a457'} Body: {"NeutronError": {"message": "Trunk ce68a251-06f3-4cba-b5fe-1c432c4d3c33 could not be found.", "type": "TrunkNotFound", "detail": ""}} _log_request_full /root/.rally/verification/verifier-3061ead3-063c-4422-afd2-2b0a707e2bc7/repo/tempest/lib/common/rest_client.py:437
2019-02-08 16:02:19.871 17914 INFO tempest.lib.common.rest_client [req-c30db99e-0fd0-43f7-aaed-6c9a6f8e9e44 ] Request (TrunkTestJSON:_run_cleanups): 404 DELETE http://172.30.9.21:9696/v2.0/ports/121f428a-2c1e-435d-b3e8-d230581d0772 0.031s
2019-02-08 16:02:19.871 17914 DEBUG tempest.lib.common.rest_client [req-c30db99e-0fd0-43f7-aaed-6c9a6f8e9e44 ] Request - Headers: {'Content-Type': 'application/json', 'Accept': 'application/json', 'X-Auth-Token': ''} Body: None Response - Headers: {'status': '404', u'content-length': '132', 'content-location': 'http://172.30.9.21:9696/v2.0/ports/121f428a-2c1e-435d-b3e8-d230581d0772', u'date': 'Fri, 08 Feb 2019 16:02:19 GMT', u'content-type': 'application/json', u'connection': 'close', u'x-openstack-request-id': 'req-c30db99e-0fd0-43f7-aaed-6c9a6f8e9e44'} Body: {"NeutronError": {"message": "Port 121f428a-2c1e-435d-b3e8-d230581d0772 could not be found.", "type": "PortNotFound", "detail": ""}} _log_request_full /root/.rally/verification/verifier-3061ead3-063c-4422-afd2-2b0a707e2bc7/repo/tempest/lib/common/rest_client.py:437
2019-02-08 16:02:19.902 17914 INFO tempest.lib.common.rest_client [req-25ef2ede-1f97-43ef-b30d-81e9a6cfabdc ] Request (TrunkTestJSON:_run_cleanups): 404 DELETE http://172.30.9.21:9696/v2.0/ports/2fbbf605-e183-4e76-9419-3a124708c047 0.030s
2019-02-08 16:02:19.902 17914 DEBUG tempest.lib.common.rest_client [req-25ef2ede-1f97-43ef-b30d-81e9a6cfabdc ] Request - Headers: {'Content-Type': 'application/json', 'Accept': 'application/json', 'X-Auth-Token': ''} Body: None Response - Headers: {'status': '404', u'content-length': '132', 'content-location': 'http://172.30.9.21:9696/v2.0/ports/2fbbf605-e183-4e76-9419-3a124708c047', u'date': 'Fri, 08 Feb 2019 16:02:19 GMT', u'content-type': 'application/json', u'connection': 'close', u'x-openstack-request-id': 'req-25ef2ede-1f97-43ef-b30d-81e9a6cfabdc'} Body: {"NeutronError": {"message": "Port 2fbbf605-e183-4e76-9419-3a124708c047 could not be found.", "type": "PortNotFound", "detail": ""}} _log_request_full /root/.rally/verification/verifier-3061ead3-063c-4422-afd2-2b0a707e2bc7/repo/tempest/lib/common/rest_client.py:437
2019-02-08 16:02:19.932 17914 INFO tempest.lib.common.rest_client [req-be8812d1-e74f-424f-af75-3f3d676b398f ] Request (TrunkTestJSON:_run_cleanups): 404 DELETE http://172.30.9.21:9696/v2.0/ports/2daa98d4-0bd1-4ce3-9b85-e63288fcd55a 0.029s
2019-02-08 16:02:19.932 17914 DEBUG tempest.lib.common.rest_client [req-be8812d1-e74f-424f-af75-3f3d676b398f ] Request - Headers: {'Content-Type': 'application/json', 'Accept': 'application/json', 'X-Auth-Token': ''} Body: None Response - Headers: {'status': '404', u'content-length': '132', 'content-location': 'http://172.30.9.21:9696/v2.0/ports/2daa98d4-0bd1-4ce3-9b85-e63288fcd55a', u'date': 'Fri, 08 Feb 2019 16:02:19 GMT', u'content-type': 'application/json', u'connection': 'close', u'x-openstack-request-id': 'req-be8812d1-e74f-424f-af75-3f3d676b398f'} Body: {"NeutronError": {"message": "Port 2daa98d4-0bd1-4ce3-9b85-e63288fcd55a could not be found.", "type": "PortNotFound", "detail": ""}} _log_request_full /root/.rally/verification/verifier-3061ead3-063c-4422-afd2-2b0a707e2bc7/repo/tempest/lib/common/rest_client.py:437
2019-02-08 16:02:19.960 17914 INFO tempest.lib.common.rest_client [req-6b3d8fa2-973e-4d18-9f49-e5fe824175ff ] Request (TrunkTestJSON:_run_cleanups): 404 DELETE http://172.30.9.21:9696/v2.0/ports/44fa9dfb-64d3-411b-8aea-51bc3ef6eb54 0.028s
2019-02-08 16:02:19.960 17914 DEBUG tempest.lib.common.rest_client [req-6b3d8fa2-973e-4d18-9f49-e5fe824175ff ] Request - Headers: {'Content-Type': 'application/json', 'Accept': 'application/json', 'X-Auth-Token': ''} Body: None Response - Headers: {'status': '404', u'content-length': '132', 'content-location': 'http://172.30.9.21:9696/v2.0/ports/44fa9dfb-64d3-411b-8aea-51bc3ef6eb54', u'date': 'Fri, 08 Feb 2019 16:02:19 GMT', u'content-type': 'application/json', u'connection': 'close', u'x-openstack-request-id': 'req-6b3d8fa2-973e-4d18-9f49-e5fe824175ff'} Body: {"NeutronError": {"message": "Port 44fa9dfb-64d3-411b-8aea-51bc3ef6eb54 could not be found.", "type": "PortNotFound", "detail": ""}} _log_request_full /root/.rally/verification/verifier-3061ead3-063c-4422-afd2-2b0a707e2bc7/repo/tempest/lib/common/rest_client.py:437
2019-02-08 16:02:19.968 17918 INFO tempest.lib.common.rest_client [req-00fd12ce-8243-4d9e-b14c-f1fbf4d7db8b ] Request (TrunkTestJSON:test_create_trunk_with_subport_missing_port_id): 201 POST http://172.30.9.21:9696/v2.0/ports 0.993s
2019-02-08 16:02:19.968 17918 DEBUG tempest.lib.common.rest_client [req-00fd12ce-8243-4d9e-b14c-f1fbf4d7db8b ] Request - Headers: {'Content-Type': 'application/json', 'Accept': 'application/json', 'X-Auth-Token': ''} Body: {"port": {"network_id": "998842be-069c-4b43-ac65-f80a1d81aaf6"}} Response - Headers: {'status': '201', u'content-length': '664', 'content-location': 'http://172.30.9.21:9696/v2.0/ports', u'date': 'Fri, 08 Feb 2019 16:02:19 GMT', u'content-type': 'application/json', u'connection': 'close', u'x-openstack-request-id': 'req-00fd12ce-8243-4d9e-b14c-f1fbf4d7db8b'} Body: {"port":{"allowed_address_pairs":[],"extra_dhcp_opts":[],"updated_at":"2019-02-08T16:02:19Z","device_owner":"","revision_number":5,"port_security_enabled":true,"fixed_ips":[],"id":"9a282b24-9444-42ef-80db-fed42654f1c6","security_groups":["be47cb9f-ec6d-4695-956f-418afcb9f075"],"mac_address":"fa:16:3e:ad:e4:cc","device_id":"","status":"DOWN","description":"","tags":[],"name":"","project_id":"c808269218624ebeb0908a13d1ff849e","qos_policy_id":null,"admin_state_up":true,"network_id":"998842be-069c-4b43-ac65-f80a1d81aaf6","tenant_id":"c808269218624ebeb0908a13d1ff849e","created_at":"2019-02-08T16:02:19Z","binding:vnic_type":"normal","ip_allocation":"immediate"}} _log_request_full /root/.rally/verification/verifier-3061ead3-063c-4422-afd2-2b0a707e2bc7/repo/tempest/lib/common/rest_client.py:437
2019-02-08 16:02:19.977 17918 INFO tempest.lib.common.rest_client [req-3dc75c6d-d52f-4096-9cef-244a44c2dea1 ] Request (TrunkTestJSON:test_create_trunk_with_subport_missing_port_id): 400 POST http://172.30.9.21:9696/v2.0/trunks 0.008s
2019-02-08 16:02:19.977 17918 DEBUG tempest.lib.common.rest_client [req-3dc75c6d-d52f-4096-9cef-244a44c2dea1 ] Request - Headers: {'Content-Type': 'application/json', 'Accept': 'application/json', 'X-Auth-Token': ''} Body: {"trunk": {"sub_ports": [{"segmentation_id": 3, "segmentation_type": "vlan"}], "port_id": "9a282b24-9444-42ef-80db-fed42654f1c6"}} Response - Headers: {'status': '400', u'content-length': '146', 'content-location': 'http://172.30.9.21:9696/v2.0/trunks', u'date': 'Fri, 08 Feb 2019 16:02:19 GMT', u'content-type': 'application/json', u'connection': 'close', u'x-openstack-request-id': 'req-3dc75c6d-d52f-4096-9cef-244a44c2dea1'} Body: {"NeutronError": {"message": "Invalid input for sub_ports. Reason: A valid port UUID must be specified.", "type": "HTTPBadRequest", "detail": ""}} _log_request_full /root/.rally/verification/verifier-3061ead3-063c-4422-afd2-2b0a707e2bc7/repo/tempest/lib/common/rest_client.py:437
2019-02-08 16:02:19.989 17918 INFO tempest.lib.common.rest_client [req-53cf7a94-2445-4fda-a281-49fe41f39cc9 ] Request (TrunkTestJSON:_run_cleanups): 404 GET http://172.30.9.21:9696/v2.0/trunks/d223af26-588e-47d4-be12-78cddf6f68b8/get_subports 0.011s
2019-02-08 16:02:19.989 17918 DEBUG tempest.lib.common.rest_client [req-53cf7a94-2445-4fda-a281-49fe41f39cc9 ] Request - Headers: {'Content-Type': 'application/json', 'Accept': 'application/json', 'X-Auth-Token': ''} Body: None Response - Headers: {'status': '404', u'content-length': '134', 'content-location': 'http://172.30.9.21:9696/v2.0/trunks/d223af26-588e-47d4-be12-78cddf6f68b8/get_subports', u'date': 'Fri, 08 Feb 2019 16:02:19 GMT', u'content-type': 'application/json', u'connection': 'close', u'x-openstack-request-id': 'req-53cf7a94-2445-4fda-a281-49fe41f39cc9'} Body: {"NeutronError": {"message": "Trunk d223af26-588e-47d4-be12-78cddf6f68b8 could not be found.", "type": "TrunkNotFound", "detail": ""}} _log_request_full /root/.rally/verification/verifier-3061ead3-063c-4422-afd2-2b0a707e2bc7/repo/tempest/lib/common/rest_client.py:437
2019-02-08 16:02:20.000 17914 INFO tempest.lib.common.rest_client [req-d6a22c13-6bd7-4b82-9c9d-7c1228553d2c ] Request (TrunkTestJSON:_run_cleanups): 404 DELETE http://172.30.9.21:9696/v2.0/ports/82bbe3cb-d9dc-4e21-a7bf-3e3ea914f2e5 0.039s
2019-02-08 16:02:20.000 17914 DEBUG tempest.lib.common.rest_client [req-d6a22c13-6bd7-4b82-9c9d-7c1228553d2c ] Request - Headers: {'Content-Type': 'application/json', 'Accept': 'application/json', 'X-Auth-Token': ''} Body: None Response - Headers: {'status': '404', u'content-length': '132', 'content-location': 'http://172.30.9.21:9696/v2.0/ports/82bbe3cb-d9dc-4e21-a7bf-3e3ea914f2e5', u'date': 'Fri, 08 Feb 2019 16:02:19 GMT', u'content-type': 'application/json', u'connection': 'close', u'x-openstack-request-id': 'req-d6a22c13-6bd7-4b82-9c9d-7c1228553d2c'} Body: {"NeutronError": {"message": "Port 82bbe3cb-d9dc-4e21-a7bf-3e3ea914f2e5 could not be found.", "type": "PortNotFound", "detail": ""}} _log_request_full /root/.rally/verification/verifier-3061ead3-063c-4422-afd2-2b0a707e2bc7/repo/tempest/lib/common/rest_client.py:437
2019-02-08 16:02:20.009 17918 INFO tempest.lib.common.rest_client [req-19c3a297-3854-46bf-bbb5-50117c47b2d2 ] Request (TrunkTestJSON:_run_cleanups): 404 DELETE http://172.30.9.21:9696/v2.0/trunks/d223af26-588e-47d4-be12-78cddf6f68b8 0.020s
2019-02-08 16:02:20.010 17918 DEBUG tempest.lib.common.rest_client [req-19c3a297-3854-46bf-bbb5-50117c47b2d2 ] Request - Headers: {'Content-Type': 'application/json', 'Accept': 'application/json', 'X-Auth-Token': ''} Body: None Response - Headers: {'status': '404', u'content-length': '134', 'content-location': 'http://172.30.9.21:9696/v2.0/trunks/d223af26-588e-47d4-be12-78cddf6f68b8', u'date': 'Fri, 08 Feb 2019 16:02:20 GMT', u'content-type': 'application/json', u'connection': 'close', u'x-openstack-request-id': 'req-19c3a297-3854-46bf-bbb5-50117c47b2d2'} Body: {"NeutronError": {"message": "Trunk d223af26-588e-47d4-be12-78cddf6f68b8 could not be found.", "type": "TrunkNotFound", "detail": ""}} _log_request_full /root/.rally/verification/verifier-3061ead3-063c-4422-afd2-2b0a707e2bc7/repo/tempest/lib/common/rest_client.py:437
2019-02-08 16:02:20.023 17918 INFO tempest.lib.common.rest_client [req-6530d56b-931e-46a6-ae46-94365f7e5d89 ] Request (TrunkTestJSON:_run_cleanups): 404 GET http://172.30.9.21:9696/v2.0/trunks/b5fd5626-c942-4e05-91d1-d565ba252f7e/get_subports 0.013s
2019-02-08 16:02:20.024 17918 DEBUG tempest.lib.common.rest_client [req-6530d56b-931e-46a6-ae46-94365f7e5d89 ] Request - Headers: {'Content-Type': 'application/json', 'Accept': 'application/json', 'X-Auth-Token': ''} Body: None Response - Headers: {'status': '404', u'content-length': '134', 'content-location': 'http://172.30.9.21:9696/v2.0/trunks/b5fd5626-c942-4e05-91d1-d565ba252f7e/get_subports', u'date': 'Fri, 08 Feb 2019 16:02:20 GMT', u'content-type': 'application/json', u'connection': 'close', u'x-openstack-request-id': 'req-6530d56b-931e-46a6-ae46-94365f7e5d89'} Body: {"NeutronError": {"message": "Trunk b5fd5626-c942-4e05-91d1-d565ba252f7e could not be found.", "type": "TrunkNotFound", "detail": ""}} _log_request_full /root/.rally/verification/verifier-3061ead3-063c-4422-afd2-2b0a707e2bc7/repo/tempest/lib/common/rest_client.py:437
2019-02-08 16:02:20.030 17914 INFO tempest.lib.common.rest_client [req-080cfc3f-2c8e-4e07-9a13-729c2e7058e3 ] Request (TrunkTestJSON:_run_cleanups): 404 DELETE http://172.30.9.21:9696/v2.0/ports/ac24c48e-6364-4f24-a72e-7db7ac8379e7 0.030s
2019-02-08 16:02:20.031 17914 DEBUG tempest.lib.common.rest_client [req-080cfc3f-2c8e-4e07-9a13-729c2e7058e3 ] Request - Headers: {'Content-Type': 'application/json', 'Accept': 'application/json', 'X-Auth-Token': ''} Body: None Response - Headers: {'status': '404', u'content-length': '132', 'content-location': 'http://172.30.9.21:9696/v2.0/ports/ac24c48e-6364-4f24-a72e-7db7ac8379e7', u'date': 'Fri, 08 Feb 2019 16:02:20 GMT', u'content-type': 'application/json', u'connection': 'close', u'x-openstack-request-id': 'req-080cfc3f-2c8e-4e07-9a13-729c2e7058e3'} Body: {"NeutronError": {"message": "Port ac24c48e-6364-4f24-a72e-7db7ac8379e7 could not be found.", "type": "PortNotFound", "detail": ""}} _log_request_full /root/.rally/verification/verifier-3061ead3-063c-4422-afd2-2b0a707e2bc7/repo/tempest/lib/common/rest_client.py:437
2019-02-08 16:02:20.039 17918 INFO tempest.lib.common.rest_client [req-01bdd02e-8feb-4204-bfd8-507bcdc05e80 ] Request (TrunkTestJSON:_run_cleanups): 404 DELETE http://172.30.9.21:9696/v2.0/trunks/b5fd5626-c942-4e05-91d1-d565ba252f7e 0.015s
2019-02-08 16:02:20.039 17918 DEBUG tempest.lib.common.rest_client [req-01bdd02e-8feb-4204-bfd8-507bcdc05e80 ] Request - Headers: {'Content-Type': 'application/json', 'Accept': 'application/json', 'X-Auth-Token': ''} Body: None Response - Headers: {'status': '404', u'content-length': '134', 'content-location': 'http://172.30.9.21:9696/v2.0/trunks/b5fd5626-c942-4e05-91d1-d565ba252f7e', u'date': 'Fri, 08 Feb 2019 16:02:20 GMT', u'content-type': 'application/json', u'connection': 'close', u'x-openstack-request-id': 'req-01bdd02e-8feb-4204-bfd8-507bcdc05e80'} Body: {"NeutronError": {"message": "Trunk b5fd5626-c942-4e05-91d1-d565ba252f7e could not be found.", "type": "TrunkNotFound", "detail": ""}} _log_request_full /root/.rally/verification/verifier-3061ead3-063c-4422-afd2-2b0a707e2bc7/repo/tempest/lib/common/rest_client.py:437
2019-02-08 16:02:20.052 17918 INFO tempest.lib.common.rest_client [req-89b43da8-3013-4bfd-801d-bd810d2c5f75 ] Request (TrunkTestJSON:_run_cleanups): 404 GET http://172.30.9.21:9696/v2.0/trunks/001f4d03-78d6-4b77-aaad-6e5a08e290c9/get_subports 0.012s
2019-02-08 16:02:20.052 17918 DEBUG tempest.lib.common.rest_client [req-89b43da8-3013-4bfd-801d-bd810d2c5f75 ] Request - Headers: {'Content-Type': 'application/json', 'Accept': 'application/json', 'X-Auth-Token': ''} Body: None Response - Headers: {'status': '404', u'content-length': '134', 'content-location': 'http://172.30.9.21:9696/v2.0/trunks/001f4d03-78d6-4b77-aaad-6e5a08e290c9/get_subports', u'date': 'Fri, 08 Feb 2019 16:02:20 GMT', u'content-type': 'application/json', u'connection': 'close', u'x-openstack-request-id': 'req-89b43da8-3013-4bfd-801d-bd810d2c5f75'} Body: {"NeutronError": {"message": "Trunk 001f4d03-78d6-4b77-aaad-6e5a08e290c9 could not be found.", "type": "TrunkNotFound", "detail": ""}} _log_request_full /root/.rally/verification/verifier-3061ead3-063c-4422-afd2-2b0a707e2bc7/repo/tempest/lib/common/rest_client.py:437
2019-02-08 16:02:20.063 17914 INFO tempest.lib.common.rest_client [req-6892292d-5054-4192-a9e3-63c8cae02575 ] Request (TrunkTestJSON:_run_cleanups): 404 DELETE http://172.30.9.21:9696/v2.0/ports/8575bc7e-39f5-4f9b-bedc-1066efa5fc48 0.032s
2019-02-08 16:02:20.063 17914 DEBUG tempest.lib.common.rest_client [req-6892292d-5054-4192-a9e3-63c8cae02575 ] Request - Headers: {'Content-Type': 'application/json', 'Accept': 'application/json', 'X-Auth-Token': ''} Body: None Response - Headers: {'status': '404', u'content-length': '132', 'content-location': 'http://172.30.9.21:9696/v2.0/ports/8575bc7e-39f5-4f9b-bedc-1066efa5fc48', u'date': 'Fri, 08 Feb 2019 16:02:20 GMT', u'content-type': 'application/json', u'connection': 'close', u'x-openstack-request-id': 'req-6892292d-5054-4192-a9e3-63c8cae02575'} Body: {"NeutronError": {"message": "Port 8575bc7e-39f5-4f9b-bedc-1066efa5fc48 could not be found.", "type": "PortNotFound", "detail": ""}} _log_request_full /root/.rally/verification/verifier-3061ead3-063c-4422-afd2-2b0a707e2bc7/repo/tempest/lib/common/rest_client.py:437
2019-02-08 16:02:20.067 17918 INFO tempest.lib.common.rest_client [req-51a0f8a4-4f2b-4d18-8884-ef4bdddbeabc ] Request (TrunkTestJSON:_run_cleanups): 404 DELETE http://172.30.9.21:9696/v2.0/trunks/001f4d03-78d6-4b77-aaad-6e5a08e290c9 0.014s
2019-02-08 16:02:20.067 17918 DEBUG tempest.lib.common.rest_client [req-51a0f8a4-4f2b-4d18-8884-ef4bdddbeabc ] Request - Headers: {'Content-Type': 'application/json', 'Accept': 'application/json', 'X-Auth-Token': ''} Body: None Response - Headers: {'status': '404', u'content-length': '134', 'content-location': 'http://172.30.9.21:9696/v2.0/trunks/001f4d03-78d6-4b77-aaad-6e5a08e290c9', u'date': 'Fri, 08 Feb 2019 16:02:20 GMT', u'content-type': 'application/json', u'connection': 'close', u'x-openstack-request-id': 'req-51a0f8a4-4f2b-4d18-8884-ef4bdddbeabc'} Body: {"NeutronError": {"message": "Trunk 001f4d03-78d6-4b77-aaad-6e5a08e290c9 could not be found.", "type": "TrunkNotFound", "detail": ""}} _log_request_full /root/.rally/verification/verifier-3061ead3-063c-4422-afd2-2b0a707e2bc7/repo/tempest/lib/common/rest_client.py:437
2019-02-08 16:02:20.080 17918 INFO tempest.lib.common.rest_client [req-dd2456bc-d9d0-46d3-884f-69be74579aa3 ] Request (TrunkTestJSON:_run_cleanups): 404 GET http://172.30.9.21:9696/v2.0/trunks/ed1e88c8-f3ef-4055-8cf5-32550d7d4b2c/get_subports 0.013s
2019-02-08 16:02:20.080 17918 DEBUG tempest.lib.common.rest_client [req-dd2456bc-d9d0-46d3-884f-69be74579aa3 ] Request - Headers: {'Content-Type': 'application/json', 'Accept': 'application/json', 'X-Auth-Token': ''} Body: None Response - Headers: {'status': '404', u'content-length': '134', 'content-location': 'http://172.30.9.21:9696/v2.0/trunks/ed1e88c8-f3ef-4055-8cf5-32550d7d4b2c/get_subports', u'date': 'Fri, 08 Feb 2019 16:02:20 GMT', u'content-type': 'application/json', u'connection': 'close', u'x-openstack-request-id': 'req-dd2456bc-d9d0-46d3-884f-69be74579aa3'} Body: {"NeutronError": {"message": "Trunk ed1e88c8-f3ef-4055-8cf5-32550d7d4b2c could not be found.", "type": "TrunkNotFound", "detail": ""}} _log_request_full /root/.rally/verification/verifier-3061ead3-063c-4422-afd2-2b0a707e2bc7/repo/tempest/lib/common/rest_client.py:437
2019-02-08 16:02:20.091 17914 INFO tempest.lib.common.rest_client [req-aedb53b4-158a-407d-9062-bad3ef5b4d08 ] Request (TrunkTestJSON:_run_cleanups): 404 DELETE http://172.30.9.21:9696/v2.0/ports/bcdc6c04-4b98-4fdc-a57d-cc774e4818ab 0.027s
2019-02-08 16:02:20.091 17914 DEBUG tempest.lib.common.rest_client [req-aedb53b4-158a-407d-9062-bad3ef5b4d08 ] Request - Headers: {'Content-Type': 'application/json', 'Accept': 'application/json', 'X-Auth-Token': ''} Body: None Response - Headers: {'status': '404', u'content-length': '132', 'content-location': 'http://172.30.9.21:9696/v2.0/ports/bcdc6c04-4b98-4fdc-a57d-cc774e4818ab', u'date': 'Fri, 08 Feb 2019 16:02:20 GMT', u'content-type': 'application/json', u'connection': 'close', u'x-openstack-request-id': 'req-aedb53b4-158a-407d-9062-bad3ef5b4d08'} Body: {"NeutronError": {"message": "Port bcdc6c04-4b98-4fdc-a57d-cc774e4818ab could not be found.", "type": "PortNotFound", "detail": ""}} _log_request_full /root/.rally/verification/verifier-3061ead3-063c-4422-afd2-2b0a707e2bc7/repo/tempest/lib/common/rest_client.py:437
2019-02-08 16:02:20.099 17918 INFO tempest.lib.common.rest_client [req-897a8518-1e9b-4ada-8e70-2df8a832eb23 ] Request (TrunkTestJSON:_run_cleanups): 404 DELETE http://172.30.9.21:9696/v2.0/trunks/ed1e88c8-f3ef-4055-8cf5-32550d7d4b2c 0.018s
2019-02-08 16:02:20.099 17918 DEBUG tempest.lib.common.rest_client [req-897a8518-1e9b-4ada-8e70-2df8a832eb23 ] Request - Headers: {'Content-Type': 'application/json', 'Accept': 'application/json', 'X-Auth-Token': ''} Body: None Response - Headers: {'status': '404', u'content-length': '134', 'content-location': 'http://172.30.9.21:9696/v2.0/trunks/ed1e88c8-f3ef-4055-8cf5-32550d7d4b2c', u'date': 'Fri, 08 Feb 2019 16:02:20 GMT', u'content-type': 'application/json', u'connection': 'close', u'x-openstack-request-id': 'req-897a8518-1e9b-4ada-8e70-2df8a832eb23'} Body: {"NeutronError": {"message": "Trunk ed1e88c8-f3ef-4055-8cf5-32550d7d4b2c could not be found.", "type": "TrunkNotFound", "detail": ""}} _log_request_full /root/.rally/verification/verifier-3061ead3-063c-4422-afd2-2b0a707e2bc7/repo/tempest/lib/common/rest_client.py:437
2019-02-08 16:02:20.111 17918 INFO tempest.lib.common.rest_client [req-5144e656-db3f-4fad-b905-b894325d0f2c ] Request (TrunkTestJSON:_run_cleanups): 404 GET http://172.30.9.21:9696/v2.0/trunks/f4e71890-8ff4-4baa-804b-c11bb2483099/get_subports 0.011s
2019-02-08 16:02:20.111 17918 DEBUG tempest.lib.common.rest_client [req-5144e656-db3f-4fad-b905-b894325d0f2c ] Request - Headers: {'Content-Type': 'application/json', 'Accept': 'application/json', 'X-Auth-Token': ''} Body: None Response - Headers: {'status': '404', u'content-length': '134', 'content-location': 'http://172.30.9.21:9696/v2.0/trunks/f4e71890-8ff4-4baa-804b-c11bb2483099/get_subports', u'date': 'Fri, 08 Feb 2019 16:02:20 GMT', u'content-type': 'application/json', u'connection': 'close', u'x-openstack-request-id': 'req-5144e656-db3f-4fad-b905-b894325d0f2c'} Body: {"NeutronError": {"message": "Trunk f4e71890-8ff4-4baa-804b-c11bb2483099 could not be found.", "type": "TrunkNotFound", "detail": ""}} _log_request_full /root/.rally/verification/verifier-3061ead3-063c-4422-afd2-2b0a707e2bc7/repo/tempest/lib/common/rest_client.py:437
2019-02-08 16:02:20.121 17914 INFO tempest.lib.common.rest_client [req-b6f17418-686b-43a5-8d65-3598632fde1d ] Request (TrunkTestJSON:_run_cleanups): 404 DELETE http://172.30.9.21:9696/v2.0/ports/560be7c9-803c-4a62-8b9b-68adf18bc553 0.029s
2019-02-08 16:02:20.121 17914 DEBUG tempest.lib.common.rest_client [req-b6f17418-686b-43a5-8d65-3598632fde1d ] Request - Headers: {'Content-Type': 'application/json', 'Accept': 'application/json', 'X-Auth-Token': ''} Body: None Response - Headers: {'status': '404', u'content-length': '132', 'content-location': 'http://172.30.9.21:9696/v2.0/ports/560be7c9-803c-4a62-8b9b-68adf18bc553', u'date': 'Fri, 08 Feb 2019 16:02:20 GMT', u'content-type': 'application/json', u'connection': 'close', u'x-openstack-request-id': 'req-b6f17418-686b-43a5-8d65-3598632fde1d'} Body: {"NeutronError": {"message": "Port 560be7c9-803c-4a62-8b9b-68adf18bc553 could not be found.", "type": "PortNotFound", "detail": ""}} _log_request_full /root/.rally/verification/verifier-3061ead3-063c-4422-afd2-2b0a707e2bc7/repo/tempest/lib/common/rest_client.py:437
2019-02-08 16:02:20.125 17918 INFO tempest.lib.common.rest_client [req-27ba1ff3-97b6-4e3a-be3b-a17988c01265 ] Request (TrunkTestJSON:_run_cleanups): 404 DELETE http://172.30.9.21:9696/v2.0/trunks/f4e71890-8ff4-4baa-804b-c11bb2483099 0.014s
2019-02-08 16:02:20.125 17918 DEBUG tempest.lib.common.rest_client [req-27ba1ff3-97b6-4e3a-be3b-a17988c01265 ] Request - Headers: {'Content-Type': 'application/json', 'Accept': 'application/json', 'X-Auth-Token': ''} Body: None Response - Headers: {'status': '404', u'content-length': '134', 'content-location': 'http://172.30.9.21:9696/v2.0/trunks/f4e71890-8ff4-4baa-804b-c11bb2483099', u'date': 'Fri, 08 Feb 2019 16:02:20 GMT', u'content-type': 'application/json', u'connection': 'close', u'x-openstack-request-id': 'req-27ba1ff3-97b6-4e3a-be3b-a17988c01265'} Body: {"NeutronError": {"message": "Trunk f4e71890-8ff4-4baa-804b-c11bb2483099 could not be found.", "type": "TrunkNotFound", "detail": ""}} _log_request_full /root/.rally/verification/verifier-3061ead3-063c-4422-afd2-2b0a707e2bc7/repo/tempest/lib/common/rest_client.py:437
2019-02-08 16:02:20.138 17918 INFO tempest.lib.common.rest_client [req-26c6b4a5-19d6-4b4c-91b8-9998c6c6fb2d ] Request (TrunkTestJSON:_run_cleanups): 404 GET http://172.30.9.21:9696/v2.0/trunks/a5e8f0c6-b66c-4c28-9d23-bb29e2d46730/get_subports 0.012s
2019-02-08 16:02:20.138 17918 DEBUG tempest.lib.common.rest_client [req-26c6b4a5-19d6-4b4c-91b8-9998c6c6fb2d ] Request - Headers: {'Content-Type': 'application/json', 'Accept': 'application/json', 'X-Auth-Token': ''} Body: None Response - Headers: {'status': '404', u'content-length': '134', 'content-location': 'http://172.30.9.21:9696/v2.0/trunks/a5e8f0c6-b66c-4c28-9d23-bb29e2d46730/get_subports', u'date': 'Fri, 08 Feb 2019 16:02:20 GMT', u'content-type': 'application/json', u'connection': 'close', u'x-openstack-request-id': 'req-26c6b4a5-19d6-4b4c-91b8-9998c6c6fb2d'} Body: {"NeutronError": {"message": "Trunk a5e8f0c6-b66c-4c28-9d23-bb29e2d46730 could not be found.", "type": "TrunkNotFound", "detail": ""}} _log_request_full /root/.rally/verification/verifier-3061ead3-063c-4422-afd2-2b0a707e2bc7/repo/tempest/lib/common/rest_client.py:437
2019-02-08 16:02:20.154 17914 INFO tempest.lib.common.rest_client [req-d6480cd7-ebef-4f88-975c-1b2a7edc41d6 ] Request (TrunkTestJSON:_run_cleanups): 404 DELETE http://172.30.9.21:9696/v2.0/ports/7396b25f-2e92-4ac0-afa1-96a282803d20 0.032s
2019-02-08 16:02:20.154 17914 DEBUG tempest.lib.common.rest_client [req-d6480cd7-ebef-4f88-975c-1b2a7edc41d6 ] Request - Headers: {'Content-Type': 'application/json', 'Accept': 'application/json', 'X-Auth-Token': ''} Body: None Response - Headers: {'status': '404', u'content-length': '132', 'content-location': 'http://172.30.9.21:9696/v2.0/ports/7396b25f-2e92-4ac0-afa1-96a282803d20', u'date': 'Fri, 08 Feb 2019 16:02:20 GMT', u'content-type': 'application/json', u'connection': 'close', u'x-openstack-request-id': 'req-d6480cd7-ebef-4f88-975c-1b2a7edc41d6'} Body: {"NeutronError": {"message": "Port 7396b25f-2e92-4ac0-afa1-96a282803d20 could not be found.", "type": "PortNotFound", "detail": ""}} _log_request_full /root/.rally/verification/verifier-3061ead3-063c-4422-afd2-2b0a707e2bc7/repo/tempest/lib/common/rest_client.py:437
2019-02-08 16:02:20.158 17918 INFO tempest.lib.common.rest_client [req-00401e4f-25d5-44f1-b352-be092d70800b ] Request (TrunkTestJSON:_run_cleanups): 404 DELETE http://172.30.9.21:9696/v2.0/trunks/a5e8f0c6-b66c-4c28-9d23-bb29e2d46730 0.019s
2019-02-08 16:02:20.158 17918 DEBUG tempest.lib.common.rest_client [req-00401e4f-25d5-44f1-b352-be092d70800b ] Request - Headers: {'Content-Type': 'application/json', 'Accept': 'application/json', 'X-Auth-Token': ''} Body: None Response - Headers: {'status': '404', u'content-length': '134', 'content-location': 'http://172.30.9.21:9696/v2.0/trunks/a5e8f0c6-b66c-4c28-9d23-bb29e2d46730', u'date': 'Fri, 08 Feb 2019 16:02:20 GMT', u'content-type': 'application/json', u'connection': 'close', u'x-openstack-request-id': 'req-00401e4f-25d5-44f1-b352-be092d70800b'} Body: {"NeutronError": {"message": "Trunk a5e8f0c6-b66c-4c28-9d23-bb29e2d46730 could not be found.", "type": "TrunkNotFound", "detail": ""}} _log_request_full /root/.rally/verification/verifier-3061ead3-063c-4422-afd2-2b0a707e2bc7/repo/tempest/lib/common/rest_client.py:437
2019-02-08 16:02:20.171 17918 INFO tempest.lib.common.rest_client [req-0959ca1c-b689-4a94-893b-cdda77904d76 ] Request (TrunkTestJSON:_run_cleanups): 404 GET http://172.30.9.21:9696/v2.0/trunks/3082f2bc-4acf-41f5-b606-fb4e1b3a2af3/get_subports 0.012s
2019-02-08 16:02:20.171 17918 DEBUG tempest.lib.common.rest_client [req-0959ca1c-b689-4a94-893b-cdda77904d76 ] Request - Headers: {'Content-Type': 'application/json', 'Accept': 'application/json', 'X-Auth-Token': ''} Body: None Response - Headers: {'status': '404', u'content-length': '134', 'content-location': 'http://172.30.9.21:9696/v2.0/trunks/3082f2bc-4acf-41f5-b606-fb4e1b3a2af3/get_subports', u'date': 'Fri, 08 Feb 2019 16:02:20 GMT', u'content-type': 'application/json', u'connection': 'close', u'x-openstack-request-id': 'req-0959ca1c-b689-4a94-893b-cdda77904d76'} Body: {"NeutronError": {"message": "Trunk 3082f2bc-4acf-41f5-b606-fb4e1b3a2af3 could not be found.", "type": "TrunkNotFound", "detail": ""}} _log_request_full /root/.rally/verification/verifier-3061ead3-063c-4422-afd2-2b0a707e2bc7/repo/tempest/lib/common/rest_client.py:437
2019-02-08 16:02:20.183 17914 INFO tempest.lib.common.rest_client [req-c8e8aa30-f839-43cc-a0cb-0350f093ad40 ] Request (TrunkTestJSON:_run_cleanups): 404 DELETE http://172.30.9.21:9696/v2.0/ports/bb800966-94c3-4b3c-a38f-abd1819e1e5f 0.028s
2019-02-08 16:02:20.183 17914 DEBUG tempest.lib.common.rest_client [req-c8e8aa30-f839-43cc-a0cb-0350f093ad40 ] Request - Headers: {'Content-Type': 'application/json', 'Accept': 'application/json', 'X-Auth-Token': ''} Body: None Response - Headers: {'status': '404', u'content-length': '132', 'content-location': 'http://172.30.9.21:9696/v2.0/ports/bb800966-94c3-4b3c-a38f-abd1819e1e5f', u'date': 'Fri, 08 Feb 2019 16:02:20 GMT', u'content-type': 'application/json', u'connection': 'close', u'x-openstack-request-id': 'req-c8e8aa30-f839-43cc-a0cb-0350f093ad40'} Body: {"NeutronError": {"message": "Port bb800966-94c3-4b3c-a38f-abd1819e1e5f could not be found.", "type": "PortNotFound", "detail": ""}} _log_request_full /root/.rally/verification/verifier-3061ead3-063c-4422-afd2-2b0a707e2bc7/repo/tempest/lib/common/rest_client.py:437
2019-02-08 16:02:20.189 17918 INFO tempest.lib.common.rest_client [req-42f0a69d-71f0-40f6-9e62-7b1d8600c169 ] Request (TrunkTestJSON:_run_cleanups): 404 DELETE http://172.30.9.21:9696/v2.0/trunks/3082f2bc-4acf-41f5-b606-fb4e1b3a2af3 0.017s
2019-02-08 16:02:20.189 17918 DEBUG tempest.lib.common.rest_client [req-42f0a69d-71f0-40f6-9e62-7b1d8600c169 ] Request - Headers: {'Content-Type': 'application/json', 'Accept': 'application/json', 'X-Auth-Token': ''} Body: None Response - Headers: {'status': '404', u'content-length': '134', 'content-location': 'http://172.30.9.21:9696/v2.0/trunks/3082f2bc-4acf-41f5-b606-fb4e1b3a2af3', u'date': 'Fri, 08 Feb 2019 16:02:20 GMT', u'content-type': 'application/json', u'connection': 'close', u'x-openstack-request-id': 'req-42f0a69d-71f0-40f6-9e62-7b1d8600c169'} Body: {"NeutronError": {"message": "Trunk 3082f2bc-4acf-41f5-b606-fb4e1b3a2af3 could not be found.", "type": "TrunkNotFound", "detail": ""}} _log_request_full /root/.rally/verification/verifier-3061ead3-063c-4422-afd2-2b0a707e2bc7/repo/tempest/lib/common/rest_client.py:437
2019-02-08 16:02:20.205 17918 INFO tempest.lib.common.rest_client [req-38bf8029-718c-431a-ad91-65dc7730cbdb ] Request (TrunkTestJSON:_run_cleanups): 404 GET http://172.30.9.21:9696/v2.0/trunks/d223af26-588e-47d4-be12-78cddf6f68b8 0.015s
2019-02-08 16:02:20.205 17918 DEBUG tempest.lib.common.rest_client [req-38bf8029-718c-431a-ad91-65dc7730cbdb ] Request - Headers: {'Content-Type': 'application/json', 'Accept': 'application/json', 'X-Auth-Token': ''} Body: None Response - Headers: {'status': '404', u'content-length': '134', 'content-location': 'http://172.30.9.21:9696/v2.0/trunks/d223af26-588e-47d4-be12-78cddf6f68b8', u'date': 'Fri, 08 Feb 2019 16:02:20 GMT', u'content-type': 'application/json', u'connection': 'close', u'x-openstack-request-id': 'req-38bf8029-718c-431a-ad91-65dc7730cbdb'} Body: {"NeutronError": {"message": "Trunk d223af26-588e-47d4-be12-78cddf6f68b8 could not be found.", "type": "TrunkNotFound", "detail": ""}} _log_request_full /root/.rally/verification/verifier-3061ead3-063c-4422-afd2-2b0a707e2bc7/repo/tempest/lib/common/rest_client.py:437
2019-02-08 16:02:20.216 17914 INFO tempest.lib.common.rest_client [req-7946a141-434a-406f-954f-78171624ca9a ] Request (TrunkTestJSON:_run_cleanups): 404 DELETE http://172.30.9.21:9696/v2.0/ports/b51daa13-2133-4865-b864-20ed10683e5b 0.032s
2019-02-08 16:02:20.216 17914 DEBUG tempest.lib.common.rest_client [req-7946a141-434a-406f-954f-78171624ca9a ] Request - Headers: {'Content-Type': 'application/json', 'Accept': 'application/json', 'X-Auth-Token': ''} Body: None Response - Headers: {'status': '404', u'content-length': '132', 'content-location': 'http://172.30.9.21:9696/v2.0/ports/b51daa13-2133-4865-b864-20ed10683e5b', u'date': 'Fri, 08 Feb 2019 16:02:20 GMT', u'content-type': 'application/json', u'connection': 'close', u'x-openstack-request-id': 'req-7946a141-434a-406f-954f-78171624ca9a'} Body: {"NeutronError": {"message": "Port b51daa13-2133-4865-b864-20ed10683e5b could not be found.", "type": "PortNotFound", "detail": ""}} _log_request_full /root/.rally/verification/verifier-3061ead3-063c-4422-afd2-2b0a707e2bc7/repo/tempest/lib/common/rest_client.py:437
2019-02-08 16:02:20.218 17918 INFO tempest.lib.common.rest_client [req-8a0356ac-c371-4920-88b9-63d323a9067a ] Request (TrunkTestJSON:_run_cleanups): 404 GET http://172.30.9.21:9696/v2.0/trunks/b5fd5626-c942-4e05-91d1-d565ba252f7e 0.013s
2019-02-08 16:02:20.218 17918 DEBUG tempest.lib.common.rest_client [req-8a0356ac-c371-4920-88b9-63d323a9067a ] Request - Headers: {'Content-Type': 'application/json', 'Accept': 'application/json', 'X-Auth-Token': ''} Body: None Response - Headers: {'status': '404', u'content-length': '134', 'content-location': 'http://172.30.9.21:9696/v2.0/trunks/b5fd5626-c942-4e05-91d1-d565ba252f7e', u'date': 'Fri, 08 Feb 2019 16:02:20 GMT', u'content-type': 'application/json', u'connection': 'close', u'x-openstack-request-id': 'req-8a0356ac-c371-4920-88b9-63d323a9067a'} Body: {"NeutronError": {"message": "Trunk b5fd5626-c942-4e05-91d1-d565ba252f7e could not be found.", "type": "TrunkNotFound", "detail": ""}} _log_request_full /root/.rally/verification/verifier-3061ead3-063c-4422-afd2-2b0a707e2bc7/repo/tempest/lib/common/rest_client.py:437
2019-02-08 16:02:20.231 17918 INFO tempest.lib.common.rest_client [req-473f0a8e-0ea1-4bac-b0d3-91e0f9e99883 ] Request (TrunkTestJSON:_run_cleanups): 404 GET http://172.30.9.21:9696/v2.0/trunks/001f4d03-78d6-4b77-aaad-6e5a08e290c9 0.013s
2019-02-08 16:02:20.232 17918 DEBUG tempest.lib.common.rest_client [req-473f0a8e-0ea1-4bac-b0d3-91e0f9e99883 ] Request - Headers: {'Content-Type': 'application/json', 'Accept': 'application/json', 'X-Auth-Token': ''} Body: None Response - Headers: {'status': '404', u'content-length': '134', 'content-location': 'http://172.30.9.21:9696/v2.0/trunks/001f4d03-78d6-4b77-aaad-6e5a08e290c9', u'date': 'Fri, 08 Feb 2019 16:02:20 GMT', u'content-type': 'application/json', u'connection': 'close', u'x-openstack-request-id': 'req-473f0a8e-0ea1-4bac-b0d3-91e0f9e99883'} Body: {"NeutronError": {"message": "Trunk 001f4d03-78d6-4b77-aaad-6e5a08e290c9 could not be found.", "type": "TrunkNotFound", "detail": ""}} _log_request_full /root/.rally/verification/verifier-3061ead3-063c-4422-afd2-2b0a707e2bc7/repo/tempest/lib/common/rest_client.py:437
2019-02-08 16:02:20.244 17918 INFO tempest.lib.common.rest_client [req-819b92d6-ef43-48b9-aeeb-199a7ea795ce ] Request (TrunkTestJSON:_run_cleanups): 404 GET http://172.30.9.21:9696/v2.0/trunks/ed1e88c8-f3ef-4055-8cf5-32550d7d4b2c 0.012s
2019-02-08 16:02:20.244 17918 DEBUG tempest.lib.common.rest_client [req-819b92d6-ef43-48b9-aeeb-199a7ea795ce ] Request - Headers: {'Content-Type': 'application/json', 'Accept': 'application/json', 'X-Auth-Token': ''} Body: None Response - Headers: {'status': '404', u'content-length': '134', 'content-location': 'http://172.30.9.21:9696/v2.0/trunks/ed1e88c8-f3ef-4055-8cf5-32550d7d4b2c', u'date': 'Fri, 08 Feb 2019 16:02:20 GMT', u'content-type': 'application/json', u'connection': 'close', u'x-openstack-request-id': 'req-819b92d6-ef43-48b9-aeeb-199a7ea795ce'} Body: {"NeutronError": {"message": "Trunk ed1e88c8-f3ef-4055-8cf5-32550d7d4b2c could not be found.", "type": "TrunkNotFound", "detail": ""}} _log_request_full /root/.rally/verification/verifier-3061ead3-063c-4422-afd2-2b0a707e2bc7/repo/tempest/lib/common/rest_client.py:437
2019-02-08 16:02:20.250 17914 INFO tempest.lib.common.rest_client [req-04903d47-7af8-4012-b2a3-21970277d4ee ] Request (TrunkTestJSON:_run_cleanups): 404 DELETE http://172.30.9.21:9696/v2.0/ports/c092795a-f8ae-4779-b681-6a13092013c5 0.033s
2019-02-08 16:02:20.250 17914 DEBUG tempest.lib.common.rest_client [req-04903d47-7af8-4012-b2a3-21970277d4ee ] Request - Headers: {'Content-Type': 'application/json', 'Accept': 'application/json', 'X-Auth-Token': ''} Body: None Response - Headers: {'status': '404', u'content-length': '132', 'content-location': 'http://172.30.9.21:9696/v2.0/ports/c092795a-f8ae-4779-b681-6a13092013c5', u'date': 'Fri, 08 Feb 2019 16:02:20 GMT', u'content-type': 'application/json', u'connection': 'close', u'x-openstack-request-id': 'req-04903d47-7af8-4012-b2a3-21970277d4ee'} Body: {"NeutronError": {"message": "Port c092795a-f8ae-4779-b681-6a13092013c5 could not be found.", "type": "PortNotFound", "detail": ""}} _log_request_full /root/.rally/verification/verifier-3061ead3-063c-4422-afd2-2b0a707e2bc7/repo/tempest/lib/common/rest_client.py:437
2019-02-08 16:02:20.258 17918 INFO tempest.lib.common.rest_client [req-6ee60e4f-5f49-4de0-adcd-93b83c7e4d7d ] Request (TrunkTestJSON:_run_cleanups): 404 GET http://172.30.9.21:9696/v2.0/trunks/f4e71890-8ff4-4baa-804b-c11bb2483099 0.013s
2019-02-08 16:02:20.258 17918 DEBUG tempest.lib.common.rest_client [req-6ee60e4f-5f49-4de0-adcd-93b83c7e4d7d ] Request - Headers: {'Content-Type': 'application/json', 'Accept': 'application/json', 'X-Auth-Token': ''} Body: None Response - Headers: {'status': '404', u'content-length': '134', 'content-location': 'http://172.30.9.21:9696/v2.0/trunks/f4e71890-8ff4-4baa-804b-c11bb2483099', u'date': 'Fri, 08 Feb 2019 16:02:20 GMT', u'content-type': 'application/json', u'connection': 'close', u'x-openstack-request-id': 'req-6ee60e4f-5f49-4de0-adcd-93b83c7e4d7d'} Body: {"NeutronError": {"message": "Trunk f4e71890-8ff4-4baa-804b-c11bb2483099 could not be found.", "type": "TrunkNotFound", "detail": ""}} _log_request_full /root/.rally/verification/verifier-3061ead3-063c-4422-afd2-2b0a707e2bc7/repo/tempest/lib/common/rest_client.py:437
2019-02-08 16:02:20.277 17918 INFO tempest.lib.common.rest_client [req-57af56ef-a14b-49a4-8234-2405fb04311e ] Request (TrunkTestJSON:_run_cleanups): 404 GET http://172.30.9.21:9696/v2.0/trunks/a5e8f0c6-b66c-4c28-9d23-bb29e2d46730 0.019s
2019-02-08 16:02:20.278 17918 DEBUG tempest.lib.common.rest_client [req-57af56ef-a14b-49a4-8234-2405fb04311e ] Request - Headers: {'Content-Type': 'application/json', 'Accept': 'application/json', 'X-Auth-Token': ''} Body: None Response - Headers: {'status': '404', u'content-length': '134', 'content-location': 'http://172.30.9.21:9696/v2.0/trunks/a5e8f0c6-b66c-4c28-9d23-bb29e2d46730', u'date': 'Fri, 08 Feb 2019 16:02:20 GMT', u'content-type': 'application/json', u'connection': 'close', u'x-openstack-request-id': 'req-57af56ef-a14b-49a4-8234-2405fb04311e'} Body: {"NeutronError": {"message": "Trunk a5e8f0c6-b66c-4c28-9d23-bb29e2d46730 could not be found.", "type": "TrunkNotFound", "detail": ""}} _log_request_full /root/.rally/verification/verifier-3061ead3-063c-4422-afd2-2b0a707e2bc7/repo/tempest/lib/common/rest_client.py:437
2019-02-08 16:02:20.291 17918 INFO tempest.lib.common.rest_client [req-209db399-2060-44f9-b223-5a22d72410bd ] Request (TrunkTestJSON:_run_cleanups): 404 GET http://172.30.9.21:9696/v2.0/trunks/3082f2bc-4acf-41f5-b606-fb4e1b3a2af3 0.012s
2019-02-08 16:02:20.291 17918 DEBUG tempest.lib.common.rest_client [req-209db399-2060-44f9-b223-5a22d72410bd ] Request - Headers: {'Content-Type': 'application/json', 'Accept': 'application/json', 'X-Auth-Token': ''} Body: None Response - Headers: {'status': '404', u'content-length': '134', 'content-location': 'http://172.30.9.21:9696/v2.0/trunks/3082f2bc-4acf-41f5-b606-fb4e1b3a2af3', u'date': 'Fri, 08 Feb 2019 16:02:20 GMT', u'content-type': 'application/json', u'connection': 'close', u'x-openstack-request-id': 'req-209db399-2060-44f9-b223-5a22d72410bd'} Body: {"NeutronError": {"message": "Trunk 3082f2bc-4acf-41f5-b606-fb4e1b3a2af3 could not be found.", "type": "TrunkNotFound", "detail": ""}} _log_request_full /root/.rally/verification/verifier-3061ead3-063c-4422-afd2-2b0a707e2bc7/repo/tempest/lib/common/rest_client.py:437
2019-02-08 16:02:20.327 17918 INFO tempest.lib.common.rest_client [req-632baa1a-f54c-477e-a70a-05b0f5649c62 ] Request (TrunkTestJSON:_run_cleanups): 404 DELETE http://172.30.9.21:9696/v2.0/ports/4640f281-d43a-4a3b-a414-5f83889c73b6 0.035s
2019-02-08 16:02:20.327 17918 DEBUG tempest.lib.common.rest_client [req-632baa1a-f54c-477e-a70a-05b0f5649c62 ] Request - Headers: {'Content-Type': 'application/json', 'Accept': 'application/json', 'X-Auth-Token': ''} Body: None Response - Headers: {'status': '404', u'content-length': '132', 'content-location': 'http://172.30.9.21:9696/v2.0/ports/4640f281-d43a-4a3b-a414-5f83889c73b6', u'date': 'Fri, 08 Feb 2019 16:02:20 GMT', u'content-type': 'application/json', u'connection': 'close', u'x-openstack-request-id': 'req-632baa1a-f54c-477e-a70a-05b0f5649c62'} Body: {"NeutronError": {"message": "Port 4640f281-d43a-4a3b-a414-5f83889c73b6 could not be found.", "type": "PortNotFound", "detail": ""}} _log_request_full /root/.rally/verification/verifier-3061ead3-063c-4422-afd2-2b0a707e2bc7/repo/tempest/lib/common/rest_client.py:437
2019-02-08 16:02:20.363 17918 INFO tempest.lib.common.rest_client [req-7ae7b944-3c42-4764-89a3-7cfa48653b73 ] Request (TrunkTestJSON:_run_cleanups): 404 DELETE http://172.30.9.21:9696/v2.0/ports/fc7396b4-bd5b-4e7f-9847-0f69fcefc12f 0.036s
2019-02-08 16:02:20.364 17918 DEBUG tempest.lib.common.rest_client [req-7ae7b944-3c42-4764-89a3-7cfa48653b73 ] Request - Headers: {'Content-Type': 'application/json', 'Accept': 'application/json', 'X-Auth-Token': ''} Body: None Response - Headers: {'status': '404', u'content-length': '132', 'content-location': 'http://172.30.9.21:9696/v2.0/ports/fc7396b4-bd5b-4e7f-9847-0f69fcefc12f', u'date': 'Fri, 08 Feb 2019 16:02:20 GMT', u'content-type': 'application/json', u'connection': 'close', u'x-openstack-request-id': 'req-7ae7b944-3c42-4764-89a3-7cfa48653b73'} Body: {"NeutronError": {"message": "Port fc7396b4-bd5b-4e7f-9847-0f69fcefc12f could not be found.", "type": "PortNotFound", "detail": ""}} _log_request_full /root/.rally/verification/verifier-3061ead3-063c-4422-afd2-2b0a707e2bc7/repo/tempest/lib/common/rest_client.py:437
2019-02-08 16:02:20.403 17918 INFO tempest.lib.common.rest_client [req-044b6174-179c-49ad-a5f7-9e13e83c49a9 ] Request (TrunkTestJSON:_run_cleanups): 404 DELETE http://172.30.9.21:9696/v2.0/ports/7e5ea95d-d80b-4bd2-b464-9d086a633687 0.039s
2019-02-08 16:02:20.403 17918 DEBUG tempest.lib.common.rest_client [req-044b6174-179c-49ad-a5f7-9e13e83c49a9 ] Request - Headers: {'Content-Type': 'application/json', 'Accept': 'application/json', 'X-Auth-Token': ''} Body: None Response - Headers: {'status': '404', u'content-length': '132', 'content-location': 'http://172.30.9.21:9696/v2.0/ports/7e5ea95d-d80b-4bd2-b464-9d086a633687', u'date': 'Fri, 08 Feb 2019 16:02:20 GMT', u'content-type': 'application/json', u'connection': 'close', u'x-openstack-request-id': 'req-044b6174-179c-49ad-a5f7-9e13e83c49a9'} Body: {"NeutronError": {"message": "Port 7e5ea95d-d80b-4bd2-b464-9d086a633687 could not be found.", "type": "PortNotFound", "detail": ""}} _log_request_full /root/.rally/verification/verifier-3061ead3-063c-4422-afd2-2b0a707e2bc7/repo/tempest/lib/common/rest_client.py:437
2019-02-08 16:02:20.433 17918 INFO tempest.lib.common.rest_client [req-03d8332e-af30-4ec0-be6f-5c170f47c59e ] Request (TrunkTestJSON:_run_cleanups): 404 DELETE http://172.30.9.21:9696/v2.0/ports/5adcd691-2af2-4324-b559-307e88d510f3 0.029s
2019-02-08 16:02:20.433 17918 DEBUG tempest.lib.common.rest_client [req-03d8332e-af30-4ec0-be6f-5c170f47c59e ] Request - Headers: {'Content-Type': 'application/json', 'Accept': 'application/json', 'X-Auth-Token': ''} Body: None Response - Headers: {'status': '404', u'content-length': '132', 'content-location': 'http://172.30.9.21:9696/v2.0/ports/5adcd691-2af2-4324-b559-307e88d510f3', u'date': 'Fri, 08 Feb 2019 16:02:20 GMT', u'content-type': 'application/json', u'connection': 'close', u'x-openstack-request-id': 'req-03d8332e-af30-4ec0-be6f-5c170f47c59e'} Body: {"NeutronError": {"message": "Port 5adcd691-2af2-4324-b559-307e88d510f3 could not be found.", "type": "PortNotFound", "detail": ""}} _log_request_full /root/.rally/verification/verifier-3061ead3-063c-4422-afd2-2b0a707e2bc7/repo/tempest/lib/common/rest_client.py:437
2019-02-08 16:02:20.463 17918 INFO tempest.lib.common.rest_client [req-de5a82bc-8515-4744-9096-130e5ab08bae ] Request (TrunkTestJSON:_run_cleanups): 404 DELETE http://172.30.9.21:9696/v2.0/ports/f49865bb-f471-4a58-b1de-040a1e34b5e4 0.029s
2019-02-08 16:02:20.463 17918 DEBUG tempest.lib.common.rest_client [req-de5a82bc-8515-4744-9096-130e5ab08bae ] Request - Headers: {'Content-Type': 'application/json', 'Accept': 'application/json', 'X-Auth-Token': ''} Body: None Response - Headers: {'status': '404', u'content-length': '132', 'content-location': 'http://172.30.9.21:9696/v2.0/ports/f49865bb-f471-4a58-b1de-040a1e34b5e4', u'date': 'Fri, 08 Feb 2019 16:02:20 GMT', u'content-type': 'application/json', u'connection': 'close', u'x-openstack-request-id': 'req-de5a82bc-8515-4744-9096-130e5ab08bae'} Body: {"NeutronError": {"message": "Port f49865bb-f471-4a58-b1de-040a1e34b5e4 could not be found.", "type": "PortNotFound", "detail": ""}} _log_request_full /root/.rally/verification/verifier-3061ead3-063c-4422-afd2-2b0a707e2bc7/repo/tempest/lib/common/rest_client.py:437
2019-02-08 16:02:20.493 17918 INFO tempest.lib.common.rest_client [req-9ede89ac-db91-4ef7-93e8-ac9b8bcd172a ] Request (TrunkTestJSON:_run_cleanups): 404 DELETE http://172.30.9.21:9696/v2.0/ports/9e508be7-b44e-4e3e-bb56-13f4285d97b3 0.030s
2019-02-08 16:02:20.493 17918 DEBUG tempest.lib.common.rest_client [req-9ede89ac-db91-4ef7-93e8-ac9b8bcd172a ] Request - Headers: {'Content-Type': 'application/json', 'Accept': 'application/json', 'X-Auth-Token': ''} Body: None Response - Headers: {'status': '404', u'content-length': '132', 'content-location': 'http://172.30.9.21:9696/v2.0/ports/9e508be7-b44e-4e3e-bb56-13f4285d97b3', u'date': 'Fri, 08 Feb 2019 16:02:20 GMT', u'content-type': 'application/json', u'connection': 'close', u'x-openstack-request-id': 'req-9ede89ac-db91-4ef7-93e8-ac9b8bcd172a'} Body: {"NeutronError": {"message": "Port 9e508be7-b44e-4e3e-bb56-13f4285d97b3 could not be found.", "type": "PortNotFound", "detail": ""}} _log_request_full /root/.rally/verification/verifier-3061ead3-063c-4422-afd2-2b0a707e2bc7/repo/tempest/lib/common/rest_client.py:437
2019-02-08 16:02:20.530 17918 INFO tempest.lib.common.rest_client [req-1968f2b6-3b08-4ffb-8fc2-3879669a6431 ] Request (TrunkTestJSON:_run_cleanups): 404 DELETE http://172.30.9.21:9696/v2.0/ports/0425a62b-20b1-4910-afae-f219bd53e302 0.036s
2019-02-08 16:02:20.530 17918 DEBUG tempest.lib.common.rest_client [req-1968f2b6-3b08-4ffb-8fc2-3879669a6431 ] Request - Headers: {'Content-Type': 'application/json', 'Accept': 'application/json', 'X-Auth-Token': ''} Body: None Response - Headers: {'status': '404', u'content-length': '132', 'content-location': 'http://172.30.9.21:9696/v2.0/ports/0425a62b-20b1-4910-afae-f219bd53e302', u'date': 'Fri, 08 Feb 2019 16:02:20 GMT', u'content-type': 'application/json', u'connection': 'close', u'x-openstack-request-id': 'req-1968f2b6-3b08-4ffb-8fc2-3879669a6431'} Body: {"NeutronError": {"message": "Port 0425a62b-20b1-4910-afae-f219bd53e302 could not be found.", "type": "PortNotFound", "detail": ""}} _log_request_full /root/.rally/verification/verifier-3061ead3-063c-4422-afd2-2b0a707e2bc7/repo/tempest/lib/common/rest_client.py:437
2019-02-08 16:02:20.558 17918 INFO tempest.lib.common.rest_client [req-dc1dea12-5c99-4713-a1d7-5afb2e158fb0 ] Request (TrunkTestJSON:_run_cleanups): 404 DELETE http://172.30.9.21:9696/v2.0/ports/117f676e-6c4b-44a6-ae48-7c2707ebec22 0.028s
2019-02-08 16:02:20.558 17918 DEBUG tempest.lib.common.rest_client [req-dc1dea12-5c99-4713-a1d7-5afb2e158fb0 ] Request - Headers: {'Content-Type': 'application/json', 'Accept': 'application/json', 'X-Auth-Token': ''} Body: None Response - Headers: {'status': '404', u'content-length': '132', 'content-location': 'http://172.30.9.21:9696/v2.0/ports/117f676e-6c4b-44a6-ae48-7c2707ebec22', u'date': 'Fri, 08 Feb 2019 16:02:20 GMT', u'content-type': 'application/json', u'connection': 'close', u'x-openstack-request-id': 'req-dc1dea12-5c99-4713-a1d7-5afb2e158fb0'} Body: {"NeutronError": {"message": "Port 117f676e-6c4b-44a6-ae48-7c2707ebec22 could not be found.", "type": "PortNotFound", "detail": ""}} _log_request_full /root/.rally/verification/verifier-3061ead3-063c-4422-afd2-2b0a707e2bc7/repo/tempest/lib/common/rest_client.py:437
