2019-01-30 21:14:09.315 17913 DEBUG tempest.lib.common.rest_client [req-0028a8a6-3302-4d1e-afee-fd67b67a0ea3 ] Request - Headers: {'Content-Type': 'application/json', 'Accept': 'application/json', 'X-Auth-Token': ''} Body: {"trunk": {"name": "foo", "admin_state_up": false}} Response - Headers: {'status': '200', u'content-length': '411', 'content-location': 'http://172.30.9.22:9696/v2.0/trunks/f6fecbcd-3b5c-475d-af7f-d6b7019dbc8a', u'date': 'Wed, 30 Jan 2019 21:14:09 GMT', u'content-type': 'application/json', u'connection': 'close', u'x-openstack-request-id': 'req-0028a8a6-3302-4d1e-afee-fd67b67a0ea3'} Body: {"trunk": {"status": "DOWN", "sub_ports": [], "name": "foo", "admin_state_up": false, "tenant_id": "62ee8da62d2740a9bd60d70fff7c2da1", "created_at": "2019-01-30T21:14:09Z", "tags": [], "updated_at": "2019-01-30T21:14:09Z", "revision_number": 1, "project_id": "62ee8da62d2740a9bd60d70fff7c2da1", "port_id": "9fd90ba7-d4ef-4b40-b2bf-e914577e9382", "id": "f6fecbcd-3b5c-475d-af7f-d6b7019dbc8a", "description": ""}} _log_request_full /root/.rally/verification/verifier-eb1ed8a4-6abf-4b65-90af-d488cb73850c/repo/tempest/lib/common/rest_client.py:434
2019-01-30 21:14:09.386 17913 INFO tempest.lib.common.rest_client [req-743e9c79-0321-4393-ac8d-734a781fd68c ] Request (TrunkTestJSON:test_create_update_trunk): 200 PUT http://172.30.9.22:9696/v2.0/trunks/f6fecbcd-3b5c-475d-af7f-d6b7019dbc8a 0.070s
2019-01-30 21:14:09.386 17913 DEBUG tempest.lib.common.rest_client [req-743e9c79-0321-4393-ac8d-734a781fd68c ] Request - Headers: {'Content-Type': 'application/json', 'Accept': 'application/json', 'X-Auth-Token': ''} Body: {"trunk": {"admin_state_up": true}} Response - Headers: {'status': '200', u'content-length': '410', 'content-location': 'http://172.30.9.22:9696/v2.0/trunks/f6fecbcd-3b5c-475d-af7f-d6b7019dbc8a', u'date': 'Wed, 30 Jan 2019 21:14:09 GMT', u'content-type': 'application/json', u'connection': 'close', u'x-openstack-request-id': 'req-743e9c79-0321-4393-ac8d-734a781fd68c'} Body: {"trunk": {"status": "DOWN", "sub_ports": [], "name": "foo", "admin_state_up": true, "tenant_id": "62ee8da62d2740a9bd60d70fff7c2da1", "created_at": "2019-01-30T21:14:09Z", "tags": [], "updated_at": "2019-01-30T21:14:09Z", "revision_number": 2, "project_id": "62ee8da62d2740a9bd60d70fff7c2da1", "port_id": "9fd90ba7-d4ef-4b40-b2bf-e914577e9382", "id": "f6fecbcd-3b5c-475d-af7f-d6b7019dbc8a", "description": ""}} _log_request_full /root/.rally/verification/verifier-eb1ed8a4-6abf-4b65-90af-d488cb73850c/repo/tempest/lib/common/rest_client.py:434
2019-01-30 21:14:09.403 17913 INFO tempest.lib.common.rest_client [req-1439b79a-a83d-42c9-a2d5-d2c805235f3d ] Request (TrunkTestJSON:_run_cleanups): 404 GET http://172.30.9.22:9696/v2.0/trunks/7cce94a8-b3dc-4e46-98f6-94289518dd02/get_subports 0.016s
2019-01-30 21:14:09.404 17913 DEBUG tempest.lib.common.rest_client [req-1439b79a-a83d-42c9-a2d5-d2c805235f3d ] Request - Headers: {'Content-Type': 'application/json', 'Accept': 'application/json', 'X-Auth-Token': ''} Body: None Response - Headers: {'status': '404', u'content-length': '134', 'content-location': 'http://172.30.9.22:9696/v2.0/trunks/7cce94a8-b3dc-4e46-98f6-94289518dd02/get_subports', u'date': 'Wed, 30 Jan 2019 21:14:09 GMT', u'content-type': 'application/json', u'connection': 'close', u'x-openstack-request-id': 'req-1439b79a-a83d-42c9-a2d5-d2c805235f3d'} Body: {"NeutronError": {"message": "Trunk 7cce94a8-b3dc-4e46-98f6-94289518dd02 could not be found.", "type": "TrunkNotFound", "detail": ""}} _log_request_full /root/.rally/verification/verifier-eb1ed8a4-6abf-4b65-90af-d488cb73850c/repo/tempest/lib/common/rest_client.py:434
2019-01-30 21:14:09.426 17913 INFO tempest.lib.common.rest_client [req-3f7b53fc-ea19-4cf7-87a2-039050326616 ] Request (TrunkTestJSON:_run_cleanups): 404 DELETE http://172.30.9.22:9696/v2.0/trunks/7cce94a8-b3dc-4e46-98f6-94289518dd02 0.021s
2019-01-30 21:14:09.426 17913 DEBUG tempest.lib.common.rest_client [req-3f7b53fc-ea19-4cf7-87a2-039050326616 ] Request - Headers: {'Content-Type': 'application/json', 'Accept': 'application/json', 'X-Auth-Token': ''} Body: None Response - Headers: {'status': '404', u'content-length': '134', 'content-location': 'http://172.30.9.22:9696/v2.0/trunks/7cce94a8-b3dc-4e46-98f6-94289518dd02', u'date': 'Wed, 30 Jan 2019 21:14:09 GMT', u'content-type': 'application/json', u'connection': 'close', u'x-openstack-request-id': 'req-3f7b53fc-ea19-4cf7-87a2-039050326616'} Body: {"NeutronError": {"message": "Trunk 7cce94a8-b3dc-4e46-98f6-94289518dd02 could not be found.", "type": "TrunkNotFound", "detail": ""}} _log_request_full /root/.rally/verification/verifier-eb1ed8a4-6abf-4b65-90af-d488cb73850c/repo/tempest/lib/common/rest_client.py:434
2019-01-30 21:14:09.440 17913 INFO tempest.lib.common.rest_client [req-91fcf04c-db13-4888-8307-817ffd96a82d ] Request (TrunkTestJSON:_run_cleanups): 404 GET http://172.30.9.22:9696/v2.0/trunks/86901ec5-cbca-4bcf-baaa-764d8c360334/get_subports 0.013s
2019-01-30 21:14:09.441 17913 DEBUG tempest.lib.common.rest_client [req-91fcf04c-db13-4888-8307-817ffd96a82d ] Request - Headers: {'Content-Type': 'application/json', 'Accept': 'application/json', 'X-Auth-Token': ''} Body: None Response - Headers: {'status': '404', u'content-length': '134', 'content-location': 'http://172.30.9.22:9696/v2.0/trunks/86901ec5-cbca-4bcf-baaa-764d8c360334/get_subports', u'date': 'Wed, 30 Jan 2019 21:14:09 GMT', u'content-type': 'application/json', u'connection': 'close', u'x-openstack-request-id': 'req-91fcf04c-db13-4888-8307-817ffd96a82d'} Body: {"NeutronError": {"message": "Trunk 86901ec5-cbca-4bcf-baaa-764d8c360334 could not be found.", "type": "TrunkNotFound", "detail": ""}} _log_request_full /root/.rally/verification/verifier-eb1ed8a4-6abf-4b65-90af-d488cb73850c/repo/tempest/lib/common/rest_client.py:434
2019-01-30 21:14:09.469 17917 INFO tempest.lib.common.rest_client [req-5d7914fd-8db2-42d2-9797-f5b0e9588bf6 ] Request (TrunkTestJSON:test_add_subport_port_id_uses_trunk_port_id): 409 PUT http://172.30.9.22:9696/v2.0/trunks/1ccf62c3-5182-4412-a0bd-453849362878/add_subports 0.454s
2019-01-30 21:14:09.469 17917 DEBUG tempest.lib.common.rest_client [req-5d7914fd-8db2-42d2-9797-f5b0e9588bf6 ] Request - Headers: {'Content-Type': 'application/json', 'Accept': 'application/json', 'X-Auth-Token': ''} Body: {"sub_ports": [{"segmentation_type": "vlan", "port_id": "789f1aa2-2018-40ef-a956-1f14bf80b9c9", "segmentation_id": 2}]} Response - Headers: {'status': '409', u'content-length': '181', 'content-location': 'http://172.30.9.22:9696/v2.0/trunks/1ccf62c3-5182-4412-a0bd-453849362878/add_subports', u'date': 'Wed, 30 Jan 2019 21:14:09 GMT', u'content-type': 'application/json', u'connection': 'close', u'x-openstack-request-id': 'req-5d7914fd-8db2-42d2-9797-f5b0e9588bf6'} Body: {"NeutronError": {"message": "Port 789f1aa2-2018-40ef-a956-1f14bf80b9c9 is currently in use and is not eligible for use as a parent port.", "type": "ParentPortInUse", "detail": ""}} _log_request_full /root/.rally/verification/verifier-eb1ed8a4-6abf-4b65-90af-d488cb73850c/repo/tempest/lib/common/rest_client.py:434
2019-01-30 21:14:09.488 17917 INFO tempest.lib.common.rest_client [req-34586ddb-2feb-480a-84d6-8750c669daed ] Request (TrunkTestJSON:_run_cleanups): 404 GET http://172.30.9.22:9696/v2.0/trunks/221142d7-964d-4fdd-a619-5e6b0bcafcee/get_subports 0.017s
2019-01-30 21:14:09.488 17917 DEBUG tempest.lib.common.rest_client [req-34586ddb-2feb-480a-84d6-8750c669daed ] Request - Headers: {'Content-Type': 'application/json', 'Accept': 'application/json', 'X-Auth-Token': ''} Body: None Response - Headers: {'status': '404', u'content-length': '134', 'content-location': 'http://172.30.9.22:9696/v2.0/trunks/221142d7-964d-4fdd-a619-5e6b0bcafcee/get_subports', u'date': 'Wed, 30 Jan 2019 21:14:09 GMT', u'content-type': 'application/json', u'connection': 'close', u'x-openstack-request-id': 'req-34586ddb-2feb-480a-84d6-8750c669daed'} Body: {"NeutronError": {"message": "Trunk 221142d7-964d-4fdd-a619-5e6b0bcafcee could not be found.", "type": "TrunkNotFound", "detail": ""}} _log_request_full /root/.rally/verification/verifier-eb1ed8a4-6abf-4b65-90af-d488cb73850c/repo/tempest/lib/common/rest_client.py:434
2019-01-30 21:14:09.504 17917 INFO tempest.lib.common.rest_client [req-bcf30d9b-65e8-4f43-9f65-e5948973c1b4 ] Request (TrunkTestJSON:_run_cleanups): 404 DELETE http://172.30.9.22:9696/v2.0/trunks/221142d7-964d-4fdd-a619-5e6b0bcafcee 0.014s
2019-01-30 21:14:09.504 17917 DEBUG tempest.lib.common.rest_client [req-bcf30d9b-65e8-4f43-9f65-e5948973c1b4 ] Request - Headers: {'Content-Type': 'application/json', 'Accept': 'application/json', 'X-Auth-Token': ''} Body: None Response - Headers: {'status': '404', u'content-length': '134', 'content-location': 'http://172.30.9.22:9696/v2.0/trunks/221142d7-964d-4fdd-a619-5e6b0bcafcee', u'date': 'Wed, 30 Jan 2019 21:14:09 GMT', u'content-type': 'application/json', u'connection': 'close', u'x-openstack-request-id': 'req-bcf30d9b-65e8-4f43-9f65-e5948973c1b4'} Body: {"NeutronError": {"message": "Trunk 221142d7-964d-4fdd-a619-5e6b0bcafcee could not be found.", "type": "TrunkNotFound", "detail": ""}} _log_request_full /root/.rally/verification/verifier-eb1ed8a4-6abf-4b65-90af-d488cb73850c/repo/tempest/lib/common/rest_client.py:434
2019-01-30 21:14:09.517 17917 INFO tempest.lib.common.rest_client [req-81447241-94a0-4111-9836-d2425a1cfbad ] Request (TrunkTestJSON:_run_cleanups): 404 GET http://172.30.9.22:9696/v2.0/trunks/91997d6c-c906-4895-81e0-26dff4d4c05f/get_subports 0.013s
2019-01-30 21:14:09.518 17917 DEBUG tempest.lib.common.rest_client [req-81447241-94a0-4111-9836-d2425a1cfbad ] Request - Headers: {'Content-Type': 'application/json', 'Accept': 'application/json', 'X-Auth-Token': ''} Body: None Response - Headers: {'status': '404', u'content-length': '134', 'content-location': 'http://172.30.9.22:9696/v2.0/trunks/91997d6c-c906-4895-81e0-26dff4d4c05f/get_subports', u'date': 'Wed, 30 Jan 2019 21:14:09 GMT', u'content-type': 'application/json', u'connection': 'close', u'x-openstack-request-id': 'req-81447241-94a0-4111-9836-d2425a1cfbad'} Body: {"NeutronError": {"message": "Trunk 91997d6c-c906-4895-81e0-26dff4d4c05f could not be found.", "type": "TrunkNotFound", "detail": ""}} _log_request_full /root/.rally/verification/verifier-eb1ed8a4-6abf-4b65-90af-d488cb73850c/repo/tempest/lib/common/rest_client.py:434
2019-01-30 21:14:09.539 17917 INFO tempest.lib.common.rest_client [req-72439cb2-92f5-401d-ae29-4b9a7f1aadaa ] Request (TrunkTestJSON:_run_cleanups): 404 DELETE http://172.30.9.22:9696/v2.0/trunks/91997d6c-c906-4895-81e0-26dff4d4c05f 0.021s
2019-01-30 21:14:09.539 17917 DEBUG tempest.lib.common.rest_client [req-72439cb2-92f5-401d-ae29-4b9a7f1aadaa ] Request - Headers: {'Content-Type': 'application/json', 'Accept': 'application/json', 'X-Auth-Token': ''} Body: None Response - Headers: {'status': '404', u'content-length': '134', 'content-location': 'http://172.30.9.22:9696/v2.0/trunks/91997d6c-c906-4895-81e0-26dff4d4c05f', u'date': 'Wed, 30 Jan 2019 21:14:09 GMT', u'content-type': 'application/json', u'connection': 'close', u'x-openstack-request-id': 'req-72439cb2-92f5-401d-ae29-4b9a7f1aadaa'} Body: {"NeutronError": {"message": "Trunk 91997d6c-c906-4895-81e0-26dff4d4c05f could not be found.", "type": "TrunkNotFound", "detail": ""}} _log_request_full /root/.rally/verification/verifier-eb1ed8a4-6abf-4b65-90af-d488cb73850c/repo/tempest/lib/common/rest_client.py:434
2019-01-30 21:14:09.555 17917 INFO tempest.lib.common.rest_client [req-96cd0d94-e547-4acb-a3d5-c31ede3cbf9e ] Request (TrunkTestJSON:_run_cleanups): 404 GET http://172.30.9.22:9696/v2.0/trunks/9e186f6d-a7b6-4888-8d1c-ad744d50cdb1/get_subports 0.015s
2019-01-30 21:14:09.555 17917 DEBUG tempest.lib.common.rest_client [req-96cd0d94-e547-4acb-a3d5-c31ede3cbf9e ] Request - Headers: {'Content-Type': 'application/json', 'Accept': 'application/json', 'X-Auth-Token': ''} Body: None Response - Headers: {'status': '404', u'content-length': '134', 'content-location': 'http://172.30.9.22:9696/v2.0/trunks/9e186f6d-a7b6-4888-8d1c-ad744d50cdb1/get_subports', u'date': 'Wed, 30 Jan 2019 21:14:09 GMT', u'content-type': 'application/json', u'connection': 'close', u'x-openstack-request-id': 'req-96cd0d94-e547-4acb-a3d5-c31ede3cbf9e'} Body: {"NeutronError": {"message": "Trunk 9e186f6d-a7b6-4888-8d1c-ad744d50cdb1 could not be found.", "type": "TrunkNotFound", "detail": ""}} _log_request_full /root/.rally/verification/verifier-eb1ed8a4-6abf-4b65-90af-d488cb73850c/repo/tempest/lib/common/rest_client.py:434
2019-01-30 21:14:09.577 17917 INFO tempest.lib.common.rest_client [req-efa0cbc2-efcd-49ab-9763-8faf190fd3c2 ] Request (TrunkTestJSON:_run_cleanups): 404 DELETE http://172.30.9.22:9696/v2.0/trunks/9e186f6d-a7b6-4888-8d1c-ad744d50cdb1 0.021s
2019-01-30 21:14:09.577 17917 DEBUG tempest.lib.common.rest_client [req-efa0cbc2-efcd-49ab-9763-8faf190fd3c2 ] Request - Headers: {'Content-Type': 'application/json', 'Accept': 'application/json', 'X-Auth-Token': ''} Body: None Response - Headers: {'status': '404', u'content-length': '134', 'content-location': 'http://172.30.9.22:9696/v2.0/trunks/9e186f6d-a7b6-4888-8d1c-ad744d50cdb1', u'date': 'Wed, 30 Jan 2019 21:14:09 GMT', u'content-type': 'application/json', u'connection': 'close', u'x-openstack-request-id': 'req-efa0cbc2-efcd-49ab-9763-8faf190fd3c2'} Body: {"NeutronError": {"message": "Trunk 9e186f6d-a7b6-4888-8d1c-ad744d50cdb1 could not be found.", "type": "TrunkNotFound", "detail": ""}} _log_request_full /root/.rally/verification/verifier-eb1ed8a4-6abf-4b65-90af-d488cb73850c/repo/tempest/lib/common/rest_client.py:434
2019-01-30 21:14:09.612 17917 INFO tempest.lib.common.rest_client [req-e1d01d79-3b61-4e91-8be7-a11e640251cf ] Request (TrunkTestJSON:_run_cleanups): 200 GET http://172.30.9.22:9696/v2.0/trunks/1ccf62c3-5182-4412-a0bd-453849362878/get_subports 0.034s
2019-01-30 21:14:09.612 17917 DEBUG tempest.lib.common.rest_client [req-e1d01d79-3b61-4e91-8be7-a11e640251cf ] Request - Headers: {'Content-Type': 'application/json', 'Accept': 'application/json', 'X-Auth-Token': ''} Body: None Response - Headers: {'status': '200', u'content-length': '17', 'content-location': 'http://172.30.9.22:9696/v2.0/trunks/1ccf62c3-5182-4412-a0bd-453849362878/get_subports', u'date': 'Wed, 30 Jan 2019 21:14:09 GMT', u'content-type': 'application/json', u'connection': 'close', u'x-openstack-request-id': 'req-e1d01d79-3b61-4e91-8be7-a11e640251cf'} Body: {"sub_ports": []} _log_request_full /root/.rally/verification/verifier-eb1ed8a4-6abf-4b65-90af-d488cb73850c/repo/tempest/lib/common/rest_client.py:434
2019-01-30 21:14:09.644 17913 INFO tempest.lib.common.rest_client [req-8077ffc0-d94e-4432-9b21-b63621bb5a62 ] Request (TrunkTestJSON:_run_cleanups): 404 DELETE http://172.30.9.22:9696/v2.0/trunks/86901ec5-cbca-4bcf-baaa-764d8c360334 0.202s
2019-01-30 21:14:09.644 17913 DEBUG tempest.lib.common.rest_client [req-8077ffc0-d94e-4432-9b21-b63621bb5a62 ] Request - Headers: {'Content-Type': 'application/json', 'Accept': 'application/json', 'X-Auth-Token': ''} Body: None Response - Headers: {'status': '404', u'content-length': '134', 'content-location': 'http://172.30.9.22:9696/v2.0/trunks/86901ec5-cbca-4bcf-baaa-764d8c360334', u'date': 'Wed, 30 Jan 2019 21:14:09 GMT', u'content-type': 'application/json', u'connection': 'close', u'x-openstack-request-id': 'req-8077ffc0-d94e-4432-9b21-b63621bb5a62'} Body: {"NeutronError": {"message": "Trunk 86901ec5-cbca-4bcf-baaa-764d8c360334 could not be found.", "type": "TrunkNotFound", "detail": ""}} _log_request_full /root/.rally/verification/verifier-eb1ed8a4-6abf-4b65-90af-d488cb73850c/repo/tempest/lib/common/rest_client.py:434
2019-01-30 21:14:09.660 17913 INFO tempest.lib.common.rest_client [req-ee719a67-151f-460c-8cde-992e44be8a62 ] Request (TrunkTestJSON:_run_cleanups): 404 GET http://172.30.9.22:9696/v2.0/trunks/56836ad2-d2f5-429d-a723-89334df00d96/get_subports 0.015s
2019-01-30 21:14:09.660 17913 DEBUG tempest.lib.common.rest_client [req-ee719a67-151f-460c-8cde-992e44be8a62 ] Request - Headers: {'Content-Type': 'application/json', 'Accept': 'application/json', 'X-Auth-Token': ''} Body: None Response - Headers: {'status': '404', u'content-length': '134', 'content-location': 'http://172.30.9.22:9696/v2.0/trunks/56836ad2-d2f5-429d-a723-89334df00d96/get_subports', u'date': 'Wed, 30 Jan 2019 21:14:09 GMT', u'content-type': 'application/json', u'connection': 'close', u'x-openstack-request-id': 'req-ee719a67-151f-460c-8cde-992e44be8a62'} Body: {"NeutronError": {"message": "Trunk 56836ad2-d2f5-429d-a723-89334df00d96 could not be found.", "type": "TrunkNotFound", "detail": ""}} _log_request_full /root/.rally/verification/verifier-eb1ed8a4-6abf-4b65-90af-d488cb73850c/repo/tempest/lib/common/rest_client.py:434
2019-01-30 21:14:09.665 17917 INFO tempest.lib.common.rest_client [req-db6aeffd-3054-4896-a3cb-c05e86c54e3a ] Request (TrunkTestJSON:_run_cleanups): 200 PUT http://172.30.9.22:9696/v2.0/trunks/1ccf62c3-5182-4412-a0bd-453849362878/remove_subports 0.052s
2019-01-30 21:14:09.665 17917 DEBUG tempest.lib.common.rest_client [req-db6aeffd-3054-4896-a3cb-c05e86c54e3a ] Request - Headers: {'Content-Type': 'application/json', 'Accept': 'application/json', 'X-Auth-Token': ''} Body: {"sub_ports": []} Response - Headers: {'status': '200', u'content-length': '396', 'content-location': 'http://172.30.9.22:9696/v2.0/trunks/1ccf62c3-5182-4412-a0bd-453849362878/remove_subports', u'date': 'Wed, 30 Jan 2019 21:14:09 GMT', u'content-type': 'application/json', u'connection': 'close', u'x-openstack-request-id': 'req-db6aeffd-3054-4896-a3cb-c05e86c54e3a'} Body: {"status": "DOWN", "sub_ports": [], "name": "", "admin_state_up": true, "tenant_id": "5761f29c5c5e4e318fe70dd0edc33d71", "created_at": "2019-01-30T21:14:08Z", "tags": [], "updated_at": "2019-01-30T21:14:09Z", "revision_number": 1, "project_id": "5761f29c5c5e4e318fe70dd0edc33d71", "port_id": "789f1aa2-2018-40ef-a956-1f14bf80b9c9", "id": "1ccf62c3-5182-4412-a0bd-453849362878", "description": ""} _log_request_full /root/.rally/verification/verifier-eb1ed8a4-6abf-4b65-90af-d488cb73850c/repo/tempest/lib/common/rest_client.py:434
2019-01-30 21:14:09.680 17913 INFO tempest.lib.common.rest_client [req-affb8c1f-6aaf-4da7-a0cf-0c55e765fec5 ] Request (TrunkTestJSON:_run_cleanups): 404 DELETE http://172.30.9.22:9696/v2.0/trunks/56836ad2-d2f5-429d-a723-89334df00d96 0.018s
2019-01-30 21:14:09.680 17913 DEBUG tempest.lib.common.rest_client [req-affb8c1f-6aaf-4da7-a0cf-0c55e765fec5 ] Request - Headers: {'Content-Type': 'application/json', 'Accept': 'application/json', 'X-Auth-Token': ''} Body: None Response - Headers: {'status': '404', u'content-length': '134', 'content-location': 'http://172.30.9.22:9696/v2.0/trunks/56836ad2-d2f5-429d-a723-89334df00d96', u'date': 'Wed, 30 Jan 2019 21:14:09 GMT', u'content-type': 'application/json', u'connection': 'close', u'x-openstack-request-id': 'req-affb8c1f-6aaf-4da7-a0cf-0c55e765fec5'} Body: {"NeutronError": {"message": "Trunk 56836ad2-d2f5-429d-a723-89334df00d96 could not be found.", "type": "TrunkNotFound", "detail": ""}} _log_request_full /root/.rally/verification/verifier-eb1ed8a4-6abf-4b65-90af-d488cb73850c/repo/tempest/lib/common/rest_client.py:434
2019-01-30 21:14:09.694 17913 INFO tempest.lib.common.rest_client [req-4523e049-23b6-4cfe-b01c-9083b4bd9a91 ] Request (TrunkTestJSON:_run_cleanups): 404 GET http://172.30.9.22:9696/v2.0/trunks/afaf3fa9-23e7-4966-a826-4e5b3f30e65a/get_subports 0.013s
2019-01-30 21:14:09.694 17913 DEBUG tempest.lib.common.rest_client [req-4523e049-23b6-4cfe-b01c-9083b4bd9a91 ] Request - Headers: {'Content-Type': 'application/json', 'Accept': 'application/json', 'X-Auth-Token': ''} Body: None Response - Headers: {'status': '404', u'content-length': '134', 'content-location': 'http://172.30.9.22:9696/v2.0/trunks/afaf3fa9-23e7-4966-a826-4e5b3f30e65a/get_subports', u'date': 'Wed, 30 Jan 2019 21:14:09 GMT', u'content-type': 'application/json', u'connection': 'close', u'x-openstack-request-id': 'req-4523e049-23b6-4cfe-b01c-9083b4bd9a91'} Body: {"NeutronError": {"message": "Trunk afaf3fa9-23e7-4966-a826-4e5b3f30e65a could not be found.", "type": "TrunkNotFound", "detail": ""}} _log_request_full /root/.rally/verification/verifier-eb1ed8a4-6abf-4b65-90af-d488cb73850c/repo/tempest/lib/common/rest_client.py:434
2019-01-30 21:14:09.710 17913 INFO tempest.lib.common.rest_client [req-39ad5676-d223-4943-85a9-0c9cbf172436 ] Request (TrunkTestJSON:_run_cleanups): 404 DELETE http://172.30.9.22:9696/v2.0/trunks/afaf3fa9-23e7-4966-a826-4e5b3f30e65a 0.014s
2019-01-30 21:14:09.710 17913 DEBUG tempest.lib.common.rest_client [req-39ad5676-d223-4943-85a9-0c9cbf172436 ] Request - Headers: {'Content-Type': 'application/json', 'Accept': 'application/json', 'X-Auth-Token': ''} Body: None Response - Headers: {'status': '404', u'content-length': '134', 'content-location': 'http://172.30.9.22:9696/v2.0/trunks/afaf3fa9-23e7-4966-a826-4e5b3f30e65a', u'date': 'Wed, 30 Jan 2019 21:14:09 GMT', u'content-type': 'application/json', u'connection': 'close', u'x-openstack-request-id': 'req-39ad5676-d223-4943-85a9-0c9cbf172436'} Body: {"NeutronError": {"message": "Trunk afaf3fa9-23e7-4966-a826-4e5b3f30e65a could not be found.", "type": "TrunkNotFound", "detail": ""}} _log_request_full /root/.rally/verification/verifier-eb1ed8a4-6abf-4b65-90af-d488cb73850c/repo/tempest/lib/common/rest_client.py:434
2019-01-30 21:14:09.777 17913 INFO tempest.lib.common.rest_client [req-0cbd9eb0-cdfc-4320-9d5f-f6c4a3d5b123 ] Request (TrunkTestJSON:_run_cleanups): 200 GET http://172.30.9.22:9696/v2.0/trunks/f6fecbcd-3b5c-475d-af7f-d6b7019dbc8a/get_subports 0.066s
2019-01-30 21:14:09.777 17913 DEBUG tempest.lib.common.rest_client [req-0cbd9eb0-cdfc-4320-9d5f-f6c4a3d5b123 ] Request - Headers: {'Content-Type': 'application/json', 'Accept': 'application/json', 'X-Auth-Token': ''} Body: None Response - Headers: {'status': '200', u'content-length': '17', 'content-location': 'http://172.30.9.22:9696/v2.0/trunks/f6fecbcd-3b5c-475d-af7f-d6b7019dbc8a/get_subports', u'date': 'Wed, 30 Jan 2019 21:14:09 GMT', u'content-type': 'application/json', u'connection': 'close', u'x-openstack-request-id': 'req-0cbd9eb0-cdfc-4320-9d5f-f6c4a3d5b123'} Body: {"sub_ports": []} _log_request_full /root/.rally/verification/verifier-eb1ed8a4-6abf-4b65-90af-d488cb73850c/repo/tempest/lib/common/rest_client.py:434
2019-01-30 21:14:09.801 17917 INFO tempest.lib.common.rest_client [req-d23b0984-4dde-45a2-b708-312c27efc499 ] Request (TrunkTestJSON:_run_cleanups): 204 DELETE http://172.30.9.22:9696/v2.0/trunks/1ccf62c3-5182-4412-a0bd-453849362878 0.135s
2019-01-30 21:14:09.801 17917 DEBUG tempest.lib.common.rest_client [req-d23b0984-4dde-45a2-b708-312c27efc499 ] Request - Headers: {'Content-Type': 'application/json', 'Accept': 'application/json', 'X-Auth-Token': ''} Body: None Response - Headers: {'status': '204', u'content-length': '0', 'content-location': 'http://172.30.9.22:9696/v2.0/trunks/1ccf62c3-5182-4412-a0bd-453849362878', u'date': 'Wed, 30 Jan 2019 21:14:09 GMT', u'connection': 'close', u'x-openstack-request-id': 'req-d23b0984-4dde-45a2-b708-312c27efc499'} Body: _log_request_full /root/.rally/verification/verifier-eb1ed8a4-6abf-4b65-90af-d488cb73850c/repo/tempest/lib/common/rest_client.py:434
2019-01-30 21:14:09.833 17913 INFO tempest.lib.common.rest_client [req-ddb02ebe-048d-493d-8b4c-3d03e4f0739e ] Request (TrunkTestJSON:_run_cleanups): 200 PUT http://172.30.9.22:9696/v2.0/trunks/f6fecbcd-3b5c-475d-af7f-d6b7019dbc8a/remove_subports 0.055s
2019-01-30 21:14:09.833 17913 DEBUG tempest.lib.common.rest_client [req-ddb02ebe-048d-493d-8b4c-3d03e4f0739e ] Request - Headers: {'Content-Type': 'application/json', 'Accept': 'application/json', 'X-Auth-Token': ''} Body: {"sub_ports": []} Response - Headers: {'status': '200', u'content-length': '399', 'content-location': 'http://172.30.9.22:9696/v2.0/trunks/f6fecbcd-3b5c-475d-af7f-d6b7019dbc8a/remove_subports', u'date': 'Wed, 30 Jan 2019 21:14:09 GMT', u'content-type': 'application/json', u'connection': 'close', u'x-openstack-request-id': 'req-ddb02ebe-048d-493d-8b4c-3d03e4f0739e'} Body: {"status": "DOWN", "sub_ports": [], "name": "foo", "admin_state_up": true, "tenant_id": "62ee8da62d2740a9bd60d70fff7c2da1", "created_at": "2019-01-30T21:14:09Z", "tags": [], "updated_at": "2019-01-30T21:14:09Z", "revision_number": 3, "project_id": "62ee8da62d2740a9bd60d70fff7c2da1", "port_id": "9fd90ba7-d4ef-4b40-b2bf-e914577e9382", "id": "f6fecbcd-3b5c-475d-af7f-d6b7019dbc8a", "description": ""} _log_request_full /root/.rally/verification/verifier-eb1ed8a4-6abf-4b65-90af-d488cb73850c/repo/tempest/lib/common/rest_client.py:434
2019-01-30 21:14:09.939 17913 INFO tempest.lib.common.rest_client [req-d6ca5b21-2139-45b9-848f-69a6dec59ae6 ] Request (TrunkTestJSON:_run_cleanups): 204 DELETE http://172.30.9.22:9696/v2.0/trunks/f6fecbcd-3b5c-475d-af7f-d6b7019dbc8a 0.105s
2019-01-30 21:14:09.939 17913 DEBUG tempest.lib.common.rest_client [req-d6ca5b21-2139-45b9-848f-69a6dec59ae6 ] Request - Headers: {'Content-Type': 'application/json', 'Accept': 'application/json', 'X-Auth-Token': ''} Body: None Response - Headers: {'status': '204', u'content-length': '0', 'content-location': 'http://172.30.9.22:9696/v2.0/trunks/f6fecbcd-3b5c-475d-af7f-d6b7019dbc8a', u'date': 'Wed, 30 Jan 2019 21:14:09 GMT', u'connection': 'close', u'x-openstack-request-id': 'req-d6ca5b21-2139-45b9-848f-69a6dec59ae6'} Body: _log_request_full /root/.rally/verification/verifier-eb1ed8a4-6abf-4b65-90af-d488cb73850c/repo/tempest/lib/common/rest_client.py:434
2019-01-30 21:14:09.954 17913 INFO tempest.lib.common.rest_client [req-988748a7-4bd6-487f-8a59-363cf93d7f88 ] Request (TrunkTestJSON:_run_cleanups): 404 GET http://172.30.9.22:9696/v2.0/trunks/7cce94a8-b3dc-4e46-98f6-94289518dd02 0.014s
2019-01-30 21:14:09.954 17913 DEBUG tempest.lib.common.rest_client [req-988748a7-4bd6-487f-8a59-363cf93d7f88 ] Request - Headers: {'Content-Type': 'application/json', 'Accept': 'application/json', 'X-Auth-Token': ''} Body: None Response - Headers: {'status': '404', u'content-length': '134', 'content-location': 'http://172.30.9.22:9696/v2.0/trunks/7cce94a8-b3dc-4e46-98f6-94289518dd02', u'date': 'Wed, 30 Jan 2019 21:14:09 GMT', u'content-type': 'application/json', u'connection': 'close', u'x-openstack-request-id': 'req-988748a7-4bd6-487f-8a59-363cf93d7f88'} Body: {"NeutronError": {"message": "Trunk 7cce94a8-b3dc-4e46-98f6-94289518dd02 could not be found.", "type": "TrunkNotFound", "detail": ""}} _log_request_full /root/.rally/verification/verifier-eb1ed8a4-6abf-4b65-90af-d488cb73850c/repo/tempest/lib/common/rest_client.py:434
2019-01-30 21:14:09.970 17913 INFO tempest.lib.common.rest_client [req-8ef193b0-2b6e-4f4a-8e3f-f34013321287 ] Request (TrunkTestJSON:_run_cleanups): 404 GET http://172.30.9.22:9696/v2.0/trunks/86901ec5-cbca-4bcf-baaa-764d8c360334 0.014s
2019-01-30 21:14:09.970 17913 DEBUG tempest.lib.common.rest_client [req-8ef193b0-2b6e-4f4a-8e3f-f34013321287 ] Request - Headers: {'Content-Type': 'application/json', 'Accept': 'application/json', 'X-Auth-Token': ''} Body: None Response - Headers: {'status': '404', u'content-length': '134', 'content-location': 'http://172.30.9.22:9696/v2.0/trunks/86901ec5-cbca-4bcf-baaa-764d8c360334', u'date': 'Wed, 30 Jan 2019 21:14:09 GMT', u'content-type': 'application/json', u'connection': 'close', u'x-openstack-request-id': 'req-8ef193b0-2b6e-4f4a-8e3f-f34013321287'} Body: {"NeutronError": {"message": "Trunk 86901ec5-cbca-4bcf-baaa-764d8c360334 could not be found.", "type": "TrunkNotFound", "detail": ""}} _log_request_full /root/.rally/verification/verifier-eb1ed8a4-6abf-4b65-90af-d488cb73850c/repo/tempest/lib/common/rest_client.py:434
2019-01-30 21:14:09.986 17913 INFO tempest.lib.common.rest_client [req-e6d62ea5-edff-420f-8dd2-75cd2fb3974b ] Request (TrunkTestJSON:_run_cleanups): 404 GET http://172.30.9.22:9696/v2.0/trunks/56836ad2-d2f5-429d-a723-89334df00d96 0.015s
2019-01-30 21:14:09.986 17913 DEBUG tempest.lib.common.rest_client [req-e6d62ea5-edff-420f-8dd2-75cd2fb3974b ] Request - Headers: {'Content-Type': 'application/json', 'Accept': 'application/json', 'X-Auth-Token': ''} Body: None Response - Headers: {'status': '404', u'content-length': '134', 'content-location': 'http://172.30.9.22:9696/v2.0/trunks/56836ad2-d2f5-429d-a723-89334df00d96', u'date': 'Wed, 30 Jan 2019 21:14:09 GMT', u'content-type': 'application/json', u'connection': 'close', u'x-openstack-request-id': 'req-e6d62ea5-edff-420f-8dd2-75cd2fb3974b'} Body: {"NeutronError": {"message": "Trunk 56836ad2-d2f5-429d-a723-89334df00d96 could not be found.", "type": "TrunkNotFound", "detail": ""}} _log_request_full /root/.rally/verification/verifier-eb1ed8a4-6abf-4b65-90af-d488cb73850c/repo/tempest/lib/common/rest_client.py:434
2019-01-30 21:14:09.999 17913 INFO tempest.lib.common.rest_client [req-cd0001f0-349e-4fd2-8307-d869930ef162 ] Request (TrunkTestJSON:_run_cleanups): 404 GET http://172.30.9.22:9696/v2.0/trunks/afaf3fa9-23e7-4966-a826-4e5b3f30e65a 0.012s
2019-01-30 21:14:09.999 17913 DEBUG tempest.lib.common.rest_client [req-cd0001f0-349e-4fd2-8307-d869930ef162 ] Request - Headers: {'Content-Type': 'application/json', 'Accept': 'application/json', 'X-Auth-Token': ''} Body: None Response - Headers: {'status': '404', u'content-length': '134', 'content-location': 'http://172.30.9.22:9696/v2.0/trunks/afaf3fa9-23e7-4966-a826-4e5b3f30e65a', u'date': 'Wed, 30 Jan 2019 21:14:09 GMT', u'content-type': 'application/json', u'connection': 'close', u'x-openstack-request-id': 'req-cd0001f0-349e-4fd2-8307-d869930ef162'} Body: {"NeutronError": {"message": "Trunk afaf3fa9-23e7-4966-a826-4e5b3f30e65a could not be found.", "type": "TrunkNotFound", "detail": ""}} _log_request_full /root/.rally/verification/verifier-eb1ed8a4-6abf-4b65-90af-d488cb73850c/repo/tempest/lib/common/rest_client.py:434
2019-01-30 21:14:10.001 17917 INFO tempest.lib.common.rest_client [req-a1db6156-115c-4a17-9e90-c0003d2cba7f ] Request (TrunkTestJSON:_run_cleanups): 404 GET http://172.30.9.22:9696/v2.0/trunks/221142d7-964d-4fdd-a619-5e6b0bcafcee 0.199s
2019-01-30 21:14:10.001 17917 DEBUG tempest.lib.common.rest_client [req-a1db6156-115c-4a17-9e90-c0003d2cba7f ] Request - Headers: {'Content-Type': 'application/json', 'Accept': 'application/json', 'X-Auth-Token': ''} Body: None Response - Headers: {'status': '404', u'content-length': '134', 'content-location': 'http://172.30.9.22:9696/v2.0/trunks/221142d7-964d-4fdd-a619-5e6b0bcafcee', u'date': 'Wed, 30 Jan 2019 21:14:10 GMT', u'content-type': 'application/json', u'connection': 'close', u'x-openstack-request-id': 'req-a1db6156-115c-4a17-9e90-c0003d2cba7f'} Body: {"NeutronError": {"message": "Trunk 221142d7-964d-4fdd-a619-5e6b0bcafcee could not be found.", "type": "TrunkNotFound", "detail": ""}} _log_request_full /root/.rally/verification/verifier-eb1ed8a4-6abf-4b65-90af-d488cb73850c/repo/tempest/lib/common/rest_client.py:434
2019-01-30 21:14:10.013 17913 INFO tempest.lib.common.rest_client [req-565c9ac9-1496-450a-8101-dba81622ac20 ] Request (TrunkTestJSON:_run_cleanups): 404 GET http://172.30.9.22:9696/v2.0/trunks/f6fecbcd-3b5c-475d-af7f-d6b7019dbc8a 0.012s
2019-01-30 21:14:10.013 17913 DEBUG tempest.lib.common.rest_client [req-565c9ac9-1496-450a-8101-dba81622ac20 ] Request - Headers: {'Content-Type': 'application/json', 'Accept': 'application/json', 'X-Auth-Token': ''} Body: None Response - Headers: {'status': '404', u'content-length': '134', 'content-location': 'http://172.30.9.22:9696/v2.0/trunks/f6fecbcd-3b5c-475d-af7f-d6b7019dbc8a', u'date': 'Wed, 30 Jan 2019 21:14:10 GMT', u'content-type': 'application/json', u'connection': 'close', u'x-openstack-request-id': 'req-565c9ac9-1496-450a-8101-dba81622ac20'} Body: {"NeutronError": {"message": "Trunk f6fecbcd-3b5c-475d-af7f-d6b7019dbc8a could not be found.", "type": "TrunkNotFound", "detail": ""}} _log_request_full /root/.rally/verification/verifier-eb1ed8a4-6abf-4b65-90af-d488cb73850c/repo/tempest/lib/common/rest_client.py:434
2019-01-30 21:14:10.021 17917 INFO tempest.lib.common.rest_client [req-3e2b2538-f709-4432-b5b1-75448839340c ] Request (TrunkTestJSON:_run_cleanups): 404 GET http://172.30.9.22:9696/v2.0/trunks/91997d6c-c906-4895-81e0-26dff4d4c05f 0.018s
2019-01-30 21:14:10.021 17917 DEBUG tempest.lib.common.rest_client [req-3e2b2538-f709-4432-b5b1-75448839340c ] Request - Headers: {'Content-Type': 'application/json', 'Accept': 'application/json', 'X-Auth-Token': ''} Body: None Response - Headers: {'status': '404', u'content-length': '134', 'content-location': 'http://172.30.9.22:9696/v2.0/trunks/91997d6c-c906-4895-81e0-26dff4d4c05f', u'date': 'Wed, 30 Jan 2019 21:14:10 GMT', u'content-type': 'application/json', u'connection': 'close', u'x-openstack-request-id': 'req-3e2b2538-f709-4432-b5b1-75448839340c'} Body: {"NeutronError": {"message": "Trunk 91997d6c-c906-4895-81e0-26dff4d4c05f could not be found.", "type": "TrunkNotFound", "detail": ""}} _log_request_full /root/.rally/verification/verifier-eb1ed8a4-6abf-4b65-90af-d488cb73850c/repo/tempest/lib/common/rest_client.py:434
2019-01-30 21:14:10.034 17917 INFO tempest.lib.common.rest_client [req-d9778f87-2b41-461b-9021-f2c2542ede02 ] Request (TrunkTestJSON:_run_cleanups): 404 GET http://172.30.9.22:9696/v2.0/trunks/9e186f6d-a7b6-4888-8d1c-ad744d50cdb1 0.013s
2019-01-30 21:14:10.035 17917 DEBUG tempest.lib.common.rest_client [req-d9778f87-2b41-461b-9021-f2c2542ede02 ] Request - Headers: {'Content-Type': 'application/json', 'Accept': 'application/json', 'X-Auth-Token': ''} Body: None Response - Headers: {'status': '404', u'content-length': '134', 'content-location': 'http://172.30.9.22:9696/v2.0/trunks/9e186f6d-a7b6-4888-8d1c-ad744d50cdb1', u'date': 'Wed, 30 Jan 2019 21:14:10 GMT', u'content-type': 'application/json', u'connection': 'close', u'x-openstack-request-id': 'req-d9778f87-2b41-461b-9021-f2c2542ede02'} Body: {"NeutronError": {"message": "Trunk 9e186f6d-a7b6-4888-8d1c-ad744d50cdb1 could not be found.", "type": "TrunkNotFound", "detail": ""}} _log_request_full /root/.rally/verification/verifier-eb1ed8a4-6abf-4b65-90af-d488cb73850c/repo/tempest/lib/common/rest_client.py:434
2019-01-30 21:14:10.044 17913 INFO tempest.lib.common.rest_client [req-0eabae7a-29d1-4af6-97d3-de3edb513e95 ] Request (TrunkTestJSON:_run_cleanups): 404 DELETE http://172.30.9.22:9696/v2.0/ports/f97f5337-0d6f-4945-8126-13d3d1c93926 0.030s
2019-01-30 21:14:10.044 17913 DEBUG tempest.lib.common.rest_client [req-0eabae7a-29d1-4af6-97d3-de3edb513e95 ] Request - Headers: {'Content-Type': 'application/json', 'Accept': 'application/json', 'X-Auth-Token': ''} Body: None Response - Headers: {'status': '404', u'content-length': '132', 'content-location': 'http://172.30.9.22:9696/v2.0/ports/f97f5337-0d6f-4945-8126-13d3d1c93926', u'date': 'Wed, 30 Jan 2019 21:14:10 GMT', u'content-type': 'application/json', u'connection': 'close', u'x-openstack-request-id': 'req-0eabae7a-29d1-4af6-97d3-de3edb513e95'} Body: {"NeutronError": {"message": "Port f97f5337-0d6f-4945-8126-13d3d1c93926 could not be found.", "type": "PortNotFound", "detail": ""}} _log_request_full /root/.rally/verification/verifier-eb1ed8a4-6abf-4b65-90af-d488cb73850c/repo/tempest/lib/common/rest_client.py:434
2019-01-30 21:14:10.049 17917 INFO tempest.lib.common.rest_client [req-4a72ecaa-7c93-4925-91e7-19b9aed3639c ] Request (TrunkTestJSON:_run_cleanups): 404 GET http://172.30.9.22:9696/v2.0/trunks/1ccf62c3-5182-4412-a0bd-453849362878 0.013s
2019-01-30 21:14:10.049 17917 DEBUG tempest.lib.common.rest_client [req-4a72ecaa-7c93-4925-91e7-19b9aed3639c ] Request - Headers: {'Content-Type': 'application/json', 'Accept': 'application/json', 'X-Auth-Token': ''} Body: None Response - Headers: {'status': '404', u'content-length': '134', 'content-location': 'http://172.30.9.22:9696/v2.0/trunks/1ccf62c3-5182-4412-a0bd-453849362878', u'date': 'Wed, 30 Jan 2019 21:14:10 GMT', u'content-type': 'application/json', u'connection': 'close', u'x-openstack-request-id': 'req-4a72ecaa-7c93-4925-91e7-19b9aed3639c'} Body: {"NeutronError": {"message": "Trunk 1ccf62c3-5182-4412-a0bd-453849362878 could not be found.", "type": "TrunkNotFound", "detail": ""}} _log_request_full /root/.rally/verification/verifier-eb1ed8a4-6abf-4b65-90af-d488cb73850c/repo/tempest/lib/common/rest_client.py:434
2019-01-30 21:14:10.071 17913 INFO tempest.lib.common.rest_client [req-446de2e0-bec0-4736-9f42-921fb7587bc1 ] Request (TrunkTestJSON:_run_cleanups): 404 DELETE http://172.30.9.22:9696/v2.0/ports/b9c86d3f-e3a9-48c4-b1bc-675de2f8a16f 0.026s
2019-01-30 21:14:10.072 17913 DEBUG tempest.lib.common.rest_client [req-446de2e0-bec0-4736-9f42-921fb7587bc1 ] Request - Headers: {'Content-Type': 'application/json', 'Accept': 'application/json', 'X-Auth-Token': ''} Body: None Response - Headers: {'status': '404', u'content-length': '132', 'content-location': 'http://172.30.9.22:9696/v2.0/ports/b9c86d3f-e3a9-48c4-b1bc-675de2f8a16f', u'date': 'Wed, 30 Jan 2019 21:14:10 GMT', u'content-type': 'application/json', u'connection': 'close', u'x-openstack-request-id': 'req-446de2e0-bec0-4736-9f42-921fb7587bc1'} Body: {"NeutronError": {"message": "Port b9c86d3f-e3a9-48c4-b1bc-675de2f8a16f could not be found.", "type": "PortNotFound", "detail": ""}} _log_request_full /root/.rally/verification/verifier-eb1ed8a4-6abf-4b65-90af-d488cb73850c/repo/tempest/lib/common/rest_client.py:434
2019-01-30 21:14:10.076 17917 INFO tempest.lib.common.rest_client [req-206e2432-3dd4-4410-ae2e-f9cb8d85f8ba ] Request (TrunkTestJSON:_run_cleanups): 404 DELETE http://172.30.9.22:9696/v2.0/ports/6e58bf0c-a254-4926-9e61-5fe53a6bfec7 0.027s
2019-01-30 21:14:10.077 17917 DEBUG tempest.lib.common.rest_client [req-206e2432-3dd4-4410-ae2e-f9cb8d85f8ba ] Request - Headers: {'Content-Type': 'application/json', 'Accept': 'application/json', 'X-Auth-Token': ''} Body: None Response - Headers: {'status': '404', u'content-length': '132', 'content-location': 'http://172.30.9.22:9696/v2.0/ports/6e58bf0c-a254-4926-9e61-5fe53a6bfec7', u'date': 'Wed, 30 Jan 2019 21:14:10 GMT', u'content-type': 'application/json', u'connection': 'close', u'x-openstack-request-id': 'req-206e2432-3dd4-4410-ae2e-f9cb8d85f8ba'} Body: {"NeutronError": {"message": "Port 6e58bf0c-a254-4926-9e61-5fe53a6bfec7 could not be found.", "type": "PortNotFound", "detail": ""}} _log_request_full /root/.rally/verification/verifier-eb1ed8a4-6abf-4b65-90af-d488cb73850c/repo/tempest/lib/common/rest_client.py:434
2019-01-30 21:14:10.107 17917 INFO tempest.lib.common.rest_client [req-618703e2-c7c1-4017-bdd9-885525739add ] Request (TrunkTestJSON:_run_cleanups): 404 DELETE http://172.30.9.22:9696/v2.0/ports/8178b08a-d0dd-4c60-adb3-dabac541839f 0.030s
2019-01-30 21:14:10.107 17917 DEBUG tempest.lib.common.rest_client [req-618703e2-c7c1-4017-bdd9-885525739add ] Request - Headers: {'Content-Type': 'application/json', 'Accept': 'application/json', 'X-Auth-Token': ''} Body: None Response - Headers: {'status': '404', u'content-length': '132', 'content-location': 'http://172.30.9.22:9696/v2.0/ports/8178b08a-d0dd-4c60-adb3-dabac541839f', u'date': 'Wed, 30 Jan 2019 21:14:10 GMT', u'content-type': 'application/json', u'connection': 'close', u'x-openstack-request-id': 'req-618703e2-c7c1-4017-bdd9-885525739add'} Body: {"NeutronError": {"message": "Port 8178b08a-d0dd-4c60-adb3-dabac541839f could not be found.", "type": "PortNotFound", "detail": ""}} _log_request_full /root/.rally/verification/verifier-eb1ed8a4-6abf-4b65-90af-d488cb73850c/repo/tempest/lib/common/rest_client.py:434
2019-01-30 21:14:10.109 17913 INFO tempest.lib.common.rest_client [req-19b56e0a-497f-44d6-a69c-93d9553276f9 ] Request (TrunkTestJSON:_run_cleanups): 404 DELETE http://172.30.9.22:9696/v2.0/ports/51920790-83c6-4cb4-ba35-183cf8d3c5de 0.036s
2019-01-30 21:14:10.109 17913 DEBUG tempest.lib.common.rest_client [req-19b56e0a-497f-44d6-a69c-93d9553276f9 ] Request - Headers: {'Content-Type': 'application/json', 'Accept': 'application/json', 'X-Auth-Token': ''} Body: None Response - Headers: {'status': '404', u'content-length': '132', 'content-location': 'http://172.30.9.22:9696/v2.0/ports/51920790-83c6-4cb4-ba35-183cf8d3c5de', u'date': 'Wed, 30 Jan 2019 21:14:10 GMT', u'content-type': 'application/json', u'connection': 'close', u'x-openstack-request-id': 'req-19b56e0a-497f-44d6-a69c-93d9553276f9'} Body: {"NeutronError": {"message": "Port 51920790-83c6-4cb4-ba35-183cf8d3c5de could not be found.", "type": "PortNotFound", "detail": ""}} _log_request_full /root/.rally/verification/verifier-eb1ed8a4-6abf-4b65-90af-d488cb73850c/repo/tempest/lib/common/rest_client.py:434
2019-01-30 21:14:10.139 17917 INFO tempest.lib.common.rest_client [req-d6603ea0-94b7-4b45-a17a-3b0a7360ac32 ] Request (TrunkTestJSON:_run_cleanups): 404 DELETE http://172.30.9.22:9696/v2.0/ports/6ac31c3b-0418-474b-ae70-479ea1e06a49 0.030s
2019-01-30 21:14:10.139 17917 DEBUG tempest.lib.common.rest_client [req-d6603ea0-94b7-4b45-a17a-3b0a7360ac32 ] Request - Headers: {'Content-Type': 'application/json', 'Accept': 'application/json', 'X-Auth-Token': ''} Body: None Response - Headers: {'status': '404', u'content-length': '132', 'content-location': 'http://172.30.9.22:9696/v2.0/ports/6ac31c3b-0418-474b-ae70-479ea1e06a49', u'date': 'Wed, 30 Jan 2019 21:14:10 GMT', u'content-type': 'application/json', u'connection': 'close', u'x-openstack-request-id': 'req-d6603ea0-94b7-4b45-a17a-3b0a7360ac32'} Body: {"NeutronError": {"message": "Port 6ac31c3b-0418-474b-ae70-479ea1e06a49 could not be found.", "type": "PortNotFound", "detail": ""}} _log_request_full /root/.rally/verification/verifier-eb1ed8a4-6abf-4b65-90af-d488cb73850c/repo/tempest/lib/common/rest_client.py:434
2019-01-30 21:14:10.144 17913 INFO tempest.lib.common.rest_client [req-e708c470-313a-4b2a-97b6-a0a8ae18d845 ] Request (TrunkTestJSON:_run_cleanups): 404 DELETE http://172.30.9.22:9696/v2.0/ports/85373d36-1202-4585-b70f-7c03e9322429 0.034s
2019-01-30 21:14:10.144 17913 DEBUG tempest.lib.common.rest_client [req-e708c470-313a-4b2a-97b6-a0a8ae18d845 ] Request - Headers: {'Content-Type': 'application/json', 'Accept': 'application/json', 'X-Auth-Token': ''} Body: None Response - Headers: {'status': '404', u'content-length': '132', 'content-location': 'http://172.30.9.22:9696/v2.0/ports/85373d36-1202-4585-b70f-7c03e9322429', u'date': 'Wed, 30 Jan 2019 21:14:10 GMT', u'content-type': 'application/json', u'connection': 'close', u'x-openstack-request-id': 'req-e708c470-313a-4b2a-97b6-a0a8ae18d845'} Body: {"NeutronError": {"message": "Port 85373d36-1202-4585-b70f-7c03e9322429 could not be found.", "type": "PortNotFound", "detail": ""}} _log_request_full /root/.rally/verification/verifier-eb1ed8a4-6abf-4b65-90af-d488cb73850c/repo/tempest/lib/common/rest_client.py:434
2019-01-30 21:14:10.173 17913 INFO tempest.lib.common.rest_client [req-4693e2dd-3656-4075-b6ee-5db40119c2ce ] Request (TrunkTestJSON:_run_cleanups): 404 DELETE http://172.30.9.22:9696/v2.0/ports/cf3607ec-72f6-4982-a616-78615d12910f 0.027s
2019-01-30 21:14:10.173 17913 DEBUG tempest.lib.common.rest_client [req-4693e2dd-3656-4075-b6ee-5db40119c2ce ] Request - Headers: {'Content-Type': 'application/json', 'Accept': 'application/json', 'X-Auth-Token': ''} Body: None Response - Headers: {'status': '404', u'content-length': '132', 'content-location': 'http://172.30.9.22:9696/v2.0/ports/cf3607ec-72f6-4982-a616-78615d12910f', u'date': 'Wed, 30 Jan 2019 21:14:10 GMT', u'content-type': 'application/json', u'connection': 'close', u'x-openstack-request-id': 'req-4693e2dd-3656-4075-b6ee-5db40119c2ce'} Body: {"NeutronError": {"message": "Port cf3607ec-72f6-4982-a616-78615d12910f could not be found.", "type": "PortNotFound", "detail": ""}} _log_request_full /root/.rally/verification/verifier-eb1ed8a4-6abf-4b65-90af-d488cb73850c/repo/tempest/lib/common/rest_client.py:434
2019-01-30 21:14:10.362 17917 INFO tempest.lib.common.rest_client [req-9d8aeaee-a8b3-4bbc-a260-f9c1616e2ce7 ] Request (TrunkTestJSON:_run_cleanups): 404 DELETE http://172.30.9.22:9696/v2.0/ports/1ed2ce12-f151-4886-b950-2ea6523e78f5 0.222s
2019-01-30 21:14:10.362 17917 DEBUG tempest.lib.common.rest_client [req-9d8aeaee-a8b3-4bbc-a260-f9c1616e2ce7 ] Request - Headers: {'Content-Type': 'application/json', 'Accept': 'application/json', 'X-Auth-Token': ''} Body: None Response - Headers: {'status': '404', u'content-length': '132', 'content-location': 'http://172.30.9.22:9696/v2.0/ports/1ed2ce12-f151-4886-b950-2ea6523e78f5', u'date': 'Wed, 30 Jan 2019 21:14:10 GMT', u'content-type': 'application/json', u'connection': 'close', u'x-openstack-request-id': 'req-9d8aeaee-a8b3-4bbc-a260-f9c1616e2ce7'} Body: {"NeutronError": {"message": "Port 1ed2ce12-f151-4886-b950-2ea6523e78f5 could not be found.", "type": "PortNotFound", "detail": ""}} _log_request_full /root/.rally/verification/verifier-eb1ed8a4-6abf-4b65-90af-d488cb73850c/repo/tempest/lib/common/rest_client.py:434
2019-01-30 21:14:10.391 17917 INFO tempest.lib.common.rest_client [req-99c6efdf-f094-407f-adde-a26154129761 ] Request (TrunkTestJSON:_run_cleanups): 404 DELETE http://172.30.9.22:9696/v2.0/ports/428df699-0404-47b4-9489-577d7eb1d41c 0.028s
2019-01-30 21:14:10.391 17917 DEBUG tempest.lib.common.rest_client [req-99c6efdf-f094-407f-adde-a26154129761 ] Request - Headers: {'Content-Type': 'application/json', 'Accept': 'application/json', 'X-Auth-Token': ''} Body: None Response - Headers: {'status': '404', u'content-length': '132', 'content-location': 'http://172.30.9.22:9696/v2.0/ports/428df699-0404-47b4-9489-577d7eb1d41c', u'date': 'Wed, 30 Jan 2019 21:14:10 GMT', u'content-type': 'application/json', u'connection': 'close', u'x-openstack-request-id': 'req-99c6efdf-f094-407f-adde-a26154129761'} Body: {"NeutronError": {"message": "Port 428df699-0404-47b4-9489-577d7eb1d41c could not be found.", "type": "PortNotFound", "detail": ""}} _log_request_full /root/.rally/verification/verifier-eb1ed8a4-6abf-4b65-90af-d488cb73850c/repo/tempest/lib/common/rest_client.py:434
2019-01-30 21:14:10.434 17914 INFO tempest.lib.common.rest_client [req-cbc46906-78f5-467b-a85f-c4b9f7d82dcc ] Request (TrunkTest:test_trunk_subport_lifecycle): 201 POST http://172.30.9.22:9696/v2.0/floatingips 2.837s
2019-01-30 21:14:10.434 17914 DEBUG tempest.lib.common.rest_client [req-cbc46906-78f5-467b-a85f-c4b9f7d82dcc ] Request - Headers: {'Content-Type': 'application/json', 'Accept': 'application/json', 'X-Auth-Token': ''} Body: {"floatingip": {"floating_network_id": "4e019f93-61a8-4fae-81f5-591032131df4", "port_id": "a7fdef2a-62db-4b53-bf1c-4ab91123472b"}} Response - Headers: {'status': '201', u'content-length': '574', 'content-location': 'http://172.30.9.22:9696/v2.0/floatingips', u'date': 'Wed, 30 Jan 2019 21:14:10 GMT', u'content-type': 'application/json', u'connection': 'close', u'x-openstack-request-id': 'req-cbc46906-78f5-467b-a85f-c4b9f7d82dcc'} Body: {"floatingip": {"router_id": "a895ded8-cf6b-4fed-96d7-f6dcbdeb9a32", "status": "DOWN", "description": "", "tags": [], "tenant_id": "1b3e40a646d3474abe7f7334e2acd039", "created_at": "2019-01-30T21:14:08Z", "updated_at": "2019-01-30T21:14:08Z", "floating_network_id": "4e019f93-61a8-4fae-81f5-591032131df4", "fixed_ip_address": "192.168.120.9", "floating_ip_address": "172.30.9.210", "revision_number": 0, "project_id": "1b3e40a646d3474abe7f7334e2acd039", "port_id": "a7fdef2a-62db-4b53-bf1c-4ab91123472b", "id": "0e62de32-f85c-416f-a7e3-8c31602b570f", "qos_policy_id": null}} _log_request_full /root/.rally/verification/verifier-eb1ed8a4-6abf-4b65-90af-d488cb73850c/repo/tempest/lib/common/rest_client.py:434
2019-01-30 21:14:10.544 17913 INFO tempest.lib.common.rest_client [req-8b892b30-0ce4-43a0-8af6-275d83383a68 ] Request (TrunkTestJSON:_run_cleanups): 204 DELETE http://172.30.9.22:9696/v2.0/ports/9fd90ba7-d4ef-4b40-b2bf-e914577e9382 0.370s
2019-01-30 21:14:10.545 17913 DEBUG tempest.lib.common.rest_client [req-8b892b30-0ce4-43a0-8af6-275d83383a68 ] Request - Headers: {'Content-Type': 'application/json', 'Accept': 'application/json', 'X-Auth-Token': ''} Body: None Response - Headers: {'status': '204', u'content-length': '0', 'content-location': 'http://172.30.9.22:9696/v2.0/ports/9fd90ba7-d4ef-4b40-b2bf-e914577e9382', u'date': 'Wed, 30 Jan 2019 21:14:10 GMT', u'connection': 'close', u'x-openstack-request-id': 'req-8b892b30-0ce4-43a0-8af6-275d83383a68'} Body: _log_request_full /root/.rally/verification/verifier-eb1ed8a4-6abf-4b65-90af-d488cb73850c/repo/tempest/lib/common/rest_client.py:434
2019-01-30 21:14:10.567 17913 INFO tempest.lib.common.rest_client [req-21ad931f-6b06-4427-a289-7b9eb6ed6429 ] Request (TrunkTestJSON:_run_cleanups): 404 DELETE http://172.30.9.22:9696/v2.0/networks/ae7bad4c-cad9-460b-91fc-0ddccd469a11 0.022s
2019-01-30 21:14:10.568 17913 DEBUG tempest.lib.common.rest_client [req-21ad931f-6b06-4427-a289-7b9eb6ed6429 ] Request - Headers: {'Content-Type': 'application/json', 'Accept': 'application/json', 'X-Auth-Token': ''} Body: None Response - Headers: {'status': '404', u'content-length': '138', 'content-location': 'http://172.30.9.22:9696/v2.0/networks/ae7bad4c-cad9-460b-91fc-0ddccd469a11', u'date': 'Wed, 30 Jan 2019 21:14:10 GMT', u'content-type': 'application/json', u'connection': 'close', u'x-openstack-request-id': 'req-21ad931f-6b06-4427-a289-7b9eb6ed6429'} Body: {"NeutronError": {"message": "Network ae7bad4c-cad9-460b-91fc-0ddccd469a11 could not be found.", "type": "NetworkNotFound", "detail": ""}} _log_request_full /root/.rally/verification/verifier-eb1ed8a4-6abf-4b65-90af-d488cb73850c/repo/tempest/lib/common/rest_client.py:434
2019-01-30 21:14:10.591 17913 INFO tempest.lib.common.rest_client [req-27976786-8956-4eb6-b83b-520f76040b8e ] Request (TrunkTestJSON:_run_cleanups): 404 DELETE http://172.30.9.22:9696/v2.0/networks/8f4f8969-11c4-4af1-abd0-696abcea6c33 0.022s
