2019-01-12 12:18:37.997 17897 DEBUG tempest.lib.common.rest_client [req-b785c3ef-d968-4936-a069-cbab3b700699 ] Request - Headers: {'Content-Type': 'application/json', 'Accept': 'application/json', 'X-Auth-Token': ''} Body: None Response - Headers: {'status': '204', u'content-length': '0', 'content-location': 'http://172.30.9.23:9696/v2.0/trunks/becb51ae-0a0f-4d75-a802-25ea7ad8e243', u'date': 'Sat, 12 Jan 2019 12:18:38 GMT', u'connection': 'close', u'x-openstack-request-id': 'req-b785c3ef-d968-4936-a069-cbab3b700699'} Body: _log_request_full /root/.rally/verification/verifier-ec19f00e-5e0d-4d4a-9c2e-ff4fab76fa81/repo/tempest/lib/common/rest_client.py:434
2019-01-12 12:18:37.998 17901 INFO tempest.lib.common.rest_client [req-7fdbda3e-56b2-4c49-a699-3c2197bd58ba ] Request (TrunkTestJSON:_run_cleanups): 404 GET http://172.30.9.23:9696/v2.0/trunks/91476998-2e0c-462d-be1e-f3c4f1b41924 0.016s
2019-01-12 12:18:37.998 17901 DEBUG tempest.lib.common.rest_client [req-7fdbda3e-56b2-4c49-a699-3c2197bd58ba ] Request - Headers: {'Content-Type': 'application/json', 'Accept': 'application/json', 'X-Auth-Token': ''} Body: None Response - Headers: {'status': '404', u'content-length': '134', 'content-location': 'http://172.30.9.23:9696/v2.0/trunks/91476998-2e0c-462d-be1e-f3c4f1b41924', u'date': 'Sat, 12 Jan 2019 12:18:38 GMT', u'content-type': 'application/json', u'connection': 'close', u'x-openstack-request-id': 'req-7fdbda3e-56b2-4c49-a699-3c2197bd58ba'} Body: {"NeutronError": {"message": "Trunk 91476998-2e0c-462d-be1e-f3c4f1b41924 could not be found.", "type": "TrunkNotFound", "detail": ""}} _log_request_full /root/.rally/verification/verifier-ec19f00e-5e0d-4d4a-9c2e-ff4fab76fa81/repo/tempest/lib/common/rest_client.py:434
2019-01-12 12:18:38.012 17901 INFO tempest.lib.common.rest_client [req-ecaff604-9f83-483f-afd8-614694bf90f0 ] Request (TrunkTestJSON:_run_cleanups): 404 GET http://172.30.9.23:9696/v2.0/trunks/59e3b89b-07b4-4479-ac62-9ec3042d98bc 0.014s
2019-01-12 12:18:38.013 17901 DEBUG tempest.lib.common.rest_client [req-ecaff604-9f83-483f-afd8-614694bf90f0 ] Request - Headers: {'Content-Type': 'application/json', 'Accept': 'application/json', 'X-Auth-Token': ''} Body: None Response - Headers: {'status': '404', u'content-length': '134', 'content-location': 'http://172.30.9.23:9696/v2.0/trunks/59e3b89b-07b4-4479-ac62-9ec3042d98bc', u'date': 'Sat, 12 Jan 2019 12:18:37 GMT', u'content-type': 'application/json', u'connection': 'close', u'x-openstack-request-id': 'req-ecaff604-9f83-483f-afd8-614694bf90f0'} Body: {"NeutronError": {"message": "Trunk 59e3b89b-07b4-4479-ac62-9ec3042d98bc could not be found.", "type": "TrunkNotFound", "detail": ""}} _log_request_full /root/.rally/verification/verifier-ec19f00e-5e0d-4d4a-9c2e-ff4fab76fa81/repo/tempest/lib/common/rest_client.py:434
2019-01-12 12:18:38.015 17897 INFO tempest.lib.common.rest_client [req-ff7d2582-cb76-4c32-9eab-085a85c643ef ] Request (TrunkTestJSON:_run_cleanups): 404 GET http://172.30.9.23:9696/v2.0/trunks/398a1fb4-d5a4-4bdf-b9d4-af239ca59bd2/get_subports 0.017s
2019-01-12 12:18:38.015 17897 DEBUG tempest.lib.common.rest_client [req-ff7d2582-cb76-4c32-9eab-085a85c643ef ] Request - Headers: {'Content-Type': 'application/json', 'Accept': 'application/json', 'X-Auth-Token': ''} Body: None Response - Headers: {'status': '404', u'content-length': '134', 'content-location': 'http://172.30.9.23:9696/v2.0/trunks/398a1fb4-d5a4-4bdf-b9d4-af239ca59bd2/get_subports', u'date': 'Sat, 12 Jan 2019 12:18:38 GMT', u'content-type': 'application/json', u'connection': 'close', u'x-openstack-request-id': 'req-ff7d2582-cb76-4c32-9eab-085a85c643ef'} Body: {"NeutronError": {"message": "Trunk 398a1fb4-d5a4-4bdf-b9d4-af239ca59bd2 could not be found.", "type": "TrunkNotFound", "detail": ""}} _log_request_full /root/.rally/verification/verifier-ec19f00e-5e0d-4d4a-9c2e-ff4fab76fa81/repo/tempest/lib/common/rest_client.py:434
2019-01-12 12:18:38.030 17901 INFO tempest.lib.common.rest_client [req-1dc81136-4c70-48c8-8e00-ead20d9e1898 ] Request (TrunkTestJSON:_run_cleanups): 404 GET http://172.30.9.23:9696/v2.0/trunks/194186cf-e06f-4494-a244-2718474d0740 0.017s
2019-01-12 12:18:38.031 17901 DEBUG tempest.lib.common.rest_client [req-1dc81136-4c70-48c8-8e00-ead20d9e1898 ] Request - Headers: {'Content-Type': 'application/json', 'Accept': 'application/json', 'X-Auth-Token': ''} Body: None Response - Headers: {'status': '404', u'content-length': '134', 'content-location': 'http://172.30.9.23:9696/v2.0/trunks/194186cf-e06f-4494-a244-2718474d0740', u'date': 'Sat, 12 Jan 2019 12:18:38 GMT', u'content-type': 'application/json', u'connection': 'close', u'x-openstack-request-id': 'req-1dc81136-4c70-48c8-8e00-ead20d9e1898'} Body: {"NeutronError": {"message": "Trunk 194186cf-e06f-4494-a244-2718474d0740 could not be found.", "type": "TrunkNotFound", "detail": ""}} _log_request_full /root/.rally/verification/verifier-ec19f00e-5e0d-4d4a-9c2e-ff4fab76fa81/repo/tempest/lib/common/rest_client.py:434
2019-01-12 12:18:38.032 17897 INFO tempest.lib.common.rest_client [req-c3af4812-ad26-4056-8437-04a633b61de6 ] Request (TrunkTestJSON:_run_cleanups): 404 DELETE http://172.30.9.23:9696/v2.0/trunks/398a1fb4-d5a4-4bdf-b9d4-af239ca59bd2 0.016s
2019-01-12 12:18:38.033 17897 DEBUG tempest.lib.common.rest_client [req-c3af4812-ad26-4056-8437-04a633b61de6 ] Request - Headers: {'Content-Type': 'application/json', 'Accept': 'application/json', 'X-Auth-Token': ''} Body: None Response - Headers: {'status': '404', u'content-length': '134', 'content-location': 'http://172.30.9.23:9696/v2.0/trunks/398a1fb4-d5a4-4bdf-b9d4-af239ca59bd2', u'date': 'Sat, 12 Jan 2019 12:18:38 GMT', u'content-type': 'application/json', u'connection': 'close', u'x-openstack-request-id': 'req-c3af4812-ad26-4056-8437-04a633b61de6'} Body: {"NeutronError": {"message": "Trunk 398a1fb4-d5a4-4bdf-b9d4-af239ca59bd2 could not be found.", "type": "TrunkNotFound", "detail": ""}} _log_request_full /root/.rally/verification/verifier-ec19f00e-5e0d-4d4a-9c2e-ff4fab76fa81/repo/tempest/lib/common/rest_client.py:434
2019-01-12 12:18:38.051 17897 INFO tempest.lib.common.rest_client [req-37a7be76-7ef6-4f7d-905a-c515a798072b ] Request (TrunkTestJSON:_run_cleanups): 404 GET http://172.30.9.23:9696/v2.0/trunks/cff98392-fca6-49d7-a4f5-c11d43614d6e/get_subports 0.017s
2019-01-12 12:18:38.051 17897 DEBUG tempest.lib.common.rest_client [req-37a7be76-7ef6-4f7d-905a-c515a798072b ] Request - Headers: {'Content-Type': 'application/json', 'Accept': 'application/json', 'X-Auth-Token': ''} Body: None Response - Headers: {'status': '404', u'content-length': '134', 'content-location': 'http://172.30.9.23:9696/v2.0/trunks/cff98392-fca6-49d7-a4f5-c11d43614d6e/get_subports', u'date': 'Sat, 12 Jan 2019 12:18:38 GMT', u'content-type': 'application/json', u'connection': 'close', u'x-openstack-request-id': 'req-37a7be76-7ef6-4f7d-905a-c515a798072b'} Body: {"NeutronError": {"message": "Trunk cff98392-fca6-49d7-a4f5-c11d43614d6e could not be found.", "type": "TrunkNotFound", "detail": ""}} _log_request_full /root/.rally/verification/verifier-ec19f00e-5e0d-4d4a-9c2e-ff4fab76fa81/repo/tempest/lib/common/rest_client.py:434
2019-01-12 12:18:38.065 17901 INFO tempest.lib.common.rest_client [req-761ee605-0151-4fb2-8e90-c7ba667896f7 ] Request (TrunkTestJSON:_run_cleanups): 404 DELETE http://172.30.9.23:9696/v2.0/ports/92e36981-e0f5-44ea-b689-6848810f3a5f 0.033s
2019-01-12 12:18:38.065 17901 DEBUG tempest.lib.common.rest_client [req-761ee605-0151-4fb2-8e90-c7ba667896f7 ] Request - Headers: {'Content-Type': 'application/json', 'Accept': 'application/json', 'X-Auth-Token': ''} Body: None Response - Headers: {'status': '404', u'content-length': '132', 'content-location': 'http://172.30.9.23:9696/v2.0/ports/92e36981-e0f5-44ea-b689-6848810f3a5f', u'date': 'Sat, 12 Jan 2019 12:18:38 GMT', u'content-type': 'application/json', u'connection': 'close', u'x-openstack-request-id': 'req-761ee605-0151-4fb2-8e90-c7ba667896f7'} Body: {"NeutronError": {"message": "Port 92e36981-e0f5-44ea-b689-6848810f3a5f could not be found.", "type": "PortNotFound", "detail": ""}} _log_request_full /root/.rally/verification/verifier-ec19f00e-5e0d-4d4a-9c2e-ff4fab76fa81/repo/tempest/lib/common/rest_client.py:434
2019-01-12 12:18:38.073 17897 INFO tempest.lib.common.rest_client [req-7a3816ff-ab58-4a50-a1a7-e63be99035e1 ] Request (TrunkTestJSON:_run_cleanups): 404 DELETE http://172.30.9.23:9696/v2.0/trunks/cff98392-fca6-49d7-a4f5-c11d43614d6e 0.022s
2019-01-12 12:18:38.074 17897 DEBUG tempest.lib.common.rest_client [req-7a3816ff-ab58-4a50-a1a7-e63be99035e1 ] Request - Headers: {'Content-Type': 'application/json', 'Accept': 'application/json', 'X-Auth-Token': ''} Body: None Response - Headers: {'status': '404', u'content-length': '134', 'content-location': 'http://172.30.9.23:9696/v2.0/trunks/cff98392-fca6-49d7-a4f5-c11d43614d6e', u'date': 'Sat, 12 Jan 2019 12:18:38 GMT', u'content-type': 'application/json', u'connection': 'close', u'x-openstack-request-id': 'req-7a3816ff-ab58-4a50-a1a7-e63be99035e1'} Body: {"NeutronError": {"message": "Trunk cff98392-fca6-49d7-a4f5-c11d43614d6e could not be found.", "type": "TrunkNotFound", "detail": ""}} _log_request_full /root/.rally/verification/verifier-ec19f00e-5e0d-4d4a-9c2e-ff4fab76fa81/repo/tempest/lib/common/rest_client.py:434
2019-01-12 12:18:38.089 17897 INFO tempest.lib.common.rest_client [req-52479cb5-16a3-43ec-acb7-3fe5db3c9860 ] Request (TrunkTestJSON:_run_cleanups): 404 GET http://172.30.9.23:9696/v2.0/trunks/8d9ef5ca-9441-4baa-97e0-0d5b7509e7c2/get_subports 0.014s
2019-01-12 12:18:38.089 17897 DEBUG tempest.lib.common.rest_client [req-52479cb5-16a3-43ec-acb7-3fe5db3c9860 ] Request - Headers: {'Content-Type': 'application/json', 'Accept': 'application/json', 'X-Auth-Token': ''} Body: None Response - Headers: {'status': '404', u'content-length': '134', 'content-location': 'http://172.30.9.23:9696/v2.0/trunks/8d9ef5ca-9441-4baa-97e0-0d5b7509e7c2/get_subports', u'date': 'Sat, 12 Jan 2019 12:18:38 GMT', u'content-type': 'application/json', u'connection': 'close', u'x-openstack-request-id': 'req-52479cb5-16a3-43ec-acb7-3fe5db3c9860'} Body: {"NeutronError": {"message": "Trunk 8d9ef5ca-9441-4baa-97e0-0d5b7509e7c2 could not be found.", "type": "TrunkNotFound", "detail": ""}} _log_request_full /root/.rally/verification/verifier-ec19f00e-5e0d-4d4a-9c2e-ff4fab76fa81/repo/tempest/lib/common/rest_client.py:434
2019-01-12 12:18:38.094 17901 INFO tempest.lib.common.rest_client [req-1e932707-f987-4787-b0a9-b17eb19ba42a ] Request (TrunkTestJSON:_run_cleanups): 404 DELETE http://172.30.9.23:9696/v2.0/ports/95f1efc1-a6f9-4c26-a30d-ea5008067bf9 0.028s
2019-01-12 12:18:38.094 17901 DEBUG tempest.lib.common.rest_client [req-1e932707-f987-4787-b0a9-b17eb19ba42a ] Request - Headers: {'Content-Type': 'application/json', 'Accept': 'application/json', 'X-Auth-Token': ''} Body: None Response - Headers: {'status': '404', u'content-length': '132', 'content-location': 'http://172.30.9.23:9696/v2.0/ports/95f1efc1-a6f9-4c26-a30d-ea5008067bf9', u'date': 'Sat, 12 Jan 2019 12:18:38 GMT', u'content-type': 'application/json', u'connection': 'close', u'x-openstack-request-id': 'req-1e932707-f987-4787-b0a9-b17eb19ba42a'} Body: {"NeutronError": {"message": "Port 95f1efc1-a6f9-4c26-a30d-ea5008067bf9 could not be found.", "type": "PortNotFound", "detail": ""}} _log_request_full /root/.rally/verification/verifier-ec19f00e-5e0d-4d4a-9c2e-ff4fab76fa81/repo/tempest/lib/common/rest_client.py:434
2019-01-12 12:18:38.114 17897 INFO tempest.lib.common.rest_client [req-eadd2ec0-4d3d-4ecb-9ec2-14001e0db1e0 ] Request (TrunkTestJSON:_run_cleanups): 404 DELETE http://172.30.9.23:9696/v2.0/trunks/8d9ef5ca-9441-4baa-97e0-0d5b7509e7c2 0.025s
2019-01-12 12:18:38.114 17897 DEBUG tempest.lib.common.rest_client [req-eadd2ec0-4d3d-4ecb-9ec2-14001e0db1e0 ] Request - Headers: {'Content-Type': 'application/json', 'Accept': 'application/json', 'X-Auth-Token': ''} Body: None Response - Headers: {'status': '404', u'content-length': '134', 'content-location': 'http://172.30.9.23:9696/v2.0/trunks/8d9ef5ca-9441-4baa-97e0-0d5b7509e7c2', u'date': 'Sat, 12 Jan 2019 12:18:38 GMT', u'content-type': 'application/json', u'connection': 'close', u'x-openstack-request-id': 'req-eadd2ec0-4d3d-4ecb-9ec2-14001e0db1e0'} Body: {"NeutronError": {"message": "Trunk 8d9ef5ca-9441-4baa-97e0-0d5b7509e7c2 could not be found.", "type": "TrunkNotFound", "detail": ""}} _log_request_full /root/.rally/verification/verifier-ec19f00e-5e0d-4d4a-9c2e-ff4fab76fa81/repo/tempest/lib/common/rest_client.py:434
2019-01-12 12:18:38.130 17897 INFO tempest.lib.common.rest_client [req-461e6ceb-afde-438b-bc1a-cab5c462b7d3 ] Request (TrunkTestJSON:_run_cleanups): 404 GET http://172.30.9.23:9696/v2.0/trunks/53c6bda0-df32-4edd-9a6a-b266bb407b35/get_subports 0.015s
2019-01-12 12:18:38.130 17897 DEBUG tempest.lib.common.rest_client [req-461e6ceb-afde-438b-bc1a-cab5c462b7d3 ] Request - Headers: {'Content-Type': 'application/json', 'Accept': 'application/json', 'X-Auth-Token': ''} Body: None Response - Headers: {'status': '404', u'content-length': '134', 'content-location': 'http://172.30.9.23:9696/v2.0/trunks/53c6bda0-df32-4edd-9a6a-b266bb407b35/get_subports', u'date': 'Sat, 12 Jan 2019 12:18:38 GMT', u'content-type': 'application/json', u'connection': 'close', u'x-openstack-request-id': 'req-461e6ceb-afde-438b-bc1a-cab5c462b7d3'} Body: {"NeutronError": {"message": "Trunk 53c6bda0-df32-4edd-9a6a-b266bb407b35 could not be found.", "type": "TrunkNotFound", "detail": ""}} _log_request_full /root/.rally/verification/verifier-ec19f00e-5e0d-4d4a-9c2e-ff4fab76fa81/repo/tempest/lib/common/rest_client.py:434
2019-01-12 12:18:38.132 17901 INFO tempest.lib.common.rest_client [req-81f086e6-8f75-4ce1-92d3-462d5d1301aa ] Request (TrunkTestJSON:_run_cleanups): 404 DELETE http://172.30.9.23:9696/v2.0/ports/c84fea61-f97e-45c3-bfe4-1a1d6de273e6 0.037s
2019-01-12 12:18:38.133 17901 DEBUG tempest.lib.common.rest_client [req-81f086e6-8f75-4ce1-92d3-462d5d1301aa ] Request - Headers: {'Content-Type': 'application/json', 'Accept': 'application/json', 'X-Auth-Token': ''} Body: None Response - Headers: {'status': '404', u'content-length': '132', 'content-location': 'http://172.30.9.23:9696/v2.0/ports/c84fea61-f97e-45c3-bfe4-1a1d6de273e6', u'date': 'Sat, 12 Jan 2019 12:18:38 GMT', u'content-type': 'application/json', u'connection': 'close', u'x-openstack-request-id': 'req-81f086e6-8f75-4ce1-92d3-462d5d1301aa'} Body: {"NeutronError": {"message": "Port c84fea61-f97e-45c3-bfe4-1a1d6de273e6 could not be found.", "type": "PortNotFound", "detail": ""}} _log_request_full /root/.rally/verification/verifier-ec19f00e-5e0d-4d4a-9c2e-ff4fab76fa81/repo/tempest/lib/common/rest_client.py:434
2019-01-12 12:18:38.150 17897 INFO tempest.lib.common.rest_client [req-a08bb20a-60bc-409d-9375-7c63075076dd ] Request (TrunkTestJSON:_run_cleanups): 404 DELETE http://172.30.9.23:9696/v2.0/trunks/53c6bda0-df32-4edd-9a6a-b266bb407b35 0.019s
2019-01-12 12:18:38.150 17897 DEBUG tempest.lib.common.rest_client [req-a08bb20a-60bc-409d-9375-7c63075076dd ] Request - Headers: {'Content-Type': 'application/json', 'Accept': 'application/json', 'X-Auth-Token': ''} Body: None Response - Headers: {'status': '404', u'content-length': '134', 'content-location': 'http://172.30.9.23:9696/v2.0/trunks/53c6bda0-df32-4edd-9a6a-b266bb407b35', u'date': 'Sat, 12 Jan 2019 12:18:38 GMT', u'content-type': 'application/json', u'connection': 'close', u'x-openstack-request-id': 'req-a08bb20a-60bc-409d-9375-7c63075076dd'} Body: {"NeutronError": {"message": "Trunk 53c6bda0-df32-4edd-9a6a-b266bb407b35 could not be found.", "type": "TrunkNotFound", "detail": ""}} _log_request_full /root/.rally/verification/verifier-ec19f00e-5e0d-4d4a-9c2e-ff4fab76fa81/repo/tempest/lib/common/rest_client.py:434
2019-01-12 12:18:38.161 17901 INFO tempest.lib.common.rest_client [req-09777a2d-416a-405c-84d7-98099aa13480 ] Request (TrunkTestJSON:_run_cleanups): 404 DELETE http://172.30.9.23:9696/v2.0/ports/0dff594a-8a2a-44c3-b6dc-d80ca8f401aa 0.028s
2019-01-12 12:18:38.161 17901 DEBUG tempest.lib.common.rest_client [req-09777a2d-416a-405c-84d7-98099aa13480 ] Request - Headers: {'Content-Type': 'application/json', 'Accept': 'application/json', 'X-Auth-Token': ''} Body: None Response - Headers: {'status': '404', u'content-length': '132', 'content-location': 'http://172.30.9.23:9696/v2.0/ports/0dff594a-8a2a-44c3-b6dc-d80ca8f401aa', u'date': 'Sat, 12 Jan 2019 12:18:38 GMT', u'content-type': 'application/json', u'connection': 'close', u'x-openstack-request-id': 'req-09777a2d-416a-405c-84d7-98099aa13480'} Body: {"NeutronError": {"message": "Port 0dff594a-8a2a-44c3-b6dc-d80ca8f401aa could not be found.", "type": "PortNotFound", "detail": ""}} _log_request_full /root/.rally/verification/verifier-ec19f00e-5e0d-4d4a-9c2e-ff4fab76fa81/repo/tempest/lib/common/rest_client.py:434
2019-01-12 12:18:38.164 17897 INFO tempest.lib.common.rest_client [req-bbda7b87-f698-48f7-8e55-cc3644f03a24 ] Request (TrunkTestJSON:_run_cleanups): 404 GET http://172.30.9.23:9696/v2.0/trunks/911d8574-f912-4103-acc9-944f5711307d/get_subports 0.014s
2019-01-12 12:18:38.164 17897 DEBUG tempest.lib.common.rest_client [req-bbda7b87-f698-48f7-8e55-cc3644f03a24 ] Request - Headers: {'Content-Type': 'application/json', 'Accept': 'application/json', 'X-Auth-Token': ''} Body: None Response - Headers: {'status': '404', u'content-length': '134', 'content-location': 'http://172.30.9.23:9696/v2.0/trunks/911d8574-f912-4103-acc9-944f5711307d/get_subports', u'date': 'Sat, 12 Jan 2019 12:18:38 GMT', u'content-type': 'application/json', u'connection': 'close', u'x-openstack-request-id': 'req-bbda7b87-f698-48f7-8e55-cc3644f03a24'} Body: {"NeutronError": {"message": "Trunk 911d8574-f912-4103-acc9-944f5711307d could not be found.", "type": "TrunkNotFound", "detail": ""}} _log_request_full /root/.rally/verification/verifier-ec19f00e-5e0d-4d4a-9c2e-ff4fab76fa81/repo/tempest/lib/common/rest_client.py:434
2019-01-12 12:18:38.184 17897 INFO tempest.lib.common.rest_client [req-57aace0e-160d-495b-8b52-640095d32e91 ] Request (TrunkTestJSON:_run_cleanups): 404 DELETE http://172.30.9.23:9696/v2.0/trunks/911d8574-f912-4103-acc9-944f5711307d 0.019s
2019-01-12 12:18:38.184 17897 DEBUG tempest.lib.common.rest_client [req-57aace0e-160d-495b-8b52-640095d32e91 ] Request - Headers: {'Content-Type': 'application/json', 'Accept': 'application/json', 'X-Auth-Token': ''} Body: None Response - Headers: {'status': '404', u'content-length': '134', 'content-location': 'http://172.30.9.23:9696/v2.0/trunks/911d8574-f912-4103-acc9-944f5711307d', u'date': 'Sat, 12 Jan 2019 12:18:38 GMT', u'content-type': 'application/json', u'connection': 'close', u'x-openstack-request-id': 'req-57aace0e-160d-495b-8b52-640095d32e91'} Body: {"NeutronError": {"message": "Trunk 911d8574-f912-4103-acc9-944f5711307d could not be found.", "type": "TrunkNotFound", "detail": ""}} _log_request_full /root/.rally/verification/verifier-ec19f00e-5e0d-4d4a-9c2e-ff4fab76fa81/repo/tempest/lib/common/rest_client.py:434
2019-01-12 12:18:38.197 17897 INFO tempest.lib.common.rest_client [req-2a2d6ea3-29a2-4a9b-83c1-b9a1fce8a541 ] Request (TrunkTestJSON:_run_cleanups): 404 GET http://172.30.9.23:9696/v2.0/trunks/4155a254-4a1e-4bda-b656-c3df196e05b7/get_subports 0.013s
2019-01-12 12:18:38.197 17897 DEBUG tempest.lib.common.rest_client [req-2a2d6ea3-29a2-4a9b-83c1-b9a1fce8a541 ] Request - Headers: {'Content-Type': 'application/json', 'Accept': 'application/json', 'X-Auth-Token': ''} Body: None Response - Headers: {'status': '404', u'content-length': '134', 'content-location': 'http://172.30.9.23:9696/v2.0/trunks/4155a254-4a1e-4bda-b656-c3df196e05b7/get_subports', u'date': 'Sat, 12 Jan 2019 12:18:38 GMT', u'content-type': 'application/json', u'connection': 'close', u'x-openstack-request-id': 'req-2a2d6ea3-29a2-4a9b-83c1-b9a1fce8a541'} Body: {"NeutronError": {"message": "Trunk 4155a254-4a1e-4bda-b656-c3df196e05b7 could not be found.", "type": "TrunkNotFound", "detail": ""}} _log_request_full /root/.rally/verification/verifier-ec19f00e-5e0d-4d4a-9c2e-ff4fab76fa81/repo/tempest/lib/common/rest_client.py:434
2019-01-12 12:18:38.202 17901 INFO tempest.lib.common.rest_client [req-0f2a0508-18cf-4336-97e7-9c6d6e344ddd ] Request (TrunkTestJSON:_run_cleanups): 404 DELETE http://172.30.9.23:9696/v2.0/ports/b24ad455-8466-4bb9-81d0-2cd83bee7040 0.040s
2019-01-12 12:18:38.202 17901 DEBUG tempest.lib.common.rest_client [req-0f2a0508-18cf-4336-97e7-9c6d6e344ddd ] Request - Headers: {'Content-Type': 'application/json', 'Accept': 'application/json', 'X-Auth-Token': ''} Body: None Response - Headers: {'status': '404', u'content-length': '132', 'content-location': 'http://172.30.9.23:9696/v2.0/ports/b24ad455-8466-4bb9-81d0-2cd83bee7040', u'date': 'Sat, 12 Jan 2019 12:18:38 GMT', u'content-type': 'application/json', u'connection': 'close', u'x-openstack-request-id': 'req-0f2a0508-18cf-4336-97e7-9c6d6e344ddd'} Body: {"NeutronError": {"message": "Port b24ad455-8466-4bb9-81d0-2cd83bee7040 could not be found.", "type": "PortNotFound", "detail": ""}} _log_request_full /root/.rally/verification/verifier-ec19f00e-5e0d-4d4a-9c2e-ff4fab76fa81/repo/tempest/lib/common/rest_client.py:434
2019-01-12 12:18:38.214 17897 INFO tempest.lib.common.rest_client [req-c63bd005-7462-4b52-bfc7-3bd38fdcae48 ] Request (TrunkTestJSON:_run_cleanups): 404 DELETE http://172.30.9.23:9696/v2.0/trunks/4155a254-4a1e-4bda-b656-c3df196e05b7 0.016s
2019-01-12 12:18:38.214 17897 DEBUG tempest.lib.common.rest_client [req-c63bd005-7462-4b52-bfc7-3bd38fdcae48 ] Request - Headers: {'Content-Type': 'application/json', 'Accept': 'application/json', 'X-Auth-Token': ''} Body: None Response - Headers: {'status': '404', u'content-length': '134', 'content-location': 'http://172.30.9.23:9696/v2.0/trunks/4155a254-4a1e-4bda-b656-c3df196e05b7', u'date': 'Sat, 12 Jan 2019 12:18:38 GMT', u'content-type': 'application/json', u'connection': 'close', u'x-openstack-request-id': 'req-c63bd005-7462-4b52-bfc7-3bd38fdcae48'} Body: {"NeutronError": {"message": "Trunk 4155a254-4a1e-4bda-b656-c3df196e05b7 could not be found.", "type": "TrunkNotFound", "detail": ""}} _log_request_full /root/.rally/verification/verifier-ec19f00e-5e0d-4d4a-9c2e-ff4fab76fa81/repo/tempest/lib/common/rest_client.py:434
2019-01-12 12:18:38.228 17897 INFO tempest.lib.common.rest_client [req-7f2fd98f-dd40-4dd4-9fb1-48191c9f70d2 ] Request (TrunkTestJSON:_run_cleanups): 404 GET http://172.30.9.23:9696/v2.0/trunks/becb51ae-0a0f-4d75-a802-25ea7ad8e243/get_subports 0.013s
2019-01-12 12:18:38.228 17897 DEBUG tempest.lib.common.rest_client [req-7f2fd98f-dd40-4dd4-9fb1-48191c9f70d2 ] Request - Headers: {'Content-Type': 'application/json', 'Accept': 'application/json', 'X-Auth-Token': ''} Body: None Response - Headers: {'status': '404', u'content-length': '134', 'content-location': 'http://172.30.9.23:9696/v2.0/trunks/becb51ae-0a0f-4d75-a802-25ea7ad8e243/get_subports', u'date': 'Sat, 12 Jan 2019 12:18:38 GMT', u'content-type': 'application/json', u'connection': 'close', u'x-openstack-request-id': 'req-7f2fd98f-dd40-4dd4-9fb1-48191c9f70d2'} Body: {"NeutronError": {"message": "Trunk becb51ae-0a0f-4d75-a802-25ea7ad8e243 could not be found.", "type": "TrunkNotFound", "detail": ""}} _log_request_full /root/.rally/verification/verifier-ec19f00e-5e0d-4d4a-9c2e-ff4fab76fa81/repo/tempest/lib/common/rest_client.py:434
2019-01-12 12:18:38.236 17901 INFO tempest.lib.common.rest_client [req-198cf4f7-8cc3-4667-8068-e3cb27b4dc11 ] Request (TrunkTestJSON:_run_cleanups): 404 DELETE http://172.30.9.23:9696/v2.0/ports/22484f24-206c-4ebd-8844-965328ecbcdc 0.033s
2019-01-12 12:18:38.236 17901 DEBUG tempest.lib.common.rest_client [req-198cf4f7-8cc3-4667-8068-e3cb27b4dc11 ] Request - Headers: {'Content-Type': 'application/json', 'Accept': 'application/json', 'X-Auth-Token': ''} Body: None Response - Headers: {'status': '404', u'content-length': '132', 'content-location': 'http://172.30.9.23:9696/v2.0/ports/22484f24-206c-4ebd-8844-965328ecbcdc', u'date': 'Sat, 12 Jan 2019 12:18:38 GMT', u'content-type': 'application/json', u'connection': 'close', u'x-openstack-request-id': 'req-198cf4f7-8cc3-4667-8068-e3cb27b4dc11'} Body: {"NeutronError": {"message": "Port 22484f24-206c-4ebd-8844-965328ecbcdc could not be found.", "type": "PortNotFound", "detail": ""}} _log_request_full /root/.rally/verification/verifier-ec19f00e-5e0d-4d4a-9c2e-ff4fab76fa81/repo/tempest/lib/common/rest_client.py:434
2019-01-12 12:18:38.245 17897 INFO tempest.lib.common.rest_client [req-14436a82-bc77-4181-8864-d59f0f017391 ] Request (TrunkTestJSON:_run_cleanups): 404 DELETE http://172.30.9.23:9696/v2.0/trunks/becb51ae-0a0f-4d75-a802-25ea7ad8e243 0.017s
2019-01-12 12:18:38.246 17897 DEBUG tempest.lib.common.rest_client [req-14436a82-bc77-4181-8864-d59f0f017391 ] Request - Headers: {'Content-Type': 'application/json', 'Accept': 'application/json', 'X-Auth-Token': ''} Body: None Response - Headers: {'status': '404', u'content-length': '134', 'content-location': 'http://172.30.9.23:9696/v2.0/trunks/becb51ae-0a0f-4d75-a802-25ea7ad8e243', u'date': 'Sat, 12 Jan 2019 12:18:38 GMT', u'content-type': 'application/json', u'connection': 'close', u'x-openstack-request-id': 'req-14436a82-bc77-4181-8864-d59f0f017391'} Body: {"NeutronError": {"message": "Trunk becb51ae-0a0f-4d75-a802-25ea7ad8e243 could not be found.", "type": "TrunkNotFound", "detail": ""}} _log_request_full /root/.rally/verification/verifier-ec19f00e-5e0d-4d4a-9c2e-ff4fab76fa81/repo/tempest/lib/common/rest_client.py:434
2019-01-12 12:18:38.258 17897 INFO tempest.lib.common.rest_client [req-39d850e6-2f41-46a3-8ba7-bb0e2022288c ] Request (TrunkTestJSON:_run_cleanups): 404 GET http://172.30.9.23:9696/v2.0/trunks/398a1fb4-d5a4-4bdf-b9d4-af239ca59bd2 0.011s
2019-01-12 12:18:38.258 17897 DEBUG tempest.lib.common.rest_client [req-39d850e6-2f41-46a3-8ba7-bb0e2022288c ] Request - Headers: {'Content-Type': 'application/json', 'Accept': 'application/json', 'X-Auth-Token': ''} Body: None Response - Headers: {'status': '404', u'content-length': '134', 'content-location': 'http://172.30.9.23:9696/v2.0/trunks/398a1fb4-d5a4-4bdf-b9d4-af239ca59bd2', u'date': 'Sat, 12 Jan 2019 12:18:38 GMT', u'content-type': 'application/json', u'connection': 'close', u'x-openstack-request-id': 'req-39d850e6-2f41-46a3-8ba7-bb0e2022288c'} Body: {"NeutronError": {"message": "Trunk 398a1fb4-d5a4-4bdf-b9d4-af239ca59bd2 could not be found.", "type": "TrunkNotFound", "detail": ""}} _log_request_full /root/.rally/verification/verifier-ec19f00e-5e0d-4d4a-9c2e-ff4fab76fa81/repo/tempest/lib/common/rest_client.py:434
2019-01-12 12:18:38.272 17897 INFO tempest.lib.common.rest_client [req-f3f180a8-46dc-489d-afdb-eb6013ea0b47 ] Request (TrunkTestJSON:_run_cleanups): 404 GET http://172.30.9.23:9696/v2.0/trunks/cff98392-fca6-49d7-a4f5-c11d43614d6e 0.013s
2019-01-12 12:18:38.272 17897 DEBUG tempest.lib.common.rest_client [req-f3f180a8-46dc-489d-afdb-eb6013ea0b47 ] Request - Headers: {'Content-Type': 'application/json', 'Accept': 'application/json', 'X-Auth-Token': ''} Body: None Response - Headers: {'status': '404', u'content-length': '134', 'content-location': 'http://172.30.9.23:9696/v2.0/trunks/cff98392-fca6-49d7-a4f5-c11d43614d6e', u'date': 'Sat, 12 Jan 2019 12:18:38 GMT', u'content-type': 'application/json', u'connection': 'close', u'x-openstack-request-id': 'req-f3f180a8-46dc-489d-afdb-eb6013ea0b47'} Body: {"NeutronError": {"message": "Trunk cff98392-fca6-49d7-a4f5-c11d43614d6e could not be found.", "type": "TrunkNotFound", "detail": ""}} _log_request_full /root/.rally/verification/verifier-ec19f00e-5e0d-4d4a-9c2e-ff4fab76fa81/repo/tempest/lib/common/rest_client.py:434
2019-01-12 12:18:38.272 17901 INFO tempest.lib.common.rest_client [req-9a88b317-aea8-4b69-88bd-d03039b6876e ] Request (TrunkTestJSON:_run_cleanups): 404 DELETE http://172.30.9.23:9696/v2.0/ports/91224146-a03f-49de-afda-2438cfa3f636 0.036s
2019-01-12 12:18:38.273 17901 DEBUG tempest.lib.common.rest_client [req-9a88b317-aea8-4b69-88bd-d03039b6876e ] Request - Headers: {'Content-Type': 'application/json', 'Accept': 'application/json', 'X-Auth-Token': ''} Body: None Response - Headers: {'status': '404', u'content-length': '132', 'content-location': 'http://172.30.9.23:9696/v2.0/ports/91224146-a03f-49de-afda-2438cfa3f636', u'date': 'Sat, 12 Jan 2019 12:18:38 GMT', u'content-type': 'application/json', u'connection': 'close', u'x-openstack-request-id': 'req-9a88b317-aea8-4b69-88bd-d03039b6876e'} Body: {"NeutronError": {"message": "Port 91224146-a03f-49de-afda-2438cfa3f636 could not be found.", "type": "PortNotFound", "detail": ""}} _log_request_full /root/.rally/verification/verifier-ec19f00e-5e0d-4d4a-9c2e-ff4fab76fa81/repo/tempest/lib/common/rest_client.py:434
2019-01-12 12:18:38.286 17897 INFO tempest.lib.common.rest_client [req-2484bd44-26e1-4de8-b5fd-46756ce1ad94 ] Request (TrunkTestJSON:_run_cleanups): 404 GET http://172.30.9.23:9696/v2.0/trunks/8d9ef5ca-9441-4baa-97e0-0d5b7509e7c2 0.013s
2019-01-12 12:18:38.286 17897 DEBUG tempest.lib.common.rest_client [req-2484bd44-26e1-4de8-b5fd-46756ce1ad94 ] Request - Headers: {'Content-Type': 'application/json', 'Accept': 'application/json', 'X-Auth-Token': ''} Body: None Response - Headers: {'status': '404', u'content-length': '134', 'content-location': 'http://172.30.9.23:9696/v2.0/trunks/8d9ef5ca-9441-4baa-97e0-0d5b7509e7c2', u'date': 'Sat, 12 Jan 2019 12:18:38 GMT', u'content-type': 'application/json', u'connection': 'close', u'x-openstack-request-id': 'req-2484bd44-26e1-4de8-b5fd-46756ce1ad94'} Body: {"NeutronError": {"message": "Trunk 8d9ef5ca-9441-4baa-97e0-0d5b7509e7c2 could not be found.", "type": "TrunkNotFound", "detail": ""}} _log_request_full /root/.rally/verification/verifier-ec19f00e-5e0d-4d4a-9c2e-ff4fab76fa81/repo/tempest/lib/common/rest_client.py:434
2019-01-12 12:18:38.302 17897 INFO tempest.lib.common.rest_client [req-50e374c3-0db9-4edf-95dd-7d29a27ce690 ] Request (TrunkTestJSON:_run_cleanups): 404 GET http://172.30.9.23:9696/v2.0/trunks/53c6bda0-df32-4edd-9a6a-b266bb407b35 0.015s
2019-01-12 12:18:38.303 17897 DEBUG tempest.lib.common.rest_client [req-50e374c3-0db9-4edf-95dd-7d29a27ce690 ] Request - Headers: {'Content-Type': 'application/json', 'Accept': 'application/json', 'X-Auth-Token': ''} Body: None Response - Headers: {'status': '404', u'content-length': '134', 'content-location': 'http://172.30.9.23:9696/v2.0/trunks/53c6bda0-df32-4edd-9a6a-b266bb407b35', u'date': 'Sat, 12 Jan 2019 12:18:38 GMT', u'content-type': 'application/json', u'connection': 'close', u'x-openstack-request-id': 'req-50e374c3-0db9-4edf-95dd-7d29a27ce690'} Body: {"NeutronError": {"message": "Trunk 53c6bda0-df32-4edd-9a6a-b266bb407b35 could not be found.", "type": "TrunkNotFound", "detail": ""}} _log_request_full /root/.rally/verification/verifier-ec19f00e-5e0d-4d4a-9c2e-ff4fab76fa81/repo/tempest/lib/common/rest_client.py:434
2019-01-12 12:18:38.308 17901 INFO tempest.lib.common.rest_client [req-eea77834-7fc9-433f-b4d8-3ba5806d9853 ] Request (TrunkTestJSON:_run_cleanups): 404 DELETE http://172.30.9.23:9696/v2.0/ports/c7e13e81-79d1-4b38-9fde-4d0823df7c76 0.035s
2019-01-12 12:18:38.309 17901 DEBUG tempest.lib.common.rest_client [req-eea77834-7fc9-433f-b4d8-3ba5806d9853 ] Request - Headers: {'Content-Type': 'application/json', 'Accept': 'application/json', 'X-Auth-Token': ''} Body: None Response - Headers: {'status': '404', u'content-length': '132', 'content-location': 'http://172.30.9.23:9696/v2.0/ports/c7e13e81-79d1-4b38-9fde-4d0823df7c76', u'date': 'Sat, 12 Jan 2019 12:18:38 GMT', u'content-type': 'application/json', u'connection': 'close', u'x-openstack-request-id': 'req-eea77834-7fc9-433f-b4d8-3ba5806d9853'} Body: {"NeutronError": {"message": "Port c7e13e81-79d1-4b38-9fde-4d0823df7c76 could not be found.", "type": "PortNotFound", "detail": ""}} _log_request_full /root/.rally/verification/verifier-ec19f00e-5e0d-4d4a-9c2e-ff4fab76fa81/repo/tempest/lib/common/rest_client.py:434
2019-01-12 12:18:38.315 17897 INFO tempest.lib.common.rest_client [req-3d7b7aec-a5ae-496a-b6c7-e2e2b05f164f ] Request (TrunkTestJSON:_run_cleanups): 404 GET http://172.30.9.23:9696/v2.0/trunks/911d8574-f912-4103-acc9-944f5711307d 0.012s
2019-01-12 12:18:38.316 17897 DEBUG tempest.lib.common.rest_client [req-3d7b7aec-a5ae-496a-b6c7-e2e2b05f164f ] Request - Headers: {'Content-Type': 'application/json', 'Accept': 'application/json', 'X-Auth-Token': ''} Body: None Response - Headers: {'status': '404', u'content-length': '134', 'content-location': 'http://172.30.9.23:9696/v2.0/trunks/911d8574-f912-4103-acc9-944f5711307d', u'date': 'Sat, 12 Jan 2019 12:18:38 GMT', u'content-type': 'application/json', u'connection': 'close', u'x-openstack-request-id': 'req-3d7b7aec-a5ae-496a-b6c7-e2e2b05f164f'} Body: {"NeutronError": {"message": "Trunk 911d8574-f912-4103-acc9-944f5711307d could not be found.", "type": "TrunkNotFound", "detail": ""}} _log_request_full /root/.rally/verification/verifier-ec19f00e-5e0d-4d4a-9c2e-ff4fab76fa81/repo/tempest/lib/common/rest_client.py:434
2019-01-12 12:18:38.330 17897 INFO tempest.lib.common.rest_client [req-816d01d2-1878-445f-8689-11969b52f361 ] Request (TrunkTestJSON:_run_cleanups): 404 GET http://172.30.9.23:9696/v2.0/trunks/4155a254-4a1e-4bda-b656-c3df196e05b7 0.013s
2019-01-12 12:18:38.330 17897 DEBUG tempest.lib.common.rest_client [req-816d01d2-1878-445f-8689-11969b52f361 ] Request - Headers: {'Content-Type': 'application/json', 'Accept': 'application/json', 'X-Auth-Token': ''} Body: None Response - Headers: {'status': '404', u'content-length': '134', 'content-location': 'http://172.30.9.23:9696/v2.0/trunks/4155a254-4a1e-4bda-b656-c3df196e05b7', u'date': 'Sat, 12 Jan 2019 12:18:38 GMT', u'content-type': 'application/json', u'connection': 'close', u'x-openstack-request-id': 'req-816d01d2-1878-445f-8689-11969b52f361'} Body: {"NeutronError": {"message": "Trunk 4155a254-4a1e-4bda-b656-c3df196e05b7 could not be found.", "type": "TrunkNotFound", "detail": ""}} _log_request_full /root/.rally/verification/verifier-ec19f00e-5e0d-4d4a-9c2e-ff4fab76fa81/repo/tempest/lib/common/rest_client.py:434
2019-01-12 12:18:38.344 17897 INFO tempest.lib.common.rest_client [req-600145b3-a6c2-4cbc-afca-597ab3a0b84c ] Request (TrunkTestJSON:_run_cleanups): 404 GET http://172.30.9.23:9696/v2.0/trunks/becb51ae-0a0f-4d75-a802-25ea7ad8e243 0.013s
2019-01-12 12:18:38.344 17897 DEBUG tempest.lib.common.rest_client [req-600145b3-a6c2-4cbc-afca-597ab3a0b84c ] Request - Headers: {'Content-Type': 'application/json', 'Accept': 'application/json', 'X-Auth-Token': ''} Body: None Response - Headers: {'status': '404', u'content-length': '134', 'content-location': 'http://172.30.9.23:9696/v2.0/trunks/becb51ae-0a0f-4d75-a802-25ea7ad8e243', u'date': 'Sat, 12 Jan 2019 12:18:38 GMT', u'content-type': 'application/json', u'connection': 'close', u'x-openstack-request-id': 'req-600145b3-a6c2-4cbc-afca-597ab3a0b84c'} Body: {"NeutronError": {"message": "Trunk becb51ae-0a0f-4d75-a802-25ea7ad8e243 could not be found.", "type": "TrunkNotFound", "detail": ""}} _log_request_full /root/.rally/verification/verifier-ec19f00e-5e0d-4d4a-9c2e-ff4fab76fa81/repo/tempest/lib/common/rest_client.py:434
2019-01-12 12:18:38.387 17897 INFO tempest.lib.common.rest_client [req-172aabb7-a108-4d22-8f4f-8d73ef11e318 ] Request (TrunkTestJSON:_run_cleanups): 404 DELETE http://172.30.9.23:9696/v2.0/ports/fbfa01ce-e477-413e-9a2a-11ae45dcd038 0.042s
2019-01-12 12:18:38.387 17897 DEBUG tempest.lib.common.rest_client [req-172aabb7-a108-4d22-8f4f-8d73ef11e318 ] Request - Headers: {'Content-Type': 'application/json', 'Accept': 'application/json', 'X-Auth-Token': ''} Body: None Response - Headers: {'status': '404', u'content-length': '132', 'content-location': 'http://172.30.9.23:9696/v2.0/ports/fbfa01ce-e477-413e-9a2a-11ae45dcd038', u'date': 'Sat, 12 Jan 2019 12:18:38 GMT', u'content-type': 'application/json', u'connection': 'close', u'x-openstack-request-id': 'req-172aabb7-a108-4d22-8f4f-8d73ef11e318'} Body: {"NeutronError": {"message": "Port fbfa01ce-e477-413e-9a2a-11ae45dcd038 could not be found.", "type": "PortNotFound", "detail": ""}} _log_request_full /root/.rally/verification/verifier-ec19f00e-5e0d-4d4a-9c2e-ff4fab76fa81/repo/tempest/lib/common/rest_client.py:434
2019-01-12 12:18:38.419 17897 INFO tempest.lib.common.rest_client [req-9842f157-b888-4dfc-b573-95c6cd76cf42 ] Request (TrunkTestJSON:_run_cleanups): 404 DELETE http://172.30.9.23:9696/v2.0/ports/139be7a6-1716-4575-a497-e75cb472ea10 0.031s
2019-01-12 12:18:38.420 17897 DEBUG tempest.lib.common.rest_client [req-9842f157-b888-4dfc-b573-95c6cd76cf42 ] Request - Headers: {'Content-Type': 'application/json', 'Accept': 'application/json', 'X-Auth-Token': ''} Body: None Response - Headers: {'status': '404', u'content-length': '132', 'content-location': 'http://172.30.9.23:9696/v2.0/ports/139be7a6-1716-4575-a497-e75cb472ea10', u'date': 'Sat, 12 Jan 2019 12:18:38 GMT', u'content-type': 'application/json', u'connection': 'close', u'x-openstack-request-id': 'req-9842f157-b888-4dfc-b573-95c6cd76cf42'} Body: {"NeutronError": {"message": "Port 139be7a6-1716-4575-a497-e75cb472ea10 could not be found.", "type": "PortNotFound", "detail": ""}} _log_request_full /root/.rally/verification/verifier-ec19f00e-5e0d-4d4a-9c2e-ff4fab76fa81/repo/tempest/lib/common/rest_client.py:434
2019-01-12 12:18:38.456 17897 INFO tempest.lib.common.rest_client [req-8e26b404-a464-4a95-bbe1-85986a239163 ] Request (TrunkTestJSON:_run_cleanups): 404 DELETE http://172.30.9.23:9696/v2.0/ports/197ab2b7-c6d8-4afd-8a6b-c3d513da3600 0.036s
2019-01-12 12:18:38.457 17897 DEBUG tempest.lib.common.rest_client [req-8e26b404-a464-4a95-bbe1-85986a239163 ] Request - Headers: {'Content-Type': 'application/json', 'Accept': 'application/json', 'X-Auth-Token': ''} Body: None Response - Headers: {'status': '404', u'content-length': '132', 'content-location': 'http://172.30.9.23:9696/v2.0/ports/197ab2b7-c6d8-4afd-8a6b-c3d513da3600', u'date': 'Sat, 12 Jan 2019 12:18:38 GMT', u'content-type': 'application/json', u'connection': 'close', u'x-openstack-request-id': 'req-8e26b404-a464-4a95-bbe1-85986a239163'} Body: {"NeutronError": {"message": "Port 197ab2b7-c6d8-4afd-8a6b-c3d513da3600 could not be found.", "type": "PortNotFound", "detail": ""}} _log_request_full /root/.rally/verification/verifier-ec19f00e-5e0d-4d4a-9c2e-ff4fab76fa81/repo/tempest/lib/common/rest_client.py:434
2019-01-12 12:18:38.489 17897 INFO tempest.lib.common.rest_client [req-9908112a-a344-4ea8-a27f-134a7d5acb4a ] Request (TrunkTestJSON:_run_cleanups): 404 DELETE http://172.30.9.23:9696/v2.0/ports/48e1a896-2edd-4f16-8663-7a0f755752a3 0.031s
2019-01-12 12:18:38.489 17897 DEBUG tempest.lib.common.rest_client [req-9908112a-a344-4ea8-a27f-134a7d5acb4a ] Request - Headers: {'Content-Type': 'application/json', 'Accept': 'application/json', 'X-Auth-Token': ''} Body: None Response - Headers: {'status': '404', u'content-length': '132', 'content-location': 'http://172.30.9.23:9696/v2.0/ports/48e1a896-2edd-4f16-8663-7a0f755752a3', u'date': 'Sat, 12 Jan 2019 12:18:38 GMT', u'content-type': 'application/json', u'connection': 'close', u'x-openstack-request-id': 'req-9908112a-a344-4ea8-a27f-134a7d5acb4a'} Body: {"NeutronError": {"message": "Port 48e1a896-2edd-4f16-8663-7a0f755752a3 could not be found.", "type": "PortNotFound", "detail": ""}} _log_request_full /root/.rally/verification/verifier-ec19f00e-5e0d-4d4a-9c2e-ff4fab76fa81/repo/tempest/lib/common/rest_client.py:434
2019-01-12 12:18:38.521 17897 INFO tempest.lib.common.rest_client [req-70685e00-6bff-44d5-9b1c-bd463e3aea38 ] Request (TrunkTestJSON:_run_cleanups): 404 DELETE http://172.30.9.23:9696/v2.0/ports/ceba0b41-13fe-4e1c-93ca-904888de6d36 0.031s
2019-01-12 12:18:38.522 17897 DEBUG tempest.lib.common.rest_client [req-70685e00-6bff-44d5-9b1c-bd463e3aea38 ] Request - Headers: {'Content-Type': 'application/json', 'Accept': 'application/json', 'X-Auth-Token': ''} Body: None Response - Headers: {'status': '404', u'content-length': '132', 'content-location': 'http://172.30.9.23:9696/v2.0/ports/ceba0b41-13fe-4e1c-93ca-904888de6d36', u'date': 'Sat, 12 Jan 2019 12:18:38 GMT', u'content-type': 'application/json', u'connection': 'close', u'x-openstack-request-id': 'req-70685e00-6bff-44d5-9b1c-bd463e3aea38'} Body: {"NeutronError": {"message": "Port ceba0b41-13fe-4e1c-93ca-904888de6d36 could not be found.", "type": "PortNotFound", "detail": ""}} _log_request_full /root/.rally/verification/verifier-ec19f00e-5e0d-4d4a-9c2e-ff4fab76fa81/repo/tempest/lib/common/rest_client.py:434
2019-01-12 12:18:38.557 17897 INFO tempest.lib.common.rest_client [req-88402b72-7362-40c2-ac5e-0130b84fc41a ] Request (TrunkTestJSON:_run_cleanups): 404 DELETE http://172.30.9.23:9696/v2.0/ports/cdd103d0-3bf3-45fd-a514-2395102ae2ed 0.034s
2019-01-12 12:18:38.557 17897 DEBUG tempest.lib.common.rest_client [req-88402b72-7362-40c2-ac5e-0130b84fc41a ] Request - Headers: {'Content-Type': 'application/json', 'Accept': 'application/json', 'X-Auth-Token': ''} Body: None Response - Headers: {'status': '404', u'content-length': '132', 'content-location': 'http://172.30.9.23:9696/v2.0/ports/cdd103d0-3bf3-45fd-a514-2395102ae2ed', u'date': 'Sat, 12 Jan 2019 12:18:38 GMT', u'content-type': 'application/json', u'connection': 'close', u'x-openstack-request-id': 'req-88402b72-7362-40c2-ac5e-0130b84fc41a'} Body: {"NeutronError": {"message": "Port cdd103d0-3bf3-45fd-a514-2395102ae2ed could not be found.", "type": "PortNotFound", "detail": ""}} _log_request_full /root/.rally/verification/verifier-ec19f00e-5e0d-4d4a-9c2e-ff4fab76fa81/repo/tempest/lib/common/rest_client.py:434
2019-01-12 12:18:38.588 17897 INFO tempest.lib.common.rest_client [req-b8c513cd-cdca-4dee-8072-f5ee158531f8 ] Request (TrunkTestJSON:_run_cleanups): 404 DELETE http://172.30.9.23:9696/v2.0/ports/503d4e40-233b-4215-bdef-d99e21f5473b 0.030s
2019-01-12 12:18:38.588 17897 DEBUG tempest.lib.common.rest_client [req-b8c513cd-cdca-4dee-8072-f5ee158531f8 ] Request - Headers: {'Content-Type': 'application/json', 'Accept': 'application/json', 'X-Auth-Token': ''} Body: None Response - Headers: {'status': '404', u'content-length': '132', 'content-location': 'http://172.30.9.23:9696/v2.0/ports/503d4e40-233b-4215-bdef-d99e21f5473b', u'date': 'Sat, 12 Jan 2019 12:18:38 GMT', u'content-type': 'application/json', u'connection': 'close', u'x-openstack-request-id': 'req-b8c513cd-cdca-4dee-8072-f5ee158531f8'} Body: {"NeutronError": {"message": "Port 503d4e40-233b-4215-bdef-d99e21f5473b could not be found.", "type": "PortNotFound", "detail": ""}} _log_request_full /root/.rally/verification/verifier-ec19f00e-5e0d-4d4a-9c2e-ff4fab76fa81/repo/tempest/lib/common/rest_client.py:434
2019-01-12 12:18:38.671 17898 INFO tempest.lib.common.rest_client [req-ac4a9016-8b0e-40f5-99a8-40fb626d9f6f ] Request (TrunkTest:test_trunk_subport_lifecycle): 200 PUT http://172.30.9.23:9696/v2.0/trunks/0531797d-cb0a-4879-b331-b36a75c94001/add_subports 3.527s
2019-01-12 12:18:38.672 17898 DEBUG tempest.lib.common.rest_client [req-ac4a9016-8b0e-40f5-99a8-40fb626d9f6f ] Request - Headers: {'Content-Type': 'application/json', 'Accept': 'application/json', 'X-Auth-Token': ''} Body: {"sub_ports": [{"segmentation_type": "vlan", "port_id": "c10f6c73-1410-422a-b68d-aaef04ff47f8", "segmentation_id": 3}, {"segmentation_type": "vlan", "port_id": "61a339c4-0fc0-4074-aed2-a3fe7285a086", "segmentation_id": 4}, {"segmentation_type": "vlan", "port_id": "ebfd1600-fbc7-4e17-8117-6e77fd4a1e53", "segmentation_id": 5}, {"segmentation_type": "vlan", "port_id": "1412d07d-7b01-43e6-8c4c-f552f82376ca", "segmentation_id": 6}]} Response - Headers: {'status': '200', u'content-length': '810', 'content-location': 'http://172.30.9.23:9696/v2.0/trunks/0531797d-cb0a-4879-b331-b36a75c94001/add_subports', u'date': 'Sat, 12 Jan 2019 12:18:38 GMT', u'content-type': 'application/json', u'connection': 'close', u'x-openstack-request-id': 'req-ac4a9016-8b0e-40f5-99a8-40fb626d9f6f'} Body: {"status": "DOWN", "sub_ports": [{"segmentation_type": "vlan", "port_id": "c10f6c73-1410-422a-b68d-aaef04ff47f8", "segmentation_id": 3}, {"segmentation_type": "vlan", "port_id": "61a339c4-0fc0-4074-aed2-a3fe7285a086", "segmentation_id": 4}, {"segmentation_type": "vlan", "port_id": "ebfd1600-fbc7-4e17-8117-6e77fd4a1e53", "segmentation_id": 5}, {"segmentation_type": "vlan", "port_id": "1412d07d-7b01-43e6-8c4c-f552f82376ca", "segmentation_id": 6}], "name": "", "admin_state_up": true, "tenant_id": "f1c8558687584bf1b80aab6e113ac1d5", "created_at": "2019-01-12T12:17:59Z", "tags": [], "updated_at": "2019-01-12T12:18:35Z", "revision_number": 2, "project_id": "f1c8558687584bf1b80aab6e113ac1d5", "port_id": "f8d09971-a83d-450e-908a-8f76a1568f79", "id": "0531797d-cb0a-4879-b331-b36a75c94001", "description": ""} _log_request_full /root/.rally/verification/verifier-ec19f00e-5e0d-4d4a-9c2e-ff4fab76fa81/repo/tempest/lib/common/rest_client.py:434
2019-01-12 12:18:38.690 17898 INFO tempest.lib.common.rest_client [req-9cc47818-21dc-475c-ae03-7aa2f580adff ] Request (TrunkTest:test_trunk_subport_lifecycle): 200 GET http://172.30.9.23:9696/v2.0/trunks/0531797d-cb0a-4879-b331-b36a75c94001 0.018s
2019-01-12 12:18:38.691 17898 DEBUG tempest.lib.common.rest_client [req-9cc47818-21dc-475c-ae03-7aa2f580adff ] Request - Headers: {'Content-Type': 'application/json', 'Accept': 'application/json', 'X-Auth-Token': ''} Body: None Response - Headers: {'status': '200', u'content-length': '823', 'content-location': 'http://172.30.9.23:9696/v2.0/trunks/0531797d-cb0a-4879-b331-b36a75c94001', u'date': 'Sat, 12 Jan 2019 12:18:38 GMT', u'content-type': 'application/json', u'connection': 'close', u'x-openstack-request-id': 'req-9cc47818-21dc-475c-ae03-7aa2f580adff'} Body: {"trunk": {"status": "ACTIVE", "sub_ports": [{"segmentation_type": "vlan", "port_id": "c10f6c73-1410-422a-b68d-aaef04ff47f8", "segmentation_id": 3}, {"segmentation_type": "vlan", "port_id": "61a339c4-0fc0-4074-aed2-a3fe7285a086", "segmentation_id": 4}, {"segmentation_type": "vlan", "port_id": "ebfd1600-fbc7-4e17-8117-6e77fd4a1e53", "segmentation_id": 5}, {"segmentation_type": "vlan", "port_id": "1412d07d-7b01-43e6-8c4c-f552f82376ca", "segmentation_id": 6}], "name": "", "admin_state_up": true, "tenant_id": "f1c8558687584bf1b80aab6e113ac1d5", "created_at": "2019-01-12T12:17:59Z", "tags": [], "updated_at": "2019-01-12T12:18:38Z", "revision_number": 3, "project_id": "f1c8558687584bf1b80aab6e113ac1d5", "port_id": "f8d09971-a83d-450e-908a-8f76a1568f79", "id": "0531797d-cb0a-4879-b331-b36a75c94001", "description": ""}} _log_request_full /root/.rally/verification/verifier-ec19f00e-5e0d-4d4a-9c2e-ff4fab76fa81/repo/tempest/lib/common/rest_client.py:434
2019-01-12 12:18:38.743 17898 INFO tempest.lib.common.rest_client [req-e412f984-464b-4193-97a2-86ea7a5d3d69 ] Request (TrunkTest:test_trunk_subport_lifecycle): 200 GET http://172.30.9.23:9696/v2.0/ports/c10f6c73-1410-422a-b68d-aaef04ff47f8 0.052s
2019-01-12 12:18:38.744 17898 DEBUG tempest.lib.common.rest_client [req-e412f984-464b-4193-97a2-86ea7a5d3d69 ] Request - Headers: {'Content-Type': 'application/json', 'Accept': 'application/json', 'X-Auth-Token': ''} Body: None Response - Headers: {'status': '200', u'content-length': '670', 'content-location': 'http://172.30.9.23:9696/v2.0/ports/c10f6c73-1410-422a-b68d-aaef04ff47f8', u'date': 'Sat, 12 Jan 2019 12:18:38 GMT', u'content-type': 'application/json', u'connection': 'close', u'x-openstack-request-id': 'req-e412f984-464b-4193-97a2-86ea7a5d3d69'} Body: {"port":{"allowed_address_pairs":[],"extra_dhcp_opts":[],"updated_at":"2019-01-12T12:18:35Z","device_owner":"","revision_number":6,"port_security_enabled":true,"fixed_ips":[],"id":"c10f6c73-1410-422a-b68d-aaef04ff47f8","security_groups":["a2bee2e5-2c6f-4898-a386-b74d0f1e591c"],"mac_address":"fa:16:3e:90:fd:17","device_id":"","status":"DOWN","description":"","tags":[],"dns_assignment":[],"name":"","project_id":"f1c8558687584bf1b80aab6e113ac1d5","qos_policy_id":null,"admin_state_up":true,"network_id":"127748af-c351-4e06-b69a-640b1d2e90a3","dns_name":"","created_at":"2019-01-12T12:18:28Z","binding:vnic_type":"normal","tenant_id":"f1c8558687584bf1b80aab6e113ac1d5"}} _log_request_full /root/.rally/verification/verifier-ec19f00e-5e0d-4d4a-9c2e-ff4fab76fa81/repo/tempest/lib/common/rest_client.py:434
2019-01-12 12:18:38.756 17901 INFO tempest.lib.common.rest_client [req-1010eb64-7512-447a-85af-af7c1dbbdc9d ] Request (TrunkTestJSON:_run_cleanups): 204 DELETE http://172.30.9.23:9696/v2.0/ports/445eaa3f-e6c8-4115-baf2-3f43b9ea6294 0.446s
2019-01-12 12:18:38.756 17901 DEBUG tempest.lib.common.rest_client [req-1010eb64-7512-447a-85af-af7c1dbbdc9d ] Request - Headers: {'Content-Type': 'application/json', 'Accept': 'application/json', 'X-Auth-Token': ''} Body: None Response - Headers: {'status': '204', u'content-length': '0', 'content-location': 'http://172.30.9.23:9696/v2.0/ports/445eaa3f-e6c8-4115-baf2-3f43b9ea6294', u'date': 'Sat, 12 Jan 2019 12:18:38 GMT', u'connection': 'close', u'x-openstack-request-id': 'req-1010eb64-7512-447a-85af-af7c1dbbdc9d'} Body: _log_request_full /root/.rally/verification/verifier-ec19f00e-5e0d-4d4a-9c2e-ff4fab76fa81/repo/tempest/lib/common/rest_client.py:434
2019-01-12 12:18:38.784 17901 INFO tempest.lib.common.rest_client [req-28cf99c6-c313-4d5b-9ef4-1b7b2b33a281 ] Request (TrunkTestJSON:_run_cleanups): 404 DELETE http://172.30.9.23:9696/v2.0/networks/0d7af4ee-3ace-4f98-879c-d24c32ac77f1 0.027s
