2019-01-10 02:24:22.161 17908 INFO tempest.lib.common.rest_client [req-da6a79a0-2071-434f-8db8-1d37cd28d51d ] Request (TrunkTestJSON:_run_cleanups): 404 DELETE http://172.30.9.32:9696/v2.0/trunks/78c13e9e-7889-49bc-b312-ec009b441dda 0.208s
2019-01-10 02:24:22.161 17908 DEBUG tempest.lib.common.rest_client [req-da6a79a0-2071-434f-8db8-1d37cd28d51d ] Request - Headers: {'Content-Type': 'application/json', 'Accept': 'application/json', 'X-Auth-Token': ''} Body: None Response - Headers: {'status': '404', u'content-length': '134', 'content-location': 'http://172.30.9.32:9696/v2.0/trunks/78c13e9e-7889-49bc-b312-ec009b441dda', u'date': 'Thu, 10 Jan 2019 02:24:22 GMT', u'content-type': 'application/json', u'connection': 'close', u'x-openstack-request-id': 'req-da6a79a0-2071-434f-8db8-1d37cd28d51d'} Body: {"NeutronError": {"message": "Trunk 78c13e9e-7889-49bc-b312-ec009b441dda could not be found.", "type": "TrunkNotFound", "detail": ""}} _log_request_full /root/.rally/verification/verifier-1c973c03-c6c3-4427-a1b5-69c165a23d07/repo/tempest/lib/common/rest_client.py:434
2019-01-10 02:24:22.198 17908 INFO tempest.lib.common.rest_client [req-e8f5f99b-5416-4a5f-8fb2-e8c7de370c5d ] Request (TrunkTestJSON:_run_cleanups): 200 GET http://172.30.9.32:9696/v2.0/trunks/2c399699-2917-4769-89bb-f2a1e4098d97/get_subports 0.036s
2019-01-10 02:24:22.198 17908 DEBUG tempest.lib.common.rest_client [req-e8f5f99b-5416-4a5f-8fb2-e8c7de370c5d ] Request - Headers: {'Content-Type': 'application/json', 'Accept': 'application/json', 'X-Auth-Token': ''} Body: None Response - Headers: {'status': '200', u'content-length': '17', 'content-location': 'http://172.30.9.32:9696/v2.0/trunks/2c399699-2917-4769-89bb-f2a1e4098d97/get_subports', u'date': 'Thu, 10 Jan 2019 02:24:22 GMT', u'content-type': 'application/json', u'connection': 'close', u'x-openstack-request-id': 'req-e8f5f99b-5416-4a5f-8fb2-e8c7de370c5d'} Body: {"sub_ports": []} _log_request_full /root/.rally/verification/verifier-1c973c03-c6c3-4427-a1b5-69c165a23d07/repo/tempest/lib/common/rest_client.py:434
2019-01-10 02:24:22.250 17912 INFO tempest.lib.common.rest_client [req-3aa30c64-eb05-4ea2-a1d1-da9b829213a4 ] Request (TrunkTestJSON:_run_cleanups): 404 DELETE http://172.30.9.32:9696/v2.0/trunks/29d1b1d2-3ccd-4dba-a793-52716d578504 0.202s
2019-01-10 02:24:22.250 17912 DEBUG tempest.lib.common.rest_client [req-3aa30c64-eb05-4ea2-a1d1-da9b829213a4 ] Request - Headers: {'Content-Type': 'application/json', 'Accept': 'application/json', 'X-Auth-Token': ''} Body: None Response - Headers: {'status': '404', u'content-length': '134', 'content-location': 'http://172.30.9.32:9696/v2.0/trunks/29d1b1d2-3ccd-4dba-a793-52716d578504', u'date': 'Thu, 10 Jan 2019 02:24:22 GMT', u'content-type': 'application/json', u'connection': 'close', u'x-openstack-request-id': 'req-3aa30c64-eb05-4ea2-a1d1-da9b829213a4'} Body: {"NeutronError": {"message": "Trunk 29d1b1d2-3ccd-4dba-a793-52716d578504 could not be found.", "type": "TrunkNotFound", "detail": ""}} _log_request_full /root/.rally/verification/verifier-1c973c03-c6c3-4427-a1b5-69c165a23d07/repo/tempest/lib/common/rest_client.py:434
2019-01-10 02:24:22.264 17912 INFO tempest.lib.common.rest_client [req-a3c14871-e705-44a3-a5cb-1ce8b16e8077 ] Request (TrunkTestJSON:_run_cleanups): 404 GET http://172.30.9.32:9696/v2.0/trunks/1dbe8686-08b2-4cca-8221-dfc0345c5341/get_subports 0.013s
2019-01-10 02:24:22.264 17908 INFO tempest.lib.common.rest_client [req-34b18e2e-9d50-48ae-882d-473df96f8cf4 ] Request (TrunkTestJSON:_run_cleanups): 200 PUT http://172.30.9.32:9696/v2.0/trunks/2c399699-2917-4769-89bb-f2a1e4098d97/remove_subports 0.065s
2019-01-10 02:24:22.264 17912 DEBUG tempest.lib.common.rest_client [req-a3c14871-e705-44a3-a5cb-1ce8b16e8077 ] Request - Headers: {'Content-Type': 'application/json', 'Accept': 'application/json', 'X-Auth-Token': ''} Body: None Response - Headers: {'status': '404', u'content-length': '134', 'content-location': 'http://172.30.9.32:9696/v2.0/trunks/1dbe8686-08b2-4cca-8221-dfc0345c5341/get_subports', u'date': 'Thu, 10 Jan 2019 02:24:22 GMT', u'content-type': 'application/json', u'connection': 'close', u'x-openstack-request-id': 'req-a3c14871-e705-44a3-a5cb-1ce8b16e8077'} Body: {"NeutronError": {"message": "Trunk 1dbe8686-08b2-4cca-8221-dfc0345c5341 could not be found.", "type": "TrunkNotFound", "detail": ""}} _log_request_full /root/.rally/verification/verifier-1c973c03-c6c3-4427-a1b5-69c165a23d07/repo/tempest/lib/common/rest_client.py:434
2019-01-10 02:24:22.265 17908 DEBUG tempest.lib.common.rest_client [req-34b18e2e-9d50-48ae-882d-473df96f8cf4 ] Request - Headers: {'Content-Type': 'application/json', 'Accept': 'application/json', 'X-Auth-Token': ''} Body: {"sub_ports": []} Response - Headers: {'status': '200', u'content-length': '399', 'content-location': 'http://172.30.9.32:9696/v2.0/trunks/2c399699-2917-4769-89bb-f2a1e4098d97/remove_subports', u'date': 'Thu, 10 Jan 2019 02:24:22 GMT', u'content-type': 'application/json', u'connection': 'close', u'x-openstack-request-id': 'req-34b18e2e-9d50-48ae-882d-473df96f8cf4'} Body: {"status": "DOWN", "sub_ports": [], "name": "foo", "admin_state_up": true, "tenant_id": "83b3e597361d4c4ab875cd185448bf45", "created_at": "2019-01-10T02:24:21Z", "tags": [], "updated_at": "2019-01-10T02:24:22Z", "revision_number": 3, "project_id": "83b3e597361d4c4ab875cd185448bf45", "port_id": "c9c27d3b-aea6-4903-915f-52c201bb7591", "id": "2c399699-2917-4769-89bb-f2a1e4098d97", "description": ""} _log_request_full /root/.rally/verification/verifier-1c973c03-c6c3-4427-a1b5-69c165a23d07/repo/tempest/lib/common/rest_client.py:434
2019-01-10 02:24:22.289 17912 INFO tempest.lib.common.rest_client [req-1c8505c7-d9e7-4031-ab30-db131ac85ea8 ] Request (TrunkTestJSON:_run_cleanups): 404 DELETE http://172.30.9.32:9696/v2.0/trunks/1dbe8686-08b2-4cca-8221-dfc0345c5341 0.024s
2019-01-10 02:24:22.290 17912 DEBUG tempest.lib.common.rest_client [req-1c8505c7-d9e7-4031-ab30-db131ac85ea8 ] Request - Headers: {'Content-Type': 'application/json', 'Accept': 'application/json', 'X-Auth-Token': ''} Body: None Response - Headers: {'status': '404', u'content-length': '134', 'content-location': 'http://172.30.9.32:9696/v2.0/trunks/1dbe8686-08b2-4cca-8221-dfc0345c5341', u'date': 'Thu, 10 Jan 2019 02:24:22 GMT', u'content-type': 'application/json', u'connection': 'close', u'x-openstack-request-id': 'req-1c8505c7-d9e7-4031-ab30-db131ac85ea8'} Body: {"NeutronError": {"message": "Trunk 1dbe8686-08b2-4cca-8221-dfc0345c5341 could not be found.", "type": "TrunkNotFound", "detail": ""}} _log_request_full /root/.rally/verification/verifier-1c973c03-c6c3-4427-a1b5-69c165a23d07/repo/tempest/lib/common/rest_client.py:434
2019-01-10 02:24:22.311 17912 INFO tempest.lib.common.rest_client [req-edb05091-6fc9-40e5-8fa9-6115b74d15b7 ] Request (TrunkTestJSON:_run_cleanups): 404 GET http://172.30.9.32:9696/v2.0/trunks/48827221-9cc8-4303-aa7e-69792d1d9835 0.020s
2019-01-10 02:24:22.311 17912 DEBUG tempest.lib.common.rest_client [req-edb05091-6fc9-40e5-8fa9-6115b74d15b7 ] Request - Headers: {'Content-Type': 'application/json', 'Accept': 'application/json', 'X-Auth-Token': ''} Body: None Response - Headers: {'status': '404', u'content-length': '134', 'content-location': 'http://172.30.9.32:9696/v2.0/trunks/48827221-9cc8-4303-aa7e-69792d1d9835', u'date': 'Thu, 10 Jan 2019 02:24:22 GMT', u'content-type': 'application/json', u'connection': 'close', u'x-openstack-request-id': 'req-edb05091-6fc9-40e5-8fa9-6115b74d15b7'} Body: {"NeutronError": {"message": "Trunk 48827221-9cc8-4303-aa7e-69792d1d9835 could not be found.", "type": "TrunkNotFound", "detail": ""}} _log_request_full /root/.rally/verification/verifier-1c973c03-c6c3-4427-a1b5-69c165a23d07/repo/tempest/lib/common/rest_client.py:434
2019-01-10 02:24:22.325 17912 INFO tempest.lib.common.rest_client [req-50447831-daca-4dca-8129-69dc33fe62d4 ] Request (TrunkTestJSON:_run_cleanups): 404 GET http://172.30.9.32:9696/v2.0/trunks/af54894d-41ba-4d8e-b682-0fa244aaeaaf 0.013s
2019-01-10 02:24:22.326 17912 DEBUG tempest.lib.common.rest_client [req-50447831-daca-4dca-8129-69dc33fe62d4 ] Request - Headers: {'Content-Type': 'application/json', 'Accept': 'application/json', 'X-Auth-Token': ''} Body: None Response - Headers: {'status': '404', u'content-length': '134', 'content-location': 'http://172.30.9.32:9696/v2.0/trunks/af54894d-41ba-4d8e-b682-0fa244aaeaaf', u'date': 'Thu, 10 Jan 2019 02:24:22 GMT', u'content-type': 'application/json', u'connection': 'close', u'x-openstack-request-id': 'req-50447831-daca-4dca-8129-69dc33fe62d4'} Body: {"NeutronError": {"message": "Trunk af54894d-41ba-4d8e-b682-0fa244aaeaaf could not be found.", "type": "TrunkNotFound", "detail": ""}} _log_request_full /root/.rally/verification/verifier-1c973c03-c6c3-4427-a1b5-69c165a23d07/repo/tempest/lib/common/rest_client.py:434
2019-01-10 02:24:22.340 17912 INFO tempest.lib.common.rest_client [req-33e33540-3434-4d80-9154-ff2b8d796670 ] Request (TrunkTestJSON:_run_cleanups): 404 GET http://172.30.9.32:9696/v2.0/trunks/29d1b1d2-3ccd-4dba-a793-52716d578504 0.013s
2019-01-10 02:24:22.340 17912 DEBUG tempest.lib.common.rest_client [req-33e33540-3434-4d80-9154-ff2b8d796670 ] Request - Headers: {'Content-Type': 'application/json', 'Accept': 'application/json', 'X-Auth-Token': ''} Body: None Response - Headers: {'status': '404', u'content-length': '134', 'content-location': 'http://172.30.9.32:9696/v2.0/trunks/29d1b1d2-3ccd-4dba-a793-52716d578504', u'date': 'Thu, 10 Jan 2019 02:24:22 GMT', u'content-type': 'application/json', u'connection': 'close', u'x-openstack-request-id': 'req-33e33540-3434-4d80-9154-ff2b8d796670'} Body: {"NeutronError": {"message": "Trunk 29d1b1d2-3ccd-4dba-a793-52716d578504 could not be found.", "type": "TrunkNotFound", "detail": ""}} _log_request_full /root/.rally/verification/verifier-1c973c03-c6c3-4427-a1b5-69c165a23d07/repo/tempest/lib/common/rest_client.py:434
2019-01-10 02:24:22.355 17912 INFO tempest.lib.common.rest_client [req-748e404d-fec0-4398-894b-0ab8a92406d9 ] Request (TrunkTestJSON:_run_cleanups): 404 GET http://172.30.9.32:9696/v2.0/trunks/1dbe8686-08b2-4cca-8221-dfc0345c5341 0.014s
2019-01-10 02:24:22.356 17912 DEBUG tempest.lib.common.rest_client [req-748e404d-fec0-4398-894b-0ab8a92406d9 ] Request - Headers: {'Content-Type': 'application/json', 'Accept': 'application/json', 'X-Auth-Token': ''} Body: None Response - Headers: {'status': '404', u'content-length': '134', 'content-location': 'http://172.30.9.32:9696/v2.0/trunks/1dbe8686-08b2-4cca-8221-dfc0345c5341', u'date': 'Thu, 10 Jan 2019 02:24:22 GMT', u'content-type': 'application/json', u'connection': 'close', u'x-openstack-request-id': 'req-748e404d-fec0-4398-894b-0ab8a92406d9'} Body: {"NeutronError": {"message": "Trunk 1dbe8686-08b2-4cca-8221-dfc0345c5341 could not be found.", "type": "TrunkNotFound", "detail": ""}} _log_request_full /root/.rally/verification/verifier-1c973c03-c6c3-4427-a1b5-69c165a23d07/repo/tempest/lib/common/rest_client.py:434
2019-01-10 02:24:22.382 17908 INFO tempest.lib.common.rest_client [req-3fd74947-889d-4fd3-827c-44825ae6aa42 ] Request (TrunkTestJSON:_run_cleanups): 204 DELETE http://172.30.9.32:9696/v2.0/trunks/2c399699-2917-4769-89bb-f2a1e4098d97 0.116s
2019-01-10 02:24:22.382 17908 DEBUG tempest.lib.common.rest_client [req-3fd74947-889d-4fd3-827c-44825ae6aa42 ] Request - Headers: {'Content-Type': 'application/json', 'Accept': 'application/json', 'X-Auth-Token': ''} Body: None Response - Headers: {'status': '204', u'content-length': '0', 'content-location': 'http://172.30.9.32:9696/v2.0/trunks/2c399699-2917-4769-89bb-f2a1e4098d97', u'date': 'Thu, 10 Jan 2019 02:24:22 GMT', u'connection': 'close', u'x-openstack-request-id': 'req-3fd74947-889d-4fd3-827c-44825ae6aa42'} Body: _log_request_full /root/.rally/verification/verifier-1c973c03-c6c3-4427-a1b5-69c165a23d07/repo/tempest/lib/common/rest_client.py:434
2019-01-10 02:24:22.385 17912 INFO tempest.lib.common.rest_client [req-e25d31ed-4654-47aa-b5c5-0dfff4bd4540 ] Request (TrunkTestJSON:_run_cleanups): 404 DELETE http://172.30.9.32:9696/v2.0/ports/9381bf5c-032a-4b28-b12f-486851a43c6a 0.028s
2019-01-10 02:24:22.385 17912 DEBUG tempest.lib.common.rest_client [req-e25d31ed-4654-47aa-b5c5-0dfff4bd4540 ] Request - Headers: {'Content-Type': 'application/json', 'Accept': 'application/json', 'X-Auth-Token': ''} Body: None Response - Headers: {'status': '404', u'content-length': '132', 'content-location': 'http://172.30.9.32:9696/v2.0/ports/9381bf5c-032a-4b28-b12f-486851a43c6a', u'date': 'Thu, 10 Jan 2019 02:24:22 GMT', u'content-type': 'application/json', u'connection': 'close', u'x-openstack-request-id': 'req-e25d31ed-4654-47aa-b5c5-0dfff4bd4540'} Body: {"NeutronError": {"message": "Port 9381bf5c-032a-4b28-b12f-486851a43c6a could not be found.", "type": "PortNotFound", "detail": ""}} _log_request_full /root/.rally/verification/verifier-1c973c03-c6c3-4427-a1b5-69c165a23d07/repo/tempest/lib/common/rest_client.py:434
2019-01-10 02:24:22.396 17908 INFO tempest.lib.common.rest_client [req-1ffbf19a-f8d2-4250-bce0-cc6362a70d5a ] Request (TrunkTestJSON:_run_cleanups): 404 GET http://172.30.9.32:9696/v2.0/trunks/90ca9da7-1645-446f-b8f4-89c5a98f431b 0.013s
2019-01-10 02:24:22.396 17908 DEBUG tempest.lib.common.rest_client [req-1ffbf19a-f8d2-4250-bce0-cc6362a70d5a ] Request - Headers: {'Content-Type': 'application/json', 'Accept': 'application/json', 'X-Auth-Token': ''} Body: None Response - Headers: {'status': '404', u'content-length': '134', 'content-location': 'http://172.30.9.32:9696/v2.0/trunks/90ca9da7-1645-446f-b8f4-89c5a98f431b', u'date': 'Thu, 10 Jan 2019 02:24:22 GMT', u'content-type': 'application/json', u'connection': 'close', u'x-openstack-request-id': 'req-1ffbf19a-f8d2-4250-bce0-cc6362a70d5a'} Body: {"NeutronError": {"message": "Trunk 90ca9da7-1645-446f-b8f4-89c5a98f431b could not be found.", "type": "TrunkNotFound", "detail": ""}} _log_request_full /root/.rally/verification/verifier-1c973c03-c6c3-4427-a1b5-69c165a23d07/repo/tempest/lib/common/rest_client.py:434
2019-01-10 02:24:22.411 17908 INFO tempest.lib.common.rest_client [req-e645fd10-f008-484b-aa8f-8c7aa2771a0a ] Request (TrunkTestJSON:_run_cleanups): 404 GET http://172.30.9.32:9696/v2.0/trunks/2a8e3d43-48f7-46c1-979e-e4e91fa661df 0.014s
2019-01-10 02:24:22.412 17908 DEBUG tempest.lib.common.rest_client [req-e645fd10-f008-484b-aa8f-8c7aa2771a0a ] Request - Headers: {'Content-Type': 'application/json', 'Accept': 'application/json', 'X-Auth-Token': ''} Body: None Response - Headers: {'status': '404', u'content-length': '134', 'content-location': 'http://172.30.9.32:9696/v2.0/trunks/2a8e3d43-48f7-46c1-979e-e4e91fa661df', u'date': 'Thu, 10 Jan 2019 02:24:22 GMT', u'content-type': 'application/json', u'connection': 'close', u'x-openstack-request-id': 'req-e645fd10-f008-484b-aa8f-8c7aa2771a0a'} Body: {"NeutronError": {"message": "Trunk 2a8e3d43-48f7-46c1-979e-e4e91fa661df could not be found.", "type": "TrunkNotFound", "detail": ""}} _log_request_full /root/.rally/verification/verifier-1c973c03-c6c3-4427-a1b5-69c165a23d07/repo/tempest/lib/common/rest_client.py:434
2019-01-10 02:24:22.415 17912 INFO tempest.lib.common.rest_client [req-9949fa5d-62cd-444b-b47d-5cd00043cdae ] Request (TrunkTestJSON:_run_cleanups): 404 DELETE http://172.30.9.32:9696/v2.0/ports/d88e01f3-e7b3-460e-b163-dc4a3e1b1095 0.029s
2019-01-10 02:24:22.416 17912 DEBUG tempest.lib.common.rest_client [req-9949fa5d-62cd-444b-b47d-5cd00043cdae ] Request - Headers: {'Content-Type': 'application/json', 'Accept': 'application/json', 'X-Auth-Token': ''} Body: None Response - Headers: {'status': '404', u'content-length': '132', 'content-location': 'http://172.30.9.32:9696/v2.0/ports/d88e01f3-e7b3-460e-b163-dc4a3e1b1095', u'date': 'Thu, 10 Jan 2019 02:24:22 GMT', u'content-type': 'application/json', u'connection': 'close', u'x-openstack-request-id': 'req-9949fa5d-62cd-444b-b47d-5cd00043cdae'} Body: {"NeutronError": {"message": "Port d88e01f3-e7b3-460e-b163-dc4a3e1b1095 could not be found.", "type": "PortNotFound", "detail": ""}} _log_request_full /root/.rally/verification/verifier-1c973c03-c6c3-4427-a1b5-69c165a23d07/repo/tempest/lib/common/rest_client.py:434
2019-01-10 02:24:22.428 17908 INFO tempest.lib.common.rest_client [req-fd487f93-13ec-467d-adae-701c5eabbd8e ] Request (TrunkTestJSON:_run_cleanups): 404 GET http://172.30.9.32:9696/v2.0/trunks/c5db2a03-b5db-4d59-b26d-4da33078cac3 0.015s
2019-01-10 02:24:22.428 17908 DEBUG tempest.lib.common.rest_client [req-fd487f93-13ec-467d-adae-701c5eabbd8e ] Request - Headers: {'Content-Type': 'application/json', 'Accept': 'application/json', 'X-Auth-Token': ''} Body: None Response - Headers: {'status': '404', u'content-length': '134', 'content-location': 'http://172.30.9.32:9696/v2.0/trunks/c5db2a03-b5db-4d59-b26d-4da33078cac3', u'date': 'Thu, 10 Jan 2019 02:24:22 GMT', u'content-type': 'application/json', u'connection': 'close', u'x-openstack-request-id': 'req-fd487f93-13ec-467d-adae-701c5eabbd8e'} Body: {"NeutronError": {"message": "Trunk c5db2a03-b5db-4d59-b26d-4da33078cac3 could not be found.", "type": "TrunkNotFound", "detail": ""}} _log_request_full /root/.rally/verification/verifier-1c973c03-c6c3-4427-a1b5-69c165a23d07/repo/tempest/lib/common/rest_client.py:434
2019-01-10 02:24:22.445 17908 INFO tempest.lib.common.rest_client [req-cda73b87-4d49-428b-a400-95af9e3e93ea ] Request (TrunkTestJSON:_run_cleanups): 404 GET http://172.30.9.32:9696/v2.0/trunks/78c13e9e-7889-49bc-b312-ec009b441dda 0.016s
2019-01-10 02:24:22.446 17908 DEBUG tempest.lib.common.rest_client [req-cda73b87-4d49-428b-a400-95af9e3e93ea ] Request - Headers: {'Content-Type': 'application/json', 'Accept': 'application/json', 'X-Auth-Token': ''} Body: None Response - Headers: {'status': '404', u'content-length': '134', 'content-location': 'http://172.30.9.32:9696/v2.0/trunks/78c13e9e-7889-49bc-b312-ec009b441dda', u'date': 'Thu, 10 Jan 2019 02:24:22 GMT', u'content-type': 'application/json', u'connection': 'close', u'x-openstack-request-id': 'req-cda73b87-4d49-428b-a400-95af9e3e93ea'} Body: {"NeutronError": {"message": "Trunk 78c13e9e-7889-49bc-b312-ec009b441dda could not be found.", "type": "TrunkNotFound", "detail": ""}} _log_request_full /root/.rally/verification/verifier-1c973c03-c6c3-4427-a1b5-69c165a23d07/repo/tempest/lib/common/rest_client.py:434
2019-01-10 02:24:22.459 17912 INFO tempest.lib.common.rest_client [req-ad18b3bb-2d44-4fce-8a7f-631498477ad5 ] Request (TrunkTestJSON:_run_cleanups): 404 DELETE http://172.30.9.32:9696/v2.0/ports/6c96a661-7deb-49f2-a6e5-4ef841596915 0.043s
2019-01-10 02:24:22.460 17912 DEBUG tempest.lib.common.rest_client [req-ad18b3bb-2d44-4fce-8a7f-631498477ad5 ] Request - Headers: {'Content-Type': 'application/json', 'Accept': 'application/json', 'X-Auth-Token': ''} Body: None Response - Headers: {'status': '404', u'content-length': '132', 'content-location': 'http://172.30.9.32:9696/v2.0/ports/6c96a661-7deb-49f2-a6e5-4ef841596915', u'date': 'Thu, 10 Jan 2019 02:24:22 GMT', u'content-type': 'application/json', u'connection': 'close', u'x-openstack-request-id': 'req-ad18b3bb-2d44-4fce-8a7f-631498477ad5'} Body: {"NeutronError": {"message": "Port 6c96a661-7deb-49f2-a6e5-4ef841596915 could not be found.", "type": "PortNotFound", "detail": ""}} _log_request_full /root/.rally/verification/verifier-1c973c03-c6c3-4427-a1b5-69c165a23d07/repo/tempest/lib/common/rest_client.py:434
2019-01-10 02:24:22.473 17908 INFO tempest.lib.common.rest_client [req-2535040b-3cdb-4505-a7d9-ed0d0e09205f ] Request (TrunkTestJSON:_run_cleanups): 404 GET http://172.30.9.32:9696/v2.0/trunks/2c399699-2917-4769-89bb-f2a1e4098d97 0.026s
2019-01-10 02:24:22.473 17908 DEBUG tempest.lib.common.rest_client [req-2535040b-3cdb-4505-a7d9-ed0d0e09205f ] Request - Headers: {'Content-Type': 'application/json', 'Accept': 'application/json', 'X-Auth-Token': ''} Body: None Response - Headers: {'status': '404', u'content-length': '134', 'content-location': 'http://172.30.9.32:9696/v2.0/trunks/2c399699-2917-4769-89bb-f2a1e4098d97', u'date': 'Thu, 10 Jan 2019 02:24:22 GMT', u'content-type': 'application/json', u'connection': 'close', u'x-openstack-request-id': 'req-2535040b-3cdb-4505-a7d9-ed0d0e09205f'} Body: {"NeutronError": {"message": "Trunk 2c399699-2917-4769-89bb-f2a1e4098d97 could not be found.", "type": "TrunkNotFound", "detail": ""}} _log_request_full /root/.rally/verification/verifier-1c973c03-c6c3-4427-a1b5-69c165a23d07/repo/tempest/lib/common/rest_client.py:434
2019-01-10 02:24:22.492 17912 INFO tempest.lib.common.rest_client [req-03ea518c-ecdb-49d1-a56a-90b58e03aeae ] Request (TrunkTestJSON:_run_cleanups): 404 DELETE http://172.30.9.32:9696/v2.0/ports/50dc0cae-2529-467d-825b-ae0bf8da3114 0.032s
2019-01-10 02:24:22.493 17912 DEBUG tempest.lib.common.rest_client [req-03ea518c-ecdb-49d1-a56a-90b58e03aeae ] Request - Headers: {'Content-Type': 'application/json', 'Accept': 'application/json', 'X-Auth-Token': ''} Body: None Response - Headers: {'status': '404', u'content-length': '132', 'content-location': 'http://172.30.9.32:9696/v2.0/ports/50dc0cae-2529-467d-825b-ae0bf8da3114', u'date': 'Thu, 10 Jan 2019 02:24:22 GMT', u'content-type': 'application/json', u'connection': 'close', u'x-openstack-request-id': 'req-03ea518c-ecdb-49d1-a56a-90b58e03aeae'} Body: {"NeutronError": {"message": "Port 50dc0cae-2529-467d-825b-ae0bf8da3114 could not be found.", "type": "PortNotFound", "detail": ""}} _log_request_full /root/.rally/verification/verifier-1c973c03-c6c3-4427-a1b5-69c165a23d07/repo/tempest/lib/common/rest_client.py:434
2019-01-10 02:24:22.509 17908 INFO tempest.lib.common.rest_client [req-56872f19-24d4-4fb0-abb6-8beec69304d7 ] Request (TrunkTestJSON:_run_cleanups): 404 DELETE http://172.30.9.32:9696/v2.0/ports/af73f5e2-0927-4e4b-a003-e6c8427a2d08 0.034s
2019-01-10 02:24:22.509 17908 DEBUG tempest.lib.common.rest_client [req-56872f19-24d4-4fb0-abb6-8beec69304d7 ] Request - Headers: {'Content-Type': 'application/json', 'Accept': 'application/json', 'X-Auth-Token': ''} Body: None Response - Headers: {'status': '404', u'content-length': '132', 'content-location': 'http://172.30.9.32:9696/v2.0/ports/af73f5e2-0927-4e4b-a003-e6c8427a2d08', u'date': 'Thu, 10 Jan 2019 02:24:22 GMT', u'content-type': 'application/json', u'connection': 'close', u'x-openstack-request-id': 'req-56872f19-24d4-4fb0-abb6-8beec69304d7'} Body: {"NeutronError": {"message": "Port af73f5e2-0927-4e4b-a003-e6c8427a2d08 could not be found.", "type": "PortNotFound", "detail": ""}} _log_request_full /root/.rally/verification/verifier-1c973c03-c6c3-4427-a1b5-69c165a23d07/repo/tempest/lib/common/rest_client.py:434
2019-01-10 02:24:22.531 17912 INFO tempest.lib.common.rest_client [req-ffda1cb5-e30e-42b6-a915-f5d43a0befdc ] Request (TrunkTestJSON:_run_cleanups): 404 DELETE http://172.30.9.32:9696/v2.0/ports/6dcaefa3-b750-44aa-85e5-8f1fe956670b 0.037s
2019-01-10 02:24:22.531 17912 DEBUG tempest.lib.common.rest_client [req-ffda1cb5-e30e-42b6-a915-f5d43a0befdc ] Request - Headers: {'Content-Type': 'application/json', 'Accept': 'application/json', 'X-Auth-Token': ''} Body: None Response - Headers: {'status': '404', u'content-length': '132', 'content-location': 'http://172.30.9.32:9696/v2.0/ports/6dcaefa3-b750-44aa-85e5-8f1fe956670b', u'date': 'Thu, 10 Jan 2019 02:24:22 GMT', u'content-type': 'application/json', u'connection': 'close', u'x-openstack-request-id': 'req-ffda1cb5-e30e-42b6-a915-f5d43a0befdc'} Body: {"NeutronError": {"message": "Port 6dcaefa3-b750-44aa-85e5-8f1fe956670b could not be found.", "type": "PortNotFound", "detail": ""}} _log_request_full /root/.rally/verification/verifier-1c973c03-c6c3-4427-a1b5-69c165a23d07/repo/tempest/lib/common/rest_client.py:434
2019-01-10 02:24:22.538 17908 INFO tempest.lib.common.rest_client [req-26af2afb-0ed3-4aa9-83bd-3a2861c681a0 ] Request (TrunkTestJSON:_run_cleanups): 404 DELETE http://172.30.9.32:9696/v2.0/ports/f0909ad5-7d0e-44ae-9a25-ab08ac84b64f 0.028s
2019-01-10 02:24:22.539 17908 DEBUG tempest.lib.common.rest_client [req-26af2afb-0ed3-4aa9-83bd-3a2861c681a0 ] Request - Headers: {'Content-Type': 'application/json', 'Accept': 'application/json', 'X-Auth-Token': ''} Body: None Response - Headers: {'status': '404', u'content-length': '132', 'content-location': 'http://172.30.9.32:9696/v2.0/ports/f0909ad5-7d0e-44ae-9a25-ab08ac84b64f', u'date': 'Thu, 10 Jan 2019 02:24:22 GMT', u'content-type': 'application/json', u'connection': 'close', u'x-openstack-request-id': 'req-26af2afb-0ed3-4aa9-83bd-3a2861c681a0'} Body: {"NeutronError": {"message": "Port f0909ad5-7d0e-44ae-9a25-ab08ac84b64f could not be found.", "type": "PortNotFound", "detail": ""}} _log_request_full /root/.rally/verification/verifier-1c973c03-c6c3-4427-a1b5-69c165a23d07/repo/tempest/lib/common/rest_client.py:434
2019-01-10 02:24:22.562 17912 INFO tempest.lib.common.rest_client [req-84e7e35a-c321-4657-94fe-0807c485d7ba ] Request (TrunkTestJSON:_run_cleanups): 404 DELETE http://172.30.9.32:9696/v2.0/ports/084c6f23-c729-4ec7-b2b2-56f66bac0ea2 0.030s
2019-01-10 02:24:22.562 17912 DEBUG tempest.lib.common.rest_client [req-84e7e35a-c321-4657-94fe-0807c485d7ba ] Request - Headers: {'Content-Type': 'application/json', 'Accept': 'application/json', 'X-Auth-Token': ''} Body: None Response - Headers: {'status': '404', u'content-length': '132', 'content-location': 'http://172.30.9.32:9696/v2.0/ports/084c6f23-c729-4ec7-b2b2-56f66bac0ea2', u'date': 'Thu, 10 Jan 2019 02:24:22 GMT', u'content-type': 'application/json', u'connection': 'close', u'x-openstack-request-id': 'req-84e7e35a-c321-4657-94fe-0807c485d7ba'} Body: {"NeutronError": {"message": "Port 084c6f23-c729-4ec7-b2b2-56f66bac0ea2 could not be found.", "type": "PortNotFound", "detail": ""}} _log_request_full /root/.rally/verification/verifier-1c973c03-c6c3-4427-a1b5-69c165a23d07/repo/tempest/lib/common/rest_client.py:434
2019-01-10 02:24:22.571 17908 INFO tempest.lib.common.rest_client [req-f584d3ea-e76c-4da8-9a97-aa5352121415 ] Request (TrunkTestJSON:_run_cleanups): 404 DELETE http://172.30.9.32:9696/v2.0/ports/c2bc504c-c906-4503-b6bb-1217f075a343 0.032s
2019-01-10 02:24:22.572 17908 DEBUG tempest.lib.common.rest_client [req-f584d3ea-e76c-4da8-9a97-aa5352121415 ] Request - Headers: {'Content-Type': 'application/json', 'Accept': 'application/json', 'X-Auth-Token': ''} Body: None Response - Headers: {'status': '404', u'content-length': '132', 'content-location': 'http://172.30.9.32:9696/v2.0/ports/c2bc504c-c906-4503-b6bb-1217f075a343', u'date': 'Thu, 10 Jan 2019 02:24:22 GMT', u'content-type': 'application/json', u'connection': 'close', u'x-openstack-request-id': 'req-f584d3ea-e76c-4da8-9a97-aa5352121415'} Body: {"NeutronError": {"message": "Port c2bc504c-c906-4503-b6bb-1217f075a343 could not be found.", "type": "PortNotFound", "detail": ""}} _log_request_full /root/.rally/verification/verifier-1c973c03-c6c3-4427-a1b5-69c165a23d07/repo/tempest/lib/common/rest_client.py:434
2019-01-10 02:24:22.590 17912 INFO tempest.lib.common.rest_client [req-97f18a5c-50e7-48d2-b0a3-2e39d3ae534f ] Request (TrunkTestJSON:_run_cleanups): 404 DELETE http://172.30.9.32:9696/v2.0/networks/5dc129a1-1b96-499d-a0e9-76927239164d 0.026s
2019-01-10 02:24:22.590 17912 DEBUG tempest.lib.common.rest_client [req-97f18a5c-50e7-48d2-b0a3-2e39d3ae534f ] Request - Headers: {'Content-Type': 'application/json', 'Accept': 'application/json', 'X-Auth-Token': ''} Body: None Response - Headers: {'status': '404', u'content-length': '138', 'content-location': 'http://172.30.9.32:9696/v2.0/networks/5dc129a1-1b96-499d-a0e9-76927239164d', u'date': 'Thu, 10 Jan 2019 02:24:22 GMT', u'content-type': 'application/json', u'connection': 'close', u'x-openstack-request-id': 'req-97f18a5c-50e7-48d2-b0a3-2e39d3ae534f'} Body: {"NeutronError": {"message": "Network 5dc129a1-1b96-499d-a0e9-76927239164d could not be found.", "type": "NetworkNotFound", "detail": ""}} _log_request_full /root/.rally/verification/verifier-1c973c03-c6c3-4427-a1b5-69c165a23d07/repo/tempest/lib/common/rest_client.py:434
2019-01-10 02:24:22.777 17912 INFO tempest.lib.common.rest_client [req-fb6679c4-adab-45fc-902a-c1177c59368e ] Request (TrunkTestJSON:_run_cleanups): 404 DELETE http://172.30.9.32:9696/v2.0/networks/5dc8a7a1-dc03-4026-9a71-f19931d5f3dc 0.186s
2019-01-10 02:24:22.777 17912 DEBUG tempest.lib.common.rest_client [req-fb6679c4-adab-45fc-902a-c1177c59368e ] Request - Headers: {'Content-Type': 'application/json', 'Accept': 'application/json', 'X-Auth-Token': ''} Body: None Response - Headers: {'status': '404', u'content-length': '138', 'content-location': 'http://172.30.9.32:9696/v2.0/networks/5dc8a7a1-dc03-4026-9a71-f19931d5f3dc', u'date': 'Thu, 10 Jan 2019 02:24:22 GMT', u'content-type': 'application/json', u'connection': 'close', u'x-openstack-request-id': 'req-fb6679c4-adab-45fc-902a-c1177c59368e'} Body: {"NeutronError": {"message": "Network 5dc8a7a1-dc03-4026-9a71-f19931d5f3dc could not be found.", "type": "NetworkNotFound", "detail": ""}} _log_request_full /root/.rally/verification/verifier-1c973c03-c6c3-4427-a1b5-69c165a23d07/repo/tempest/lib/common/rest_client.py:434
2019-01-10 02:24:22.780 17908 INFO tempest.lib.common.rest_client [req-77b49754-27ed-4feb-9083-9d0b274157bb ] Request (TrunkTestJSON:_run_cleanups): 404 DELETE http://172.30.9.32:9696/v2.0/ports/2bd40906-3ac7-4298-b8f7-b352c1b8d287 0.207s
2019-01-10 02:24:22.780 17908 DEBUG tempest.lib.common.rest_client [req-77b49754-27ed-4feb-9083-9d0b274157bb ] Request - Headers: {'Content-Type': 'application/json', 'Accept': 'application/json', 'X-Auth-Token': ''} Body: None Response - Headers: {'status': '404', u'content-length': '132', 'content-location': 'http://172.30.9.32:9696/v2.0/ports/2bd40906-3ac7-4298-b8f7-b352c1b8d287', u'date': 'Thu, 10 Jan 2019 02:24:22 GMT', u'content-type': 'application/json', u'connection': 'close', u'x-openstack-request-id': 'req-77b49754-27ed-4feb-9083-9d0b274157bb'} Body: {"NeutronError": {"message": "Port 2bd40906-3ac7-4298-b8f7-b352c1b8d287 could not be found.", "type": "PortNotFound", "detail": ""}} _log_request_full /root/.rally/verification/verifier-1c973c03-c6c3-4427-a1b5-69c165a23d07/repo/tempest/lib/common/rest_client.py:434
2019-01-10 02:24:22.811 17912 INFO tempest.lib.common.rest_client [req-c6e7b883-938b-4610-a809-3514560c39ff ] Request (TrunkTestJSON:_run_cleanups): 404 DELETE http://172.30.9.32:9696/v2.0/networks/d11e4943-1720-4a59-8769-818124f3edf6 0.033s
2019-01-10 02:24:22.811 17912 DEBUG tempest.lib.common.rest_client [req-c6e7b883-938b-4610-a809-3514560c39ff ] Request - Headers: {'Content-Type': 'application/json', 'Accept': 'application/json', 'X-Auth-Token': ''} Body: None Response - Headers: {'status': '404', u'content-length': '138', 'content-location': 'http://172.30.9.32:9696/v2.0/networks/d11e4943-1720-4a59-8769-818124f3edf6', u'date': 'Thu, 10 Jan 2019 02:24:22 GMT', u'content-type': 'application/json', u'connection': 'close', u'x-openstack-request-id': 'req-c6e7b883-938b-4610-a809-3514560c39ff'} Body: {"NeutronError": {"message": "Network d11e4943-1720-4a59-8769-818124f3edf6 could not be found.", "type": "NetworkNotFound", "detail": ""}} _log_request_full /root/.rally/verification/verifier-1c973c03-c6c3-4427-a1b5-69c165a23d07/repo/tempest/lib/common/rest_client.py:434
2019-01-10 02:24:22.813 17908 INFO tempest.lib.common.rest_client [req-162bea1a-4613-436e-8f2c-935167a09e7e ] Request (TrunkTestJSON:_run_cleanups): 404 DELETE http://172.30.9.32:9696/v2.0/ports/16baf63b-4614-4dfb-a101-86262f7381c8 0.032s
2019-01-10 02:24:22.814 17908 DEBUG tempest.lib.common.rest_client [req-162bea1a-4613-436e-8f2c-935167a09e7e ] Request - Headers: {'Content-Type': 'application/json', 'Accept': 'application/json', 'X-Auth-Token': ''} Body: None Response - Headers: {'status': '404', u'content-length': '132', 'content-location': 'http://172.30.9.32:9696/v2.0/ports/16baf63b-4614-4dfb-a101-86262f7381c8', u'date': 'Thu, 10 Jan 2019 02:24:22 GMT', u'content-type': 'application/json', u'connection': 'close', u'x-openstack-request-id': 'req-162bea1a-4613-436e-8f2c-935167a09e7e'} Body: {"NeutronError": {"message": "Port 16baf63b-4614-4dfb-a101-86262f7381c8 could not be found.", "type": "PortNotFound", "detail": ""}} _log_request_full /root/.rally/verification/verifier-1c973c03-c6c3-4427-a1b5-69c165a23d07/repo/tempest/lib/common/rest_client.py:434
2019-01-10 02:24:22.833 17912 INFO tempest.lib.common.rest_client [req-835978e6-4f88-4a84-bb67-374e71eabca7 ] Request (TrunkTestJSON:_run_cleanups): 404 DELETE http://172.30.9.32:9696/v2.0/networks/7d8038fa-0913-4067-966a-67b4e4f875ff 0.021s
2019-01-10 02:24:22.834 17912 DEBUG tempest.lib.common.rest_client [req-835978e6-4f88-4a84-bb67-374e71eabca7 ] Request - Headers: {'Content-Type': 'application/json', 'Accept': 'application/json', 'X-Auth-Token': ''} Body: None Response - Headers: {'status': '404', u'content-length': '138', 'content-location': 'http://172.30.9.32:9696/v2.0/networks/7d8038fa-0913-4067-966a-67b4e4f875ff', u'date': 'Thu, 10 Jan 2019 02:24:22 GMT', u'content-type': 'application/json', u'connection': 'close', u'x-openstack-request-id': 'req-835978e6-4f88-4a84-bb67-374e71eabca7'} Body: {"NeutronError": {"message": "Network 7d8038fa-0913-4067-966a-67b4e4f875ff could not be found.", "type": "NetworkNotFound", "detail": ""}} _log_request_full /root/.rally/verification/verifier-1c973c03-c6c3-4427-a1b5-69c165a23d07/repo/tempest/lib/common/rest_client.py:434
2019-01-10 02:24:23.032 17912 INFO tempest.lib.common.rest_client [req-268d9c20-e6de-4113-a3f1-9d165155865e ] Request (TrunkTestJSON:_run_cleanups): 404 DELETE http://172.30.9.32:9696/v2.0/networks/fd820d74-5fb5-4bce-b12d-0e53a8023ccf 0.197s
2019-01-10 02:24:23.032 17912 DEBUG tempest.lib.common.rest_client [req-268d9c20-e6de-4113-a3f1-9d165155865e ] Request - Headers: {'Content-Type': 'application/json', 'Accept': 'application/json', 'X-Auth-Token': ''} Body: None Response - Headers: {'status': '404', u'content-length': '138', 'content-location': 'http://172.30.9.32:9696/v2.0/networks/fd820d74-5fb5-4bce-b12d-0e53a8023ccf', u'date': 'Thu, 10 Jan 2019 02:24:23 GMT', u'content-type': 'application/json', u'connection': 'close', u'x-openstack-request-id': 'req-268d9c20-e6de-4113-a3f1-9d165155865e'} Body: {"NeutronError": {"message": "Network fd820d74-5fb5-4bce-b12d-0e53a8023ccf could not be found.", "type": "NetworkNotFound", "detail": ""}} _log_request_full /root/.rally/verification/verifier-1c973c03-c6c3-4427-a1b5-69c165a23d07/repo/tempest/lib/common/rest_client.py:434
2019-01-10 02:24:23.179 17908 INFO tempest.lib.common.rest_client [req-266de061-4a04-4329-a686-6bafccfaa264 ] Request (TrunkTestJSON:_run_cleanups): 204 DELETE http://172.30.9.32:9696/v2.0/ports/c9c27d3b-aea6-4903-915f-52c201bb7591 0.364s
2019-01-10 02:24:23.179 17908 DEBUG tempest.lib.common.rest_client [req-266de061-4a04-4329-a686-6bafccfaa264 ] Request - Headers: {'Content-Type': 'application/json', 'Accept': 'application/json', 'X-Auth-Token': ''} Body: None Response - Headers: {'status': '204', u'content-length': '0', 'content-location': 'http://172.30.9.32:9696/v2.0/ports/c9c27d3b-aea6-4903-915f-52c201bb7591', u'date': 'Thu, 10 Jan 2019 02:24:23 GMT', u'connection': 'close', u'x-openstack-request-id': 'req-266de061-4a04-4329-a686-6bafccfaa264'} Body: _log_request_full /root/.rally/verification/verifier-1c973c03-c6c3-4427-a1b5-69c165a23d07/repo/tempest/lib/common/rest_client.py:434
2019-01-10 02:24:23.205 17908 INFO tempest.lib.common.rest_client [req-59357a0e-370d-4bac-a636-f635e4e8799d ] Request (TrunkTestJSON:_run_cleanups): 404 DELETE http://172.30.9.32:9696/v2.0/networks/5c1f4d5e-0466-41f5-a0c5-946e4c6bef7f 0.024s
2019-01-10 02:24:23.205 17908 DEBUG tempest.lib.common.rest_client [req-59357a0e-370d-4bac-a636-f635e4e8799d ] Request - Headers: {'Content-Type': 'application/json', 'Accept': 'application/json', 'X-Auth-Token': ''} Body: None Response - Headers: {'status': '404', u'content-length': '138', 'content-location': 'http://172.30.9.32:9696/v2.0/networks/5c1f4d5e-0466-41f5-a0c5-946e4c6bef7f', u'date': 'Thu, 10 Jan 2019 02:24:23 GMT', u'content-type': 'application/json', u'connection': 'close', u'x-openstack-request-id': 'req-59357a0e-370d-4bac-a636-f635e4e8799d'} Body: {"NeutronError": {"message": "Network 5c1f4d5e-0466-41f5-a0c5-946e4c6bef7f could not be found.", "type": "NetworkNotFound", "detail": ""}} _log_request_full /root/.rally/verification/verifier-1c973c03-c6c3-4427-a1b5-69c165a23d07/repo/tempest/lib/common/rest_client.py:434
2019-01-10 02:24:23.235 17908 INFO tempest.lib.common.rest_client [req-0ca10bb8-8d22-4641-9efa-8fbcfb6755f9 ] Request (TrunkTestJSON:_run_cleanups): 404 DELETE http://172.30.9.32:9696/v2.0/networks/4bbc0be1-11ba-4b4b-8968-0d8a372801db 0.029s
2019-01-10 02:24:23.236 17908 DEBUG tempest.lib.common.rest_client [req-0ca10bb8-8d22-4641-9efa-8fbcfb6755f9 ] Request - Headers: {'Content-Type': 'application/json', 'Accept': 'application/json', 'X-Auth-Token': ''} Body: None Response - Headers: {'status': '404', u'content-length': '138', 'content-location': 'http://172.30.9.32:9696/v2.0/networks/4bbc0be1-11ba-4b4b-8968-0d8a372801db', u'date': 'Thu, 10 Jan 2019 02:24:23 GMT', u'content-type': 'application/json', u'connection': 'close', u'x-openstack-request-id': 'req-0ca10bb8-8d22-4641-9efa-8fbcfb6755f9'} Body: {"NeutronError": {"message": "Network 4bbc0be1-11ba-4b4b-8968-0d8a372801db could not be found.", "type": "NetworkNotFound", "detail": ""}} _log_request_full /root/.rally/verification/verifier-1c973c03-c6c3-4427-a1b5-69c165a23d07/repo/tempest/lib/common/rest_client.py:434
2019-01-10 02:24:23.268 17908 INFO tempest.lib.common.rest_client [req-19062df8-7de4-4d78-abb6-648c108b51f8 ] Request (TrunkTestJSON:_run_cleanups): 404 DELETE http://172.30.9.32:9696/v2.0/networks/d0e3d91f-c002-4577-bacd-11aef70d4d6b 0.032s
2019-01-10 02:24:23.269 17908 DEBUG tempest.lib.common.rest_client [req-19062df8-7de4-4d78-abb6-648c108b51f8 ] Request - Headers: {'Content-Type': 'application/json', 'Accept': 'application/json', 'X-Auth-Token': ''} Body: None Response - Headers: {'status': '404', u'content-length': '138', 'content-location': 'http://172.30.9.32:9696/v2.0/networks/d0e3d91f-c002-4577-bacd-11aef70d4d6b', u'date': 'Thu, 10 Jan 2019 02:24:23 GMT', u'content-type': 'application/json', u'connection': 'close', u'x-openstack-request-id': 'req-19062df8-7de4-4d78-abb6-648c108b51f8'} Body: {"NeutronError": {"message": "Network d0e3d91f-c002-4577-bacd-11aef70d4d6b could not be found.", "type": "NetworkNotFound", "detail": ""}} _log_request_full /root/.rally/verification/verifier-1c973c03-c6c3-4427-a1b5-69c165a23d07/repo/tempest/lib/common/rest_client.py:434
2019-01-10 02:24:23.287 17912 INFO tempest.lib.common.rest_client [req-b1514a3a-cc7f-4c5c-8972-d6f321b101c6 ] Request (TrunkTestJSON:test_create_subport_missing_segmentation_id): 201 POST http://172.30.9.32:9696/v2.0/networks 0.252s
2019-01-10 02:24:23.287 17912 DEBUG tempest.lib.common.rest_client [req-b1514a3a-cc7f-4c5c-8972-d6f321b101c6 ] Request - Headers: {'Content-Type': 'application/json', 'Accept': 'application/json', 'X-Auth-Token': ''} Body: {"network": {"name": "tempest-test-network--97821252"}} Response - Headers: {'status': '201', u'content-length': '608', 'content-location': 'http://172.30.9.32:9696/v2.0/networks', u'date': 'Thu, 10 Jan 2019 02:24:23 GMT', u'content-type': 'application/json', u'connection': 'close', u'x-openstack-request-id': 'req-b1514a3a-cc7f-4c5c-8972-d6f321b101c6'} Body: {"network":{"ipv6_address_scope":null,"revision_number":3,"port_security_enabled":true,"id":"06489c45-12e3-48f5-96c7-3b5c424b0556","router:external":false,"availability_zone_hints":[],"availability_zones":[],"ipv4_address_scope":null,"shared":false,"project_id":"63b93d4ee7b84020b21444fef04c9d16","l2_adjacency":true,"status":"ACTIVE","subnets":[],"description":"","tags":[],"updated_at":"2019-01-10T02:24:23Z","is_default":false,"name":"tempest-test-network--97821252","qos_policy_id":null,"admin_state_up":true,"tenant_id":"63b93d4ee7b84020b21444fef04c9d16","created_at":"2019-01-10T02:24:23Z","mtu":1450}} _log_request_full /root/.rally/verification/verifier-1c973c03-c6c3-4427-a1b5-69c165a23d07/repo/tempest/lib/common/rest_client.py:434
2019-01-10 02:24:23.297 17908 INFO tempest.lib.common.rest_client [req-9efcfb40-fbac-4278-b84d-74305c3af1b9 ] Request (TrunkTestJSON:_run_cleanups): 404 DELETE http://172.30.9.32:9696/v2.0/networks/e912e95e-a966-4ba8-9db9-77a3d1049f97 0.027s
2019-01-10 02:24:23.297 17908 DEBUG tempest.lib.common.rest_client [req-9efcfb40-fbac-4278-b84d-74305c3af1b9 ] Request - Headers: {'Content-Type': 'application/json', 'Accept': 'application/json', 'X-Auth-Token': ''} Body: None Response - Headers: {'status': '404', u'content-length': '138', 'content-location': 'http://172.30.9.32:9696/v2.0/networks/e912e95e-a966-4ba8-9db9-77a3d1049f97', u'date': 'Thu, 10 Jan 2019 02:24:23 GMT', u'content-type': 'application/json', u'connection': 'close', u'x-openstack-request-id': 'req-9efcfb40-fbac-4278-b84d-74305c3af1b9'} Body: {"NeutronError": {"message": "Network e912e95e-a966-4ba8-9db9-77a3d1049f97 could not be found.", "type": "NetworkNotFound", "detail": ""}} _log_request_full /root/.rally/verification/verifier-1c973c03-c6c3-4427-a1b5-69c165a23d07/repo/tempest/lib/common/rest_client.py:434
2019-01-10 02:24:23.319 17908 INFO tempest.lib.common.rest_client [req-a3d40452-97a0-4353-8429-6b1b335aed18 ] Request (TrunkTestJSON:_run_cleanups): 404 DELETE http://172.30.9.32:9696/v2.0/networks/2003c228-49ba-48fe-99d2-011c20b3e21d 0.020s
2019-01-10 02:24:23.319 17908 DEBUG tempest.lib.common.rest_client [req-a3d40452-97a0-4353-8429-6b1b335aed18 ] Request - Headers: {'Content-Type': 'application/json', 'Accept': 'application/json', 'X-Auth-Token': ''} Body: None Response - Headers: {'status': '404', u'content-length': '138', 'content-location': 'http://172.30.9.32:9696/v2.0/networks/2003c228-49ba-48fe-99d2-011c20b3e21d', u'date': 'Thu, 10 Jan 2019 02:24:23 GMT', u'content-type': 'application/json', u'connection': 'close', u'x-openstack-request-id': 'req-a3d40452-97a0-4353-8429-6b1b335aed18'} Body: {"NeutronError": {"message": "Network 2003c228-49ba-48fe-99d2-011c20b3e21d could not be found.", "type": "NetworkNotFound", "detail": ""}} _log_request_full /root/.rally/verification/verifier-1c973c03-c6c3-4427-a1b5-69c165a23d07/repo/tempest/lib/common/rest_client.py:434
2019-01-10 02:24:23.563 17909 INFO tempest.lib.common.rest_client [req-6b1fbdc9-094a-49c8-a966-a0d45a5bcddd ] Request (TrunkTest:test_trunk_subport_lifecycle): 201 POST http://172.30.9.32:9696/v2.0/floatingips 3.362s
2019-01-10 02:24:23.563 17909 DEBUG tempest.lib.common.rest_client [req-6b1fbdc9-094a-49c8-a966-a0d45a5bcddd ] Request - Headers: {'Content-Type': 'application/json', 'Accept': 'application/json', 'X-Auth-Token': ''} Body: {"floatingip": {"floating_network_id": "920e5d3f-4e5f-4593-920f-15bcb696339a", "port_id": "c6aeaccc-3cb6-4b1a-a3e5-993baa14d12c"}} Response - Headers: {'status': '201', u'content-length': '574', 'content-location': 'http://172.30.9.32:9696/v2.0/floatingips', u'date': 'Thu, 10 Jan 2019 02:24:23 GMT', u'content-type': 'application/json', u'connection': 'close', u'x-openstack-request-id': 'req-6b1fbdc9-094a-49c8-a966-a0d45a5bcddd'} Body: {"floatingip": {"router_id": "91a59919-0f1e-4684-b23e-63300636870f", "status": "DOWN", "description": "", "tags": [], "tenant_id": "a0dd5b888041467e8f874e18b8ea6859", "created_at": "2019-01-10T02:24:21Z", "updated_at": "2019-01-10T02:24:21Z", "floating_network_id": "920e5d3f-4e5f-4593-920f-15bcb696339a", "fixed_ip_address": "192.168.120.5", "floating_ip_address": "172.30.9.208", "revision_number": 0, "project_id": "a0dd5b888041467e8f874e18b8ea6859", "port_id": "c6aeaccc-3cb6-4b1a-a3e5-993baa14d12c", "id": "6bc4e676-0f08-425e-90c7-5fcbaa6f87c8", "qos_policy_id": null}} _log_request_full /root/.rally/verification/verifier-1c973c03-c6c3-4427-a1b5-69c165a23d07/repo/tempest/lib/common/rest_client.py:434
2019-01-10 02:24:24.009 17908 INFO tempest.lib.common.rest_client [req-491f6ddb-81b5-4cda-ba44-47d73c4ea5ff ] Request (TrunkTestJSON:_run_cleanups): 204 DELETE http://172.30.9.32:9696/v2.0/networks/50410d1b-385e-4727-906b-1ea80d5065cf 0.689s
2019-01-10 02:24:24.010 17908 DEBUG tempest.lib.common.rest_client [req-491f6ddb-81b5-4cda-ba44-47d73c4ea5ff ] Request - Headers: {'Content-Type': 'application/json', 'Accept': 'application/json', 'X-Auth-Token': ''} Body: None Response - Headers: {'status': '204', u'content-length': '0', 'content-location': 'http://172.30.9.32:9696/v2.0/networks/50410d1b-385e-4727-906b-1ea80d5065cf', u'date': 'Thu, 10 Jan 2019 02:24:24 GMT', u'connection': 'close', u'x-openstack-request-id': 'req-491f6ddb-81b5-4cda-ba44-47d73c4ea5ff'} Body: _log_request_full /root/.rally/verification/verifier-1c973c03-c6c3-4427-a1b5-69c165a23d07/repo/tempest/lib/common/rest_client.py:434
2019-01-10 02:24:24.252 17912 INFO tempest.lib.common.rest_client [req-cb7ba3fd-7bcb-4bd5-9320-00d3d8928af0 ] Request (TrunkTestJSON:test_create_subport_missing_segmentation_id): 201 POST http://172.30.9.32:9696/v2.0/ports 0.963s
2019-01-10 02:24:24.252 17912 DEBUG tempest.lib.common.rest_client [req-cb7ba3fd-7bcb-4bd5-9320-00d3d8928af0 ] Request - Headers: {'Content-Type': 'application/json', 'Accept': 'application/json', 'X-Auth-Token': ''} Body: {"port": {"network_id": "06489c45-12e3-48f5-96c7-3b5c424b0556"}} Response - Headers: {'status': '201', u'content-length': '664', 'content-location': 'http://172.30.9.32:9696/v2.0/ports', u'date': 'Thu, 10 Jan 2019 02:24:24 GMT', u'content-type': 'application/json', u'connection': 'close', u'x-openstack-request-id': 'req-cb7ba3fd-7bcb-4bd5-9320-00d3d8928af0'} Body: {"port":{"allowed_address_pairs":[],"extra_dhcp_opts":[],"updated_at":"2019-01-10T02:24:23Z","device_owner":"","revision_number":5,"port_security_enabled":true,"fixed_ips":[],"id":"00a30981-c638-43c6-8e30-8da68ae5cdc9","security_groups":["bcde8521-ad79-4ff8-9b80-ea407039404f"],"mac_address":"fa:16:3e:91:38:43","device_id":"","status":"DOWN","description":"","tags":[],"name":"","project_id":"63b93d4ee7b84020b21444fef04c9d16","qos_policy_id":null,"admin_state_up":true,"network_id":"06489c45-12e3-48f5-96c7-3b5c424b0556","tenant_id":"63b93d4ee7b84020b21444fef04c9d16","created_at":"2019-01-10T02:24:23Z","binding:vnic_type":"normal","ip_allocation":"immediate"}} _log_request_full /root/.rally/verification/verifier-1c973c03-c6c3-4427-a1b5-69c165a23d07/repo/tempest/lib/common/rest_client.py:434
2019-01-10 02:24:24.706 17908 INFO tempest.lib.common.rest_client [req-f90171ea-d3df-434b-bff1-29e0ea35fd13 ] Request (TrunkTestJSON:test_create_update_trunk_with_description): 201 POST http://172.30.9.32:9696/v2.0/networks 0.694s
2019-01-10 02:24:24.707 17908 DEBUG tempest.lib.common.rest_client [req-f90171ea-d3df-434b-bff1-29e0ea35fd13 ] Request - Headers: {'Content-Type': 'application/json', 'Accept': 'application/json', 'X-Auth-Token': ''} Body: {"network": {"name": "tempest-test-network--1362573307"}} Response - Headers: {'status': '201', u'content-length': '610', 'content-location': 'http://172.30.9.32:9696/v2.0/networks', u'date': 'Thu, 10 Jan 2019 02:24:24 GMT', u'content-type': 'application/json', u'connection': 'close', u'x-openstack-request-id': 'req-f90171ea-d3df-434b-bff1-29e0ea35fd13'} Body: {"network":{"ipv6_address_scope":null,"revision_number":3,"port_security_enabled":true,"id":"ab519748-553f-41d2-bd83-25a891842ddd","router:external":false,"availability_zone_hints":[],"availability_zones":[],"ipv4_address_scope":null,"shared":false,"project_id":"83b3e597361d4c4ab875cd185448bf45","l2_adjacency":true,"status":"ACTIVE","subnets":[],"description":"","tags":[],"updated_at":"2019-01-10T02:24:24Z","is_default":false,"name":"tempest-test-network--1362573307","qos_policy_id":null,"admin_state_up":true,"tenant_id":"83b3e597361d4c4ab875cd185448bf45","created_at":"2019-01-10T02:24:24Z","mtu":1450}} _log_request_full /root/.rally/verification/verifier-1c973c03-c6c3-4427-a1b5-69c165a23d07/repo/tempest/lib/common/rest_client.py:434
2019-01-10 02:24:24.744 17912 INFO tempest.lib.common.rest_client [req-cc2229f9-44a1-4aa3-875a-fa1b30716e02 ] Request (TrunkTestJSON:test_create_subport_missing_segmentation_id): 201 POST http://172.30.9.32:9696/v2.0/trunks 0.491s
2019-01-10 02:24:24.745 17912 DEBUG tempest.lib.common.rest_client [req-cc2229f9-44a1-4aa3-875a-fa1b30716e02 ] Request - Headers: {'Content-Type': 'application/json', 'Accept': 'application/json', 'X-Auth-Token': ''} Body: {"trunk": {"sub_ports": [], "port_id": "00a30981-c638-43c6-8e30-8da68ae5cdc9"}} Response - Headers: {'status': '201', u'content-length': '407', 'content-location': 'http://172.30.9.32:9696/v2.0/trunks', u'date': 'Thu, 10 Jan 2019 02:24:24 GMT', u'content-type': 'application/json', u'connection': 'close', u'x-openstack-request-id': 'req-cc2229f9-44a1-4aa3-875a-fa1b30716e02'} Body: {"trunk": {"status": "DOWN", "sub_ports": [], "name": "", "admin_state_up": true, "tenant_id": "63b93d4ee7b84020b21444fef04c9d16", "created_at": "2019-01-10T02:24:24Z", "tags": [], "updated_at": "2019-01-10T02:24:24Z", "revision_number": 0, "project_id": "63b93d4ee7b84020b21444fef04c9d16", "port_id": "00a30981-c638-43c6-8e30-8da68ae5cdc9", "id": "8473b752-7929-4be8-b03d-7b502a2004f0", "description": ""}} _log_request_full /root/.rally/verification/verifier-1c973c03-c6c3-4427-a1b5-69c165a23d07/repo/tempest/lib/common/rest_client.py:434
2019-01-10 02:24:24.976 17912 INFO tempest.lib.common.rest_client [req-d721a8f0-578a-48e1-9770-364ee1f5d891 ] Request (TrunkTestJSON:test_create_subport_missing_segmentation_id): 201 POST http://172.30.9.32:9696/v2.0/networks 0.230s
