2019-01-10 02:24:30.832 17912 INFO tempest.lib.common.rest_client [req-ee623d40-5c1f-4592-ae89-201cfb467ad2 ] Request (TrunkTestJSON:_run_cleanups): 404 GET http://172.30.9.32:9696/v2.0/trunks/29d1b1d2-3ccd-4dba-a793-52716d578504/get_subports 0.014s
2019-01-10 02:24:30.833 17912 DEBUG tempest.lib.common.rest_client [req-ee623d40-5c1f-4592-ae89-201cfb467ad2 ] Request - Headers: {'Content-Type': 'application/json', 'Accept': 'application/json', 'X-Auth-Token': ''} Body: None Response - Headers: {'status': '404', u'content-length': '134', 'content-location': 'http://172.30.9.32:9696/v2.0/trunks/29d1b1d2-3ccd-4dba-a793-52716d578504/get_subports', u'date': 'Thu, 10 Jan 2019 02:24:30 GMT', u'content-type': 'application/json', u'connection': 'close', u'x-openstack-request-id': 'req-ee623d40-5c1f-4592-ae89-201cfb467ad2'} Body: {"NeutronError": {"message": "Trunk 29d1b1d2-3ccd-4dba-a793-52716d578504 could not be found.", "type": "TrunkNotFound", "detail": ""}} _log_request_full /root/.rally/verification/verifier-1c973c03-c6c3-4427-a1b5-69c165a23d07/repo/tempest/lib/common/rest_client.py:434
2019-01-10 02:24:30.848 17912 INFO tempest.lib.common.rest_client [req-9aeddb75-5dff-43d5-9267-a1bb8c31a5fa ] Request (TrunkTestJSON:_run_cleanups): 404 DELETE http://172.30.9.32:9696/v2.0/trunks/29d1b1d2-3ccd-4dba-a793-52716d578504 0.014s
2019-01-10 02:24:30.848 17912 DEBUG tempest.lib.common.rest_client [req-9aeddb75-5dff-43d5-9267-a1bb8c31a5fa ] Request - Headers: {'Content-Type': 'application/json', 'Accept': 'application/json', 'X-Auth-Token': ''} Body: None Response - Headers: {'status': '404', u'content-length': '134', 'content-location': 'http://172.30.9.32:9696/v2.0/trunks/29d1b1d2-3ccd-4dba-a793-52716d578504', u'date': 'Thu, 10 Jan 2019 02:24:30 GMT', u'content-type': 'application/json', u'connection': 'close', u'x-openstack-request-id': 'req-9aeddb75-5dff-43d5-9267-a1bb8c31a5fa'} Body: {"NeutronError": {"message": "Trunk 29d1b1d2-3ccd-4dba-a793-52716d578504 could not be found.", "type": "TrunkNotFound", "detail": ""}} _log_request_full /root/.rally/verification/verifier-1c973c03-c6c3-4427-a1b5-69c165a23d07/repo/tempest/lib/common/rest_client.py:434
2019-01-10 02:24:30.864 17912 INFO tempest.lib.common.rest_client [req-b2d7f421-a0e6-464c-9eaf-f89f27bc0992 ] Request (TrunkTestJSON:_run_cleanups): 404 GET http://172.30.9.32:9696/v2.0/trunks/1dbe8686-08b2-4cca-8221-dfc0345c5341/get_subports 0.015s
2019-01-10 02:24:30.864 17912 DEBUG tempest.lib.common.rest_client [req-b2d7f421-a0e6-464c-9eaf-f89f27bc0992 ] Request - Headers: {'Content-Type': 'application/json', 'Accept': 'application/json', 'X-Auth-Token': ''} Body: None Response - Headers: {'status': '404', u'content-length': '134', 'content-location': 'http://172.30.9.32:9696/v2.0/trunks/1dbe8686-08b2-4cca-8221-dfc0345c5341/get_subports', u'date': 'Thu, 10 Jan 2019 02:24:30 GMT', u'content-type': 'application/json', u'connection': 'close', u'x-openstack-request-id': 'req-b2d7f421-a0e6-464c-9eaf-f89f27bc0992'} Body: {"NeutronError": {"message": "Trunk 1dbe8686-08b2-4cca-8221-dfc0345c5341 could not be found.", "type": "TrunkNotFound", "detail": ""}} _log_request_full /root/.rally/verification/verifier-1c973c03-c6c3-4427-a1b5-69c165a23d07/repo/tempest/lib/common/rest_client.py:434
2019-01-10 02:24:30.880 17912 INFO tempest.lib.common.rest_client [req-f1a42740-baef-4002-9ac6-9a8cec15f541 ] Request (TrunkTestJSON:_run_cleanups): 404 DELETE http://172.30.9.32:9696/v2.0/trunks/1dbe8686-08b2-4cca-8221-dfc0345c5341 0.015s
2019-01-10 02:24:30.880 17912 DEBUG tempest.lib.common.rest_client [req-f1a42740-baef-4002-9ac6-9a8cec15f541 ] Request - Headers: {'Content-Type': 'application/json', 'Accept': 'application/json', 'X-Auth-Token': ''} Body: None Response - Headers: {'status': '404', u'content-length': '134', 'content-location': 'http://172.30.9.32:9696/v2.0/trunks/1dbe8686-08b2-4cca-8221-dfc0345c5341', u'date': 'Thu, 10 Jan 2019 02:24:30 GMT', u'content-type': 'application/json', u'connection': 'close', u'x-openstack-request-id': 'req-f1a42740-baef-4002-9ac6-9a8cec15f541'} Body: {"NeutronError": {"message": "Trunk 1dbe8686-08b2-4cca-8221-dfc0345c5341 could not be found.", "type": "TrunkNotFound", "detail": ""}} _log_request_full /root/.rally/verification/verifier-1c973c03-c6c3-4427-a1b5-69c165a23d07/repo/tempest/lib/common/rest_client.py:434
2019-01-10 02:24:30.897 17912 INFO tempest.lib.common.rest_client [req-71fe5c3e-134d-426a-8164-381b17b7c0f8 ] Request (TrunkTestJSON:_run_cleanups): 404 GET http://172.30.9.32:9696/v2.0/trunks/8473b752-7929-4be8-b03d-7b502a2004f0/get_subports 0.016s
2019-01-10 02:24:30.898 17912 DEBUG tempest.lib.common.rest_client [req-71fe5c3e-134d-426a-8164-381b17b7c0f8 ] Request - Headers: {'Content-Type': 'application/json', 'Accept': 'application/json', 'X-Auth-Token': ''} Body: None Response - Headers: {'status': '404', u'content-length': '134', 'content-location': 'http://172.30.9.32:9696/v2.0/trunks/8473b752-7929-4be8-b03d-7b502a2004f0/get_subports', u'date': 'Thu, 10 Jan 2019 02:24:30 GMT', u'content-type': 'application/json', u'connection': 'close', u'x-openstack-request-id': 'req-71fe5c3e-134d-426a-8164-381b17b7c0f8'} Body: {"NeutronError": {"message": "Trunk 8473b752-7929-4be8-b03d-7b502a2004f0 could not be found.", "type": "TrunkNotFound", "detail": ""}} _log_request_full /root/.rally/verification/verifier-1c973c03-c6c3-4427-a1b5-69c165a23d07/repo/tempest/lib/common/rest_client.py:434
2019-01-10 02:24:30.914 17912 INFO tempest.lib.common.rest_client [req-f9118b24-bff4-4710-aca7-5fc7098b286a ] Request (TrunkTestJSON:_run_cleanups): 404 DELETE http://172.30.9.32:9696/v2.0/trunks/8473b752-7929-4be8-b03d-7b502a2004f0 0.015s
2019-01-10 02:24:30.914 17912 DEBUG tempest.lib.common.rest_client [req-f9118b24-bff4-4710-aca7-5fc7098b286a ] Request - Headers: {'Content-Type': 'application/json', 'Accept': 'application/json', 'X-Auth-Token': ''} Body: None Response - Headers: {'status': '404', u'content-length': '134', 'content-location': 'http://172.30.9.32:9696/v2.0/trunks/8473b752-7929-4be8-b03d-7b502a2004f0', u'date': 'Thu, 10 Jan 2019 02:24:30 GMT', u'content-type': 'application/json', u'connection': 'close', u'x-openstack-request-id': 'req-f9118b24-bff4-4710-aca7-5fc7098b286a'} Body: {"NeutronError": {"message": "Trunk 8473b752-7929-4be8-b03d-7b502a2004f0 could not be found.", "type": "TrunkNotFound", "detail": ""}} _log_request_full /root/.rally/verification/verifier-1c973c03-c6c3-4427-a1b5-69c165a23d07/repo/tempest/lib/common/rest_client.py:434
2019-01-10 02:24:30.942 17912 INFO tempest.lib.common.rest_client [req-db5bbe82-2017-4331-aab4-5deb98804c11 ] Request (TrunkTestJSON:_run_cleanups): 200 GET http://172.30.9.32:9696/v2.0/trunks/41d1c08f-564b-4ae1-ba74-a97a716d64f7/get_subports 0.027s
2019-01-10 02:24:30.943 17912 DEBUG tempest.lib.common.rest_client [req-db5bbe82-2017-4331-aab4-5deb98804c11 ] Request - Headers: {'Content-Type': 'application/json', 'Accept': 'application/json', 'X-Auth-Token': ''} Body: None Response - Headers: {'status': '200', u'content-length': '17', 'content-location': 'http://172.30.9.32:9696/v2.0/trunks/41d1c08f-564b-4ae1-ba74-a97a716d64f7/get_subports', u'date': 'Thu, 10 Jan 2019 02:24:30 GMT', u'content-type': 'application/json', u'connection': 'close', u'x-openstack-request-id': 'req-db5bbe82-2017-4331-aab4-5deb98804c11'} Body: {"sub_ports": []} _log_request_full /root/.rally/verification/verifier-1c973c03-c6c3-4427-a1b5-69c165a23d07/repo/tempest/lib/common/rest_client.py:434
2019-01-10 02:24:31.001 17912 INFO tempest.lib.common.rest_client [req-ba653389-0dd2-437b-adca-6db64dd7d6b6 ] Request (TrunkTestJSON:_run_cleanups): 200 PUT http://172.30.9.32:9696/v2.0/trunks/41d1c08f-564b-4ae1-ba74-a97a716d64f7/remove_subports 0.057s
2019-01-10 02:24:31.001 17912 DEBUG tempest.lib.common.rest_client [req-ba653389-0dd2-437b-adca-6db64dd7d6b6 ] Request - Headers: {'Content-Type': 'application/json', 'Accept': 'application/json', 'X-Auth-Token': ''} Body: {"sub_ports": []} Response - Headers: {'status': '200', u'content-length': '396', 'content-location': 'http://172.30.9.32:9696/v2.0/trunks/41d1c08f-564b-4ae1-ba74-a97a716d64f7/remove_subports', u'date': 'Thu, 10 Jan 2019 02:24:31 GMT', u'content-type': 'application/json', u'connection': 'close', u'x-openstack-request-id': 'req-ba653389-0dd2-437b-adca-6db64dd7d6b6'} Body: {"status": "DOWN", "sub_ports": [], "name": "", "admin_state_up": true, "tenant_id": "63b93d4ee7b84020b21444fef04c9d16", "created_at": "2019-01-10T02:24:30Z", "tags": [], "updated_at": "2019-01-10T02:24:30Z", "revision_number": 1, "project_id": "63b93d4ee7b84020b21444fef04c9d16", "port_id": "d0d43588-1073-43ea-9024-243791401297", "id": "41d1c08f-564b-4ae1-ba74-a97a716d64f7", "description": ""} _log_request_full /root/.rally/verification/verifier-1c973c03-c6c3-4427-a1b5-69c165a23d07/repo/tempest/lib/common/rest_client.py:434
2019-01-10 02:24:31.118 17912 INFO tempest.lib.common.rest_client [req-18ea5a5c-7f31-400a-b599-2cb5def3e9c6 ] Request (TrunkTestJSON:_run_cleanups): 204 DELETE http://172.30.9.32:9696/v2.0/trunks/41d1c08f-564b-4ae1-ba74-a97a716d64f7 0.116s
2019-01-10 02:24:31.119 17912 DEBUG tempest.lib.common.rest_client [req-18ea5a5c-7f31-400a-b599-2cb5def3e9c6 ] Request - Headers: {'Content-Type': 'application/json', 'Accept': 'application/json', 'X-Auth-Token': ''} Body: None Response - Headers: {'status': '204', u'content-length': '0', 'content-location': 'http://172.30.9.32:9696/v2.0/trunks/41d1c08f-564b-4ae1-ba74-a97a716d64f7', u'date': 'Thu, 10 Jan 2019 02:24:31 GMT', u'connection': 'close', u'x-openstack-request-id': 'req-18ea5a5c-7f31-400a-b599-2cb5def3e9c6'} Body: _log_request_full /root/.rally/verification/verifier-1c973c03-c6c3-4427-a1b5-69c165a23d07/repo/tempest/lib/common/rest_client.py:434
2019-01-10 02:24:31.134 17912 INFO tempest.lib.common.rest_client [req-f68a8718-bcde-4482-8c9f-2b48b75c9fda ] Request (TrunkTestJSON:_run_cleanups): 404 GET http://172.30.9.32:9696/v2.0/trunks/48827221-9cc8-4303-aa7e-69792d1d9835 0.015s
2019-01-10 02:24:31.135 17912 DEBUG tempest.lib.common.rest_client [req-f68a8718-bcde-4482-8c9f-2b48b75c9fda ] Request - Headers: {'Content-Type': 'application/json', 'Accept': 'application/json', 'X-Auth-Token': ''} Body: None Response - Headers: {'status': '404', u'content-length': '134', 'content-location': 'http://172.30.9.32:9696/v2.0/trunks/48827221-9cc8-4303-aa7e-69792d1d9835', u'date': 'Thu, 10 Jan 2019 02:24:31 GMT', u'content-type': 'application/json', u'connection': 'close', u'x-openstack-request-id': 'req-f68a8718-bcde-4482-8c9f-2b48b75c9fda'} Body: {"NeutronError": {"message": "Trunk 48827221-9cc8-4303-aa7e-69792d1d9835 could not be found.", "type": "TrunkNotFound", "detail": ""}} _log_request_full /root/.rally/verification/verifier-1c973c03-c6c3-4427-a1b5-69c165a23d07/repo/tempest/lib/common/rest_client.py:434
2019-01-10 02:24:31.154 17912 INFO tempest.lib.common.rest_client [req-8f7579ad-edf4-4487-92e5-5dc1dfd0f9d0 ] Request (TrunkTestJSON:_run_cleanups): 404 GET http://172.30.9.32:9696/v2.0/trunks/af54894d-41ba-4d8e-b682-0fa244aaeaaf 0.018s
2019-01-10 02:24:31.155 17912 DEBUG tempest.lib.common.rest_client [req-8f7579ad-edf4-4487-92e5-5dc1dfd0f9d0 ] Request - Headers: {'Content-Type': 'application/json', 'Accept': 'application/json', 'X-Auth-Token': ''} Body: None Response - Headers: {'status': '404', u'content-length': '134', 'content-location': 'http://172.30.9.32:9696/v2.0/trunks/af54894d-41ba-4d8e-b682-0fa244aaeaaf', u'date': 'Thu, 10 Jan 2019 02:24:31 GMT', u'content-type': 'application/json', u'connection': 'close', u'x-openstack-request-id': 'req-8f7579ad-edf4-4487-92e5-5dc1dfd0f9d0'} Body: {"NeutronError": {"message": "Trunk af54894d-41ba-4d8e-b682-0fa244aaeaaf could not be found.", "type": "TrunkNotFound", "detail": ""}} _log_request_full /root/.rally/verification/verifier-1c973c03-c6c3-4427-a1b5-69c165a23d07/repo/tempest/lib/common/rest_client.py:434
2019-01-10 02:24:31.170 17912 INFO tempest.lib.common.rest_client [req-51a01b8b-e72e-4f95-8a36-9aa9cec102c3 ] Request (TrunkTestJSON:_run_cleanups): 404 GET http://172.30.9.32:9696/v2.0/trunks/29d1b1d2-3ccd-4dba-a793-52716d578504 0.015s
2019-01-10 02:24:31.171 17912 DEBUG tempest.lib.common.rest_client [req-51a01b8b-e72e-4f95-8a36-9aa9cec102c3 ] Request - Headers: {'Content-Type': 'application/json', 'Accept': 'application/json', 'X-Auth-Token': ''} Body: None Response - Headers: {'status': '404', u'content-length': '134', 'content-location': 'http://172.30.9.32:9696/v2.0/trunks/29d1b1d2-3ccd-4dba-a793-52716d578504', u'date': 'Thu, 10 Jan 2019 02:24:31 GMT', u'content-type': 'application/json', u'connection': 'close', u'x-openstack-request-id': 'req-51a01b8b-e72e-4f95-8a36-9aa9cec102c3'} Body: {"NeutronError": {"message": "Trunk 29d1b1d2-3ccd-4dba-a793-52716d578504 could not be found.", "type": "TrunkNotFound", "detail": ""}} _log_request_full /root/.rally/verification/verifier-1c973c03-c6c3-4427-a1b5-69c165a23d07/repo/tempest/lib/common/rest_client.py:434
2019-01-10 02:24:31.187 17912 INFO tempest.lib.common.rest_client [req-03e1eb7f-371f-42e7-8ac8-2ee33b42e681 ] Request (TrunkTestJSON:_run_cleanups): 404 GET http://172.30.9.32:9696/v2.0/trunks/1dbe8686-08b2-4cca-8221-dfc0345c5341 0.015s
2019-01-10 02:24:31.187 17912 DEBUG tempest.lib.common.rest_client [req-03e1eb7f-371f-42e7-8ac8-2ee33b42e681 ] Request - Headers: {'Content-Type': 'application/json', 'Accept': 'application/json', 'X-Auth-Token': ''} Body: None Response - Headers: {'status': '404', u'content-length': '134', 'content-location': 'http://172.30.9.32:9696/v2.0/trunks/1dbe8686-08b2-4cca-8221-dfc0345c5341', u'date': 'Thu, 10 Jan 2019 02:24:31 GMT', u'content-type': 'application/json', u'connection': 'close', u'x-openstack-request-id': 'req-03e1eb7f-371f-42e7-8ac8-2ee33b42e681'} Body: {"NeutronError": {"message": "Trunk 1dbe8686-08b2-4cca-8221-dfc0345c5341 could not be found.", "type": "TrunkNotFound", "detail": ""}} _log_request_full /root/.rally/verification/verifier-1c973c03-c6c3-4427-a1b5-69c165a23d07/repo/tempest/lib/common/rest_client.py:434
2019-01-10 02:24:31.203 17912 INFO tempest.lib.common.rest_client [req-68c3204f-1d9c-49cf-830c-2ac478d16151 ] Request (TrunkTestJSON:_run_cleanups): 404 GET http://172.30.9.32:9696/v2.0/trunks/8473b752-7929-4be8-b03d-7b502a2004f0 0.015s
2019-01-10 02:24:31.203 17912 DEBUG tempest.lib.common.rest_client [req-68c3204f-1d9c-49cf-830c-2ac478d16151 ] Request - Headers: {'Content-Type': 'application/json', 'Accept': 'application/json', 'X-Auth-Token': ''} Body: None Response - Headers: {'status': '404', u'content-length': '134', 'content-location': 'http://172.30.9.32:9696/v2.0/trunks/8473b752-7929-4be8-b03d-7b502a2004f0', u'date': 'Thu, 10 Jan 2019 02:24:31 GMT', u'content-type': 'application/json', u'connection': 'close', u'x-openstack-request-id': 'req-68c3204f-1d9c-49cf-830c-2ac478d16151'} Body: {"NeutronError": {"message": "Trunk 8473b752-7929-4be8-b03d-7b502a2004f0 could not be found.", "type": "TrunkNotFound", "detail": ""}} _log_request_full /root/.rally/verification/verifier-1c973c03-c6c3-4427-a1b5-69c165a23d07/repo/tempest/lib/common/rest_client.py:434
2019-01-10 02:24:31.218 17912 INFO tempest.lib.common.rest_client [req-29c44424-0b72-46f4-852c-bb4fb2f03c82 ] Request (TrunkTestJSON:_run_cleanups): 404 GET http://172.30.9.32:9696/v2.0/trunks/41d1c08f-564b-4ae1-ba74-a97a716d64f7 0.014s
2019-01-10 02:24:31.218 17912 DEBUG tempest.lib.common.rest_client [req-29c44424-0b72-46f4-852c-bb4fb2f03c82 ] Request - Headers: {'Content-Type': 'application/json', 'Accept': 'application/json', 'X-Auth-Token': ''} Body: None Response - Headers: {'status': '404', u'content-length': '134', 'content-location': 'http://172.30.9.32:9696/v2.0/trunks/41d1c08f-564b-4ae1-ba74-a97a716d64f7', u'date': 'Thu, 10 Jan 2019 02:24:31 GMT', u'content-type': 'application/json', u'connection': 'close', u'x-openstack-request-id': 'req-29c44424-0b72-46f4-852c-bb4fb2f03c82'} Body: {"NeutronError": {"message": "Trunk 41d1c08f-564b-4ae1-ba74-a97a716d64f7 could not be found.", "type": "TrunkNotFound", "detail": ""}} _log_request_full /root/.rally/verification/verifier-1c973c03-c6c3-4427-a1b5-69c165a23d07/repo/tempest/lib/common/rest_client.py:434
2019-01-10 02:24:31.253 17912 INFO tempest.lib.common.rest_client [req-e647f47a-fae8-4061-95f5-54ae0bbfc1d9 ] Request (TrunkTestJSON:_run_cleanups): 404 DELETE http://172.30.9.32:9696/v2.0/ports/9381bf5c-032a-4b28-b12f-486851a43c6a 0.034s
2019-01-10 02:24:31.253 17912 DEBUG tempest.lib.common.rest_client [req-e647f47a-fae8-4061-95f5-54ae0bbfc1d9 ] Request - Headers: {'Content-Type': 'application/json', 'Accept': 'application/json', 'X-Auth-Token': ''} Body: None Response - Headers: {'status': '404', u'content-length': '132', 'content-location': 'http://172.30.9.32:9696/v2.0/ports/9381bf5c-032a-4b28-b12f-486851a43c6a', u'date': 'Thu, 10 Jan 2019 02:24:31 GMT', u'content-type': 'application/json', u'connection': 'close', u'x-openstack-request-id': 'req-e647f47a-fae8-4061-95f5-54ae0bbfc1d9'} Body: {"NeutronError": {"message": "Port 9381bf5c-032a-4b28-b12f-486851a43c6a could not be found.", "type": "PortNotFound", "detail": ""}} _log_request_full /root/.rally/verification/verifier-1c973c03-c6c3-4427-a1b5-69c165a23d07/repo/tempest/lib/common/rest_client.py:434
2019-01-10 02:24:31.291 17912 INFO tempest.lib.common.rest_client [req-41309766-0a6f-428a-9a72-c0b3c54d5d9b ] Request (TrunkTestJSON:_run_cleanups): 404 DELETE http://172.30.9.32:9696/v2.0/ports/d88e01f3-e7b3-460e-b163-dc4a3e1b1095 0.037s
2019-01-10 02:24:31.292 17912 DEBUG tempest.lib.common.rest_client [req-41309766-0a6f-428a-9a72-c0b3c54d5d9b ] Request - Headers: {'Content-Type': 'application/json', 'Accept': 'application/json', 'X-Auth-Token': ''} Body: None Response - Headers: {'status': '404', u'content-length': '132', 'content-location': 'http://172.30.9.32:9696/v2.0/ports/d88e01f3-e7b3-460e-b163-dc4a3e1b1095', u'date': 'Thu, 10 Jan 2019 02:24:31 GMT', u'content-type': 'application/json', u'connection': 'close', u'x-openstack-request-id': 'req-41309766-0a6f-428a-9a72-c0b3c54d5d9b'} Body: {"NeutronError": {"message": "Port d88e01f3-e7b3-460e-b163-dc4a3e1b1095 could not be found.", "type": "PortNotFound", "detail": ""}} _log_request_full /root/.rally/verification/verifier-1c973c03-c6c3-4427-a1b5-69c165a23d07/repo/tempest/lib/common/rest_client.py:434
2019-01-10 02:24:31.305 17908 INFO tempest.lib.common.rest_client [req-691312fc-08a6-440f-95fa-24e07eb76482 ] Request (TrunkTestJSON:test_delete_trunk_with_subport_is_allowed): 201 POST http://172.30.9.32:9696/v2.0/ports 0.845s
2019-01-10 02:24:31.306 17908 DEBUG tempest.lib.common.rest_client [req-691312fc-08a6-440f-95fa-24e07eb76482 ] Request - Headers: {'Content-Type': 'application/json', 'Accept': 'application/json', 'X-Auth-Token': ''} Body: {"port": {"network_id": "e9c758ed-71b5-47e0-9422-50ceacddd3cd"}} Response - Headers: {'status': '201', u'content-length': '664', 'content-location': 'http://172.30.9.32:9696/v2.0/ports', u'date': 'Thu, 10 Jan 2019 02:24:31 GMT', u'content-type': 'application/json', u'connection': 'close', u'x-openstack-request-id': 'req-691312fc-08a6-440f-95fa-24e07eb76482'} Body: {"port":{"allowed_address_pairs":[],"extra_dhcp_opts":[],"updated_at":"2019-01-10T02:24:30Z","device_owner":"","revision_number":5,"port_security_enabled":true,"fixed_ips":[],"id":"29d059a1-38a6-45e4-aa20-d4c750c4996f","security_groups":["7477844a-ca8e-4351-a02c-6d0ab271dd36"],"mac_address":"fa:16:3e:3a:fc:d6","device_id":"","status":"DOWN","description":"","tags":[],"name":"","project_id":"83b3e597361d4c4ab875cd185448bf45","qos_policy_id":null,"admin_state_up":true,"network_id":"e9c758ed-71b5-47e0-9422-50ceacddd3cd","tenant_id":"83b3e597361d4c4ab875cd185448bf45","created_at":"2019-01-10T02:24:30Z","binding:vnic_type":"normal","ip_allocation":"immediate"}} _log_request_full /root/.rally/verification/verifier-1c973c03-c6c3-4427-a1b5-69c165a23d07/repo/tempest/lib/common/rest_client.py:434
2019-01-10 02:24:31.324 17912 INFO tempest.lib.common.rest_client [req-d4c16793-da2a-425d-9140-6f6205a0fe89 ] Request (TrunkTestJSON:_run_cleanups): 404 DELETE http://172.30.9.32:9696/v2.0/ports/6c96a661-7deb-49f2-a6e5-4ef841596915 0.031s
2019-01-10 02:24:31.324 17912 DEBUG tempest.lib.common.rest_client [req-d4c16793-da2a-425d-9140-6f6205a0fe89 ] Request - Headers: {'Content-Type': 'application/json', 'Accept': 'application/json', 'X-Auth-Token': ''} Body: None Response - Headers: {'status': '404', u'content-length': '132', 'content-location': 'http://172.30.9.32:9696/v2.0/ports/6c96a661-7deb-49f2-a6e5-4ef841596915', u'date': 'Thu, 10 Jan 2019 02:24:31 GMT', u'content-type': 'application/json', u'connection': 'close', u'x-openstack-request-id': 'req-d4c16793-da2a-425d-9140-6f6205a0fe89'} Body: {"NeutronError": {"message": "Port 6c96a661-7deb-49f2-a6e5-4ef841596915 could not be found.", "type": "PortNotFound", "detail": ""}} _log_request_full /root/.rally/verification/verifier-1c973c03-c6c3-4427-a1b5-69c165a23d07/repo/tempest/lib/common/rest_client.py:434
2019-01-10 02:24:31.360 17912 INFO tempest.lib.common.rest_client [req-72241715-ca55-4d26-b29f-5cc71bd99d68 ] Request (TrunkTestJSON:_run_cleanups): 404 DELETE http://172.30.9.32:9696/v2.0/ports/50dc0cae-2529-467d-825b-ae0bf8da3114 0.034s
2019-01-10 02:24:31.360 17912 DEBUG tempest.lib.common.rest_client [req-72241715-ca55-4d26-b29f-5cc71bd99d68 ] Request - Headers: {'Content-Type': 'application/json', 'Accept': 'application/json', 'X-Auth-Token': ''} Body: None Response - Headers: {'status': '404', u'content-length': '132', 'content-location': 'http://172.30.9.32:9696/v2.0/ports/50dc0cae-2529-467d-825b-ae0bf8da3114', u'date': 'Thu, 10 Jan 2019 02:24:31 GMT', u'content-type': 'application/json', u'connection': 'close', u'x-openstack-request-id': 'req-72241715-ca55-4d26-b29f-5cc71bd99d68'} Body: {"NeutronError": {"message": "Port 50dc0cae-2529-467d-825b-ae0bf8da3114 could not be found.", "type": "PortNotFound", "detail": ""}} _log_request_full /root/.rally/verification/verifier-1c973c03-c6c3-4427-a1b5-69c165a23d07/repo/tempest/lib/common/rest_client.py:434
2019-01-10 02:24:31.390 17912 INFO tempest.lib.common.rest_client [req-e0b145f3-707a-448e-9bf0-458dd13e64cc ] Request (TrunkTestJSON:_run_cleanups): 404 DELETE http://172.30.9.32:9696/v2.0/ports/6dcaefa3-b750-44aa-85e5-8f1fe956670b 0.029s
2019-01-10 02:24:31.390 17912 DEBUG tempest.lib.common.rest_client [req-e0b145f3-707a-448e-9bf0-458dd13e64cc ] Request - Headers: {'Content-Type': 'application/json', 'Accept': 'application/json', 'X-Auth-Token': ''} Body: None Response - Headers: {'status': '404', u'content-length': '132', 'content-location': 'http://172.30.9.32:9696/v2.0/ports/6dcaefa3-b750-44aa-85e5-8f1fe956670b', u'date': 'Thu, 10 Jan 2019 02:24:31 GMT', u'content-type': 'application/json', u'connection': 'close', u'x-openstack-request-id': 'req-e0b145f3-707a-448e-9bf0-458dd13e64cc'} Body: {"NeutronError": {"message": "Port 6dcaefa3-b750-44aa-85e5-8f1fe956670b could not be found.", "type": "PortNotFound", "detail": ""}} _log_request_full /root/.rally/verification/verifier-1c973c03-c6c3-4427-a1b5-69c165a23d07/repo/tempest/lib/common/rest_client.py:434
2019-01-10 02:24:31.435 17912 INFO tempest.lib.common.rest_client [req-2c330cf2-3b18-4944-ae0b-67b02389ab30 ] Request (TrunkTestJSON:_run_cleanups): 404 DELETE http://172.30.9.32:9696/v2.0/ports/084c6f23-c729-4ec7-b2b2-56f66bac0ea2 0.044s
2019-01-10 02:24:31.436 17912 DEBUG tempest.lib.common.rest_client [req-2c330cf2-3b18-4944-ae0b-67b02389ab30 ] Request - Headers: {'Content-Type': 'application/json', 'Accept': 'application/json', 'X-Auth-Token': ''} Body: None Response - Headers: {'status': '404', u'content-length': '132', 'content-location': 'http://172.30.9.32:9696/v2.0/ports/084c6f23-c729-4ec7-b2b2-56f66bac0ea2', u'date': 'Thu, 10 Jan 2019 02:24:31 GMT', u'content-type': 'application/json', u'connection': 'close', u'x-openstack-request-id': 'req-2c330cf2-3b18-4944-ae0b-67b02389ab30'} Body: {"NeutronError": {"message": "Port 084c6f23-c729-4ec7-b2b2-56f66bac0ea2 could not be found.", "type": "PortNotFound", "detail": ""}} _log_request_full /root/.rally/verification/verifier-1c973c03-c6c3-4427-a1b5-69c165a23d07/repo/tempest/lib/common/rest_client.py:434
2019-01-10 02:24:31.465 17912 INFO tempest.lib.common.rest_client [req-114a5810-9c04-47d9-81f2-ba3f8724fb0a ] Request (TrunkTestJSON:_run_cleanups): 404 DELETE http://172.30.9.32:9696/v2.0/ports/00a30981-c638-43c6-8e30-8da68ae5cdc9 0.029s
2019-01-10 02:24:31.466 17912 DEBUG tempest.lib.common.rest_client [req-114a5810-9c04-47d9-81f2-ba3f8724fb0a ] Request - Headers: {'Content-Type': 'application/json', 'Accept': 'application/json', 'X-Auth-Token': ''} Body: None Response - Headers: {'status': '404', u'content-length': '132', 'content-location': 'http://172.30.9.32:9696/v2.0/ports/00a30981-c638-43c6-8e30-8da68ae5cdc9', u'date': 'Thu, 10 Jan 2019 02:24:31 GMT', u'content-type': 'application/json', u'connection': 'close', u'x-openstack-request-id': 'req-114a5810-9c04-47d9-81f2-ba3f8724fb0a'} Body: {"NeutronError": {"message": "Port 00a30981-c638-43c6-8e30-8da68ae5cdc9 could not be found.", "type": "PortNotFound", "detail": ""}} _log_request_full /root/.rally/verification/verifier-1c973c03-c6c3-4427-a1b5-69c165a23d07/repo/tempest/lib/common/rest_client.py:434
2019-01-10 02:24:31.496 17912 INFO tempest.lib.common.rest_client [req-da4d6857-a8c5-4111-b813-aaa3f4db8615 ] Request (TrunkTestJSON:_run_cleanups): 404 DELETE http://172.30.9.32:9696/v2.0/ports/8033b4b0-c5a8-49b9-b2c5-a3e63d2ae463 0.029s
2019-01-10 02:24:31.497 17912 DEBUG tempest.lib.common.rest_client [req-da4d6857-a8c5-4111-b813-aaa3f4db8615 ] Request - Headers: {'Content-Type': 'application/json', 'Accept': 'application/json', 'X-Auth-Token': ''} Body: None Response - Headers: {'status': '404', u'content-length': '132', 'content-location': 'http://172.30.9.32:9696/v2.0/ports/8033b4b0-c5a8-49b9-b2c5-a3e63d2ae463', u'date': 'Thu, 10 Jan 2019 02:24:31 GMT', u'content-type': 'application/json', u'connection': 'close', u'x-openstack-request-id': 'req-da4d6857-a8c5-4111-b813-aaa3f4db8615'} Body: {"NeutronError": {"message": "Port 8033b4b0-c5a8-49b9-b2c5-a3e63d2ae463 could not be found.", "type": "PortNotFound", "detail": ""}} _log_request_full /root/.rally/verification/verifier-1c973c03-c6c3-4427-a1b5-69c165a23d07/repo/tempest/lib/common/rest_client.py:434
2019-01-10 02:24:31.867 17912 INFO tempest.lib.common.rest_client [req-3f67e7c3-e6b9-4ea1-98f2-2d735b308441 ] Request (TrunkTestJSON:_run_cleanups): 204 DELETE http://172.30.9.32:9696/v2.0/ports/d0d43588-1073-43ea-9024-243791401297 0.369s
2019-01-10 02:24:31.867 17912 DEBUG tempest.lib.common.rest_client [req-3f67e7c3-e6b9-4ea1-98f2-2d735b308441 ] Request - Headers: {'Content-Type': 'application/json', 'Accept': 'application/json', 'X-Auth-Token': ''} Body: None Response - Headers: {'status': '204', u'content-length': '0', 'content-location': 'http://172.30.9.32:9696/v2.0/ports/d0d43588-1073-43ea-9024-243791401297', u'date': 'Thu, 10 Jan 2019 02:24:31 GMT', u'connection': 'close', u'x-openstack-request-id': 'req-3f67e7c3-e6b9-4ea1-98f2-2d735b308441'} Body: _log_request_full /root/.rally/verification/verifier-1c973c03-c6c3-4427-a1b5-69c165a23d07/repo/tempest/lib/common/rest_client.py:434
2019-01-10 02:24:31.883 17908 INFO tempest.lib.common.rest_client [req-cdb436e8-d843-4aec-9e88-b7a3ebc2cfde ] Request (TrunkTestJSON:test_delete_trunk_with_subport_is_allowed): 201 POST http://172.30.9.32:9696/v2.0/trunks 0.575s
2019-01-10 02:24:31.883 17908 DEBUG tempest.lib.common.rest_client [req-cdb436e8-d843-4aec-9e88-b7a3ebc2cfde ] Request - Headers: {'Content-Type': 'application/json', 'Accept': 'application/json', 'X-Auth-Token': ''} Body: {"trunk": {"sub_ports": [{"segmentation_type": "vlan", "port_id": "23edc4dc-5fb4-4933-b6b1-d9ddace92e87", "segmentation_id": 2}], "port_id": "29d059a1-38a6-45e4-aa20-d4c750c4996f"}} Response - Headers: {'status': '201', u'content-length': '509', 'content-location': 'http://172.30.9.32:9696/v2.0/trunks', u'date': 'Thu, 10 Jan 2019 02:24:31 GMT', u'content-type': 'application/json', u'connection': 'close', u'x-openstack-request-id': 'req-cdb436e8-d843-4aec-9e88-b7a3ebc2cfde'} Body: {"trunk": {"status": "DOWN", "sub_ports": [{"segmentation_type": "vlan", "port_id": "23edc4dc-5fb4-4933-b6b1-d9ddace92e87", "segmentation_id": 2}], "name": "", "admin_state_up": true, "tenant_id": "83b3e597361d4c4ab875cd185448bf45", "created_at": "2019-01-10T02:24:31Z", "tags": [], "updated_at": "2019-01-10T02:24:31Z", "revision_number": 0, "project_id": "83b3e597361d4c4ab875cd185448bf45", "port_id": "29d059a1-38a6-45e4-aa20-d4c750c4996f", "id": "16383032-90c1-474f-bbf9-8bff53fad94d", "description": ""}} _log_request_full /root/.rally/verification/verifier-1c973c03-c6c3-4427-a1b5-69c165a23d07/repo/tempest/lib/common/rest_client.py:434
2019-01-10 02:24:31.891 17912 INFO tempest.lib.common.rest_client [req-2b279999-dcac-4537-8511-769655bcfbef ] Request (TrunkTestJSON:_run_cleanups): 404 DELETE http://172.30.9.32:9696/v2.0/networks/5dc129a1-1b96-499d-a0e9-76927239164d 0.023s
2019-01-10 02:24:31.892 17912 DEBUG tempest.lib.common.rest_client [req-2b279999-dcac-4537-8511-769655bcfbef ] Request - Headers: {'Content-Type': 'application/json', 'Accept': 'application/json', 'X-Auth-Token': ''} Body: None Response - Headers: {'status': '404', u'content-length': '138', 'content-location': 'http://172.30.9.32:9696/v2.0/networks/5dc129a1-1b96-499d-a0e9-76927239164d', u'date': 'Thu, 10 Jan 2019 02:24:31 GMT', u'content-type': 'application/json', u'connection': 'close', u'x-openstack-request-id': 'req-2b279999-dcac-4537-8511-769655bcfbef'} Body: {"NeutronError": {"message": "Network 5dc129a1-1b96-499d-a0e9-76927239164d could not be found.", "type": "NetworkNotFound", "detail": ""}} _log_request_full /root/.rally/verification/verifier-1c973c03-c6c3-4427-a1b5-69c165a23d07/repo/tempest/lib/common/rest_client.py:434
2019-01-10 02:24:31.914 17912 INFO tempest.lib.common.rest_client [req-419e39ba-e0b2-43b7-b443-b2ea4f2db2a0 ] Request (TrunkTestJSON:_run_cleanups): 404 DELETE http://172.30.9.32:9696/v2.0/networks/5dc8a7a1-dc03-4026-9a71-f19931d5f3dc 0.021s
2019-01-10 02:24:31.914 17912 DEBUG tempest.lib.common.rest_client [req-419e39ba-e0b2-43b7-b443-b2ea4f2db2a0 ] Request - Headers: {'Content-Type': 'application/json', 'Accept': 'application/json', 'X-Auth-Token': ''} Body: None Response - Headers: {'status': '404', u'content-length': '138', 'content-location': 'http://172.30.9.32:9696/v2.0/networks/5dc8a7a1-dc03-4026-9a71-f19931d5f3dc', u'date': 'Thu, 10 Jan 2019 02:24:31 GMT', u'content-type': 'application/json', u'connection': 'close', u'x-openstack-request-id': 'req-419e39ba-e0b2-43b7-b443-b2ea4f2db2a0'} Body: {"NeutronError": {"message": "Network 5dc8a7a1-dc03-4026-9a71-f19931d5f3dc could not be found.", "type": "NetworkNotFound", "detail": ""}} _log_request_full /root/.rally/verification/verifier-1c973c03-c6c3-4427-a1b5-69c165a23d07/repo/tempest/lib/common/rest_client.py:434
2019-01-10 02:24:32.017 17908 INFO tempest.lib.common.rest_client [req-075d12f7-0336-453b-b448-7b5319e524e0 ] Request (TrunkTestJSON:test_delete_trunk_with_subport_is_allowed): 204 DELETE http://172.30.9.32:9696/v2.0/trunks/16383032-90c1-474f-bbf9-8bff53fad94d 0.132s
2019-01-10 02:24:32.017 17908 DEBUG tempest.lib.common.rest_client [req-075d12f7-0336-453b-b448-7b5319e524e0 ] Request - Headers: {'Content-Type': 'application/json', 'Accept': 'application/json', 'X-Auth-Token': ''} Body: None Response - Headers: {'status': '204', u'content-length': '0', 'content-location': 'http://172.30.9.32:9696/v2.0/trunks/16383032-90c1-474f-bbf9-8bff53fad94d', u'date': 'Thu, 10 Jan 2019 02:24:32 GMT', u'connection': 'close', u'x-openstack-request-id': 'req-075d12f7-0336-453b-b448-7b5319e524e0'} Body: _log_request_full /root/.rally/verification/verifier-1c973c03-c6c3-4427-a1b5-69c165a23d07/repo/tempest/lib/common/rest_client.py:434
2019-01-10 02:24:32.031 17908 INFO tempest.lib.common.rest_client [req-f9d4aa65-a49f-46fb-9a26-4a5e4c7d5e58 ] Request (TrunkTestJSON:_run_cleanups): 404 GET http://172.30.9.32:9696/v2.0/trunks/90ca9da7-1645-446f-b8f4-89c5a98f431b/get_subports 0.013s
2019-01-10 02:24:32.032 17908 DEBUG tempest.lib.common.rest_client [req-f9d4aa65-a49f-46fb-9a26-4a5e4c7d5e58 ] Request - Headers: {'Content-Type': 'application/json', 'Accept': 'application/json', 'X-Auth-Token': ''} Body: None Response - Headers: {'status': '404', u'content-length': '134', 'content-location': 'http://172.30.9.32:9696/v2.0/trunks/90ca9da7-1645-446f-b8f4-89c5a98f431b/get_subports', u'date': 'Thu, 10 Jan 2019 02:24:32 GMT', u'content-type': 'application/json', u'connection': 'close', u'x-openstack-request-id': 'req-f9d4aa65-a49f-46fb-9a26-4a5e4c7d5e58'} Body: {"NeutronError": {"message": "Trunk 90ca9da7-1645-446f-b8f4-89c5a98f431b could not be found.", "type": "TrunkNotFound", "detail": ""}} _log_request_full /root/.rally/verification/verifier-1c973c03-c6c3-4427-a1b5-69c165a23d07/repo/tempest/lib/common/rest_client.py:434
2019-01-10 02:24:32.048 17908 INFO tempest.lib.common.rest_client [req-8c4b4b2b-aeb1-45b5-87fe-7fa1b47875a8 ] Request (TrunkTestJSON:_run_cleanups): 404 DELETE http://172.30.9.32:9696/v2.0/trunks/90ca9da7-1645-446f-b8f4-89c5a98f431b 0.015s
2019-01-10 02:24:32.048 17908 DEBUG tempest.lib.common.rest_client [req-8c4b4b2b-aeb1-45b5-87fe-7fa1b47875a8 ] Request - Headers: {'Content-Type': 'application/json', 'Accept': 'application/json', 'X-Auth-Token': ''} Body: None Response - Headers: {'status': '404', u'content-length': '134', 'content-location': 'http://172.30.9.32:9696/v2.0/trunks/90ca9da7-1645-446f-b8f4-89c5a98f431b', u'date': 'Thu, 10 Jan 2019 02:24:32 GMT', u'content-type': 'application/json', u'connection': 'close', u'x-openstack-request-id': 'req-8c4b4b2b-aeb1-45b5-87fe-7fa1b47875a8'} Body: {"NeutronError": {"message": "Trunk 90ca9da7-1645-446f-b8f4-89c5a98f431b could not be found.", "type": "TrunkNotFound", "detail": ""}} _log_request_full /root/.rally/verification/verifier-1c973c03-c6c3-4427-a1b5-69c165a23d07/repo/tempest/lib/common/rest_client.py:434
2019-01-10 02:24:32.064 17908 INFO tempest.lib.common.rest_client [req-4062e2da-0a65-4348-81e0-4b66bc5a3551 ] Request (TrunkTestJSON:_run_cleanups): 404 GET http://172.30.9.32:9696/v2.0/trunks/2a8e3d43-48f7-46c1-979e-e4e91fa661df/get_subports 0.014s
2019-01-10 02:24:32.064 17908 DEBUG tempest.lib.common.rest_client [req-4062e2da-0a65-4348-81e0-4b66bc5a3551 ] Request - Headers: {'Content-Type': 'application/json', 'Accept': 'application/json', 'X-Auth-Token': ''} Body: None Response - Headers: {'status': '404', u'content-length': '134', 'content-location': 'http://172.30.9.32:9696/v2.0/trunks/2a8e3d43-48f7-46c1-979e-e4e91fa661df/get_subports', u'date': 'Thu, 10 Jan 2019 02:24:32 GMT', u'content-type': 'application/json', u'connection': 'close', u'x-openstack-request-id': 'req-4062e2da-0a65-4348-81e0-4b66bc5a3551'} Body: {"NeutronError": {"message": "Trunk 2a8e3d43-48f7-46c1-979e-e4e91fa661df could not be found.", "type": "TrunkNotFound", "detail": ""}} _log_request_full /root/.rally/verification/verifier-1c973c03-c6c3-4427-a1b5-69c165a23d07/repo/tempest/lib/common/rest_client.py:434
2019-01-10 02:24:32.080 17908 INFO tempest.lib.common.rest_client [req-c95bdaba-19bf-442a-98b5-9df68aee2c22 ] Request (TrunkTestJSON:_run_cleanups): 404 DELETE http://172.30.9.32:9696/v2.0/trunks/2a8e3d43-48f7-46c1-979e-e4e91fa661df 0.015s
2019-01-10 02:24:32.080 17908 DEBUG tempest.lib.common.rest_client [req-c95bdaba-19bf-442a-98b5-9df68aee2c22 ] Request - Headers: {'Content-Type': 'application/json', 'Accept': 'application/json', 'X-Auth-Token': ''} Body: None Response - Headers: {'status': '404', u'content-length': '134', 'content-location': 'http://172.30.9.32:9696/v2.0/trunks/2a8e3d43-48f7-46c1-979e-e4e91fa661df', u'date': 'Thu, 10 Jan 2019 02:24:32 GMT', u'content-type': 'application/json', u'connection': 'close', u'x-openstack-request-id': 'req-c95bdaba-19bf-442a-98b5-9df68aee2c22'} Body: {"NeutronError": {"message": "Trunk 2a8e3d43-48f7-46c1-979e-e4e91fa661df could not be found.", "type": "TrunkNotFound", "detail": ""}} _log_request_full /root/.rally/verification/verifier-1c973c03-c6c3-4427-a1b5-69c165a23d07/repo/tempest/lib/common/rest_client.py:434
2019-01-10 02:24:32.096 17908 INFO tempest.lib.common.rest_client [req-8495a3a6-9651-4876-a07b-b8c1b1527055 ] Request (TrunkTestJSON:_run_cleanups): 404 GET http://172.30.9.32:9696/v2.0/trunks/c5db2a03-b5db-4d59-b26d-4da33078cac3/get_subports 0.015s
2019-01-10 02:24:32.097 17908 DEBUG tempest.lib.common.rest_client [req-8495a3a6-9651-4876-a07b-b8c1b1527055 ] Request - Headers: {'Content-Type': 'application/json', 'Accept': 'application/json', 'X-Auth-Token': ''} Body: None Response - Headers: {'status': '404', u'content-length': '134', 'content-location': 'http://172.30.9.32:9696/v2.0/trunks/c5db2a03-b5db-4d59-b26d-4da33078cac3/get_subports', u'date': 'Thu, 10 Jan 2019 02:24:32 GMT', u'content-type': 'application/json', u'connection': 'close', u'x-openstack-request-id': 'req-8495a3a6-9651-4876-a07b-b8c1b1527055'} Body: {"NeutronError": {"message": "Trunk c5db2a03-b5db-4d59-b26d-4da33078cac3 could not be found.", "type": "TrunkNotFound", "detail": ""}} _log_request_full /root/.rally/verification/verifier-1c973c03-c6c3-4427-a1b5-69c165a23d07/repo/tempest/lib/common/rest_client.py:434
2019-01-10 02:24:32.113 17912 INFO tempest.lib.common.rest_client [req-de7af868-5bda-4cc5-88df-406798f3c408 ] Request (TrunkTestJSON:_run_cleanups): 404 DELETE http://172.30.9.32:9696/v2.0/networks/d11e4943-1720-4a59-8769-818124f3edf6 0.198s
2019-01-10 02:24:32.113 17912 DEBUG tempest.lib.common.rest_client [req-de7af868-5bda-4cc5-88df-406798f3c408 ] Request - Headers: {'Content-Type': 'application/json', 'Accept': 'application/json', 'X-Auth-Token': ''} Body: None Response - Headers: {'status': '404', u'content-length': '138', 'content-location': 'http://172.30.9.32:9696/v2.0/networks/d11e4943-1720-4a59-8769-818124f3edf6', u'date': 'Thu, 10 Jan 2019 02:24:32 GMT', u'content-type': 'application/json', u'connection': 'close', u'x-openstack-request-id': 'req-de7af868-5bda-4cc5-88df-406798f3c408'} Body: {"NeutronError": {"message": "Network d11e4943-1720-4a59-8769-818124f3edf6 could not be found.", "type": "NetworkNotFound", "detail": ""}} _log_request_full /root/.rally/verification/verifier-1c973c03-c6c3-4427-a1b5-69c165a23d07/repo/tempest/lib/common/rest_client.py:434
2019-01-10 02:24:32.294 17908 INFO tempest.lib.common.rest_client [req-5349758b-42f3-4416-885f-356430311405 ] Request (TrunkTestJSON:_run_cleanups): 404 DELETE http://172.30.9.32:9696/v2.0/trunks/c5db2a03-b5db-4d59-b26d-4da33078cac3 0.196s
2019-01-10 02:24:32.294 17908 DEBUG tempest.lib.common.rest_client [req-5349758b-42f3-4416-885f-356430311405 ] Request - Headers: {'Content-Type': 'application/json', 'Accept': 'application/json', 'X-Auth-Token': ''} Body: None Response - Headers: {'status': '404', u'content-length': '134', 'content-location': 'http://172.30.9.32:9696/v2.0/trunks/c5db2a03-b5db-4d59-b26d-4da33078cac3', u'date': 'Thu, 10 Jan 2019 02:24:32 GMT', u'content-type': 'application/json', u'connection': 'close', u'x-openstack-request-id': 'req-5349758b-42f3-4416-885f-356430311405'} Body: {"NeutronError": {"message": "Trunk c5db2a03-b5db-4d59-b26d-4da33078cac3 could not be found.", "type": "TrunkNotFound", "detail": ""}} _log_request_full /root/.rally/verification/verifier-1c973c03-c6c3-4427-a1b5-69c165a23d07/repo/tempest/lib/common/rest_client.py:434
2019-01-10 02:24:32.310 17908 INFO tempest.lib.common.rest_client [req-71bb1c3f-4f5d-401f-af3b-5b56170c7d01 ] Request (TrunkTestJSON:_run_cleanups): 404 GET http://172.30.9.32:9696/v2.0/trunks/78c13e9e-7889-49bc-b312-ec009b441dda/get_subports 0.014s
2019-01-10 02:24:32.310 17908 DEBUG tempest.lib.common.rest_client [req-71bb1c3f-4f5d-401f-af3b-5b56170c7d01 ] Request - Headers: {'Content-Type': 'application/json', 'Accept': 'application/json', 'X-Auth-Token': ''} Body: None Response - Headers: {'status': '404', u'content-length': '134', 'content-location': 'http://172.30.9.32:9696/v2.0/trunks/78c13e9e-7889-49bc-b312-ec009b441dda/get_subports', u'date': 'Thu, 10 Jan 2019 02:24:32 GMT', u'content-type': 'application/json', u'connection': 'close', u'x-openstack-request-id': 'req-71bb1c3f-4f5d-401f-af3b-5b56170c7d01'} Body: {"NeutronError": {"message": "Trunk 78c13e9e-7889-49bc-b312-ec009b441dda could not be found.", "type": "TrunkNotFound", "detail": ""}} _log_request_full /root/.rally/verification/verifier-1c973c03-c6c3-4427-a1b5-69c165a23d07/repo/tempest/lib/common/rest_client.py:434
2019-01-10 02:24:32.313 17912 INFO tempest.lib.common.rest_client [req-93a69408-2436-42b2-9763-174d667a2950 ] Request (TrunkTestJSON:_run_cleanups): 404 DELETE http://172.30.9.32:9696/v2.0/networks/7d8038fa-0913-4067-966a-67b4e4f875ff 0.198s
2019-01-10 02:24:32.313 17912 DEBUG tempest.lib.common.rest_client [req-93a69408-2436-42b2-9763-174d667a2950 ] Request - Headers: {'Content-Type': 'application/json', 'Accept': 'application/json', 'X-Auth-Token': ''} Body: None Response - Headers: {'status': '404', u'content-length': '138', 'content-location': 'http://172.30.9.32:9696/v2.0/networks/7d8038fa-0913-4067-966a-67b4e4f875ff', u'date': 'Thu, 10 Jan 2019 02:24:32 GMT', u'content-type': 'application/json', u'connection': 'close', u'x-openstack-request-id': 'req-93a69408-2436-42b2-9763-174d667a2950'} Body: {"NeutronError": {"message": "Network 7d8038fa-0913-4067-966a-67b4e4f875ff could not be found.", "type": "NetworkNotFound", "detail": ""}} _log_request_full /root/.rally/verification/verifier-1c973c03-c6c3-4427-a1b5-69c165a23d07/repo/tempest/lib/common/rest_client.py:434
2019-01-10 02:24:32.326 17908 INFO tempest.lib.common.rest_client [req-66dffd62-efce-442a-b085-d7140a1d0a70 ] Request (TrunkTestJSON:_run_cleanups): 404 DELETE http://172.30.9.32:9696/v2.0/trunks/78c13e9e-7889-49bc-b312-ec009b441dda 0.015s
2019-01-10 02:24:32.327 17908 DEBUG tempest.lib.common.rest_client [req-66dffd62-efce-442a-b085-d7140a1d0a70 ] Request - Headers: {'Content-Type': 'application/json', 'Accept': 'application/json', 'X-Auth-Token': ''} Body: None Response - Headers: {'status': '404', u'content-length': '134', 'content-location': 'http://172.30.9.32:9696/v2.0/trunks/78c13e9e-7889-49bc-b312-ec009b441dda', u'date': 'Thu, 10 Jan 2019 02:24:32 GMT', u'content-type': 'application/json', u'connection': 'close', u'x-openstack-request-id': 'req-66dffd62-efce-442a-b085-d7140a1d0a70'} Body: {"NeutronError": {"message": "Trunk 78c13e9e-7889-49bc-b312-ec009b441dda could not be found.", "type": "TrunkNotFound", "detail": ""}} _log_request_full /root/.rally/verification/verifier-1c973c03-c6c3-4427-a1b5-69c165a23d07/repo/tempest/lib/common/rest_client.py:434
2019-01-10 02:24:32.336 17912 INFO tempest.lib.common.rest_client [req-0f61a80e-ec9a-4830-922d-8be50e03ebbe ] Request (TrunkTestJSON:_run_cleanups): 404 DELETE http://172.30.9.32:9696/v2.0/networks/fd820d74-5fb5-4bce-b12d-0e53a8023ccf 0.021s
2019-01-10 02:24:32.336 17912 DEBUG tempest.lib.common.rest_client [req-0f61a80e-ec9a-4830-922d-8be50e03ebbe ] Request - Headers: {'Content-Type': 'application/json', 'Accept': 'application/json', 'X-Auth-Token': ''} Body: None Response - Headers: {'status': '404', u'content-length': '138', 'content-location': 'http://172.30.9.32:9696/v2.0/networks/fd820d74-5fb5-4bce-b12d-0e53a8023ccf', u'date': 'Thu, 10 Jan 2019 02:24:32 GMT', u'content-type': 'application/json', u'connection': 'close', u'x-openstack-request-id': 'req-0f61a80e-ec9a-4830-922d-8be50e03ebbe'} Body: {"NeutronError": {"message": "Network fd820d74-5fb5-4bce-b12d-0e53a8023ccf could not be found.", "type": "NetworkNotFound", "detail": ""}} _log_request_full /root/.rally/verification/verifier-1c973c03-c6c3-4427-a1b5-69c165a23d07/repo/tempest/lib/common/rest_client.py:434
2019-01-10 02:24:32.341 17908 INFO tempest.lib.common.rest_client [req-21a91e0e-cde8-41c3-bbfb-e1ad51add420 ] Request (TrunkTestJSON:_run_cleanups): 404 GET http://172.30.9.32:9696/v2.0/trunks/2c399699-2917-4769-89bb-f2a1e4098d97/get_subports 0.013s
2019-01-10 02:24:32.341 17908 DEBUG tempest.lib.common.rest_client [req-21a91e0e-cde8-41c3-bbfb-e1ad51add420 ] Request - Headers: {'Content-Type': 'application/json', 'Accept': 'application/json', 'X-Auth-Token': ''} Body: None Response - Headers: {'status': '404', u'content-length': '134', 'content-location': 'http://172.30.9.32:9696/v2.0/trunks/2c399699-2917-4769-89bb-f2a1e4098d97/get_subports', u'date': 'Thu, 10 Jan 2019 02:24:32 GMT', u'content-type': 'application/json', u'connection': 'close', u'x-openstack-request-id': 'req-21a91e0e-cde8-41c3-bbfb-e1ad51add420'} Body: {"NeutronError": {"message": "Trunk 2c399699-2917-4769-89bb-f2a1e4098d97 could not be found.", "type": "TrunkNotFound", "detail": ""}} _log_request_full /root/.rally/verification/verifier-1c973c03-c6c3-4427-a1b5-69c165a23d07/repo/tempest/lib/common/rest_client.py:434
2019-01-10 02:24:32.358 17908 INFO tempest.lib.common.rest_client [req-10157a89-a313-4b5b-bb7a-d45e020424c8 ] Request (TrunkTestJSON:_run_cleanups): 404 DELETE http://172.30.9.32:9696/v2.0/trunks/2c399699-2917-4769-89bb-f2a1e4098d97 0.016s
2019-01-10 02:24:32.359 17908 DEBUG tempest.lib.common.rest_client [req-10157a89-a313-4b5b-bb7a-d45e020424c8 ] Request - Headers: {'Content-Type': 'application/json', 'Accept': 'application/json', 'X-Auth-Token': ''} Body: None Response - Headers: {'status': '404', u'content-length': '134', 'content-location': 'http://172.30.9.32:9696/v2.0/trunks/2c399699-2917-4769-89bb-f2a1e4098d97', u'date': 'Thu, 10 Jan 2019 02:24:32 GMT', u'content-type': 'application/json', u'connection': 'close', u'x-openstack-request-id': 'req-10157a89-a313-4b5b-bb7a-d45e020424c8'} Body: {"NeutronError": {"message": "Trunk 2c399699-2917-4769-89bb-f2a1e4098d97 could not be found.", "type": "TrunkNotFound", "detail": ""}} _log_request_full /root/.rally/verification/verifier-1c973c03-c6c3-4427-a1b5-69c165a23d07/repo/tempest/lib/common/rest_client.py:434
2019-01-10 02:24:32.362 17912 INFO tempest.lib.common.rest_client [req-1abd9667-da00-4c26-b65d-08ccb7211a69 ] Request (TrunkTestJSON:_run_cleanups): 404 DELETE http://172.30.9.32:9696/v2.0/networks/06489c45-12e3-48f5-96c7-3b5c424b0556 0.025s
2019-01-10 02:24:32.362 17912 DEBUG tempest.lib.common.rest_client [req-1abd9667-da00-4c26-b65d-08ccb7211a69 ] Request - Headers: {'Content-Type': 'application/json', 'Accept': 'application/json', 'X-Auth-Token': ''} Body: None Response - Headers: {'status': '404', u'content-length': '138', 'content-location': 'http://172.30.9.32:9696/v2.0/networks/06489c45-12e3-48f5-96c7-3b5c424b0556', u'date': 'Thu, 10 Jan 2019 02:24:32 GMT', u'content-type': 'application/json', u'connection': 'close', u'x-openstack-request-id': 'req-1abd9667-da00-4c26-b65d-08ccb7211a69'} Body: {"NeutronError": {"message": "Network 06489c45-12e3-48f5-96c7-3b5c424b0556 could not be found.", "type": "NetworkNotFound", "detail": ""}} _log_request_full /root/.rally/verification/verifier-1c973c03-c6c3-4427-a1b5-69c165a23d07/repo/tempest/lib/common/rest_client.py:434
2019-01-10 02:24:32.376 17908 INFO tempest.lib.common.rest_client [req-ac28b53f-a3b5-4c67-816b-56450a31859d ] Request (TrunkTestJSON:_run_cleanups): 404 GET http://172.30.9.32:9696/v2.0/trunks/dd47d69d-65bb-4e2e-bb17-ea276282765d/get_subports 0.016s
2019-01-10 02:24:32.376 17908 DEBUG tempest.lib.common.rest_client [req-ac28b53f-a3b5-4c67-816b-56450a31859d ] Request - Headers: {'Content-Type': 'application/json', 'Accept': 'application/json', 'X-Auth-Token': ''} Body: None Response - Headers: {'status': '404', u'content-length': '134', 'content-location': 'http://172.30.9.32:9696/v2.0/trunks/dd47d69d-65bb-4e2e-bb17-ea276282765d/get_subports', u'date': 'Thu, 10 Jan 2019 02:24:32 GMT', u'content-type': 'application/json', u'connection': 'close', u'x-openstack-request-id': 'req-ac28b53f-a3b5-4c67-816b-56450a31859d'} Body: {"NeutronError": {"message": "Trunk dd47d69d-65bb-4e2e-bb17-ea276282765d could not be found.", "type": "TrunkNotFound", "detail": ""}} _log_request_full /root/.rally/verification/verifier-1c973c03-c6c3-4427-a1b5-69c165a23d07/repo/tempest/lib/common/rest_client.py:434
2019-01-10 02:24:32.388 17912 INFO tempest.lib.common.rest_client [req-a039f81f-e10a-426b-91e2-6fbb155f4231 ] Request (TrunkTestJSON:_run_cleanups): 404 DELETE http://172.30.9.32:9696/v2.0/networks/b7a20af1-d18f-4c5f-a4c5-8894f06c7a6d 0.025s
2019-01-10 02:24:32.389 17912 DEBUG tempest.lib.common.rest_client [req-a039f81f-e10a-426b-91e2-6fbb155f4231 ] Request - Headers: {'Content-Type': 'application/json', 'Accept': 'application/json', 'X-Auth-Token': ''} Body: None Response - Headers: {'status': '404', u'content-length': '138', 'content-location': 'http://172.30.9.32:9696/v2.0/networks/b7a20af1-d18f-4c5f-a4c5-8894f06c7a6d', u'date': 'Thu, 10 Jan 2019 02:24:32 GMT', u'content-type': 'application/json', u'connection': 'close', u'x-openstack-request-id': 'req-a039f81f-e10a-426b-91e2-6fbb155f4231'} Body: {"NeutronError": {"message": "Network b7a20af1-d18f-4c5f-a4c5-8894f06c7a6d could not be found.", "type": "NetworkNotFound", "detail": ""}} _log_request_full /root/.rally/verification/verifier-1c973c03-c6c3-4427-a1b5-69c165a23d07/repo/tempest/lib/common/rest_client.py:434
2019-01-10 02:24:32.393 17908 INFO tempest.lib.common.rest_client [req-e6809b28-5540-45dc-a226-83bcc7892d72 ] Request (TrunkTestJSON:_run_cleanups): 404 DELETE http://172.30.9.32:9696/v2.0/trunks/dd47d69d-65bb-4e2e-bb17-ea276282765d 0.016s
