2019-01-09 16:42:54.530 17922 DEBUG tempest.lib.common.rest_client [req-f00c08cf-7a20-4f06-a5ee-e2f740ba8c13 ] Request - Headers: {'Content-Type': 'application/json', 'Accept': 'application/json', 'X-Auth-Token': ''} Body: None Response - Headers: {'status': '404', u'content-length': '134', 'content-location': 'http://172.30.9.29:9696/v2.0/trunks/465ad257-90e9-4801-8f93-3599723252c3/get_subports', u'date': 'Wed, 09 Jan 2019 16:42:54 GMT', u'content-type': 'application/json', u'connection': 'close', u'x-openstack-request-id': 'req-f00c08cf-7a20-4f06-a5ee-e2f740ba8c13'} Body: {"NeutronError": {"message": "Trunk 465ad257-90e9-4801-8f93-3599723252c3 could not be found.", "type": "TrunkNotFound", "detail": ""}} _log_request_full /root/.rally/verification/verifier-5a5c7e31-c93c-4582-800b-43cd6f09ace2/repo/tempest/lib/common/rest_client.py:434
2019-01-09 16:42:54.545 17922 INFO tempest.lib.common.rest_client [req-d063c308-0890-44f9-818a-5b96950008a1 ] Request (TrunkTestJSON:_run_cleanups): 404 DELETE http://172.30.9.29:9696/v2.0/trunks/465ad257-90e9-4801-8f93-3599723252c3 0.014s
2019-01-09 16:42:54.545 17922 DEBUG tempest.lib.common.rest_client [req-d063c308-0890-44f9-818a-5b96950008a1 ] Request - Headers: {'Content-Type': 'application/json', 'Accept': 'application/json', 'X-Auth-Token': ''} Body: None Response - Headers: {'status': '404', u'content-length': '134', 'content-location': 'http://172.30.9.29:9696/v2.0/trunks/465ad257-90e9-4801-8f93-3599723252c3', u'date': 'Wed, 09 Jan 2019 16:42:54 GMT', u'content-type': 'application/json', u'connection': 'close', u'x-openstack-request-id': 'req-d063c308-0890-44f9-818a-5b96950008a1'} Body: {"NeutronError": {"message": "Trunk 465ad257-90e9-4801-8f93-3599723252c3 could not be found.", "type": "TrunkNotFound", "detail": ""}} _log_request_full /root/.rally/verification/verifier-5a5c7e31-c93c-4582-800b-43cd6f09ace2/repo/tempest/lib/common/rest_client.py:434
2019-01-09 16:42:54.561 17922 INFO tempest.lib.common.rest_client [req-897a4e66-54ac-4b47-9315-7ed08b206f35 ] Request (TrunkTestJSON:_run_cleanups): 404 GET http://172.30.9.29:9696/v2.0/trunks/b05ddad2-3e6c-4201-b724-975a1c276d5b/get_subports 0.015s
2019-01-09 16:42:54.561 17922 DEBUG tempest.lib.common.rest_client [req-897a4e66-54ac-4b47-9315-7ed08b206f35 ] Request - Headers: {'Content-Type': 'application/json', 'Accept': 'application/json', 'X-Auth-Token': ''} Body: None Response - Headers: {'status': '404', u'content-length': '134', 'content-location': 'http://172.30.9.29:9696/v2.0/trunks/b05ddad2-3e6c-4201-b724-975a1c276d5b/get_subports', u'date': 'Wed, 09 Jan 2019 16:42:54 GMT', u'content-type': 'application/json', u'connection': 'close', u'x-openstack-request-id': 'req-897a4e66-54ac-4b47-9315-7ed08b206f35'} Body: {"NeutronError": {"message": "Trunk b05ddad2-3e6c-4201-b724-975a1c276d5b could not be found.", "type": "TrunkNotFound", "detail": ""}} _log_request_full /root/.rally/verification/verifier-5a5c7e31-c93c-4582-800b-43cd6f09ace2/repo/tempest/lib/common/rest_client.py:434
2019-01-09 16:42:54.575 17922 INFO tempest.lib.common.rest_client [req-ee87b8cb-bb5d-4c0a-8c3f-4b3558b2a952 ] Request (TrunkTestJSON:_run_cleanups): 404 DELETE http://172.30.9.29:9696/v2.0/trunks/b05ddad2-3e6c-4201-b724-975a1c276d5b 0.013s
2019-01-09 16:42:54.576 17922 DEBUG tempest.lib.common.rest_client [req-ee87b8cb-bb5d-4c0a-8c3f-4b3558b2a952 ] Request - Headers: {'Content-Type': 'application/json', 'Accept': 'application/json', 'X-Auth-Token': ''} Body: None Response - Headers: {'status': '404', u'content-length': '134', 'content-location': 'http://172.30.9.29:9696/v2.0/trunks/b05ddad2-3e6c-4201-b724-975a1c276d5b', u'date': 'Wed, 09 Jan 2019 16:42:54 GMT', u'content-type': 'application/json', u'connection': 'close', u'x-openstack-request-id': 'req-ee87b8cb-bb5d-4c0a-8c3f-4b3558b2a952'} Body: {"NeutronError": {"message": "Trunk b05ddad2-3e6c-4201-b724-975a1c276d5b could not be found.", "type": "TrunkNotFound", "detail": ""}} _log_request_full /root/.rally/verification/verifier-5a5c7e31-c93c-4582-800b-43cd6f09ace2/repo/tempest/lib/common/rest_client.py:434
2019-01-09 16:42:54.589 17922 INFO tempest.lib.common.rest_client [req-bbca79d4-eb70-44bb-b451-c0a404a325cd ] Request (TrunkTestJSON:_run_cleanups): 404 GET http://172.30.9.29:9696/v2.0/trunks/cb269fdc-6fe2-46b9-a5fc-419f45c27858 0.012s
2019-01-09 16:42:54.589 17922 DEBUG tempest.lib.common.rest_client [req-bbca79d4-eb70-44bb-b451-c0a404a325cd ] Request - Headers: {'Content-Type': 'application/json', 'Accept': 'application/json', 'X-Auth-Token': ''} Body: None Response - Headers: {'status': '404', u'content-length': '134', 'content-location': 'http://172.30.9.29:9696/v2.0/trunks/cb269fdc-6fe2-46b9-a5fc-419f45c27858', u'date': 'Wed, 09 Jan 2019 16:42:54 GMT', u'content-type': 'application/json', u'connection': 'close', u'x-openstack-request-id': 'req-bbca79d4-eb70-44bb-b451-c0a404a325cd'} Body: {"NeutronError": {"message": "Trunk cb269fdc-6fe2-46b9-a5fc-419f45c27858 could not be found.", "type": "TrunkNotFound", "detail": ""}} _log_request_full /root/.rally/verification/verifier-5a5c7e31-c93c-4582-800b-43cd6f09ace2/repo/tempest/lib/common/rest_client.py:434
2019-01-09 16:42:54.602 17922 INFO tempest.lib.common.rest_client [req-0200f74b-84c4-4318-84cf-7f4163ea4420 ] Request (TrunkTestJSON:_run_cleanups): 404 GET http://172.30.9.29:9696/v2.0/trunks/0aae356e-4ba0-4a68-99cb-5add60dc9bb6 0.012s
2019-01-09 16:42:54.602 17922 DEBUG tempest.lib.common.rest_client [req-0200f74b-84c4-4318-84cf-7f4163ea4420 ] Request - Headers: {'Content-Type': 'application/json', 'Accept': 'application/json', 'X-Auth-Token': ''} Body: None Response - Headers: {'status': '404', u'content-length': '134', 'content-location': 'http://172.30.9.29:9696/v2.0/trunks/0aae356e-4ba0-4a68-99cb-5add60dc9bb6', u'date': 'Wed, 09 Jan 2019 16:42:54 GMT', u'content-type': 'application/json', u'connection': 'close', u'x-openstack-request-id': 'req-0200f74b-84c4-4318-84cf-7f4163ea4420'} Body: {"NeutronError": {"message": "Trunk 0aae356e-4ba0-4a68-99cb-5add60dc9bb6 could not be found.", "type": "TrunkNotFound", "detail": ""}} _log_request_full /root/.rally/verification/verifier-5a5c7e31-c93c-4582-800b-43cd6f09ace2/repo/tempest/lib/common/rest_client.py:434
2019-01-09 16:42:54.615 17922 INFO tempest.lib.common.rest_client [req-98dc7417-fabf-48cc-80ed-a7a51a2298ab ] Request (TrunkTestJSON:_run_cleanups): 404 GET http://172.30.9.29:9696/v2.0/trunks/f9edf1ff-9e97-46b9-b112-59902d16014d 0.012s
2019-01-09 16:42:54.615 17922 DEBUG tempest.lib.common.rest_client [req-98dc7417-fabf-48cc-80ed-a7a51a2298ab ] Request - Headers: {'Content-Type': 'application/json', 'Accept': 'application/json', 'X-Auth-Token': ''} Body: None Response - Headers: {'status': '404', u'content-length': '134', 'content-location': 'http://172.30.9.29:9696/v2.0/trunks/f9edf1ff-9e97-46b9-b112-59902d16014d', u'date': 'Wed, 09 Jan 2019 16:42:54 GMT', u'content-type': 'application/json', u'connection': 'close', u'x-openstack-request-id': 'req-98dc7417-fabf-48cc-80ed-a7a51a2298ab'} Body: {"NeutronError": {"message": "Trunk f9edf1ff-9e97-46b9-b112-59902d16014d could not be found.", "type": "TrunkNotFound", "detail": ""}} _log_request_full /root/.rally/verification/verifier-5a5c7e31-c93c-4582-800b-43cd6f09ace2/repo/tempest/lib/common/rest_client.py:434
2019-01-09 16:42:54.628 17922 INFO tempest.lib.common.rest_client [req-44a5b8b6-eccd-4628-8675-0bef622c962c ] Request (TrunkTestJSON:_run_cleanups): 404 GET http://172.30.9.29:9696/v2.0/trunks/d9925ea0-8cfa-4823-8583-b4c80a3e053f 0.012s
2019-01-09 16:42:54.628 17922 DEBUG tempest.lib.common.rest_client [req-44a5b8b6-eccd-4628-8675-0bef622c962c ] Request - Headers: {'Content-Type': 'application/json', 'Accept': 'application/json', 'X-Auth-Token': ''} Body: None Response - Headers: {'status': '404', u'content-length': '134', 'content-location': 'http://172.30.9.29:9696/v2.0/trunks/d9925ea0-8cfa-4823-8583-b4c80a3e053f', u'date': 'Wed, 09 Jan 2019 16:42:54 GMT', u'content-type': 'application/json', u'connection': 'close', u'x-openstack-request-id': 'req-44a5b8b6-eccd-4628-8675-0bef622c962c'} Body: {"NeutronError": {"message": "Trunk d9925ea0-8cfa-4823-8583-b4c80a3e053f could not be found.", "type": "TrunkNotFound", "detail": ""}} _log_request_full /root/.rally/verification/verifier-5a5c7e31-c93c-4582-800b-43cd6f09ace2/repo/tempest/lib/common/rest_client.py:434
2019-01-09 16:42:54.641 17922 INFO tempest.lib.common.rest_client [req-aa859b65-f5e3-4614-9883-b3cd32e5581c ] Request (TrunkTestJSON:_run_cleanups): 404 GET http://172.30.9.29:9696/v2.0/trunks/dccbf075-b776-46b3-aeb0-824e0a214ba8 0.011s
2019-01-09 16:42:54.641 17922 DEBUG tempest.lib.common.rest_client [req-aa859b65-f5e3-4614-9883-b3cd32e5581c ] Request - Headers: {'Content-Type': 'application/json', 'Accept': 'application/json', 'X-Auth-Token': ''} Body: None Response - Headers: {'status': '404', u'content-length': '134', 'content-location': 'http://172.30.9.29:9696/v2.0/trunks/dccbf075-b776-46b3-aeb0-824e0a214ba8', u'date': 'Wed, 09 Jan 2019 16:42:54 GMT', u'content-type': 'application/json', u'connection': 'close', u'x-openstack-request-id': 'req-aa859b65-f5e3-4614-9883-b3cd32e5581c'} Body: {"NeutronError": {"message": "Trunk dccbf075-b776-46b3-aeb0-824e0a214ba8 could not be found.", "type": "TrunkNotFound", "detail": ""}} _log_request_full /root/.rally/verification/verifier-5a5c7e31-c93c-4582-800b-43cd6f09ace2/repo/tempest/lib/common/rest_client.py:434
2019-01-09 16:42:54.654 17922 INFO tempest.lib.common.rest_client [req-36d44750-d32d-4e8b-904d-1d410ce9094f ] Request (TrunkTestJSON:_run_cleanups): 404 GET http://172.30.9.29:9696/v2.0/trunks/465ad257-90e9-4801-8f93-3599723252c3 0.012s
2019-01-09 16:42:54.654 17922 DEBUG tempest.lib.common.rest_client [req-36d44750-d32d-4e8b-904d-1d410ce9094f ] Request - Headers: {'Content-Type': 'application/json', 'Accept': 'application/json', 'X-Auth-Token': ''} Body: None Response - Headers: {'status': '404', u'content-length': '134', 'content-location': 'http://172.30.9.29:9696/v2.0/trunks/465ad257-90e9-4801-8f93-3599723252c3', u'date': 'Wed, 09 Jan 2019 16:42:54 GMT', u'content-type': 'application/json', u'connection': 'close', u'x-openstack-request-id': 'req-36d44750-d32d-4e8b-904d-1d410ce9094f'} Body: {"NeutronError": {"message": "Trunk 465ad257-90e9-4801-8f93-3599723252c3 could not be found.", "type": "TrunkNotFound", "detail": ""}} _log_request_full /root/.rally/verification/verifier-5a5c7e31-c93c-4582-800b-43cd6f09ace2/repo/tempest/lib/common/rest_client.py:434
2019-01-09 16:42:54.669 17922 INFO tempest.lib.common.rest_client [req-24a3ddca-bd93-4fe7-a464-3ab621d87def ] Request (TrunkTestJSON:_run_cleanups): 404 GET http://172.30.9.29:9696/v2.0/trunks/b05ddad2-3e6c-4201-b724-975a1c276d5b 0.014s
2019-01-09 16:42:54.669 17922 DEBUG tempest.lib.common.rest_client [req-24a3ddca-bd93-4fe7-a464-3ab621d87def ] Request - Headers: {'Content-Type': 'application/json', 'Accept': 'application/json', 'X-Auth-Token': ''} Body: None Response - Headers: {'status': '404', u'content-length': '134', 'content-location': 'http://172.30.9.29:9696/v2.0/trunks/b05ddad2-3e6c-4201-b724-975a1c276d5b', u'date': 'Wed, 09 Jan 2019 16:42:54 GMT', u'content-type': 'application/json', u'connection': 'close', u'x-openstack-request-id': 'req-24a3ddca-bd93-4fe7-a464-3ab621d87def'} Body: {"NeutronError": {"message": "Trunk b05ddad2-3e6c-4201-b724-975a1c276d5b could not be found.", "type": "TrunkNotFound", "detail": ""}} _log_request_full /root/.rally/verification/verifier-5a5c7e31-c93c-4582-800b-43cd6f09ace2/repo/tempest/lib/common/rest_client.py:434
2019-01-09 16:42:54.698 17922 INFO tempest.lib.common.rest_client [req-c9424b3b-9dfa-4219-b072-3cab3017a0e9 ] Request (TrunkTestJSON:_run_cleanups): 404 DELETE http://172.30.9.29:9696/v2.0/ports/965139af-0a74-484a-8b71-251b5e398a52 0.028s
2019-01-09 16:42:54.698 17922 DEBUG tempest.lib.common.rest_client [req-c9424b3b-9dfa-4219-b072-3cab3017a0e9 ] Request - Headers: {'Content-Type': 'application/json', 'Accept': 'application/json', 'X-Auth-Token': ''} Body: None Response - Headers: {'status': '404', u'content-length': '132', 'content-location': 'http://172.30.9.29:9696/v2.0/ports/965139af-0a74-484a-8b71-251b5e398a52', u'date': 'Wed, 09 Jan 2019 16:42:54 GMT', u'content-type': 'application/json', u'connection': 'close', u'x-openstack-request-id': 'req-c9424b3b-9dfa-4219-b072-3cab3017a0e9'} Body: {"NeutronError": {"message": "Port 965139af-0a74-484a-8b71-251b5e398a52 could not be found.", "type": "PortNotFound", "detail": ""}} _log_request_full /root/.rally/verification/verifier-5a5c7e31-c93c-4582-800b-43cd6f09ace2/repo/tempest/lib/common/rest_client.py:434
2019-01-09 16:42:54.705 17919 INFO tempest.lib.common.rest_client [req-257daf5a-0ee9-46e5-bc1c-13fe1de9cf0e ] Request (TrunkTest:test_trunk_subport_lifecycle): 200 GET http://172.30.9.29:9696/v2.0/ports/553d1963-a7bd-4c16-930a-1a59a19c8e31 0.040s
2019-01-09 16:42:54.706 17919 DEBUG tempest.lib.common.rest_client [req-257daf5a-0ee9-46e5-bc1c-13fe1de9cf0e ] Request - Headers: {'Content-Type': 'application/json', 'Accept': 'application/json', 'X-Auth-Token': ''} Body: None Response - Headers: {'status': '200', u'content-length': '680', 'content-location': 'http://172.30.9.29:9696/v2.0/ports/553d1963-a7bd-4c16-930a-1a59a19c8e31', u'date': 'Wed, 09 Jan 2019 16:42:54 GMT', u'content-type': 'application/json', u'connection': 'close', u'x-openstack-request-id': 'req-257daf5a-0ee9-46e5-bc1c-13fe1de9cf0e'} Body: {"port":{"allowed_address_pairs":[],"extra_dhcp_opts":[],"updated_at":"2019-01-09T16:42:53Z","device_owner":"trunk:subport","revision_number":14,"port_security_enabled":true,"fixed_ips":[],"id":"553d1963-a7bd-4c16-930a-1a59a19c8e31","security_groups":["a43cb35d-add8-44d0-a1f5-d8065453a4f6"],"mac_address":"fa:16:3e:7c:b3:a0","device_id":"","status":"ACTIVE","description":"","tags":[],"name":"","project_id":"57202fa9124f4cdbaab724e097fbde47","qos_policy_id":null,"admin_state_up":true,"network_id":"c98b356e-af70-4342-a991-45d18c292429","tenant_id":"57202fa9124f4cdbaab724e097fbde47","created_at":"2019-01-09T16:42:36Z","binding:vnic_type":"normal","ip_allocation":"immediate"}} _log_request_full /root/.rally/verification/verifier-5a5c7e31-c93c-4582-800b-43cd6f09ace2/repo/tempest/lib/common/rest_client.py:434
2019-01-09 16:42:54.730 17922 INFO tempest.lib.common.rest_client [req-ecd495b8-7548-47dc-9670-9aefc5a7e271 ] Request (TrunkTestJSON:_run_cleanups): 404 DELETE http://172.30.9.29:9696/v2.0/ports/98d2517e-60cf-48cf-9c86-1aa17480303e 0.030s
2019-01-09 16:42:54.730 17922 DEBUG tempest.lib.common.rest_client [req-ecd495b8-7548-47dc-9670-9aefc5a7e271 ] Request - Headers: {'Content-Type': 'application/json', 'Accept': 'application/json', 'X-Auth-Token': ''} Body: None Response - Headers: {'status': '404', u'content-length': '132', 'content-location': 'http://172.30.9.29:9696/v2.0/ports/98d2517e-60cf-48cf-9c86-1aa17480303e', u'date': 'Wed, 09 Jan 2019 16:42:54 GMT', u'content-type': 'application/json', u'connection': 'close', u'x-openstack-request-id': 'req-ecd495b8-7548-47dc-9670-9aefc5a7e271'} Body: {"NeutronError": {"message": "Port 98d2517e-60cf-48cf-9c86-1aa17480303e could not be found.", "type": "PortNotFound", "detail": ""}} _log_request_full /root/.rally/verification/verifier-5a5c7e31-c93c-4582-800b-43cd6f09ace2/repo/tempest/lib/common/rest_client.py:434
2019-01-09 16:42:54.743 17919 INFO tempest.lib.common.rest_client [req-cc3da6be-092e-4365-9245-28239102dfdd ] Request (TrunkTest:test_trunk_subport_lifecycle): 200 GET http://172.30.9.29:9696/v2.0/ports/a090e07c-4e71-4b43-b5b6-1662a6d88ee6 0.037s
2019-01-09 16:42:54.744 17919 DEBUG tempest.lib.common.rest_client [req-cc3da6be-092e-4365-9245-28239102dfdd ] Request - Headers: {'Content-Type': 'application/json', 'Accept': 'application/json', 'X-Auth-Token': ''} Body: None Response - Headers: {'status': '200', u'content-length': '680', 'content-location': 'http://172.30.9.29:9696/v2.0/ports/a090e07c-4e71-4b43-b5b6-1662a6d88ee6', u'date': 'Wed, 09 Jan 2019 16:42:54 GMT', u'content-type': 'application/json', u'connection': 'close', u'x-openstack-request-id': 'req-cc3da6be-092e-4365-9245-28239102dfdd'} Body: {"port":{"allowed_address_pairs":[],"extra_dhcp_opts":[],"updated_at":"2019-01-09T16:42:53Z","device_owner":"trunk:subport","revision_number":14,"port_security_enabled":true,"fixed_ips":[],"id":"a090e07c-4e71-4b43-b5b6-1662a6d88ee6","security_groups":["a43cb35d-add8-44d0-a1f5-d8065453a4f6"],"mac_address":"fa:16:3e:a5:b1:23","device_id":"","status":"ACTIVE","description":"","tags":[],"name":"","project_id":"57202fa9124f4cdbaab724e097fbde47","qos_policy_id":null,"admin_state_up":true,"network_id":"60a0ffe9-0a5c-42c0-b612-47896ff414fa","tenant_id":"57202fa9124f4cdbaab724e097fbde47","created_at":"2019-01-09T16:42:37Z","binding:vnic_type":"normal","ip_allocation":"immediate"}} _log_request_full /root/.rally/verification/verifier-5a5c7e31-c93c-4582-800b-43cd6f09ace2/repo/tempest/lib/common/rest_client.py:434
2019-01-09 16:42:54.761 17922 INFO tempest.lib.common.rest_client [req-0a9ec72b-2c8f-4c38-a253-1ab52fb0bbb9 ] Request (TrunkTestJSON:_run_cleanups): 404 DELETE http://172.30.9.29:9696/v2.0/ports/a4ce8a26-fa3d-4f77-9b99-117d1ada1b9c 0.029s
2019-01-09 16:42:54.761 17922 DEBUG tempest.lib.common.rest_client [req-0a9ec72b-2c8f-4c38-a253-1ab52fb0bbb9 ] Request - Headers: {'Content-Type': 'application/json', 'Accept': 'application/json', 'X-Auth-Token': ''} Body: None Response - Headers: {'status': '404', u'content-length': '132', 'content-location': 'http://172.30.9.29:9696/v2.0/ports/a4ce8a26-fa3d-4f77-9b99-117d1ada1b9c', u'date': 'Wed, 09 Jan 2019 16:42:54 GMT', u'content-type': 'application/json', u'connection': 'close', u'x-openstack-request-id': 'req-0a9ec72b-2c8f-4c38-a253-1ab52fb0bbb9'} Body: {"NeutronError": {"message": "Port a4ce8a26-fa3d-4f77-9b99-117d1ada1b9c could not be found.", "type": "PortNotFound", "detail": ""}} _log_request_full /root/.rally/verification/verifier-5a5c7e31-c93c-4582-800b-43cd6f09ace2/repo/tempest/lib/common/rest_client.py:434
2019-01-09 16:42:54.795 17922 INFO tempest.lib.common.rest_client [req-fda203d6-2a56-44cd-ae60-9b33fcb998eb ] Request (TrunkTestJSON:_run_cleanups): 404 DELETE http://172.30.9.29:9696/v2.0/ports/03788191-87ce-4a5b-9617-14a3e97a6a8b 0.033s
2019-01-09 16:42:54.796 17922 DEBUG tempest.lib.common.rest_client [req-fda203d6-2a56-44cd-ae60-9b33fcb998eb ] Request - Headers: {'Content-Type': 'application/json', 'Accept': 'application/json', 'X-Auth-Token': ''} Body: None Response - Headers: {'status': '404', u'content-length': '132', 'content-location': 'http://172.30.9.29:9696/v2.0/ports/03788191-87ce-4a5b-9617-14a3e97a6a8b', u'date': 'Wed, 09 Jan 2019 16:42:54 GMT', u'content-type': 'application/json', u'connection': 'close', u'x-openstack-request-id': 'req-fda203d6-2a56-44cd-ae60-9b33fcb998eb'} Body: {"NeutronError": {"message": "Port 03788191-87ce-4a5b-9617-14a3e97a6a8b could not be found.", "type": "PortNotFound", "detail": ""}} _log_request_full /root/.rally/verification/verifier-5a5c7e31-c93c-4582-800b-43cd6f09ace2/repo/tempest/lib/common/rest_client.py:434
2019-01-09 16:42:54.798 17919 INFO tempest.lib.common.rest_client [req-c063f104-f57d-4c79-9b0e-dbe22be1629b ] Request (TrunkTest:test_trunk_subport_lifecycle): 200 GET http://172.30.9.29:9696/v2.0/ports/dd8927a4-25b9-49d9-8f48-4469d50ed35b 0.053s
2019-01-09 16:42:54.799 17919 DEBUG tempest.lib.common.rest_client [req-c063f104-f57d-4c79-9b0e-dbe22be1629b ] Request - Headers: {'Content-Type': 'application/json', 'Accept': 'application/json', 'X-Auth-Token': ''} Body: None Response - Headers: {'status': '200', u'content-length': '680', 'content-location': 'http://172.30.9.29:9696/v2.0/ports/dd8927a4-25b9-49d9-8f48-4469d50ed35b', u'date': 'Wed, 09 Jan 2019 16:42:54 GMT', u'content-type': 'application/json', u'connection': 'close', u'x-openstack-request-id': 'req-c063f104-f57d-4c79-9b0e-dbe22be1629b'} Body: {"port":{"allowed_address_pairs":[],"extra_dhcp_opts":[],"updated_at":"2019-01-09T16:42:53Z","device_owner":"trunk:subport","revision_number":14,"port_security_enabled":true,"fixed_ips":[],"id":"dd8927a4-25b9-49d9-8f48-4469d50ed35b","security_groups":["a43cb35d-add8-44d0-a1f5-d8065453a4f6"],"mac_address":"fa:16:3e:ff:ed:c4","device_id":"","status":"ACTIVE","description":"","tags":[],"name":"","project_id":"57202fa9124f4cdbaab724e097fbde47","qos_policy_id":null,"admin_state_up":true,"network_id":"cf298baa-e734-4339-863e-0e34e156c40e","tenant_id":"57202fa9124f4cdbaab724e097fbde47","created_at":"2019-01-09T16:42:38Z","binding:vnic_type":"normal","ip_allocation":"immediate"}} _log_request_full /root/.rally/verification/verifier-5a5c7e31-c93c-4582-800b-43cd6f09ace2/repo/tempest/lib/common/rest_client.py:434
2019-01-09 16:42:54.800 17919 INFO tempest.lib.common.ssh [-] Creating ssh connection to '172.30.9.201:22' as 'cirros' with public key authentication
2019-01-09 16:42:54.802 17919 INFO paramiko.transport [-] Connected (version 2.0, client dropbear_2015.67)
2019-01-09 16:42:54.826 17922 INFO tempest.lib.common.rest_client [req-e3ab331a-9dce-4a8e-8c1c-45c17ed28e1a ] Request (TrunkTestJSON:_run_cleanups): 404 DELETE http://172.30.9.29:9696/v2.0/ports/55390a26-0d9c-42e2-b7fe-adc79c158663 0.029s
2019-01-09 16:42:54.826 17922 DEBUG tempest.lib.common.rest_client [req-e3ab331a-9dce-4a8e-8c1c-45c17ed28e1a ] Request - Headers: {'Content-Type': 'application/json', 'Accept': 'application/json', 'X-Auth-Token': ''} Body: None Response - Headers: {'status': '404', u'content-length': '132', 'content-location': 'http://172.30.9.29:9696/v2.0/ports/55390a26-0d9c-42e2-b7fe-adc79c158663', u'date': 'Wed, 09 Jan 2019 16:42:54 GMT', u'content-type': 'application/json', u'connection': 'close', u'x-openstack-request-id': 'req-e3ab331a-9dce-4a8e-8c1c-45c17ed28e1a'} Body: {"NeutronError": {"message": "Port 55390a26-0d9c-42e2-b7fe-adc79c158663 could not be found.", "type": "PortNotFound", "detail": ""}} _log_request_full /root/.rally/verification/verifier-5a5c7e31-c93c-4582-800b-43cd6f09ace2/repo/tempest/lib/common/rest_client.py:434
2019-01-09 16:42:54.857 17922 INFO tempest.lib.common.rest_client [req-118dbf03-48e0-4c06-a815-6d0c487c5a3a ] Request (TrunkTestJSON:_run_cleanups): 404 DELETE http://172.30.9.29:9696/v2.0/ports/c025eca6-d05a-4ec9-a746-99beba7df942 0.030s
2019-01-09 16:42:54.858 17922 DEBUG tempest.lib.common.rest_client [req-118dbf03-48e0-4c06-a815-6d0c487c5a3a ] Request - Headers: {'Content-Type': 'application/json', 'Accept': 'application/json', 'X-Auth-Token': ''} Body: None Response - Headers: {'status': '404', u'content-length': '132', 'content-location': 'http://172.30.9.29:9696/v2.0/ports/c025eca6-d05a-4ec9-a746-99beba7df942', u'date': 'Wed, 09 Jan 2019 16:42:54 GMT', u'content-type': 'application/json', u'connection': 'close', u'x-openstack-request-id': 'req-118dbf03-48e0-4c06-a815-6d0c487c5a3a'} Body: {"NeutronError": {"message": "Port c025eca6-d05a-4ec9-a746-99beba7df942 could not be found.", "type": "PortNotFound", "detail": ""}} _log_request_full /root/.rally/verification/verifier-5a5c7e31-c93c-4582-800b-43cd6f09ace2/repo/tempest/lib/common/rest_client.py:434
2019-01-09 16:42:54.863 17919 INFO paramiko.transport [-] Authentication (publickey) successful!
2019-01-09 16:42:54.866 17919 INFO tempest.lib.common.ssh [-] ssh connection to cirros@172.30.9.201 successfully created
2019-01-09 16:42:54.981 17919 INFO tempest.lib.common.ssh [-] Creating ssh connection to '172.30.9.203:22' as 'cirros' with public key authentication
2019-01-09 16:42:54.984 17919 INFO paramiko.transport [-] Connected (version 2.0, client dropbear_2015.67)
2019-01-09 16:42:55.048 17919 INFO paramiko.transport [-] Authentication (publickey) successful!
2019-01-09 16:42:55.080 17919 INFO tempest.lib.common.ssh [-] ssh connection to cirros@172.30.9.203 successfully created
2019-01-09 16:42:55.142 17922 INFO tempest.lib.common.rest_client [req-e2e4b8d9-29df-4d20-a09b-1ddffe9421e5 ] Request (TrunkTestJSON:_run_cleanups): 404 DELETE http://172.30.9.29:9696/v2.0/ports/ea9a0cb4-6755-4d65-b1b1-ec4f75082894 0.283s
2019-01-09 16:42:55.142 17922 DEBUG tempest.lib.common.rest_client [req-e2e4b8d9-29df-4d20-a09b-1ddffe9421e5 ] Request - Headers: {'Content-Type': 'application/json', 'Accept': 'application/json', 'X-Auth-Token': ''} Body: None Response - Headers: {'status': '404', u'content-length': '132', 'content-location': 'http://172.30.9.29:9696/v2.0/ports/ea9a0cb4-6755-4d65-b1b1-ec4f75082894', u'date': 'Wed, 09 Jan 2019 16:42:55 GMT', u'content-type': 'application/json', u'connection': 'close', u'x-openstack-request-id': 'req-e2e4b8d9-29df-4d20-a09b-1ddffe9421e5'} Body: {"NeutronError": {"message": "Port ea9a0cb4-6755-4d65-b1b1-ec4f75082894 could not be found.", "type": "PortNotFound", "detail": ""}} _log_request_full /root/.rally/verification/verifier-5a5c7e31-c93c-4582-800b-43cd6f09ace2/repo/tempest/lib/common/rest_client.py:434
2019-01-09 16:42:55.189 17922 INFO tempest.lib.common.rest_client [req-639378c4-14f5-447c-b510-eeecac92f4e7 ] Request (TrunkTestJSON:_run_cleanups): 404 DELETE http://172.30.9.29:9696/v2.0/ports/944a6780-c4f4-4d43-8c4a-5bc7cf954eed 0.045s
2019-01-09 16:42:55.189 17922 DEBUG tempest.lib.common.rest_client [req-639378c4-14f5-447c-b510-eeecac92f4e7 ] Request - Headers: {'Content-Type': 'application/json', 'Accept': 'application/json', 'X-Auth-Token': ''} Body: None Response - Headers: {'status': '404', u'content-length': '132', 'content-location': 'http://172.30.9.29:9696/v2.0/ports/944a6780-c4f4-4d43-8c4a-5bc7cf954eed', u'date': 'Wed, 09 Jan 2019 16:42:55 GMT', u'content-type': 'application/json', u'connection': 'close', u'x-openstack-request-id': 'req-639378c4-14f5-447c-b510-eeecac92f4e7'} Body: {"NeutronError": {"message": "Port 944a6780-c4f4-4d43-8c4a-5bc7cf954eed could not be found.", "type": "PortNotFound", "detail": ""}} _log_request_full /root/.rally/verification/verifier-5a5c7e31-c93c-4582-800b-43cd6f09ace2/repo/tempest/lib/common/rest_client.py:434
2019-01-09 16:42:55.192 17918 INFO tempest.lib.common.rest_client [req-1158e13c-f0ba-47ae-90ed-1b666322fd1c ] Request (TrunkTestJSON:test_show_trunk_has_project_id): 201 POST http://172.30.9.29:9696/v2.0/ports 0.690s
2019-01-09 16:42:55.193 17918 DEBUG tempest.lib.common.rest_client [req-1158e13c-f0ba-47ae-90ed-1b666322fd1c ] Request - Headers: {'Content-Type': 'application/json', 'Accept': 'application/json', 'X-Auth-Token': ''} Body: {"port": {"network_id": "c8d0b67b-dc76-47fd-b4a3-9804965976a2"}} Response - Headers: {'status': '201', u'content-length': '664', 'content-location': 'http://172.30.9.29:9696/v2.0/ports', u'date': 'Wed, 09 Jan 2019 16:42:55 GMT', u'content-type': 'application/json', u'connection': 'close', u'x-openstack-request-id': 'req-1158e13c-f0ba-47ae-90ed-1b666322fd1c'} Body: {"port":{"allowed_address_pairs":[],"extra_dhcp_opts":[],"updated_at":"2019-01-09T16:42:54Z","device_owner":"","revision_number":5,"port_security_enabled":true,"fixed_ips":[],"id":"32ccf39a-cf0e-428c-b8bb-eccc47e0c4c5","security_groups":["c7cb9071-7d16-42b1-a2e6-bb1282c248b8"],"mac_address":"fa:16:3e:3e:a7:44","device_id":"","status":"DOWN","description":"","tags":[],"name":"","project_id":"69a2c8d7c2c0443a8de92aa3bc75f592","qos_policy_id":null,"admin_state_up":true,"network_id":"c8d0b67b-dc76-47fd-b4a3-9804965976a2","tenant_id":"69a2c8d7c2c0443a8de92aa3bc75f592","created_at":"2019-01-09T16:42:54Z","binding:vnic_type":"normal","ip_allocation":"immediate"}} _log_request_full /root/.rally/verification/verifier-5a5c7e31-c93c-4582-800b-43cd6f09ace2/repo/tempest/lib/common/rest_client.py:434
2019-01-09 16:42:55.233 17922 INFO tempest.lib.common.rest_client [req-ceb98b96-8073-431d-b70e-9bd1bd5db485 ] Request (TrunkTestJSON:_run_cleanups): 404 DELETE http://172.30.9.29:9696/v2.0/ports/49a881d7-174d-4c8e-86f8-9cb588f93449 0.042s
2019-01-09 16:42:55.233 17922 DEBUG tempest.lib.common.rest_client [req-ceb98b96-8073-431d-b70e-9bd1bd5db485 ] Request - Headers: {'Content-Type': 'application/json', 'Accept': 'application/json', 'X-Auth-Token': ''} Body: None Response - Headers: {'status': '404', u'content-length': '132', 'content-location': 'http://172.30.9.29:9696/v2.0/ports/49a881d7-174d-4c8e-86f8-9cb588f93449', u'date': 'Wed, 09 Jan 2019 16:42:55 GMT', u'content-type': 'application/json', u'connection': 'close', u'x-openstack-request-id': 'req-ceb98b96-8073-431d-b70e-9bd1bd5db485'} Body: {"NeutronError": {"message": "Port 49a881d7-174d-4c8e-86f8-9cb588f93449 could not be found.", "type": "PortNotFound", "detail": ""}} _log_request_full /root/.rally/verification/verifier-5a5c7e31-c93c-4582-800b-43cd6f09ace2/repo/tempest/lib/common/rest_client.py:434
2019-01-09 16:42:55.263 17919 INFO tempest.lib.common.rest_client [req-90f66eb8-51a2-431f-b815-027734ebd03f ] Request (TrunkTest:_run_cleanups): 202 DELETE http://172.30.9.29:8774/v2.1/servers/4e79abb2-f0a4-44fd-8e98-8374b5561c59/os-interface/a0480cfa-32c8-4b7e-b53d-ede8d78665a1 0.068s
2019-01-09 16:42:55.264 17919 DEBUG tempest.lib.common.rest_client [req-90f66eb8-51a2-431f-b815-027734ebd03f ] Request - Headers: {'Content-Type': 'application/json', 'Accept': 'application/json', 'X-Auth-Token': ''} Body: None Response - Headers: {'status': '202', u'content-length': '0', 'content-location': 'http://172.30.9.29:8774/v2.1/servers/4e79abb2-f0a4-44fd-8e98-8374b5561c59/os-interface/a0480cfa-32c8-4b7e-b53d-ede8d78665a1', u'x-compute-request-id': 'req-90f66eb8-51a2-431f-b815-027734ebd03f', u'vary': 'OpenStack-API-Version,X-OpenStack-Nova-API-Version', u'server': 'Apache', u'openstack-api-version': 'compute 2.1', u'connection': 'close', u'x-openstack-nova-api-version': '2.1', u'date': 'Wed, 09 Jan 2019 16:42:55 GMT', u'content-type': 'application/json', u'x-openstack-request-id': 'req-90f66eb8-51a2-431f-b815-027734ebd03f'} Body: _log_request_full /root/.rally/verification/verifier-5a5c7e31-c93c-4582-800b-43cd6f09ace2/repo/tempest/lib/common/rest_client.py:434
2019-01-09 16:42:55.267 17922 INFO tempest.lib.common.rest_client [req-860bdd51-09af-4c06-8836-de34645befaa ] Request (TrunkTestJSON:_run_cleanups): 404 DELETE http://172.30.9.29:9696/v2.0/ports/07a6b551-3797-4b06-be55-19d0542046a4 0.033s
2019-01-09 16:42:55.267 17922 DEBUG tempest.lib.common.rest_client [req-860bdd51-09af-4c06-8836-de34645befaa ] Request - Headers: {'Content-Type': 'application/json', 'Accept': 'application/json', 'X-Auth-Token': ''} Body: None Response - Headers: {'status': '404', u'content-length': '132', 'content-location': 'http://172.30.9.29:9696/v2.0/ports/07a6b551-3797-4b06-be55-19d0542046a4', u'date': 'Wed, 09 Jan 2019 16:42:55 GMT', u'content-type': 'application/json', u'connection': 'close', u'x-openstack-request-id': 'req-860bdd51-09af-4c06-8836-de34645befaa'} Body: {"NeutronError": {"message": "Port 07a6b551-3797-4b06-be55-19d0542046a4 could not be found.", "type": "PortNotFound", "detail": ""}} _log_request_full /root/.rally/verification/verifier-5a5c7e31-c93c-4582-800b-43cd6f09ace2/repo/tempest/lib/common/rest_client.py:434
2019-01-09 16:42:55.297 17922 INFO tempest.lib.common.rest_client [req-9f364935-2252-427f-8bdd-21faf79abe23 ] Request (TrunkTestJSON:_run_cleanups): 404 DELETE http://172.30.9.29:9696/v2.0/ports/d40e7a99-a7ab-45ff-91e4-da817dd59b2a 0.029s
2019-01-09 16:42:55.297 17922 DEBUG tempest.lib.common.rest_client [req-9f364935-2252-427f-8bdd-21faf79abe23 ] Request - Headers: {'Content-Type': 'application/json', 'Accept': 'application/json', 'X-Auth-Token': ''} Body: None Response - Headers: {'status': '404', u'content-length': '132', 'content-location': 'http://172.30.9.29:9696/v2.0/ports/d40e7a99-a7ab-45ff-91e4-da817dd59b2a', u'date': 'Wed, 09 Jan 2019 16:42:55 GMT', u'content-type': 'application/json', u'connection': 'close', u'x-openstack-request-id': 'req-9f364935-2252-427f-8bdd-21faf79abe23'} Body: {"NeutronError": {"message": "Port d40e7a99-a7ab-45ff-91e4-da817dd59b2a could not be found.", "type": "PortNotFound", "detail": ""}} _log_request_full /root/.rally/verification/verifier-5a5c7e31-c93c-4582-800b-43cd6f09ace2/repo/tempest/lib/common/rest_client.py:434
2019-01-09 16:42:55.331 17922 INFO tempest.lib.common.rest_client [req-25dcc7d3-ea40-48b8-8c96-0926671d4b88 ] Request (TrunkTestJSON:_run_cleanups): 404 DELETE http://172.30.9.29:9696/v2.0/ports/78970b30-7d9a-4bef-9d38-bfe83db571b4 0.032s
2019-01-09 16:42:55.331 17922 DEBUG tempest.lib.common.rest_client [req-25dcc7d3-ea40-48b8-8c96-0926671d4b88 ] Request - Headers: {'Content-Type': 'application/json', 'Accept': 'application/json', 'X-Auth-Token': ''} Body: None Response - Headers: {'status': '404', u'content-length': '132', 'content-location': 'http://172.30.9.29:9696/v2.0/ports/78970b30-7d9a-4bef-9d38-bfe83db571b4', u'date': 'Wed, 09 Jan 2019 16:42:55 GMT', u'content-type': 'application/json', u'connection': 'close', u'x-openstack-request-id': 'req-25dcc7d3-ea40-48b8-8c96-0926671d4b88'} Body: {"NeutronError": {"message": "Port 78970b30-7d9a-4bef-9d38-bfe83db571b4 could not be found.", "type": "PortNotFound", "detail": ""}} _log_request_full /root/.rally/verification/verifier-5a5c7e31-c93c-4582-800b-43cd6f09ace2/repo/tempest/lib/common/rest_client.py:434
2019-01-09 16:42:55.346 17919 INFO tempest.lib.common.rest_client [req-ca6c34b1-2088-41e8-bbaa-3c4c54bc8593 ] Request (TrunkTest:_run_cleanups): 200 GET http://172.30.9.29:9696/v2.0/ports/a0480cfa-32c8-4b7e-b53d-ede8d78665a1 0.081s
2019-01-09 16:42:55.346 17919 DEBUG tempest.lib.common.rest_client [req-ca6c34b1-2088-41e8-bbaa-3c4c54bc8593 ] Request - Headers: {'Content-Type': 'application/json', 'Accept': 'application/json', 'X-Auth-Token': ''} Body: None Response - Headers: {'status': '200', u'content-length': '1406', 'content-location': 'http://172.30.9.29:9696/v2.0/ports/a0480cfa-32c8-4b7e-b53d-ede8d78665a1', u'date': 'Wed, 09 Jan 2019 16:42:55 GMT', u'content-type': 'application/json', u'connection': 'close', u'x-openstack-request-id': 'req-ca6c34b1-2088-41e8-bbaa-3c4c54bc8593'} Body: {"port":{"allowed_address_pairs":[],"extra_dhcp_opts":[],"updated_at":"2019-01-09T16:42:25Z","device_owner":"compute:nova","revision_number":10,"port_security_enabled":true,"fixed_ips":[{"subnet_id":"0f876d41-7ecd-4070-afcc-288cdc62d325","ip_address":"192.168.120.5"}],"id":"a0480cfa-32c8-4b7e-b53d-ede8d78665a1","security_groups":["22684672-d3d0-411f-9c05-3143c49200b5"],"mac_address":"fa:16:3e:7e:5f:00","device_id":"4e79abb2-f0a4-44fd-8e98-8374b5561c59","status":"ACTIVE","description":"","tags":[],"trunk_details":{"trunk_id":"43cb800a-7af8-4159-8a30-31bd62ffab55","sub_ports":[{"segmentation_id":6,"port_id":"dd8927a4-25b9-49d9-8f48-4469d50ed35b","segmentation_type":"vlan","mac_address":"fa:16:3e:ff:ed:c4"},{"segmentation_id":3,"port_id":"6227337d-ccac-43b0-a7ae-8a344ea641b6","segmentation_type":"vlan","mac_address":"fa:16:3e:6b:66:bb"},{"segmentation_id":4,"port_id":"553d1963-a7bd-4c16-930a-1a59a19c8e31","segmentation_type":"vlan","mac_address":"fa:16:3e:7c:b3:a0"},{"segmentation_id":5,"port_id":"a090e07c-4e71-4b43-b5b6-1662a6d88ee6","segmentation_type":"vlan","mac_address":"fa:16:3e:a5:b1:23"}]},"name":"","project_id":"57202fa9124f4cdbaab724e097fbde47","qos_policy_id":null,"admin_state_up":true,"network_id":"5dbb1985-d4b7-4957-a772-08144a8a363a","tenant_id":"57202fa9124f4cdbaab724e097fbde47","created_at":"2019-01-09T16:42:12Z","binding:vnic_type":"normal","ip_allocation":"immediate"}} _log_request_full /root/.rally/verification/verifier-5a5c7e31-c93c-4582-800b-43cd6f09ace2/repo/tempest/lib/common/rest_client.py:434
2019-01-09 16:42:55.362 17922 INFO tempest.lib.common.rest_client [req-da16d078-c80e-4635-bdfb-307d76fa13b6 ] Request (TrunkTestJSON:_run_cleanups): 404 DELETE http://172.30.9.29:9696/v2.0/ports/7523545d-c859-4d71-ade8-4bc4bf6edae7 0.030s
2019-01-09 16:42:55.362 17922 DEBUG tempest.lib.common.rest_client [req-da16d078-c80e-4635-bdfb-307d76fa13b6 ] Request - Headers: {'Content-Type': 'application/json', 'Accept': 'application/json', 'X-Auth-Token': ''} Body: None Response - Headers: {'status': '404', u'content-length': '132', 'content-location': 'http://172.30.9.29:9696/v2.0/ports/7523545d-c859-4d71-ade8-4bc4bf6edae7', u'date': 'Wed, 09 Jan 2019 16:42:55 GMT', u'content-type': 'application/json', u'connection': 'close', u'x-openstack-request-id': 'req-da16d078-c80e-4635-bdfb-307d76fa13b6'} Body: {"NeutronError": {"message": "Port 7523545d-c859-4d71-ade8-4bc4bf6edae7 could not be found.", "type": "PortNotFound", "detail": ""}} _log_request_full /root/.rally/verification/verifier-5a5c7e31-c93c-4582-800b-43cd6f09ace2/repo/tempest/lib/common/rest_client.py:434
2019-01-09 16:42:55.404 17922 INFO tempest.lib.common.rest_client [req-b5c5d00e-dea6-49a5-8e37-9f4fc7379e0b ] Request (TrunkTestJSON:_run_cleanups): 404 DELETE http://172.30.9.29:9696/v2.0/ports/75b5a1f2-124d-4565-aa86-d61dacada7e2 0.040s
2019-01-09 16:42:55.404 17922 DEBUG tempest.lib.common.rest_client [req-b5c5d00e-dea6-49a5-8e37-9f4fc7379e0b ] Request - Headers: {'Content-Type': 'application/json', 'Accept': 'application/json', 'X-Auth-Token': ''} Body: None Response - Headers: {'status': '404', u'content-length': '132', 'content-location': 'http://172.30.9.29:9696/v2.0/ports/75b5a1f2-124d-4565-aa86-d61dacada7e2', u'date': 'Wed, 09 Jan 2019 16:42:55 GMT', u'content-type': 'application/json', u'connection': 'close', u'x-openstack-request-id': 'req-b5c5d00e-dea6-49a5-8e37-9f4fc7379e0b'} Body: {"NeutronError": {"message": "Port 75b5a1f2-124d-4565-aa86-d61dacada7e2 could not be found.", "type": "PortNotFound", "detail": ""}} _log_request_full /root/.rally/verification/verifier-5a5c7e31-c93c-4582-800b-43cd6f09ace2/repo/tempest/lib/common/rest_client.py:434
2019-01-09 16:42:55.439 17922 INFO tempest.lib.common.rest_client [req-bb7a5437-275b-4281-831e-03a299677eea ] Request (TrunkTestJSON:_run_cleanups): 404 DELETE http://172.30.9.29:9696/v2.0/ports/c67b380e-308a-4242-adff-ffa706e7eed6 0.034s
2019-01-09 16:42:55.439 17922 DEBUG tempest.lib.common.rest_client [req-bb7a5437-275b-4281-831e-03a299677eea ] Request - Headers: {'Content-Type': 'application/json', 'Accept': 'application/json', 'X-Auth-Token': ''} Body: None Response - Headers: {'status': '404', u'content-length': '132', 'content-location': 'http://172.30.9.29:9696/v2.0/ports/c67b380e-308a-4242-adff-ffa706e7eed6', u'date': 'Wed, 09 Jan 2019 16:42:55 GMT', u'content-type': 'application/json', u'connection': 'close', u'x-openstack-request-id': 'req-bb7a5437-275b-4281-831e-03a299677eea'} Body: {"NeutronError": {"message": "Port c67b380e-308a-4242-adff-ffa706e7eed6 could not be found.", "type": "PortNotFound", "detail": ""}} _log_request_full /root/.rally/verification/verifier-5a5c7e31-c93c-4582-800b-43cd6f09ace2/repo/tempest/lib/common/rest_client.py:434
2019-01-09 16:42:55.471 17918 INFO tempest.lib.common.rest_client [req-644c328f-3c0a-4ed2-b67d-3464731553f7 ] Request (TrunkTestJSON:test_show_trunk_has_project_id): 201 POST http://172.30.9.29:9696/v2.0/trunks 0.278s
2019-01-09 16:42:55.472 17918 DEBUG tempest.lib.common.rest_client [req-644c328f-3c0a-4ed2-b67d-3464731553f7 ] Request - Headers: {'Content-Type': 'application/json', 'Accept': 'application/json', 'X-Auth-Token': ''} Body: {"trunk": {"port_id": "32ccf39a-cf0e-428c-b8bb-eccc47e0c4c5"}} Response - Headers: {'status': '201', u'content-length': '407', 'content-location': 'http://172.30.9.29:9696/v2.0/trunks', u'date': 'Wed, 09 Jan 2019 16:42:55 GMT', u'content-type': 'application/json', u'connection': 'close', u'x-openstack-request-id': 'req-644c328f-3c0a-4ed2-b67d-3464731553f7'} Body: {"trunk": {"status": "DOWN", "sub_ports": [], "name": "", "admin_state_up": true, "tenant_id": "69a2c8d7c2c0443a8de92aa3bc75f592", "created_at": "2019-01-09T16:42:55Z", "tags": [], "updated_at": "2019-01-09T16:42:55Z", "revision_number": 0, "project_id": "69a2c8d7c2c0443a8de92aa3bc75f592", "port_id": "32ccf39a-cf0e-428c-b8bb-eccc47e0c4c5", "id": "6b16066d-c78a-4935-9180-9401f2985df3", "description": ""}} _log_request_full /root/.rally/verification/verifier-5a5c7e31-c93c-4582-800b-43cd6f09ace2/repo/tempest/lib/common/rest_client.py:434
2019-01-09 16:42:55.700 17918 INFO tempest.lib.common.rest_client [req-a7cfe2aa-1769-4059-9316-8dadc83dfbb7 ] Request (TrunkTestJSON:test_show_trunk_has_project_id): 200 GET http://172.30.9.29:9696/v2.0/trunks/6b16066d-c78a-4935-9180-9401f2985df3 0.228s
2019-01-09 16:42:55.701 17918 DEBUG tempest.lib.common.rest_client [req-a7cfe2aa-1769-4059-9316-8dadc83dfbb7 ] Request - Headers: {'Content-Type': 'application/json', 'Accept': 'application/json', 'X-Auth-Token': ''} Body: None Response - Headers: {'status': '200', u'content-length': '407', 'content-location': 'http://172.30.9.29:9696/v2.0/trunks/6b16066d-c78a-4935-9180-9401f2985df3', u'date': 'Wed, 09 Jan 2019 16:42:55 GMT', u'content-type': 'application/json', u'connection': 'close', u'x-openstack-request-id': 'req-a7cfe2aa-1769-4059-9316-8dadc83dfbb7'} Body: {"trunk": {"status": "DOWN", "sub_ports": [], "name": "", "admin_state_up": true, "tenant_id": "69a2c8d7c2c0443a8de92aa3bc75f592", "created_at": "2019-01-09T16:42:55Z", "tags": [], "updated_at": "2019-01-09T16:42:55Z", "revision_number": 0, "project_id": "69a2c8d7c2c0443a8de92aa3bc75f592", "port_id": "32ccf39a-cf0e-428c-b8bb-eccc47e0c4c5", "id": "6b16066d-c78a-4935-9180-9401f2985df3", "description": ""}} _log_request_full /root/.rally/verification/verifier-5a5c7e31-c93c-4582-800b-43cd6f09ace2/repo/tempest/lib/common/rest_client.py:434
2019-01-09 16:42:55.718 17918 INFO tempest.lib.common.rest_client [req-1a5a0a0e-a876-4b88-a837-55bc704e2bca ] Request (TrunkTestJSON:_run_cleanups): 404 GET http://172.30.9.29:9696/v2.0/trunks/a65fce33-7304-4f93-bcc5-5de1b46a2b80/get_subports 0.015s
2019-01-09 16:42:55.718 17918 DEBUG tempest.lib.common.rest_client [req-1a5a0a0e-a876-4b88-a837-55bc704e2bca ] Request - Headers: {'Content-Type': 'application/json', 'Accept': 'application/json', 'X-Auth-Token': ''} Body: None Response - Headers: {'status': '404', u'content-length': '134', 'content-location': 'http://172.30.9.29:9696/v2.0/trunks/a65fce33-7304-4f93-bcc5-5de1b46a2b80/get_subports', u'date': 'Wed, 09 Jan 2019 16:42:55 GMT', u'content-type': 'application/json', u'connection': 'close', u'x-openstack-request-id': 'req-1a5a0a0e-a876-4b88-a837-55bc704e2bca'} Body: {"NeutronError": {"message": "Trunk a65fce33-7304-4f93-bcc5-5de1b46a2b80 could not be found.", "type": "TrunkNotFound", "detail": ""}} _log_request_full /root/.rally/verification/verifier-5a5c7e31-c93c-4582-800b-43cd6f09ace2/repo/tempest/lib/common/rest_client.py:434
2019-01-09 16:42:55.735 17918 INFO tempest.lib.common.rest_client [req-ea65feca-1474-4c56-89ca-b1c1eda080b2 ] Request (TrunkTestJSON:_run_cleanups): 404 DELETE http://172.30.9.29:9696/v2.0/trunks/a65fce33-7304-4f93-bcc5-5de1b46a2b80 0.016s
2019-01-09 16:42:55.735 17918 DEBUG tempest.lib.common.rest_client [req-ea65feca-1474-4c56-89ca-b1c1eda080b2 ] Request - Headers: {'Content-Type': 'application/json', 'Accept': 'application/json', 'X-Auth-Token': ''} Body: None Response - Headers: {'status': '404', u'content-length': '134', 'content-location': 'http://172.30.9.29:9696/v2.0/trunks/a65fce33-7304-4f93-bcc5-5de1b46a2b80', u'date': 'Wed, 09 Jan 2019 16:42:55 GMT', u'content-type': 'application/json', u'connection': 'close', u'x-openstack-request-id': 'req-ea65feca-1474-4c56-89ca-b1c1eda080b2'} Body: {"NeutronError": {"message": "Trunk a65fce33-7304-4f93-bcc5-5de1b46a2b80 could not be found.", "type": "TrunkNotFound", "detail": ""}} _log_request_full /root/.rally/verification/verifier-5a5c7e31-c93c-4582-800b-43cd6f09ace2/repo/tempest/lib/common/rest_client.py:434
2019-01-09 16:42:55.754 17918 INFO tempest.lib.common.rest_client [req-8e43839c-0209-4c58-8485-c753aa8c8f74 ] Request (TrunkTestJSON:_run_cleanups): 404 GET http://172.30.9.29:9696/v2.0/trunks/a2b22970-7ddc-4289-889b-699bbf695aa8/get_subports 0.018s
2019-01-09 16:42:55.754 17918 DEBUG tempest.lib.common.rest_client [req-8e43839c-0209-4c58-8485-c753aa8c8f74 ] Request - Headers: {'Content-Type': 'application/json', 'Accept': 'application/json', 'X-Auth-Token': ''} Body: None Response - Headers: {'status': '404', u'content-length': '134', 'content-location': 'http://172.30.9.29:9696/v2.0/trunks/a2b22970-7ddc-4289-889b-699bbf695aa8/get_subports', u'date': 'Wed, 09 Jan 2019 16:42:55 GMT', u'content-type': 'application/json', u'connection': 'close', u'x-openstack-request-id': 'req-8e43839c-0209-4c58-8485-c753aa8c8f74'} Body: {"NeutronError": {"message": "Trunk a2b22970-7ddc-4289-889b-699bbf695aa8 could not be found.", "type": "TrunkNotFound", "detail": ""}} _log_request_full /root/.rally/verification/verifier-5a5c7e31-c93c-4582-800b-43cd6f09ace2/repo/tempest/lib/common/rest_client.py:434
2019-01-09 16:42:55.775 17918 INFO tempest.lib.common.rest_client [req-e1e46452-b59d-4a3d-8744-1646dd3f48dc ] Request (TrunkTestJSON:_run_cleanups): 404 DELETE http://172.30.9.29:9696/v2.0/trunks/a2b22970-7ddc-4289-889b-699bbf695aa8 0.020s
2019-01-09 16:42:55.775 17918 DEBUG tempest.lib.common.rest_client [req-e1e46452-b59d-4a3d-8744-1646dd3f48dc ] Request - Headers: {'Content-Type': 'application/json', 'Accept': 'application/json', 'X-Auth-Token': ''} Body: None Response - Headers: {'status': '404', u'content-length': '134', 'content-location': 'http://172.30.9.29:9696/v2.0/trunks/a2b22970-7ddc-4289-889b-699bbf695aa8', u'date': 'Wed, 09 Jan 2019 16:42:55 GMT', u'content-type': 'application/json', u'connection': 'close', u'x-openstack-request-id': 'req-e1e46452-b59d-4a3d-8744-1646dd3f48dc'} Body: {"NeutronError": {"message": "Trunk a2b22970-7ddc-4289-889b-699bbf695aa8 could not be found.", "type": "TrunkNotFound", "detail": ""}} _log_request_full /root/.rally/verification/verifier-5a5c7e31-c93c-4582-800b-43cd6f09ace2/repo/tempest/lib/common/rest_client.py:434
2019-01-09 16:42:55.798 17918 INFO tempest.lib.common.rest_client [req-8530fbf2-577f-42e8-a02f-87836a03569b ] Request (TrunkTestJSON:_run_cleanups): 404 GET http://172.30.9.29:9696/v2.0/trunks/7a4b4cba-2d64-4643-89ba-96955fad2d8c/get_subports 0.022s
2019-01-09 16:42:55.799 17918 DEBUG tempest.lib.common.rest_client [req-8530fbf2-577f-42e8-a02f-87836a03569b ] Request - Headers: {'Content-Type': 'application/json', 'Accept': 'application/json', 'X-Auth-Token': ''} Body: None Response - Headers: {'status': '404', u'content-length': '134', 'content-location': 'http://172.30.9.29:9696/v2.0/trunks/7a4b4cba-2d64-4643-89ba-96955fad2d8c/get_subports', u'date': 'Wed, 09 Jan 2019 16:42:55 GMT', u'content-type': 'application/json', u'connection': 'close', u'x-openstack-request-id': 'req-8530fbf2-577f-42e8-a02f-87836a03569b'} Body: {"NeutronError": {"message": "Trunk 7a4b4cba-2d64-4643-89ba-96955fad2d8c could not be found.", "type": "TrunkNotFound", "detail": ""}} _log_request_full /root/.rally/verification/verifier-5a5c7e31-c93c-4582-800b-43cd6f09ace2/repo/tempest/lib/common/rest_client.py:434
2019-01-09 16:42:55.814 17918 INFO tempest.lib.common.rest_client [req-1b7161e2-1514-45d2-b407-21358f529f84 ] Request (TrunkTestJSON:_run_cleanups): 404 DELETE http://172.30.9.29:9696/v2.0/trunks/7a4b4cba-2d64-4643-89ba-96955fad2d8c 0.014s
2019-01-09 16:42:55.814 17918 DEBUG tempest.lib.common.rest_client [req-1b7161e2-1514-45d2-b407-21358f529f84 ] Request - Headers: {'Content-Type': 'application/json', 'Accept': 'application/json', 'X-Auth-Token': ''} Body: None Response - Headers: {'status': '404', u'content-length': '134', 'content-location': 'http://172.30.9.29:9696/v2.0/trunks/7a4b4cba-2d64-4643-89ba-96955fad2d8c', u'date': 'Wed, 09 Jan 2019 16:42:55 GMT', u'content-type': 'application/json', u'connection': 'close', u'x-openstack-request-id': 'req-1b7161e2-1514-45d2-b407-21358f529f84'} Body: {"NeutronError": {"message": "Trunk 7a4b4cba-2d64-4643-89ba-96955fad2d8c could not be found.", "type": "TrunkNotFound", "detail": ""}} _log_request_full /root/.rally/verification/verifier-5a5c7e31-c93c-4582-800b-43cd6f09ace2/repo/tempest/lib/common/rest_client.py:434
2019-01-09 16:42:55.827 17918 INFO tempest.lib.common.rest_client [req-b219f37d-885d-4e96-aed9-7d0673c73cd8 ] Request (TrunkTestJSON:_run_cleanups): 404 GET http://172.30.9.29:9696/v2.0/trunks/95505cfe-2e82-493d-8afd-b5043be7b7ec/get_subports 0.012s
2019-01-09 16:42:55.828 17918 DEBUG tempest.lib.common.rest_client [req-b219f37d-885d-4e96-aed9-7d0673c73cd8 ] Request - Headers: {'Content-Type': 'application/json', 'Accept': 'application/json', 'X-Auth-Token': ''} Body: None Response - Headers: {'status': '404', u'content-length': '134', 'content-location': 'http://172.30.9.29:9696/v2.0/trunks/95505cfe-2e82-493d-8afd-b5043be7b7ec/get_subports', u'date': 'Wed, 09 Jan 2019 16:42:55 GMT', u'content-type': 'application/json', u'connection': 'close', u'x-openstack-request-id': 'req-b219f37d-885d-4e96-aed9-7d0673c73cd8'} Body: {"NeutronError": {"message": "Trunk 95505cfe-2e82-493d-8afd-b5043be7b7ec could not be found.", "type": "TrunkNotFound", "detail": ""}} _log_request_full /root/.rally/verification/verifier-5a5c7e31-c93c-4582-800b-43cd6f09ace2/repo/tempest/lib/common/rest_client.py:434
2019-01-09 16:42:55.840 17922 INFO tempest.lib.common.rest_client [req-cd0ae9e4-0c65-4296-b45c-99029594e8db ] Request (TrunkTestJSON:_run_cleanups): 204 DELETE http://172.30.9.29:9696/v2.0/ports/8eaccc35-d41c-44d0-b763-47243e8e79b7 0.400s
2019-01-09 16:42:55.841 17922 DEBUG tempest.lib.common.rest_client [req-cd0ae9e4-0c65-4296-b45c-99029594e8db ] Request - Headers: {'Content-Type': 'application/json', 'Accept': 'application/json', 'X-Auth-Token': ''} Body: None Response - Headers: {'status': '204', u'content-length': '0', 'content-location': 'http://172.30.9.29:9696/v2.0/ports/8eaccc35-d41c-44d0-b763-47243e8e79b7', u'date': 'Wed, 09 Jan 2019 16:42:55 GMT', u'connection': 'close', u'x-openstack-request-id': 'req-cd0ae9e4-0c65-4296-b45c-99029594e8db'} Body: _log_request_full /root/.rally/verification/verifier-5a5c7e31-c93c-4582-800b-43cd6f09ace2/repo/tempest/lib/common/rest_client.py:434
