2019-01-08 02:31:31.818 17898 DEBUG tempest.lib.common.rest_client [req-d8cea507-cce8-4047-808e-cc51bea7a13d ] Request - Headers: {'Content-Type': 'application/json', 'Accept': 'application/json', 'X-Auth-Token': ''} Body: None Response - Headers: {'status': '404', u'content-length': '134', 'content-location': 'http://172.30.9.42:9696/v2.0/trunks/245fe536-e3df-4486-9f88-c8b95be711ce/get_subports', u'date': 'Tue, 08 Jan 2019 02:31:31 GMT', u'content-type': 'application/json', u'connection': 'close', u'x-openstack-request-id': 'req-d8cea507-cce8-4047-808e-cc51bea7a13d'} Body: {"NeutronError": {"message": "Trunk 245fe536-e3df-4486-9f88-c8b95be711ce could not be found.", "type": "TrunkNotFound", "detail": ""}} _log_request_full /root/.rally/verification/verifier-f493773d-3dbb-4ef3-8dee-62a75f52cebf/repo/tempest/lib/common/rest_client.py:434
2019-01-08 02:31:31.835 17898 INFO tempest.lib.common.rest_client [req-a1141716-2f58-449b-8c07-a1652974d596 ] Request (TrunkTestJSON:_run_cleanups): 404 DELETE http://172.30.9.42:9696/v2.0/trunks/245fe536-e3df-4486-9f88-c8b95be711ce 0.016s
2019-01-08 02:31:31.835 17898 DEBUG tempest.lib.common.rest_client [req-a1141716-2f58-449b-8c07-a1652974d596 ] Request - Headers: {'Content-Type': 'application/json', 'Accept': 'application/json', 'X-Auth-Token': ''} Body: None Response - Headers: {'status': '404', u'content-length': '134', 'content-location': 'http://172.30.9.42:9696/v2.0/trunks/245fe536-e3df-4486-9f88-c8b95be711ce', u'date': 'Tue, 08 Jan 2019 02:31:31 GMT', u'content-type': 'application/json', u'connection': 'close', u'x-openstack-request-id': 'req-a1141716-2f58-449b-8c07-a1652974d596'} Body: {"NeutronError": {"message": "Trunk 245fe536-e3df-4486-9f88-c8b95be711ce could not be found.", "type": "TrunkNotFound", "detail": ""}} _log_request_full /root/.rally/verification/verifier-f493773d-3dbb-4ef3-8dee-62a75f52cebf/repo/tempest/lib/common/rest_client.py:434
2019-01-08 02:31:31.852 17898 INFO tempest.lib.common.rest_client [req-b3294481-31f8-48a7-86cc-47d33364b93f ] Request (TrunkTestJSON:_run_cleanups): 404 GET http://172.30.9.42:9696/v2.0/trunks/19b0a450-eba1-4346-b848-c4445afb7fda/get_subports 0.016s
2019-01-08 02:31:31.852 17898 DEBUG tempest.lib.common.rest_client [req-b3294481-31f8-48a7-86cc-47d33364b93f ] Request - Headers: {'Content-Type': 'application/json', 'Accept': 'application/json', 'X-Auth-Token': ''} Body: None Response - Headers: {'status': '404', u'content-length': '134', 'content-location': 'http://172.30.9.42:9696/v2.0/trunks/19b0a450-eba1-4346-b848-c4445afb7fda/get_subports', u'date': 'Tue, 08 Jan 2019 02:31:31 GMT', u'content-type': 'application/json', u'connection': 'close', u'x-openstack-request-id': 'req-b3294481-31f8-48a7-86cc-47d33364b93f'} Body: {"NeutronError": {"message": "Trunk 19b0a450-eba1-4346-b848-c4445afb7fda could not be found.", "type": "TrunkNotFound", "detail": ""}} _log_request_full /root/.rally/verification/verifier-f493773d-3dbb-4ef3-8dee-62a75f52cebf/repo/tempest/lib/common/rest_client.py:434
2019-01-08 02:31:31.870 17898 INFO tempest.lib.common.rest_client [req-c2988727-4f84-4be4-aabe-1353c70e55ca ] Request (TrunkTestJSON:_run_cleanups): 404 DELETE http://172.30.9.42:9696/v2.0/trunks/19b0a450-eba1-4346-b848-c4445afb7fda 0.017s
2019-01-08 02:31:31.870 17898 DEBUG tempest.lib.common.rest_client [req-c2988727-4f84-4be4-aabe-1353c70e55ca ] Request - Headers: {'Content-Type': 'application/json', 'Accept': 'application/json', 'X-Auth-Token': ''} Body: None Response - Headers: {'status': '404', u'content-length': '134', 'content-location': 'http://172.30.9.42:9696/v2.0/trunks/19b0a450-eba1-4346-b848-c4445afb7fda', u'date': 'Tue, 08 Jan 2019 02:31:31 GMT', u'content-type': 'application/json', u'connection': 'close', u'x-openstack-request-id': 'req-c2988727-4f84-4be4-aabe-1353c70e55ca'} Body: {"NeutronError": {"message": "Trunk 19b0a450-eba1-4346-b848-c4445afb7fda could not be found.", "type": "TrunkNotFound", "detail": ""}} _log_request_full /root/.rally/verification/verifier-f493773d-3dbb-4ef3-8dee-62a75f52cebf/repo/tempest/lib/common/rest_client.py:434
2019-01-08 02:31:31.884 17898 INFO tempest.lib.common.rest_client [req-82e68733-d270-4616-af30-0d79bbd7a0eb ] Request (TrunkTestJSON:_run_cleanups): 404 GET http://172.30.9.42:9696/v2.0/trunks/2244cee8-088b-42c7-b635-69112c0e9176/get_subports 0.013s
2019-01-08 02:31:31.884 17898 DEBUG tempest.lib.common.rest_client [req-82e68733-d270-4616-af30-0d79bbd7a0eb ] Request - Headers: {'Content-Type': 'application/json', 'Accept': 'application/json', 'X-Auth-Token': ''} Body: None Response - Headers: {'status': '404', u'content-length': '134', 'content-location': 'http://172.30.9.42:9696/v2.0/trunks/2244cee8-088b-42c7-b635-69112c0e9176/get_subports', u'date': 'Tue, 08 Jan 2019 02:31:31 GMT', u'content-type': 'application/json', u'connection': 'close', u'x-openstack-request-id': 'req-82e68733-d270-4616-af30-0d79bbd7a0eb'} Body: {"NeutronError": {"message": "Trunk 2244cee8-088b-42c7-b635-69112c0e9176 could not be found.", "type": "TrunkNotFound", "detail": ""}} _log_request_full /root/.rally/verification/verifier-f493773d-3dbb-4ef3-8dee-62a75f52cebf/repo/tempest/lib/common/rest_client.py:434
2019-01-08 02:31:31.901 17898 INFO tempest.lib.common.rest_client [req-e3ee96e1-ed66-4deb-9809-1c9e9b4e4be3 ] Request (TrunkTestJSON:_run_cleanups): 404 DELETE http://172.30.9.42:9696/v2.0/trunks/2244cee8-088b-42c7-b635-69112c0e9176 0.015s
2019-01-08 02:31:31.901 17898 DEBUG tempest.lib.common.rest_client [req-e3ee96e1-ed66-4deb-9809-1c9e9b4e4be3 ] Request - Headers: {'Content-Type': 'application/json', 'Accept': 'application/json', 'X-Auth-Token': ''} Body: None Response - Headers: {'status': '404', u'content-length': '134', 'content-location': 'http://172.30.9.42:9696/v2.0/trunks/2244cee8-088b-42c7-b635-69112c0e9176', u'date': 'Tue, 08 Jan 2019 02:31:31 GMT', u'content-type': 'application/json', u'connection': 'close', u'x-openstack-request-id': 'req-e3ee96e1-ed66-4deb-9809-1c9e9b4e4be3'} Body: {"NeutronError": {"message": "Trunk 2244cee8-088b-42c7-b635-69112c0e9176 could not be found.", "type": "TrunkNotFound", "detail": ""}} _log_request_full /root/.rally/verification/verifier-f493773d-3dbb-4ef3-8dee-62a75f52cebf/repo/tempest/lib/common/rest_client.py:434
2019-01-08 02:31:31.916 17898 INFO tempest.lib.common.rest_client [req-1679b250-3917-45cc-afd8-d708d55d988a ] Request (TrunkTestJSON:_run_cleanups): 404 GET http://172.30.9.42:9696/v2.0/trunks/1b6714d2-f088-45ab-b0d5-05e1cc829a14/get_subports 0.014s
2019-01-08 02:31:31.917 17898 DEBUG tempest.lib.common.rest_client [req-1679b250-3917-45cc-afd8-d708d55d988a ] Request - Headers: {'Content-Type': 'application/json', 'Accept': 'application/json', 'X-Auth-Token': ''} Body: None Response - Headers: {'status': '404', u'content-length': '134', 'content-location': 'http://172.30.9.42:9696/v2.0/trunks/1b6714d2-f088-45ab-b0d5-05e1cc829a14/get_subports', u'date': 'Tue, 08 Jan 2019 02:31:31 GMT', u'content-type': 'application/json', u'connection': 'close', u'x-openstack-request-id': 'req-1679b250-3917-45cc-afd8-d708d55d988a'} Body: {"NeutronError": {"message": "Trunk 1b6714d2-f088-45ab-b0d5-05e1cc829a14 could not be found.", "type": "TrunkNotFound", "detail": ""}} _log_request_full /root/.rally/verification/verifier-f493773d-3dbb-4ef3-8dee-62a75f52cebf/repo/tempest/lib/common/rest_client.py:434
2019-01-08 02:31:31.933 17898 INFO tempest.lib.common.rest_client [req-ce4e2370-5c63-4921-a219-1618a584a47a ] Request (TrunkTestJSON:_run_cleanups): 404 DELETE http://172.30.9.42:9696/v2.0/trunks/1b6714d2-f088-45ab-b0d5-05e1cc829a14 0.016s
2019-01-08 02:31:31.934 17898 DEBUG tempest.lib.common.rest_client [req-ce4e2370-5c63-4921-a219-1618a584a47a ] Request - Headers: {'Content-Type': 'application/json', 'Accept': 'application/json', 'X-Auth-Token': ''} Body: None Response - Headers: {'status': '404', u'content-length': '134', 'content-location': 'http://172.30.9.42:9696/v2.0/trunks/1b6714d2-f088-45ab-b0d5-05e1cc829a14', u'date': 'Tue, 08 Jan 2019 02:31:31 GMT', u'content-type': 'application/json', u'connection': 'close', u'x-openstack-request-id': 'req-ce4e2370-5c63-4921-a219-1618a584a47a'} Body: {"NeutronError": {"message": "Trunk 1b6714d2-f088-45ab-b0d5-05e1cc829a14 could not be found.", "type": "TrunkNotFound", "detail": ""}} _log_request_full /root/.rally/verification/verifier-f493773d-3dbb-4ef3-8dee-62a75f52cebf/repo/tempest/lib/common/rest_client.py:434
2019-01-08 02:31:31.962 17898 INFO tempest.lib.common.rest_client [req-00c9836d-6fd1-4c72-b800-85899dfead2e ] Request (TrunkTestJSON:_run_cleanups): 404 GET http://172.30.9.42:9696/v2.0/trunks/2525995b-e8b5-40e6-a31d-3ee44fa283d9/get_subports 0.027s
2019-01-08 02:31:31.963 17898 DEBUG tempest.lib.common.rest_client [req-00c9836d-6fd1-4c72-b800-85899dfead2e ] Request - Headers: {'Content-Type': 'application/json', 'Accept': 'application/json', 'X-Auth-Token': ''} Body: None Response - Headers: {'status': '404', u'content-length': '134', 'content-location': 'http://172.30.9.42:9696/v2.0/trunks/2525995b-e8b5-40e6-a31d-3ee44fa283d9/get_subports', u'date': 'Tue, 08 Jan 2019 02:31:31 GMT', u'content-type': 'application/json', u'connection': 'close', u'x-openstack-request-id': 'req-00c9836d-6fd1-4c72-b800-85899dfead2e'} Body: {"NeutronError": {"message": "Trunk 2525995b-e8b5-40e6-a31d-3ee44fa283d9 could not be found.", "type": "TrunkNotFound", "detail": ""}} _log_request_full /root/.rally/verification/verifier-f493773d-3dbb-4ef3-8dee-62a75f52cebf/repo/tempest/lib/common/rest_client.py:434
2019-01-08 02:31:31.982 17902 INFO tempest.lib.common.rest_client [req-0a42bbaa-1b7c-4d68-843e-53b57f9dfd9a ] Request (TrunkTestJSON:_run_cleanups): 204 DELETE http://172.30.9.42:9696/v2.0/ports/a5b63248-cc51-44a7-a7f5-750995711368 0.434s
2019-01-08 02:31:31.982 17902 DEBUG tempest.lib.common.rest_client [req-0a42bbaa-1b7c-4d68-843e-53b57f9dfd9a ] Request - Headers: {'Content-Type': 'application/json', 'Accept': 'application/json', 'X-Auth-Token': ''} Body: None Response - Headers: {'status': '204', u'content-length': '0', 'content-location': 'http://172.30.9.42:9696/v2.0/ports/a5b63248-cc51-44a7-a7f5-750995711368', u'date': 'Tue, 08 Jan 2019 02:31:31 GMT', u'connection': 'close', u'x-openstack-request-id': 'req-0a42bbaa-1b7c-4d68-843e-53b57f9dfd9a'} Body: _log_request_full /root/.rally/verification/verifier-f493773d-3dbb-4ef3-8dee-62a75f52cebf/repo/tempest/lib/common/rest_client.py:434
2019-01-08 02:31:31.990 17898 INFO tempest.lib.common.rest_client [req-1bd1eba2-59d4-43ed-be3c-8ea0364d5f2b ] Request (TrunkTestJSON:_run_cleanups): 404 DELETE http://172.30.9.42:9696/v2.0/trunks/2525995b-e8b5-40e6-a31d-3ee44fa283d9 0.026s
2019-01-08 02:31:31.990 17898 DEBUG tempest.lib.common.rest_client [req-1bd1eba2-59d4-43ed-be3c-8ea0364d5f2b ] Request - Headers: {'Content-Type': 'application/json', 'Accept': 'application/json', 'X-Auth-Token': ''} Body: None Response - Headers: {'status': '404', u'content-length': '134', 'content-location': 'http://172.30.9.42:9696/v2.0/trunks/2525995b-e8b5-40e6-a31d-3ee44fa283d9', u'date': 'Tue, 08 Jan 2019 02:31:31 GMT', u'content-type': 'application/json', u'connection': 'close', u'x-openstack-request-id': 'req-1bd1eba2-59d4-43ed-be3c-8ea0364d5f2b'} Body: {"NeutronError": {"message": "Trunk 2525995b-e8b5-40e6-a31d-3ee44fa283d9 could not be found.", "type": "TrunkNotFound", "detail": ""}} _log_request_full /root/.rally/verification/verifier-f493773d-3dbb-4ef3-8dee-62a75f52cebf/repo/tempest/lib/common/rest_client.py:434
2019-01-08 02:31:32.008 17898 INFO tempest.lib.common.rest_client [req-536e3c81-025c-44be-98ec-1a8abb9df346 ] Request (TrunkTestJSON:_run_cleanups): 404 GET http://172.30.9.42:9696/v2.0/trunks/afedd388-424d-4f47-bce8-989caa60fe35/get_subports 0.017s
2019-01-08 02:31:32.008 17898 DEBUG tempest.lib.common.rest_client [req-536e3c81-025c-44be-98ec-1a8abb9df346 ] Request - Headers: {'Content-Type': 'application/json', 'Accept': 'application/json', 'X-Auth-Token': ''} Body: None Response - Headers: {'status': '404', u'content-length': '134', 'content-location': 'http://172.30.9.42:9696/v2.0/trunks/afedd388-424d-4f47-bce8-989caa60fe35/get_subports', u'date': 'Tue, 08 Jan 2019 02:31:32 GMT', u'content-type': 'application/json', u'connection': 'close', u'x-openstack-request-id': 'req-536e3c81-025c-44be-98ec-1a8abb9df346'} Body: {"NeutronError": {"message": "Trunk afedd388-424d-4f47-bce8-989caa60fe35 could not be found.", "type": "TrunkNotFound", "detail": ""}} _log_request_full /root/.rally/verification/verifier-f493773d-3dbb-4ef3-8dee-62a75f52cebf/repo/tempest/lib/common/rest_client.py:434
2019-01-08 02:31:32.016 17902 INFO tempest.lib.common.rest_client [req-83170b0b-7390-4bf0-a02d-ecad57d4b45a ] Request (TrunkTestJSON:_run_cleanups): 404 DELETE http://172.30.9.42:9696/v2.0/networks/c37937af-b798-4c81-879f-e419b522ff5e 0.033s
2019-01-08 02:31:32.017 17902 DEBUG tempest.lib.common.rest_client [req-83170b0b-7390-4bf0-a02d-ecad57d4b45a ] Request - Headers: {'Content-Type': 'application/json', 'Accept': 'application/json', 'X-Auth-Token': ''} Body: None Response - Headers: {'status': '404', u'content-length': '138', 'content-location': 'http://172.30.9.42:9696/v2.0/networks/c37937af-b798-4c81-879f-e419b522ff5e', u'date': 'Tue, 08 Jan 2019 02:31:32 GMT', u'content-type': 'application/json', u'connection': 'close', u'x-openstack-request-id': 'req-83170b0b-7390-4bf0-a02d-ecad57d4b45a'} Body: {"NeutronError": {"message": "Network c37937af-b798-4c81-879f-e419b522ff5e could not be found.", "type": "NetworkNotFound", "detail": ""}} _log_request_full /root/.rally/verification/verifier-f493773d-3dbb-4ef3-8dee-62a75f52cebf/repo/tempest/lib/common/rest_client.py:434
2019-01-08 02:31:32.025 17898 INFO tempest.lib.common.rest_client [req-14ea8ff3-20f7-4ab5-a7af-f587d9f507f7 ] Request (TrunkTestJSON:_run_cleanups): 404 DELETE http://172.30.9.42:9696/v2.0/trunks/afedd388-424d-4f47-bce8-989caa60fe35 0.016s
2019-01-08 02:31:32.026 17898 DEBUG tempest.lib.common.rest_client [req-14ea8ff3-20f7-4ab5-a7af-f587d9f507f7 ] Request - Headers: {'Content-Type': 'application/json', 'Accept': 'application/json', 'X-Auth-Token': ''} Body: None Response - Headers: {'status': '404', u'content-length': '134', 'content-location': 'http://172.30.9.42:9696/v2.0/trunks/afedd388-424d-4f47-bce8-989caa60fe35', u'date': 'Tue, 08 Jan 2019 02:31:32 GMT', u'content-type': 'application/json', u'connection': 'close', u'x-openstack-request-id': 'req-14ea8ff3-20f7-4ab5-a7af-f587d9f507f7'} Body: {"NeutronError": {"message": "Trunk afedd388-424d-4f47-bce8-989caa60fe35 could not be found.", "type": "TrunkNotFound", "detail": ""}} _log_request_full /root/.rally/verification/verifier-f493773d-3dbb-4ef3-8dee-62a75f52cebf/repo/tempest/lib/common/rest_client.py:434
2019-01-08 02:31:32.042 17902 INFO tempest.lib.common.rest_client [req-b3ece5d9-f2af-4a0e-bffb-6a314a15a2e0 ] Request (TrunkTestJSON:_run_cleanups): 404 DELETE http://172.30.9.42:9696/v2.0/networks/17c3702b-dc06-4ea0-b0ff-b74bf43dda5e 0.025s
2019-01-08 02:31:32.042 17898 INFO tempest.lib.common.rest_client [req-02a56450-405a-41f0-b268-5c9adcc0f460 ] Request (TrunkTestJSON:_run_cleanups): 404 GET http://172.30.9.42:9696/v2.0/trunks/ba021fe1-25b9-4920-a6d2-8c7a83931391/get_subports 0.016s
2019-01-08 02:31:32.043 17902 DEBUG tempest.lib.common.rest_client [req-b3ece5d9-f2af-4a0e-bffb-6a314a15a2e0 ] Request - Headers: {'Content-Type': 'application/json', 'Accept': 'application/json', 'X-Auth-Token': ''} Body: None Response - Headers: {'status': '404', u'content-length': '138', 'content-location': 'http://172.30.9.42:9696/v2.0/networks/17c3702b-dc06-4ea0-b0ff-b74bf43dda5e', u'date': 'Tue, 08 Jan 2019 02:31:32 GMT', u'content-type': 'application/json', u'connection': 'close', u'x-openstack-request-id': 'req-b3ece5d9-f2af-4a0e-bffb-6a314a15a2e0'} Body: {"NeutronError": {"message": "Network 17c3702b-dc06-4ea0-b0ff-b74bf43dda5e could not be found.", "type": "NetworkNotFound", "detail": ""}} _log_request_full /root/.rally/verification/verifier-f493773d-3dbb-4ef3-8dee-62a75f52cebf/repo/tempest/lib/common/rest_client.py:434
2019-01-08 02:31:32.043 17898 DEBUG tempest.lib.common.rest_client [req-02a56450-405a-41f0-b268-5c9adcc0f460 ] Request - Headers: {'Content-Type': 'application/json', 'Accept': 'application/json', 'X-Auth-Token': ''} Body: None Response - Headers: {'status': '404', u'content-length': '134', 'content-location': 'http://172.30.9.42:9696/v2.0/trunks/ba021fe1-25b9-4920-a6d2-8c7a83931391/get_subports', u'date': 'Tue, 08 Jan 2019 02:31:32 GMT', u'content-type': 'application/json', u'connection': 'close', u'x-openstack-request-id': 'req-02a56450-405a-41f0-b268-5c9adcc0f460'} Body: {"NeutronError": {"message": "Trunk ba021fe1-25b9-4920-a6d2-8c7a83931391 could not be found.", "type": "TrunkNotFound", "detail": ""}} _log_request_full /root/.rally/verification/verifier-f493773d-3dbb-4ef3-8dee-62a75f52cebf/repo/tempest/lib/common/rest_client.py:434
2019-01-08 02:31:32.061 17898 INFO tempest.lib.common.rest_client [req-8c58d966-2d9f-49de-b40f-b5adcdf3ff99 ] Request (TrunkTestJSON:_run_cleanups): 404 DELETE http://172.30.9.42:9696/v2.0/trunks/ba021fe1-25b9-4920-a6d2-8c7a83931391 0.017s
2019-01-08 02:31:32.062 17898 DEBUG tempest.lib.common.rest_client [req-8c58d966-2d9f-49de-b40f-b5adcdf3ff99 ] Request - Headers: {'Content-Type': 'application/json', 'Accept': 'application/json', 'X-Auth-Token': ''} Body: None Response - Headers: {'status': '404', u'content-length': '134', 'content-location': 'http://172.30.9.42:9696/v2.0/trunks/ba021fe1-25b9-4920-a6d2-8c7a83931391', u'date': 'Tue, 08 Jan 2019 02:31:32 GMT', u'content-type': 'application/json', u'connection': 'close', u'x-openstack-request-id': 'req-8c58d966-2d9f-49de-b40f-b5adcdf3ff99'} Body: {"NeutronError": {"message": "Trunk ba021fe1-25b9-4920-a6d2-8c7a83931391 could not be found.", "type": "TrunkNotFound", "detail": ""}} _log_request_full /root/.rally/verification/verifier-f493773d-3dbb-4ef3-8dee-62a75f52cebf/repo/tempest/lib/common/rest_client.py:434
2019-01-08 02:31:32.077 17898 INFO tempest.lib.common.rest_client [req-ff6de748-e367-410a-b3b3-ae346a1646d6 ] Request (TrunkTestJSON:_run_cleanups): 404 GET http://172.30.9.42:9696/v2.0/trunks/464e85fd-5d0b-416b-b806-c2f343470199/get_subports 0.014s
2019-01-08 02:31:32.077 17898 DEBUG tempest.lib.common.rest_client [req-ff6de748-e367-410a-b3b3-ae346a1646d6 ] Request - Headers: {'Content-Type': 'application/json', 'Accept': 'application/json', 'X-Auth-Token': ''} Body: None Response - Headers: {'status': '404', u'content-length': '134', 'content-location': 'http://172.30.9.42:9696/v2.0/trunks/464e85fd-5d0b-416b-b806-c2f343470199/get_subports', u'date': 'Tue, 08 Jan 2019 02:31:32 GMT', u'content-type': 'application/json', u'connection': 'close', u'x-openstack-request-id': 'req-ff6de748-e367-410a-b3b3-ae346a1646d6'} Body: {"NeutronError": {"message": "Trunk 464e85fd-5d0b-416b-b806-c2f343470199 could not be found.", "type": "TrunkNotFound", "detail": ""}} _log_request_full /root/.rally/verification/verifier-f493773d-3dbb-4ef3-8dee-62a75f52cebf/repo/tempest/lib/common/rest_client.py:434
2019-01-08 02:31:32.081 17902 INFO tempest.lib.common.rest_client [req-ef1c4ce4-701b-47b2-936e-cb5b38e2f7cd ] Request (TrunkTestJSON:_run_cleanups): 404 DELETE http://172.30.9.42:9696/v2.0/networks/ef3ed235-beb1-4c03-9cc4-cb571c1274c4 0.037s
2019-01-08 02:31:32.081 17902 DEBUG tempest.lib.common.rest_client [req-ef1c4ce4-701b-47b2-936e-cb5b38e2f7cd ] Request - Headers: {'Content-Type': 'application/json', 'Accept': 'application/json', 'X-Auth-Token': ''} Body: None Response - Headers: {'status': '404', u'content-length': '138', 'content-location': 'http://172.30.9.42:9696/v2.0/networks/ef3ed235-beb1-4c03-9cc4-cb571c1274c4', u'date': 'Tue, 08 Jan 2019 02:31:32 GMT', u'content-type': 'application/json', u'connection': 'close', u'x-openstack-request-id': 'req-ef1c4ce4-701b-47b2-936e-cb5b38e2f7cd'} Body: {"NeutronError": {"message": "Network ef3ed235-beb1-4c03-9cc4-cb571c1274c4 could not be found.", "type": "NetworkNotFound", "detail": ""}} _log_request_full /root/.rally/verification/verifier-f493773d-3dbb-4ef3-8dee-62a75f52cebf/repo/tempest/lib/common/rest_client.py:434
2019-01-08 02:31:32.097 17898 INFO tempest.lib.common.rest_client [req-456fe127-0033-42ef-b327-c4bd6ec6339a ] Request (TrunkTestJSON:_run_cleanups): 404 DELETE http://172.30.9.42:9696/v2.0/trunks/464e85fd-5d0b-416b-b806-c2f343470199 0.019s
2019-01-08 02:31:32.098 17898 DEBUG tempest.lib.common.rest_client [req-456fe127-0033-42ef-b327-c4bd6ec6339a ] Request - Headers: {'Content-Type': 'application/json', 'Accept': 'application/json', 'X-Auth-Token': ''} Body: None Response - Headers: {'status': '404', u'content-length': '134', 'content-location': 'http://172.30.9.42:9696/v2.0/trunks/464e85fd-5d0b-416b-b806-c2f343470199', u'date': 'Tue, 08 Jan 2019 02:31:32 GMT', u'content-type': 'application/json', u'connection': 'close', u'x-openstack-request-id': 'req-456fe127-0033-42ef-b327-c4bd6ec6339a'} Body: {"NeutronError": {"message": "Trunk 464e85fd-5d0b-416b-b806-c2f343470199 could not be found.", "type": "TrunkNotFound", "detail": ""}} _log_request_full /root/.rally/verification/verifier-f493773d-3dbb-4ef3-8dee-62a75f52cebf/repo/tempest/lib/common/rest_client.py:434
2019-01-08 02:31:32.104 17902 INFO tempest.lib.common.rest_client [req-d0685687-2a9b-4b1c-bfd2-4f1df935283f ] Request (TrunkTestJSON:_run_cleanups): 404 DELETE http://172.30.9.42:9696/v2.0/networks/ed8d3617-eb82-4a52-b654-2fa9dc7e26f2 0.022s
2019-01-08 02:31:32.104 17902 DEBUG tempest.lib.common.rest_client [req-d0685687-2a9b-4b1c-bfd2-4f1df935283f ] Request - Headers: {'Content-Type': 'application/json', 'Accept': 'application/json', 'X-Auth-Token': ''} Body: None Response - Headers: {'status': '404', u'content-length': '138', 'content-location': 'http://172.30.9.42:9696/v2.0/networks/ed8d3617-eb82-4a52-b654-2fa9dc7e26f2', u'date': 'Tue, 08 Jan 2019 02:31:32 GMT', u'content-type': 'application/json', u'connection': 'close', u'x-openstack-request-id': 'req-d0685687-2a9b-4b1c-bfd2-4f1df935283f'} Body: {"NeutronError": {"message": "Network ed8d3617-eb82-4a52-b654-2fa9dc7e26f2 could not be found.", "type": "NetworkNotFound", "detail": ""}} _log_request_full /root/.rally/verification/verifier-f493773d-3dbb-4ef3-8dee-62a75f52cebf/repo/tempest/lib/common/rest_client.py:434
2019-01-08 02:31:32.112 17898 INFO tempest.lib.common.rest_client [req-aa8a9a85-5297-4a52-ba77-bb747e4d9e9d ] Request (TrunkTestJSON:_run_cleanups): 404 GET http://172.30.9.42:9696/v2.0/trunks/526c4c1d-0baf-4c69-9152-f374135f84dc/get_subports 0.013s
2019-01-08 02:31:32.112 17898 DEBUG tempest.lib.common.rest_client [req-aa8a9a85-5297-4a52-ba77-bb747e4d9e9d ] Request - Headers: {'Content-Type': 'application/json', 'Accept': 'application/json', 'X-Auth-Token': ''} Body: None Response - Headers: {'status': '404', u'content-length': '134', 'content-location': 'http://172.30.9.42:9696/v2.0/trunks/526c4c1d-0baf-4c69-9152-f374135f84dc/get_subports', u'date': 'Tue, 08 Jan 2019 02:31:32 GMT', u'content-type': 'application/json', u'connection': 'close', u'x-openstack-request-id': 'req-aa8a9a85-5297-4a52-ba77-bb747e4d9e9d'} Body: {"NeutronError": {"message": "Trunk 526c4c1d-0baf-4c69-9152-f374135f84dc could not be found.", "type": "TrunkNotFound", "detail": ""}} _log_request_full /root/.rally/verification/verifier-f493773d-3dbb-4ef3-8dee-62a75f52cebf/repo/tempest/lib/common/rest_client.py:434
2019-01-08 02:31:32.128 17902 INFO tempest.lib.common.rest_client [req-7d496c7d-8927-4a21-8a86-1b1accbdecd3 ] Request (TrunkTestJSON:_run_cleanups): 404 DELETE http://172.30.9.42:9696/v2.0/networks/078684e6-d780-4829-87b8-cc7b063166c0 0.023s
2019-01-08 02:31:32.129 17902 DEBUG tempest.lib.common.rest_client [req-7d496c7d-8927-4a21-8a86-1b1accbdecd3 ] Request - Headers: {'Content-Type': 'application/json', 'Accept': 'application/json', 'X-Auth-Token': ''} Body: None Response - Headers: {'status': '404', u'content-length': '138', 'content-location': 'http://172.30.9.42:9696/v2.0/networks/078684e6-d780-4829-87b8-cc7b063166c0', u'date': 'Tue, 08 Jan 2019 02:31:32 GMT', u'content-type': 'application/json', u'connection': 'close', u'x-openstack-request-id': 'req-7d496c7d-8927-4a21-8a86-1b1accbdecd3'} Body: {"NeutronError": {"message": "Network 078684e6-d780-4829-87b8-cc7b063166c0 could not be found.", "type": "NetworkNotFound", "detail": ""}} _log_request_full /root/.rally/verification/verifier-f493773d-3dbb-4ef3-8dee-62a75f52cebf/repo/tempest/lib/common/rest_client.py:434
2019-01-08 02:31:32.131 17898 INFO tempest.lib.common.rest_client [req-b7883ee6-d9b7-409b-a2a8-ca2ebca24ae3 ] Request (TrunkTestJSON:_run_cleanups): 404 DELETE http://172.30.9.42:9696/v2.0/trunks/526c4c1d-0baf-4c69-9152-f374135f84dc 0.018s
2019-01-08 02:31:32.132 17898 DEBUG tempest.lib.common.rest_client [req-b7883ee6-d9b7-409b-a2a8-ca2ebca24ae3 ] Request - Headers: {'Content-Type': 'application/json', 'Accept': 'application/json', 'X-Auth-Token': ''} Body: None Response - Headers: {'status': '404', u'content-length': '134', 'content-location': 'http://172.30.9.42:9696/v2.0/trunks/526c4c1d-0baf-4c69-9152-f374135f84dc', u'date': 'Tue, 08 Jan 2019 02:31:32 GMT', u'content-type': 'application/json', u'connection': 'close', u'x-openstack-request-id': 'req-b7883ee6-d9b7-409b-a2a8-ca2ebca24ae3'} Body: {"NeutronError": {"message": "Trunk 526c4c1d-0baf-4c69-9152-f374135f84dc could not be found.", "type": "TrunkNotFound", "detail": ""}} _log_request_full /root/.rally/verification/verifier-f493773d-3dbb-4ef3-8dee-62a75f52cebf/repo/tempest/lib/common/rest_client.py:434
2019-01-08 02:31:32.153 17902 INFO tempest.lib.common.rest_client [req-3d2a5021-a643-4cba-a840-e6c5127289c9 ] Request (TrunkTestJSON:_run_cleanups): 404 DELETE http://172.30.9.42:9696/v2.0/networks/69df7d04-70c4-4431-9a12-58e2456be19b 0.023s
2019-01-08 02:31:32.154 17902 DEBUG tempest.lib.common.rest_client [req-3d2a5021-a643-4cba-a840-e6c5127289c9 ] Request - Headers: {'Content-Type': 'application/json', 'Accept': 'application/json', 'X-Auth-Token': ''} Body: None Response - Headers: {'status': '404', u'content-length': '138', 'content-location': 'http://172.30.9.42:9696/v2.0/networks/69df7d04-70c4-4431-9a12-58e2456be19b', u'date': 'Tue, 08 Jan 2019 02:31:32 GMT', u'content-type': 'application/json', u'connection': 'close', u'x-openstack-request-id': 'req-3d2a5021-a643-4cba-a840-e6c5127289c9'} Body: {"NeutronError": {"message": "Network 69df7d04-70c4-4431-9a12-58e2456be19b could not be found.", "type": "NetworkNotFound", "detail": ""}} _log_request_full /root/.rally/verification/verifier-f493773d-3dbb-4ef3-8dee-62a75f52cebf/repo/tempest/lib/common/rest_client.py:434
2019-01-08 02:31:32.160 17898 INFO tempest.lib.common.rest_client [req-8ecc6540-a8f5-43f7-8f49-eb704d4149e7 ] Request (TrunkTestJSON:_run_cleanups): 200 GET http://172.30.9.42:9696/v2.0/trunks/0905be4b-d5a6-4326-87d5-cc7f45431eaf/get_subports 0.028s
2019-01-08 02:31:32.160 17898 DEBUG tempest.lib.common.rest_client [req-8ecc6540-a8f5-43f7-8f49-eb704d4149e7 ] Request - Headers: {'Content-Type': 'application/json', 'Accept': 'application/json', 'X-Auth-Token': ''} Body: None Response - Headers: {'status': '200', u'content-length': '119', 'content-location': 'http://172.30.9.42:9696/v2.0/trunks/0905be4b-d5a6-4326-87d5-cc7f45431eaf/get_subports', u'date': 'Tue, 08 Jan 2019 02:31:32 GMT', u'content-type': 'application/json', u'connection': 'close', u'x-openstack-request-id': 'req-8ecc6540-a8f5-43f7-8f49-eb704d4149e7'} Body: {"sub_ports": [{"segmentation_type": "vlan", "port_id": "63cccf24-a0c2-4f26-9a3a-22f1ebcffc58", "segmentation_id": 4}]} _log_request_full /root/.rally/verification/verifier-f493773d-3dbb-4ef3-8dee-62a75f52cebf/repo/tempest/lib/common/rest_client.py:434
2019-01-08 02:31:32.177 17902 INFO tempest.lib.common.rest_client [req-5b4b738c-9791-49af-a99b-7d0ecb0eb782 ] Request (TrunkTestJSON:_run_cleanups): 404 DELETE http://172.30.9.42:9696/v2.0/networks/054cab89-1ac5-4c84-ac0f-bd9eac302a3f 0.022s
2019-01-08 02:31:32.177 17902 DEBUG tempest.lib.common.rest_client [req-5b4b738c-9791-49af-a99b-7d0ecb0eb782 ] Request - Headers: {'Content-Type': 'application/json', 'Accept': 'application/json', 'X-Auth-Token': ''} Body: None Response - Headers: {'status': '404', u'content-length': '138', 'content-location': 'http://172.30.9.42:9696/v2.0/networks/054cab89-1ac5-4c84-ac0f-bd9eac302a3f', u'date': 'Tue, 08 Jan 2019 02:31:32 GMT', u'content-type': 'application/json', u'connection': 'close', u'x-openstack-request-id': 'req-5b4b738c-9791-49af-a99b-7d0ecb0eb782'} Body: {"NeutronError": {"message": "Network 054cab89-1ac5-4c84-ac0f-bd9eac302a3f could not be found.", "type": "NetworkNotFound", "detail": ""}} _log_request_full /root/.rally/verification/verifier-f493773d-3dbb-4ef3-8dee-62a75f52cebf/repo/tempest/lib/common/rest_client.py:434
2019-01-08 02:31:32.200 17902 INFO tempest.lib.common.rest_client [req-7c05a49f-0413-4969-9ecb-1c44560da04e ] Request (TrunkTestJSON:_run_cleanups): 404 DELETE http://172.30.9.42:9696/v2.0/networks/59440658-aff0-4945-a876-554bd4551968 0.022s
2019-01-08 02:31:32.201 17902 DEBUG tempest.lib.common.rest_client [req-7c05a49f-0413-4969-9ecb-1c44560da04e ] Request - Headers: {'Content-Type': 'application/json', 'Accept': 'application/json', 'X-Auth-Token': ''} Body: None Response - Headers: {'status': '404', u'content-length': '138', 'content-location': 'http://172.30.9.42:9696/v2.0/networks/59440658-aff0-4945-a876-554bd4551968', u'date': 'Tue, 08 Jan 2019 02:31:32 GMT', u'content-type': 'application/json', u'connection': 'close', u'x-openstack-request-id': 'req-7c05a49f-0413-4969-9ecb-1c44560da04e'} Body: {"NeutronError": {"message": "Network 59440658-aff0-4945-a876-554bd4551968 could not be found.", "type": "NetworkNotFound", "detail": ""}} _log_request_full /root/.rally/verification/verifier-f493773d-3dbb-4ef3-8dee-62a75f52cebf/repo/tempest/lib/common/rest_client.py:434
2019-01-08 02:31:32.223 17902 INFO tempest.lib.common.rest_client [req-dbf7db1e-cba4-435b-b7eb-2da9a697ffb8 ] Request (TrunkTestJSON:_run_cleanups): 404 DELETE http://172.30.9.42:9696/v2.0/networks/e3d81ae9-bba3-42a9-8341-56959248537f 0.021s
2019-01-08 02:31:32.224 17902 DEBUG tempest.lib.common.rest_client [req-dbf7db1e-cba4-435b-b7eb-2da9a697ffb8 ] Request - Headers: {'Content-Type': 'application/json', 'Accept': 'application/json', 'X-Auth-Token': ''} Body: None Response - Headers: {'status': '404', u'content-length': '138', 'content-location': 'http://172.30.9.42:9696/v2.0/networks/e3d81ae9-bba3-42a9-8341-56959248537f', u'date': 'Tue, 08 Jan 2019 02:31:32 GMT', u'content-type': 'application/json', u'connection': 'close', u'x-openstack-request-id': 'req-dbf7db1e-cba4-435b-b7eb-2da9a697ffb8'} Body: {"NeutronError": {"message": "Network e3d81ae9-bba3-42a9-8341-56959248537f could not be found.", "type": "NetworkNotFound", "detail": ""}} _log_request_full /root/.rally/verification/verifier-f493773d-3dbb-4ef3-8dee-62a75f52cebf/repo/tempest/lib/common/rest_client.py:434
2019-01-08 02:31:32.247 17902 INFO tempest.lib.common.rest_client [req-704dd674-2020-46b0-8a2d-50a079b8be43 ] Request (TrunkTestJSON:_run_cleanups): 404 DELETE http://172.30.9.42:9696/v2.0/networks/493db407-e699-4746-880c-dc73c721665b 0.022s
2019-01-08 02:31:32.247 17902 DEBUG tempest.lib.common.rest_client [req-704dd674-2020-46b0-8a2d-50a079b8be43 ] Request - Headers: {'Content-Type': 'application/json', 'Accept': 'application/json', 'X-Auth-Token': ''} Body: None Response - Headers: {'status': '404', u'content-length': '138', 'content-location': 'http://172.30.9.42:9696/v2.0/networks/493db407-e699-4746-880c-dc73c721665b', u'date': 'Tue, 08 Jan 2019 02:31:32 GMT', u'content-type': 'application/json', u'connection': 'close', u'x-openstack-request-id': 'req-704dd674-2020-46b0-8a2d-50a079b8be43'} Body: {"NeutronError": {"message": "Network 493db407-e699-4746-880c-dc73c721665b could not be found.", "type": "NetworkNotFound", "detail": ""}} _log_request_full /root/.rally/verification/verifier-f493773d-3dbb-4ef3-8dee-62a75f52cebf/repo/tempest/lib/common/rest_client.py:434
2019-01-08 02:31:32.271 17902 INFO tempest.lib.common.rest_client [req-99338d60-f9ba-403c-9f6a-371026a45c4f ] Request (TrunkTestJSON:_run_cleanups): 404 DELETE http://172.30.9.42:9696/v2.0/networks/5c4c30ad-a80e-446a-98a5-a8808a3e7556 0.023s
2019-01-08 02:31:32.272 17902 DEBUG tempest.lib.common.rest_client [req-99338d60-f9ba-403c-9f6a-371026a45c4f ] Request - Headers: {'Content-Type': 'application/json', 'Accept': 'application/json', 'X-Auth-Token': ''} Body: None Response - Headers: {'status': '404', u'content-length': '138', 'content-location': 'http://172.30.9.42:9696/v2.0/networks/5c4c30ad-a80e-446a-98a5-a8808a3e7556', u'date': 'Tue, 08 Jan 2019 02:31:32 GMT', u'content-type': 'application/json', u'connection': 'close', u'x-openstack-request-id': 'req-99338d60-f9ba-403c-9f6a-371026a45c4f'} Body: {"NeutronError": {"message": "Network 5c4c30ad-a80e-446a-98a5-a8808a3e7556 could not be found.", "type": "NetworkNotFound", "detail": ""}} _log_request_full /root/.rally/verification/verifier-f493773d-3dbb-4ef3-8dee-62a75f52cebf/repo/tempest/lib/common/rest_client.py:434
2019-01-08 02:31:32.287 17899 INFO tempest.lib.common.rest_client [req-31243ad3-cbb6-4af1-b126-a8360d71a184 ] Request (TrunkTest:test_trunk_subport_lifecycle): 200 GET http://172.30.9.42:9696/v2.0/ports/9258f8a2-bf42-47c2-b1d0-dc5f364d02b9 0.242s
2019-01-08 02:31:32.288 17899 DEBUG tempest.lib.common.rest_client [req-31243ad3-cbb6-4af1-b126-a8360d71a184 ] Request - Headers: {'Content-Type': 'application/json', 'Accept': 'application/json', 'X-Auth-Token': ''} Body: None Response - Headers: {'status': '200', u'content-length': '670', 'content-location': 'http://172.30.9.42:9696/v2.0/ports/9258f8a2-bf42-47c2-b1d0-dc5f364d02b9', u'date': 'Tue, 08 Jan 2019 02:31:32 GMT', u'content-type': 'application/json', u'connection': 'close', u'x-openstack-request-id': 'req-31243ad3-cbb6-4af1-b126-a8360d71a184'} Body: {"port":{"allowed_address_pairs":[],"extra_dhcp_opts":[],"updated_at":"2019-01-08T02:30:54Z","device_owner":"","revision_number":6,"port_security_enabled":true,"fixed_ips":[],"id":"9258f8a2-bf42-47c2-b1d0-dc5f364d02b9","security_groups":["a687b391-d3fb-4e27-81aa-ed71e3503691"],"mac_address":"fa:16:3e:3b:54:0f","device_id":"","status":"DOWN","description":"","tags":[],"dns_assignment":[],"name":"","project_id":"8d9457d9f7874e62b5c671790d0b2e1e","qos_policy_id":null,"admin_state_up":true,"network_id":"42d43db2-7a92-4bec-ae10-95f52851b4a6","dns_name":"","created_at":"2019-01-08T02:30:48Z","binding:vnic_type":"normal","tenant_id":"8d9457d9f7874e62b5c671790d0b2e1e"}} _log_request_full /root/.rally/verification/verifier-f493773d-3dbb-4ef3-8dee-62a75f52cebf/repo/tempest/lib/common/rest_client.py:434
2019-01-08 02:31:32.303 17902 INFO tempest.lib.common.rest_client [req-853d3214-abea-4e82-a74d-a9641c4f8421 ] Request (TrunkTestJSON:_run_cleanups): 404 DELETE http://172.30.9.42:9696/v2.0/networks/268f2efc-e4d4-4be6-b3b0-4df4cb2499ba 0.031s
2019-01-08 02:31:32.304 17902 DEBUG tempest.lib.common.rest_client [req-853d3214-abea-4e82-a74d-a9641c4f8421 ] Request - Headers: {'Content-Type': 'application/json', 'Accept': 'application/json', 'X-Auth-Token': ''} Body: None Response - Headers: {'status': '404', u'content-length': '138', 'content-location': 'http://172.30.9.42:9696/v2.0/networks/268f2efc-e4d4-4be6-b3b0-4df4cb2499ba', u'date': 'Tue, 08 Jan 2019 02:31:32 GMT', u'content-type': 'application/json', u'connection': 'close', u'x-openstack-request-id': 'req-853d3214-abea-4e82-a74d-a9641c4f8421'} Body: {"NeutronError": {"message": "Network 268f2efc-e4d4-4be6-b3b0-4df4cb2499ba could not be found.", "type": "NetworkNotFound", "detail": ""}} _log_request_full /root/.rally/verification/verifier-f493773d-3dbb-4ef3-8dee-62a75f52cebf/repo/tempest/lib/common/rest_client.py:434
2019-01-08 02:31:32.327 17902 INFO tempest.lib.common.rest_client [req-4ae69403-0533-44f3-8691-e2c0de1e5791 ] Request (TrunkTestJSON:_run_cleanups): 404 DELETE http://172.30.9.42:9696/v2.0/networks/7fbca83a-14d9-4893-84ee-98c6fd8c6064 0.022s
2019-01-08 02:31:32.328 17902 DEBUG tempest.lib.common.rest_client [req-4ae69403-0533-44f3-8691-e2c0de1e5791 ] Request - Headers: {'Content-Type': 'application/json', 'Accept': 'application/json', 'X-Auth-Token': ''} Body: None Response - Headers: {'status': '404', u'content-length': '138', 'content-location': 'http://172.30.9.42:9696/v2.0/networks/7fbca83a-14d9-4893-84ee-98c6fd8c6064', u'date': 'Tue, 08 Jan 2019 02:31:32 GMT', u'content-type': 'application/json', u'connection': 'close', u'x-openstack-request-id': 'req-4ae69403-0533-44f3-8691-e2c0de1e5791'} Body: {"NeutronError": {"message": "Network 7fbca83a-14d9-4893-84ee-98c6fd8c6064 could not be found.", "type": "NetworkNotFound", "detail": ""}} _log_request_full /root/.rally/verification/verifier-f493773d-3dbb-4ef3-8dee-62a75f52cebf/repo/tempest/lib/common/rest_client.py:434
2019-01-08 02:31:32.351 17902 INFO tempest.lib.common.rest_client [req-043ce22d-7e3f-41b8-84da-af150e9c8d6f ] Request (TrunkTestJSON:_run_cleanups): 404 DELETE http://172.30.9.42:9696/v2.0/networks/9d24a46d-afcf-45a7-9dac-e99247dff656 0.023s
2019-01-08 02:31:32.352 17902 DEBUG tempest.lib.common.rest_client [req-043ce22d-7e3f-41b8-84da-af150e9c8d6f ] Request - Headers: {'Content-Type': 'application/json', 'Accept': 'application/json', 'X-Auth-Token': ''} Body: None Response - Headers: {'status': '404', u'content-length': '138', 'content-location': 'http://172.30.9.42:9696/v2.0/networks/9d24a46d-afcf-45a7-9dac-e99247dff656', u'date': 'Tue, 08 Jan 2019 02:31:32 GMT', u'content-type': 'application/json', u'connection': 'close', u'x-openstack-request-id': 'req-043ce22d-7e3f-41b8-84da-af150e9c8d6f'} Body: {"NeutronError": {"message": "Network 9d24a46d-afcf-45a7-9dac-e99247dff656 could not be found.", "type": "NetworkNotFound", "detail": ""}} _log_request_full /root/.rally/verification/verifier-f493773d-3dbb-4ef3-8dee-62a75f52cebf/repo/tempest/lib/common/rest_client.py:434
2019-01-08 02:31:32.382 17902 INFO tempest.lib.common.rest_client [req-07306472-4b8d-4686-9dd5-604b8f88b1f8 ] Request (TrunkTestJSON:_run_cleanups): 404 DELETE http://172.30.9.42:9696/v2.0/networks/ddfe9e2b-4ee2-47cb-ac81-5c5e2ce82b0d 0.029s
2019-01-08 02:31:32.382 17902 DEBUG tempest.lib.common.rest_client [req-07306472-4b8d-4686-9dd5-604b8f88b1f8 ] Request - Headers: {'Content-Type': 'application/json', 'Accept': 'application/json', 'X-Auth-Token': ''} Body: None Response - Headers: {'status': '404', u'content-length': '138', 'content-location': 'http://172.30.9.42:9696/v2.0/networks/ddfe9e2b-4ee2-47cb-ac81-5c5e2ce82b0d', u'date': 'Tue, 08 Jan 2019 02:31:32 GMT', u'content-type': 'application/json', u'connection': 'close', u'x-openstack-request-id': 'req-07306472-4b8d-4686-9dd5-604b8f88b1f8'} Body: {"NeutronError": {"message": "Network ddfe9e2b-4ee2-47cb-ac81-5c5e2ce82b0d could not be found.", "type": "NetworkNotFound", "detail": ""}} _log_request_full /root/.rally/verification/verifier-f493773d-3dbb-4ef3-8dee-62a75f52cebf/repo/tempest/lib/common/rest_client.py:434
2019-01-08 02:31:32.966 17898 INFO tempest.lib.common.rest_client [req-b8316e3c-e0f8-401d-8a2a-5213d8f5d78f ] Request (TrunkTestJSON:_run_cleanups): 200 PUT http://172.30.9.42:9696/v2.0/trunks/0905be4b-d5a6-4326-87d5-cc7f45431eaf/remove_subports 0.804s
2019-01-08 02:31:32.966 17898 DEBUG tempest.lib.common.rest_client [req-b8316e3c-e0f8-401d-8a2a-5213d8f5d78f ] Request - Headers: {'Content-Type': 'application/json', 'Accept': 'application/json', 'X-Auth-Token': ''} Body: {"sub_ports": [{"port_id": "63cccf24-a0c2-4f26-9a3a-22f1ebcffc58", "segmentation_type": "vlan", "segmentation_id": 4}]} Response - Headers: {'status': '200', u'content-length': '396', 'content-location': 'http://172.30.9.42:9696/v2.0/trunks/0905be4b-d5a6-4326-87d5-cc7f45431eaf/remove_subports', u'date': 'Tue, 08 Jan 2019 02:31:32 GMT', u'content-type': 'application/json', u'connection': 'close', u'x-openstack-request-id': 'req-b8316e3c-e0f8-401d-8a2a-5213d8f5d78f'} Body: {"status": "DOWN", "sub_ports": [], "name": "", "admin_state_up": true, "tenant_id": "b851d02b73ae40b9aa3cc9e80bfb5faa", "created_at": "2019-01-08T02:31:29Z", "tags": [], "updated_at": "2019-01-08T02:31:32Z", "revision_number": 4, "project_id": "b851d02b73ae40b9aa3cc9e80bfb5faa", "port_id": "ea24f375-b6fd-476d-a639-2b28d50de1b9", "id": "0905be4b-d5a6-4326-87d5-cc7f45431eaf", "description": ""} _log_request_full /root/.rally/verification/verifier-f493773d-3dbb-4ef3-8dee-62a75f52cebf/repo/tempest/lib/common/rest_client.py:434
2019-01-08 02:31:33.086 17898 INFO tempest.lib.common.rest_client [req-4347fba2-078f-4bee-b2dd-f735fe1d7e54 ] Request (TrunkTestJSON:_run_cleanups): 204 DELETE http://172.30.9.42:9696/v2.0/trunks/0905be4b-d5a6-4326-87d5-cc7f45431eaf 0.119s
2019-01-08 02:31:33.086 17898 DEBUG tempest.lib.common.rest_client [req-4347fba2-078f-4bee-b2dd-f735fe1d7e54 ] Request - Headers: {'Content-Type': 'application/json', 'Accept': 'application/json', 'X-Auth-Token': ''} Body: None Response - Headers: {'status': '204', u'content-length': '0', 'content-location': 'http://172.30.9.42:9696/v2.0/trunks/0905be4b-d5a6-4326-87d5-cc7f45431eaf', u'date': 'Tue, 08 Jan 2019 02:31:33 GMT', u'connection': 'close', u'x-openstack-request-id': 'req-4347fba2-078f-4bee-b2dd-f735fe1d7e54'} Body: _log_request_full /root/.rally/verification/verifier-f493773d-3dbb-4ef3-8dee-62a75f52cebf/repo/tempest/lib/common/rest_client.py:434
2019-01-08 02:31:33.102 17898 INFO tempest.lib.common.rest_client [req-f1c946ab-1442-4e63-936f-8d23e6710067 ] Request (TrunkTestJSON:_run_cleanups): 404 GET http://172.30.9.42:9696/v2.0/trunks/13cb4f48-af8e-445a-b590-01031e9a8b50 0.014s
2019-01-08 02:31:33.102 17898 DEBUG tempest.lib.common.rest_client [req-f1c946ab-1442-4e63-936f-8d23e6710067 ] Request - Headers: {'Content-Type': 'application/json', 'Accept': 'application/json', 'X-Auth-Token': ''} Body: None Response - Headers: {'status': '404', u'content-length': '134', 'content-location': 'http://172.30.9.42:9696/v2.0/trunks/13cb4f48-af8e-445a-b590-01031e9a8b50', u'date': 'Tue, 08 Jan 2019 02:31:33 GMT', u'content-type': 'application/json', u'connection': 'close', u'x-openstack-request-id': 'req-f1c946ab-1442-4e63-936f-8d23e6710067'} Body: {"NeutronError": {"message": "Trunk 13cb4f48-af8e-445a-b590-01031e9a8b50 could not be found.", "type": "TrunkNotFound", "detail": ""}} _log_request_full /root/.rally/verification/verifier-f493773d-3dbb-4ef3-8dee-62a75f52cebf/repo/tempest/lib/common/rest_client.py:434
2019-01-08 02:31:33.117 17898 INFO tempest.lib.common.rest_client [req-3a0dc2f0-90e5-44be-9d5c-76d5dee53d14 ] Request (TrunkTestJSON:_run_cleanups): 404 GET http://172.30.9.42:9696/v2.0/trunks/245fe536-e3df-4486-9f88-c8b95be711ce 0.014s
2019-01-08 02:31:33.118 17898 DEBUG tempest.lib.common.rest_client [req-3a0dc2f0-90e5-44be-9d5c-76d5dee53d14 ] Request - Headers: {'Content-Type': 'application/json', 'Accept': 'application/json', 'X-Auth-Token': ''} Body: None Response - Headers: {'status': '404', u'content-length': '134', 'content-location': 'http://172.30.9.42:9696/v2.0/trunks/245fe536-e3df-4486-9f88-c8b95be711ce', u'date': 'Tue, 08 Jan 2019 02:31:33 GMT', u'content-type': 'application/json', u'connection': 'close', u'x-openstack-request-id': 'req-3a0dc2f0-90e5-44be-9d5c-76d5dee53d14'} Body: {"NeutronError": {"message": "Trunk 245fe536-e3df-4486-9f88-c8b95be711ce could not be found.", "type": "TrunkNotFound", "detail": ""}} _log_request_full /root/.rally/verification/verifier-f493773d-3dbb-4ef3-8dee-62a75f52cebf/repo/tempest/lib/common/rest_client.py:434
2019-01-08 02:31:33.133 17898 INFO tempest.lib.common.rest_client [req-177397be-ffc1-4e44-aab8-255c9f623787 ] Request (TrunkTestJSON:_run_cleanups): 404 GET http://172.30.9.42:9696/v2.0/trunks/19b0a450-eba1-4346-b848-c4445afb7fda 0.014s
2019-01-08 02:31:33.133 17898 DEBUG tempest.lib.common.rest_client [req-177397be-ffc1-4e44-aab8-255c9f623787 ] Request - Headers: {'Content-Type': 'application/json', 'Accept': 'application/json', 'X-Auth-Token': ''} Body: None Response - Headers: {'status': '404', u'content-length': '134', 'content-location': 'http://172.30.9.42:9696/v2.0/trunks/19b0a450-eba1-4346-b848-c4445afb7fda', u'date': 'Tue, 08 Jan 2019 02:31:33 GMT', u'content-type': 'application/json', u'connection': 'close', u'x-openstack-request-id': 'req-177397be-ffc1-4e44-aab8-255c9f623787'} Body: {"NeutronError": {"message": "Trunk 19b0a450-eba1-4346-b848-c4445afb7fda could not be found.", "type": "TrunkNotFound", "detail": ""}} _log_request_full /root/.rally/verification/verifier-f493773d-3dbb-4ef3-8dee-62a75f52cebf/repo/tempest/lib/common/rest_client.py:434
2019-01-08 02:31:33.148 17898 INFO tempest.lib.common.rest_client [req-e65ab866-3f70-4468-92c7-55351b13f850 ] Request (TrunkTestJSON:_run_cleanups): 404 GET http://172.30.9.42:9696/v2.0/trunks/2244cee8-088b-42c7-b635-69112c0e9176 0.014s
2019-01-08 02:31:33.148 17898 DEBUG tempest.lib.common.rest_client [req-e65ab866-3f70-4468-92c7-55351b13f850 ] Request - Headers: {'Content-Type': 'application/json', 'Accept': 'application/json', 'X-Auth-Token': ''} Body: None Response - Headers: {'status': '404', u'content-length': '134', 'content-location': 'http://172.30.9.42:9696/v2.0/trunks/2244cee8-088b-42c7-b635-69112c0e9176', u'date': 'Tue, 08 Jan 2019 02:31:33 GMT', u'content-type': 'application/json', u'connection': 'close', u'x-openstack-request-id': 'req-e65ab866-3f70-4468-92c7-55351b13f850'} Body: {"NeutronError": {"message": "Trunk 2244cee8-088b-42c7-b635-69112c0e9176 could not be found.", "type": "TrunkNotFound", "detail": ""}} _log_request_full /root/.rally/verification/verifier-f493773d-3dbb-4ef3-8dee-62a75f52cebf/repo/tempest/lib/common/rest_client.py:434
2019-01-08 02:31:33.164 17898 INFO tempest.lib.common.rest_client [req-3cbbf8c1-9bca-45d2-8d8d-82d7a797e921 ] Request (TrunkTestJSON:_run_cleanups): 404 GET http://172.30.9.42:9696/v2.0/trunks/1b6714d2-f088-45ab-b0d5-05e1cc829a14 0.015s
2019-01-08 02:31:33.164 17898 DEBUG tempest.lib.common.rest_client [req-3cbbf8c1-9bca-45d2-8d8d-82d7a797e921 ] Request - Headers: {'Content-Type': 'application/json', 'Accept': 'application/json', 'X-Auth-Token': ''} Body: None Response - Headers: {'status': '404', u'content-length': '134', 'content-location': 'http://172.30.9.42:9696/v2.0/trunks/1b6714d2-f088-45ab-b0d5-05e1cc829a14', u'date': 'Tue, 08 Jan 2019 02:31:33 GMT', u'content-type': 'application/json', u'connection': 'close', u'x-openstack-request-id': 'req-3cbbf8c1-9bca-45d2-8d8d-82d7a797e921'} Body: {"NeutronError": {"message": "Trunk 1b6714d2-f088-45ab-b0d5-05e1cc829a14 could not be found.", "type": "TrunkNotFound", "detail": ""}} _log_request_full /root/.rally/verification/verifier-f493773d-3dbb-4ef3-8dee-62a75f52cebf/repo/tempest/lib/common/rest_client.py:434
2019-01-08 02:31:33.177 17898 INFO tempest.lib.common.rest_client [req-155a4144-febc-4a7e-a7be-3dfbca444341 ] Request (TrunkTestJSON:_run_cleanups): 404 GET http://172.30.9.42:9696/v2.0/trunks/2525995b-e8b5-40e6-a31d-3ee44fa283d9 0.012s
2019-01-08 02:31:33.178 17898 DEBUG tempest.lib.common.rest_client [req-155a4144-febc-4a7e-a7be-3dfbca444341 ] Request - Headers: {'Content-Type': 'application/json', 'Accept': 'application/json', 'X-Auth-Token': ''} Body: None Response - Headers: {'status': '404', u'content-length': '134', 'content-location': 'http://172.30.9.42:9696/v2.0/trunks/2525995b-e8b5-40e6-a31d-3ee44fa283d9', u'date': 'Tue, 08 Jan 2019 02:31:33 GMT', u'content-type': 'application/json', u'connection': 'close', u'x-openstack-request-id': 'req-155a4144-febc-4a7e-a7be-3dfbca444341'} Body: {"NeutronError": {"message": "Trunk 2525995b-e8b5-40e6-a31d-3ee44fa283d9 could not be found.", "type": "TrunkNotFound", "detail": ""}} _log_request_full /root/.rally/verification/verifier-f493773d-3dbb-4ef3-8dee-62a75f52cebf/repo/tempest/lib/common/rest_client.py:434
2019-01-08 02:31:33.191 17898 INFO tempest.lib.common.rest_client [req-83e690ba-524d-45f6-be0f-f36cf3d24a44 ] Request (TrunkTestJSON:_run_cleanups): 404 GET http://172.30.9.42:9696/v2.0/trunks/afedd388-424d-4f47-bce8-989caa60fe35 0.013s
2019-01-08 02:31:33.192 17898 DEBUG tempest.lib.common.rest_client [req-83e690ba-524d-45f6-be0f-f36cf3d24a44 ] Request - Headers: {'Content-Type': 'application/json', 'Accept': 'application/json', 'X-Auth-Token': ''} Body: None Response - Headers: {'status': '404', u'content-length': '134', 'content-location': 'http://172.30.9.42:9696/v2.0/trunks/afedd388-424d-4f47-bce8-989caa60fe35', u'date': 'Tue, 08 Jan 2019 02:31:33 GMT', u'content-type': 'application/json', u'connection': 'close', u'x-openstack-request-id': 'req-83e690ba-524d-45f6-be0f-f36cf3d24a44'} Body: {"NeutronError": {"message": "Trunk afedd388-424d-4f47-bce8-989caa60fe35 could not be found.", "type": "TrunkNotFound", "detail": ""}} _log_request_full /root/.rally/verification/verifier-f493773d-3dbb-4ef3-8dee-62a75f52cebf/repo/tempest/lib/common/rest_client.py:434
2019-01-08 02:31:33.206 17898 INFO tempest.lib.common.rest_client [req-fa2ca3bd-e2c0-41ea-aedf-9489cee4f73d ] Request (TrunkTestJSON:_run_cleanups): 404 GET http://172.30.9.42:9696/v2.0/trunks/ba021fe1-25b9-4920-a6d2-8c7a83931391 0.013s
