2018-12-29 14:34:54.152 17922 DEBUG tempest.lib.common.rest_client [req-e3ab1faa-9229-40af-a03f-02a8f7dcc658 ] Request - Headers: {'Content-Type': 'application/json', 'Accept': 'application/json', 'X-Auth-Token': ''} Body: {"sub_ports": [{"segmentation_type": "vlan", "port_id": "9d13f949-90f5-4ff7-9e0f-e740b28ad614"}]} Response - Headers: {'status': '400', u'content-length': '302', 'content-location': 'http://172.30.9.28:9696/v2.0/trunks/7f1b9972-a978-459c-bddb-9b155d0c334c/add_subports', u'date': 'Sat, 29 Dec 2018 14:34:54 GMT', u'content-type': 'application/json', u'connection': 'close', u'x-openstack-request-id': 'req-e3ab1faa-9229-40af-a03f-02a8f7dcc658'} Body: {"NeutronError": {"message": "Invalid input for operation: Invalid subport details '{u'segmentation_type': u'vlan', u'port_id': u'9d13f949-90f5-4ff7-9e0f-e740b28ad614'}': missing segmentation information. Must specify both segmentation_id and segmentation_type.", "type": "InvalidInput", "detail": ""}} _log_request_full /root/.rally/verification/verifier-eceeb075-6baf-49b6-a056-8c334db769a9/repo/tempest/lib/common/rest_client.py:434
2018-12-29 14:34:54.172 17918 INFO tempest.lib.common.rest_client [req-483400f3-2a4b-4454-ad49-c546358f61e6 ] Request (TrunkTestJSON:_run_cleanups): 404 DELETE http://172.30.9.28:9696/v2.0/ports/8fbdd8bb-513b-4491-ac48-b19d4b01b97c 0.031s
2018-12-29 14:34:54.172 17918 DEBUG tempest.lib.common.rest_client [req-483400f3-2a4b-4454-ad49-c546358f61e6 ] Request - Headers: {'Content-Type': 'application/json', 'Accept': 'application/json', 'X-Auth-Token': ''} Body: None Response - Headers: {'status': '404', u'content-length': '132', 'content-location': 'http://172.30.9.28:9696/v2.0/ports/8fbdd8bb-513b-4491-ac48-b19d4b01b97c', u'date': 'Sat, 29 Dec 2018 14:34:54 GMT', u'content-type': 'application/json', u'connection': 'close', u'x-openstack-request-id': 'req-483400f3-2a4b-4454-ad49-c546358f61e6'} Body: {"NeutronError": {"message": "Port 8fbdd8bb-513b-4491-ac48-b19d4b01b97c could not be found.", "type": "PortNotFound", "detail": ""}} _log_request_full /root/.rally/verification/verifier-eceeb075-6baf-49b6-a056-8c334db769a9/repo/tempest/lib/common/rest_client.py:434
2018-12-29 14:34:54.174 17922 INFO tempest.lib.common.rest_client [req-6949c0c2-71fc-427e-bd66-1332811ac661 ] Request (TrunkTestJSON:_run_cleanups): 404 GET http://172.30.9.28:9696/v2.0/trunks/4b4ab845-3440-4f51-b5b7-faac309be7fb/get_subports 0.022s
2018-12-29 14:34:54.175 17922 DEBUG tempest.lib.common.rest_client [req-6949c0c2-71fc-427e-bd66-1332811ac661 ] Request - Headers: {'Content-Type': 'application/json', 'Accept': 'application/json', 'X-Auth-Token': ''} Body: None Response - Headers: {'status': '404', u'content-length': '134', 'content-location': 'http://172.30.9.28:9696/v2.0/trunks/4b4ab845-3440-4f51-b5b7-faac309be7fb/get_subports', u'date': 'Sat, 29 Dec 2018 14:34:54 GMT', u'content-type': 'application/json', u'connection': 'close', u'x-openstack-request-id': 'req-6949c0c2-71fc-427e-bd66-1332811ac661'} Body: {"NeutronError": {"message": "Trunk 4b4ab845-3440-4f51-b5b7-faac309be7fb could not be found.", "type": "TrunkNotFound", "detail": ""}} _log_request_full /root/.rally/verification/verifier-eceeb075-6baf-49b6-a056-8c334db769a9/repo/tempest/lib/common/rest_client.py:434
2018-12-29 14:34:54.191 17922 INFO tempest.lib.common.rest_client [req-cf1a9630-f32c-49d4-8fe2-3b2192213096 ] Request (TrunkTestJSON:_run_cleanups): 404 DELETE http://172.30.9.28:9696/v2.0/trunks/4b4ab845-3440-4f51-b5b7-faac309be7fb 0.015s
2018-12-29 14:34:54.191 17922 DEBUG tempest.lib.common.rest_client [req-cf1a9630-f32c-49d4-8fe2-3b2192213096 ] Request - Headers: {'Content-Type': 'application/json', 'Accept': 'application/json', 'X-Auth-Token': ''} Body: None Response - Headers: {'status': '404', u'content-length': '134', 'content-location': 'http://172.30.9.28:9696/v2.0/trunks/4b4ab845-3440-4f51-b5b7-faac309be7fb', u'date': 'Sat, 29 Dec 2018 14:34:54 GMT', u'content-type': 'application/json', u'connection': 'close', u'x-openstack-request-id': 'req-cf1a9630-f32c-49d4-8fe2-3b2192213096'} Body: {"NeutronError": {"message": "Trunk 4b4ab845-3440-4f51-b5b7-faac309be7fb could not be found.", "type": "TrunkNotFound", "detail": ""}} _log_request_full /root/.rally/verification/verifier-eceeb075-6baf-49b6-a056-8c334db769a9/repo/tempest/lib/common/rest_client.py:434
2018-12-29 14:34:54.205 17918 INFO tempest.lib.common.rest_client [req-70b66aa2-834e-4804-b6f8-5f14de6a299c ] Request (TrunkTestJSON:_run_cleanups): 404 DELETE http://172.30.9.28:9696/v2.0/ports/fa00b31a-0b4c-4a39-8786-c40bb14494f0 0.032s
2018-12-29 14:34:54.205 17918 DEBUG tempest.lib.common.rest_client [req-70b66aa2-834e-4804-b6f8-5f14de6a299c ] Request - Headers: {'Content-Type': 'application/json', 'Accept': 'application/json', 'X-Auth-Token': ''} Body: None Response - Headers: {'status': '404', u'content-length': '132', 'content-location': 'http://172.30.9.28:9696/v2.0/ports/fa00b31a-0b4c-4a39-8786-c40bb14494f0', u'date': 'Sat, 29 Dec 2018 14:34:54 GMT', u'content-type': 'application/json', u'connection': 'close', u'x-openstack-request-id': 'req-70b66aa2-834e-4804-b6f8-5f14de6a299c'} Body: {"NeutronError": {"message": "Port fa00b31a-0b4c-4a39-8786-c40bb14494f0 could not be found.", "type": "PortNotFound", "detail": ""}} _log_request_full /root/.rally/verification/verifier-eceeb075-6baf-49b6-a056-8c334db769a9/repo/tempest/lib/common/rest_client.py:434
2018-12-29 14:34:54.206 17922 INFO tempest.lib.common.rest_client [req-10fea75a-9db4-4f45-b9cc-bddafa26ed73 ] Request (TrunkTestJSON:_run_cleanups): 404 GET http://172.30.9.28:9696/v2.0/trunks/1c6911a0-d6c4-4b79-a85e-4f81551c7cff/get_subports 0.014s
2018-12-29 14:34:54.206 17922 DEBUG tempest.lib.common.rest_client [req-10fea75a-9db4-4f45-b9cc-bddafa26ed73 ] Request - Headers: {'Content-Type': 'application/json', 'Accept': 'application/json', 'X-Auth-Token': ''} Body: None Response - Headers: {'status': '404', u'content-length': '134', 'content-location': 'http://172.30.9.28:9696/v2.0/trunks/1c6911a0-d6c4-4b79-a85e-4f81551c7cff/get_subports', u'date': 'Sat, 29 Dec 2018 14:34:54 GMT', u'content-type': 'application/json', u'connection': 'close', u'x-openstack-request-id': 'req-10fea75a-9db4-4f45-b9cc-bddafa26ed73'} Body: {"NeutronError": {"message": "Trunk 1c6911a0-d6c4-4b79-a85e-4f81551c7cff could not be found.", "type": "TrunkNotFound", "detail": ""}} _log_request_full /root/.rally/verification/verifier-eceeb075-6baf-49b6-a056-8c334db769a9/repo/tempest/lib/common/rest_client.py:434
2018-12-29 14:34:54.223 17922 INFO tempest.lib.common.rest_client [req-e2cee05d-bf57-4eb2-b16b-8c4ccb0e05e2 ] Request (TrunkTestJSON:_run_cleanups): 404 DELETE http://172.30.9.28:9696/v2.0/trunks/1c6911a0-d6c4-4b79-a85e-4f81551c7cff 0.016s
2018-12-29 14:34:54.224 17922 DEBUG tempest.lib.common.rest_client [req-e2cee05d-bf57-4eb2-b16b-8c4ccb0e05e2 ] Request - Headers: {'Content-Type': 'application/json', 'Accept': 'application/json', 'X-Auth-Token': ''} Body: None Response - Headers: {'status': '404', u'content-length': '134', 'content-location': 'http://172.30.9.28:9696/v2.0/trunks/1c6911a0-d6c4-4b79-a85e-4f81551c7cff', u'date': 'Sat, 29 Dec 2018 14:34:54 GMT', u'content-type': 'application/json', u'connection': 'close', u'x-openstack-request-id': 'req-e2cee05d-bf57-4eb2-b16b-8c4ccb0e05e2'} Body: {"NeutronError": {"message": "Trunk 1c6911a0-d6c4-4b79-a85e-4f81551c7cff could not be found.", "type": "TrunkNotFound", "detail": ""}} _log_request_full /root/.rally/verification/verifier-eceeb075-6baf-49b6-a056-8c334db769a9/repo/tempest/lib/common/rest_client.py:434
2018-12-29 14:34:54.233 17918 INFO tempest.lib.common.rest_client [req-5d2cfdc8-03a9-4eb2-bf96-d5399a87c043 ] Request (TrunkTestJSON:_run_cleanups): 404 DELETE http://172.30.9.28:9696/v2.0/ports/969871fa-c92d-4bfe-b167-ecc5fa953379 0.027s
2018-12-29 14:34:54.233 17918 DEBUG tempest.lib.common.rest_client [req-5d2cfdc8-03a9-4eb2-bf96-d5399a87c043 ] Request - Headers: {'Content-Type': 'application/json', 'Accept': 'application/json', 'X-Auth-Token': ''} Body: None Response - Headers: {'status': '404', u'content-length': '132', 'content-location': 'http://172.30.9.28:9696/v2.0/ports/969871fa-c92d-4bfe-b167-ecc5fa953379', u'date': 'Sat, 29 Dec 2018 14:34:54 GMT', u'content-type': 'application/json', u'connection': 'close', u'x-openstack-request-id': 'req-5d2cfdc8-03a9-4eb2-bf96-d5399a87c043'} Body: {"NeutronError": {"message": "Port 969871fa-c92d-4bfe-b167-ecc5fa953379 could not be found.", "type": "PortNotFound", "detail": ""}} _log_request_full /root/.rally/verification/verifier-eceeb075-6baf-49b6-a056-8c334db769a9/repo/tempest/lib/common/rest_client.py:434
2018-12-29 14:34:54.240 17922 INFO tempest.lib.common.rest_client [req-fc523cb3-3e8d-42af-bf9d-7f2f6144e8b3 ] Request (TrunkTestJSON:_run_cleanups): 404 GET http://172.30.9.28:9696/v2.0/trunks/309f66bd-6eec-4914-a7b7-e1c7a1ff6b50/get_subports 0.015s
2018-12-29 14:34:54.240 17922 DEBUG tempest.lib.common.rest_client [req-fc523cb3-3e8d-42af-bf9d-7f2f6144e8b3 ] Request - Headers: {'Content-Type': 'application/json', 'Accept': 'application/json', 'X-Auth-Token': ''} Body: None Response - Headers: {'status': '404', u'content-length': '134', 'content-location': 'http://172.30.9.28:9696/v2.0/trunks/309f66bd-6eec-4914-a7b7-e1c7a1ff6b50/get_subports', u'date': 'Sat, 29 Dec 2018 14:34:54 GMT', u'content-type': 'application/json', u'connection': 'close', u'x-openstack-request-id': 'req-fc523cb3-3e8d-42af-bf9d-7f2f6144e8b3'} Body: {"NeutronError": {"message": "Trunk 309f66bd-6eec-4914-a7b7-e1c7a1ff6b50 could not be found.", "type": "TrunkNotFound", "detail": ""}} _log_request_full /root/.rally/verification/verifier-eceeb075-6baf-49b6-a056-8c334db769a9/repo/tempest/lib/common/rest_client.py:434
2018-12-29 14:34:54.259 17922 INFO tempest.lib.common.rest_client [req-c2b2470a-c70c-4b92-b1e1-efde87149f31 ] Request (TrunkTestJSON:_run_cleanups): 404 DELETE http://172.30.9.28:9696/v2.0/trunks/309f66bd-6eec-4914-a7b7-e1c7a1ff6b50 0.018s
2018-12-29 14:34:54.259 17922 DEBUG tempest.lib.common.rest_client [req-c2b2470a-c70c-4b92-b1e1-efde87149f31 ] Request - Headers: {'Content-Type': 'application/json', 'Accept': 'application/json', 'X-Auth-Token': ''} Body: None Response - Headers: {'status': '404', u'content-length': '134', 'content-location': 'http://172.30.9.28:9696/v2.0/trunks/309f66bd-6eec-4914-a7b7-e1c7a1ff6b50', u'date': 'Sat, 29 Dec 2018 14:34:54 GMT', u'content-type': 'application/json', u'connection': 'close', u'x-openstack-request-id': 'req-c2b2470a-c70c-4b92-b1e1-efde87149f31'} Body: {"NeutronError": {"message": "Trunk 309f66bd-6eec-4914-a7b7-e1c7a1ff6b50 could not be found.", "type": "TrunkNotFound", "detail": ""}} _log_request_full /root/.rally/verification/verifier-eceeb075-6baf-49b6-a056-8c334db769a9/repo/tempest/lib/common/rest_client.py:434
2018-12-29 14:34:54.272 17922 INFO tempest.lib.common.rest_client [req-de808b4b-23d9-4627-aa27-cf3372de7ea3 ] Request (TrunkTestJSON:_run_cleanups): 404 GET http://172.30.9.28:9696/v2.0/trunks/09a75552-fd87-4ef6-ac69-db73314c501d/get_subports 0.013s
2018-12-29 14:34:54.273 17922 DEBUG tempest.lib.common.rest_client [req-de808b4b-23d9-4627-aa27-cf3372de7ea3 ] Request - Headers: {'Content-Type': 'application/json', 'Accept': 'application/json', 'X-Auth-Token': ''} Body: None Response - Headers: {'status': '404', u'content-length': '134', 'content-location': 'http://172.30.9.28:9696/v2.0/trunks/09a75552-fd87-4ef6-ac69-db73314c501d/get_subports', u'date': 'Sat, 29 Dec 2018 14:34:54 GMT', u'content-type': 'application/json', u'connection': 'close', u'x-openstack-request-id': 'req-de808b4b-23d9-4627-aa27-cf3372de7ea3'} Body: {"NeutronError": {"message": "Trunk 09a75552-fd87-4ef6-ac69-db73314c501d could not be found.", "type": "TrunkNotFound", "detail": ""}} _log_request_full /root/.rally/verification/verifier-eceeb075-6baf-49b6-a056-8c334db769a9/repo/tempest/lib/common/rest_client.py:434
2018-12-29 14:34:54.289 17922 INFO tempest.lib.common.rest_client [req-7bd92f8c-1718-4106-8021-54419244e4a8 ] Request (TrunkTestJSON:_run_cleanups): 404 DELETE http://172.30.9.28:9696/v2.0/trunks/09a75552-fd87-4ef6-ac69-db73314c501d 0.016s
2018-12-29 14:34:54.290 17922 DEBUG tempest.lib.common.rest_client [req-7bd92f8c-1718-4106-8021-54419244e4a8 ] Request - Headers: {'Content-Type': 'application/json', 'Accept': 'application/json', 'X-Auth-Token': ''} Body: None Response - Headers: {'status': '404', u'content-length': '134', 'content-location': 'http://172.30.9.28:9696/v2.0/trunks/09a75552-fd87-4ef6-ac69-db73314c501d', u'date': 'Sat, 29 Dec 2018 14:34:54 GMT', u'content-type': 'application/json', u'connection': 'close', u'x-openstack-request-id': 'req-7bd92f8c-1718-4106-8021-54419244e4a8'} Body: {"NeutronError": {"message": "Trunk 09a75552-fd87-4ef6-ac69-db73314c501d could not be found.", "type": "TrunkNotFound", "detail": ""}} _log_request_full /root/.rally/verification/verifier-eceeb075-6baf-49b6-a056-8c334db769a9/repo/tempest/lib/common/rest_client.py:434
2018-12-29 14:34:54.321 17922 INFO tempest.lib.common.rest_client [req-b9412574-9bc6-4d5f-93ec-ed734bce0b6d ] Request (TrunkTestJSON:_run_cleanups): 200 GET http://172.30.9.28:9696/v2.0/trunks/7f1b9972-a978-459c-bddb-9b155d0c334c/get_subports 0.030s
2018-12-29 14:34:54.321 17922 DEBUG tempest.lib.common.rest_client [req-b9412574-9bc6-4d5f-93ec-ed734bce0b6d ] Request - Headers: {'Content-Type': 'application/json', 'Accept': 'application/json', 'X-Auth-Token': ''} Body: None Response - Headers: {'status': '200', u'content-length': '17', 'content-location': 'http://172.30.9.28:9696/v2.0/trunks/7f1b9972-a978-459c-bddb-9b155d0c334c/get_subports', u'date': 'Sat, 29 Dec 2018 14:34:54 GMT', u'content-type': 'application/json', u'connection': 'close', u'x-openstack-request-id': 'req-b9412574-9bc6-4d5f-93ec-ed734bce0b6d'} Body: {"sub_ports": []} _log_request_full /root/.rally/verification/verifier-eceeb075-6baf-49b6-a056-8c334db769a9/repo/tempest/lib/common/rest_client.py:434
2018-12-29 14:34:54.384 17922 INFO tempest.lib.common.rest_client [req-d9858401-caf8-47e3-93c1-0f2c71c6b20f ] Request (TrunkTestJSON:_run_cleanups): 200 PUT http://172.30.9.28:9696/v2.0/trunks/7f1b9972-a978-459c-bddb-9b155d0c334c/remove_subports 0.062s
2018-12-29 14:34:54.385 17922 DEBUG tempest.lib.common.rest_client [req-d9858401-caf8-47e3-93c1-0f2c71c6b20f ] Request - Headers: {'Content-Type': 'application/json', 'Accept': 'application/json', 'X-Auth-Token': ''} Body: {"sub_ports": []} Response - Headers: {'status': '200', u'content-length': '396', 'content-location': 'http://172.30.9.28:9696/v2.0/trunks/7f1b9972-a978-459c-bddb-9b155d0c334c/remove_subports', u'date': 'Sat, 29 Dec 2018 14:34:54 GMT', u'content-type': 'application/json', u'connection': 'close', u'x-openstack-request-id': 'req-d9858401-caf8-47e3-93c1-0f2c71c6b20f'} Body: {"status": "DOWN", "sub_ports": [], "name": "", "admin_state_up": true, "tenant_id": "13369d2a5d32456c8e8f8574ae03faa0", "created_at": "2018-12-29T14:34:52Z", "tags": [], "updated_at": "2018-12-29T14:34:54Z", "revision_number": 1, "project_id": "13369d2a5d32456c8e8f8574ae03faa0", "port_id": "b78bc238-0ec3-40b2-a7f3-fd96b7110545", "id": "7f1b9972-a978-459c-bddb-9b155d0c334c", "description": ""} _log_request_full /root/.rally/verification/verifier-eceeb075-6baf-49b6-a056-8c334db769a9/repo/tempest/lib/common/rest_client.py:434
2018-12-29 14:34:54.571 17922 INFO tempest.lib.common.rest_client [req-ce5916d2-add5-47d4-b32c-d217e7501f7b ] Request (TrunkTestJSON:_run_cleanups): 204 DELETE http://172.30.9.28:9696/v2.0/trunks/7f1b9972-a978-459c-bddb-9b155d0c334c 0.185s
2018-12-29 14:34:54.571 17922 DEBUG tempest.lib.common.rest_client [req-ce5916d2-add5-47d4-b32c-d217e7501f7b ] Request - Headers: {'Content-Type': 'application/json', 'Accept': 'application/json', 'X-Auth-Token': ''} Body: None Response - Headers: {'status': '204', u'content-length': '0', 'content-location': 'http://172.30.9.28:9696/v2.0/trunks/7f1b9972-a978-459c-bddb-9b155d0c334c', u'date': 'Sat, 29 Dec 2018 14:34:54 GMT', u'connection': 'close', u'x-openstack-request-id': 'req-ce5916d2-add5-47d4-b32c-d217e7501f7b'} Body: _log_request_full /root/.rally/verification/verifier-eceeb075-6baf-49b6-a056-8c334db769a9/repo/tempest/lib/common/rest_client.py:434
2018-12-29 14:34:54.587 17922 INFO tempest.lib.common.rest_client [req-adb49423-096f-451e-ba20-83d2e70b1c76 ] Request (TrunkTestJSON:_run_cleanups): 404 GET http://172.30.9.28:9696/v2.0/trunks/4b4ab845-3440-4f51-b5b7-faac309be7fb 0.014s
2018-12-29 14:34:54.587 17922 DEBUG tempest.lib.common.rest_client [req-adb49423-096f-451e-ba20-83d2e70b1c76 ] Request - Headers: {'Content-Type': 'application/json', 'Accept': 'application/json', 'X-Auth-Token': ''} Body: None Response - Headers: {'status': '404', u'content-length': '134', 'content-location': 'http://172.30.9.28:9696/v2.0/trunks/4b4ab845-3440-4f51-b5b7-faac309be7fb', u'date': 'Sat, 29 Dec 2018 14:34:54 GMT', u'content-type': 'application/json', u'connection': 'close', u'x-openstack-request-id': 'req-adb49423-096f-451e-ba20-83d2e70b1c76'} Body: {"NeutronError": {"message": "Trunk 4b4ab845-3440-4f51-b5b7-faac309be7fb could not be found.", "type": "TrunkNotFound", "detail": ""}} _log_request_full /root/.rally/verification/verifier-eceeb075-6baf-49b6-a056-8c334db769a9/repo/tempest/lib/common/rest_client.py:434
2018-12-29 14:34:54.600 17922 INFO tempest.lib.common.rest_client [req-8c2c8f5f-5c2e-4c84-93f6-ff2ea826c9bf ] Request (TrunkTestJSON:_run_cleanups): 404 GET http://172.30.9.28:9696/v2.0/trunks/1c6911a0-d6c4-4b79-a85e-4f81551c7cff 0.012s
2018-12-29 14:34:54.600 17922 DEBUG tempest.lib.common.rest_client [req-8c2c8f5f-5c2e-4c84-93f6-ff2ea826c9bf ] Request - Headers: {'Content-Type': 'application/json', 'Accept': 'application/json', 'X-Auth-Token': ''} Body: None Response - Headers: {'status': '404', u'content-length': '134', 'content-location': 'http://172.30.9.28:9696/v2.0/trunks/1c6911a0-d6c4-4b79-a85e-4f81551c7cff', u'date': 'Sat, 29 Dec 2018 14:34:54 GMT', u'content-type': 'application/json', u'connection': 'close', u'x-openstack-request-id': 'req-8c2c8f5f-5c2e-4c84-93f6-ff2ea826c9bf'} Body: {"NeutronError": {"message": "Trunk 1c6911a0-d6c4-4b79-a85e-4f81551c7cff could not be found.", "type": "TrunkNotFound", "detail": ""}} _log_request_full /root/.rally/verification/verifier-eceeb075-6baf-49b6-a056-8c334db769a9/repo/tempest/lib/common/rest_client.py:434
2018-12-29 14:34:54.618 17922 INFO tempest.lib.common.rest_client [req-102be549-2130-440b-9135-d1fc5792ef8c ] Request (TrunkTestJSON:_run_cleanups): 404 GET http://172.30.9.28:9696/v2.0/trunks/309f66bd-6eec-4914-a7b7-e1c7a1ff6b50 0.017s
2018-12-29 14:34:54.618 17922 DEBUG tempest.lib.common.rest_client [req-102be549-2130-440b-9135-d1fc5792ef8c ] Request - Headers: {'Content-Type': 'application/json', 'Accept': 'application/json', 'X-Auth-Token': ''} Body: None Response - Headers: {'status': '404', u'content-length': '134', 'content-location': 'http://172.30.9.28:9696/v2.0/trunks/309f66bd-6eec-4914-a7b7-e1c7a1ff6b50', u'date': 'Sat, 29 Dec 2018 14:34:54 GMT', u'content-type': 'application/json', u'connection': 'close', u'x-openstack-request-id': 'req-102be549-2130-440b-9135-d1fc5792ef8c'} Body: {"NeutronError": {"message": "Trunk 309f66bd-6eec-4914-a7b7-e1c7a1ff6b50 could not be found.", "type": "TrunkNotFound", "detail": ""}} _log_request_full /root/.rally/verification/verifier-eceeb075-6baf-49b6-a056-8c334db769a9/repo/tempest/lib/common/rest_client.py:434
2018-12-29 14:34:54.631 17922 INFO tempest.lib.common.rest_client [req-0a5aba64-46e3-4e65-8874-40b2621512f5 ] Request (TrunkTestJSON:_run_cleanups): 404 GET http://172.30.9.28:9696/v2.0/trunks/09a75552-fd87-4ef6-ac69-db73314c501d 0.012s
2018-12-29 14:34:54.632 17922 DEBUG tempest.lib.common.rest_client [req-0a5aba64-46e3-4e65-8874-40b2621512f5 ] Request - Headers: {'Content-Type': 'application/json', 'Accept': 'application/json', 'X-Auth-Token': ''} Body: None Response - Headers: {'status': '404', u'content-length': '134', 'content-location': 'http://172.30.9.28:9696/v2.0/trunks/09a75552-fd87-4ef6-ac69-db73314c501d', u'date': 'Sat, 29 Dec 2018 14:34:54 GMT', u'content-type': 'application/json', u'connection': 'close', u'x-openstack-request-id': 'req-0a5aba64-46e3-4e65-8874-40b2621512f5'} Body: {"NeutronError": {"message": "Trunk 09a75552-fd87-4ef6-ac69-db73314c501d could not be found.", "type": "TrunkNotFound", "detail": ""}} _log_request_full /root/.rally/verification/verifier-eceeb075-6baf-49b6-a056-8c334db769a9/repo/tempest/lib/common/rest_client.py:434
2018-12-29 14:34:54.646 17922 INFO tempest.lib.common.rest_client [req-84ae4f71-ab55-4f5b-8366-21ed353afc97 ] Request (TrunkTestJSON:_run_cleanups): 404 GET http://172.30.9.28:9696/v2.0/trunks/7f1b9972-a978-459c-bddb-9b155d0c334c 0.014s
2018-12-29 14:34:54.647 17922 DEBUG tempest.lib.common.rest_client [req-84ae4f71-ab55-4f5b-8366-21ed353afc97 ] Request - Headers: {'Content-Type': 'application/json', 'Accept': 'application/json', 'X-Auth-Token': ''} Body: None Response - Headers: {'status': '404', u'content-length': '134', 'content-location': 'http://172.30.9.28:9696/v2.0/trunks/7f1b9972-a978-459c-bddb-9b155d0c334c', u'date': 'Sat, 29 Dec 2018 14:34:54 GMT', u'content-type': 'application/json', u'connection': 'close', u'x-openstack-request-id': 'req-84ae4f71-ab55-4f5b-8366-21ed353afc97'} Body: {"NeutronError": {"message": "Trunk 7f1b9972-a978-459c-bddb-9b155d0c334c could not be found.", "type": "TrunkNotFound", "detail": ""}} _log_request_full /root/.rally/verification/verifier-eceeb075-6baf-49b6-a056-8c334db769a9/repo/tempest/lib/common/rest_client.py:434
2018-12-29 14:34:54.670 17918 INFO tempest.lib.common.rest_client [req-39fdf30f-1257-4d8e-a09a-18af6caa0e93 ] Request (TrunkTestJSON:_run_cleanups): 204 DELETE http://172.30.9.28:9696/v2.0/ports/90c92125-4173-4f67-ab02-f52247004082 0.436s
2018-12-29 14:34:54.670 17918 DEBUG tempest.lib.common.rest_client [req-39fdf30f-1257-4d8e-a09a-18af6caa0e93 ] Request - Headers: {'Content-Type': 'application/json', 'Accept': 'application/json', 'X-Auth-Token': ''} Body: None Response - Headers: {'status': '204', u'content-length': '0', 'content-location': 'http://172.30.9.28:9696/v2.0/ports/90c92125-4173-4f67-ab02-f52247004082', u'date': 'Sat, 29 Dec 2018 14:34:54 GMT', u'connection': 'close', u'x-openstack-request-id': 'req-39fdf30f-1257-4d8e-a09a-18af6caa0e93'} Body: _log_request_full /root/.rally/verification/verifier-eceeb075-6baf-49b6-a056-8c334db769a9/repo/tempest/lib/common/rest_client.py:434
2018-12-29 14:34:54.678 17922 INFO tempest.lib.common.rest_client [req-536a3f0f-c153-4b03-917f-ab080329183e ] Request (TrunkTestJSON:_run_cleanups): 404 DELETE http://172.30.9.28:9696/v2.0/ports/8bce8f69-64fd-4c62-b3f7-fe38f900e67c 0.030s
2018-12-29 14:34:54.678 17922 DEBUG tempest.lib.common.rest_client [req-536a3f0f-c153-4b03-917f-ab080329183e ] Request - Headers: {'Content-Type': 'application/json', 'Accept': 'application/json', 'X-Auth-Token': ''} Body: None Response - Headers: {'status': '404', u'content-length': '132', 'content-location': 'http://172.30.9.28:9696/v2.0/ports/8bce8f69-64fd-4c62-b3f7-fe38f900e67c', u'date': 'Sat, 29 Dec 2018 14:34:54 GMT', u'content-type': 'application/json', u'connection': 'close', u'x-openstack-request-id': 'req-536a3f0f-c153-4b03-917f-ab080329183e'} Body: {"NeutronError": {"message": "Port 8bce8f69-64fd-4c62-b3f7-fe38f900e67c could not be found.", "type": "PortNotFound", "detail": ""}} _log_request_full /root/.rally/verification/verifier-eceeb075-6baf-49b6-a056-8c334db769a9/repo/tempest/lib/common/rest_client.py:434
2018-12-29 14:34:54.700 17918 INFO tempest.lib.common.rest_client [req-54a64bbb-230e-4048-bd62-1b4379e94153 ] Request (TrunkTestJSON:_run_cleanups): 404 DELETE http://172.30.9.28:9696/v2.0/networks/54a43c17-adac-41e2-9d95-b7b5e67f1b1d 0.029s
2018-12-29 14:34:54.701 17918 DEBUG tempest.lib.common.rest_client [req-54a64bbb-230e-4048-bd62-1b4379e94153 ] Request - Headers: {'Content-Type': 'application/json', 'Accept': 'application/json', 'X-Auth-Token': ''} Body: None Response - Headers: {'status': '404', u'content-length': '138', 'content-location': 'http://172.30.9.28:9696/v2.0/networks/54a43c17-adac-41e2-9d95-b7b5e67f1b1d', u'date': 'Sat, 29 Dec 2018 14:34:54 GMT', u'content-type': 'application/json', u'connection': 'close', u'x-openstack-request-id': 'req-54a64bbb-230e-4048-bd62-1b4379e94153'} Body: {"NeutronError": {"message": "Network 54a43c17-adac-41e2-9d95-b7b5e67f1b1d could not be found.", "type": "NetworkNotFound", "detail": ""}} _log_request_full /root/.rally/verification/verifier-eceeb075-6baf-49b6-a056-8c334db769a9/repo/tempest/lib/common/rest_client.py:434
2018-12-29 14:34:54.709 17922 INFO tempest.lib.common.rest_client [req-6b5ed472-025d-4987-bb34-cb39fc9b44fb ] Request (TrunkTestJSON:_run_cleanups): 404 DELETE http://172.30.9.28:9696/v2.0/ports/4324bb6a-8820-4122-9f0a-3badacda241f 0.030s
2018-12-29 14:34:54.710 17922 DEBUG tempest.lib.common.rest_client [req-6b5ed472-025d-4987-bb34-cb39fc9b44fb ] Request - Headers: {'Content-Type': 'application/json', 'Accept': 'application/json', 'X-Auth-Token': ''} Body: None Response - Headers: {'status': '404', u'content-length': '132', 'content-location': 'http://172.30.9.28:9696/v2.0/ports/4324bb6a-8820-4122-9f0a-3badacda241f', u'date': 'Sat, 29 Dec 2018 14:34:54 GMT', u'content-type': 'application/json', u'connection': 'close', u'x-openstack-request-id': 'req-6b5ed472-025d-4987-bb34-cb39fc9b44fb'} Body: {"NeutronError": {"message": "Port 4324bb6a-8820-4122-9f0a-3badacda241f could not be found.", "type": "PortNotFound", "detail": ""}} _log_request_full /root/.rally/verification/verifier-eceeb075-6baf-49b6-a056-8c334db769a9/repo/tempest/lib/common/rest_client.py:434
2018-12-29 14:34:54.725 17918 INFO tempest.lib.common.rest_client [req-aa471d79-fa8e-49d0-8d52-bfa84ccbdc59 ] Request (TrunkTestJSON:_run_cleanups): 404 DELETE http://172.30.9.28:9696/v2.0/networks/01cedf35-5d6a-44df-a5ca-4c9594d2b692 0.023s
2018-12-29 14:34:54.725 17918 DEBUG tempest.lib.common.rest_client [req-aa471d79-fa8e-49d0-8d52-bfa84ccbdc59 ] Request - Headers: {'Content-Type': 'application/json', 'Accept': 'application/json', 'X-Auth-Token': ''} Body: None Response - Headers: {'status': '404', u'content-length': '138', 'content-location': 'http://172.30.9.28:9696/v2.0/networks/01cedf35-5d6a-44df-a5ca-4c9594d2b692', u'date': 'Sat, 29 Dec 2018 14:34:54 GMT', u'content-type': 'application/json', u'connection': 'close', u'x-openstack-request-id': 'req-aa471d79-fa8e-49d0-8d52-bfa84ccbdc59'} Body: {"NeutronError": {"message": "Network 01cedf35-5d6a-44df-a5ca-4c9594d2b692 could not be found.", "type": "NetworkNotFound", "detail": ""}} _log_request_full /root/.rally/verification/verifier-eceeb075-6baf-49b6-a056-8c334db769a9/repo/tempest/lib/common/rest_client.py:434
2018-12-29 14:34:54.741 17922 INFO tempest.lib.common.rest_client [req-c6c355c5-0011-41f2-80b8-6b7434005997 ] Request (TrunkTestJSON:_run_cleanups): 404 DELETE http://172.30.9.28:9696/v2.0/ports/34dccdbc-2647-48a7-8de2-2ebedbb73aba 0.030s
2018-12-29 14:34:54.741 17922 DEBUG tempest.lib.common.rest_client [req-c6c355c5-0011-41f2-80b8-6b7434005997 ] Request - Headers: {'Content-Type': 'application/json', 'Accept': 'application/json', 'X-Auth-Token': ''} Body: None Response - Headers: {'status': '404', u'content-length': '132', 'content-location': 'http://172.30.9.28:9696/v2.0/ports/34dccdbc-2647-48a7-8de2-2ebedbb73aba', u'date': 'Sat, 29 Dec 2018 14:34:54 GMT', u'content-type': 'application/json', u'connection': 'close', u'x-openstack-request-id': 'req-c6c355c5-0011-41f2-80b8-6b7434005997'} Body: {"NeutronError": {"message": "Port 34dccdbc-2647-48a7-8de2-2ebedbb73aba could not be found.", "type": "PortNotFound", "detail": ""}} _log_request_full /root/.rally/verification/verifier-eceeb075-6baf-49b6-a056-8c334db769a9/repo/tempest/lib/common/rest_client.py:434
2018-12-29 14:34:54.749 17918 INFO tempest.lib.common.rest_client [req-ef0d7d6b-14ef-495d-9349-fcdabad3957c ] Request (TrunkTestJSON:_run_cleanups): 404 DELETE http://172.30.9.28:9696/v2.0/networks/9d1f1e70-6440-41f7-a5e5-112d5d59aa29 0.023s
2018-12-29 14:34:54.749 17918 DEBUG tempest.lib.common.rest_client [req-ef0d7d6b-14ef-495d-9349-fcdabad3957c ] Request - Headers: {'Content-Type': 'application/json', 'Accept': 'application/json', 'X-Auth-Token': ''} Body: None Response - Headers: {'status': '404', u'content-length': '138', 'content-location': 'http://172.30.9.28:9696/v2.0/networks/9d1f1e70-6440-41f7-a5e5-112d5d59aa29', u'date': 'Sat, 29 Dec 2018 14:34:54 GMT', u'content-type': 'application/json', u'connection': 'close', u'x-openstack-request-id': 'req-ef0d7d6b-14ef-495d-9349-fcdabad3957c'} Body: {"NeutronError": {"message": "Network 9d1f1e70-6440-41f7-a5e5-112d5d59aa29 could not be found.", "type": "NetworkNotFound", "detail": ""}} _log_request_full /root/.rally/verification/verifier-eceeb075-6baf-49b6-a056-8c334db769a9/repo/tempest/lib/common/rest_client.py:434
2018-12-29 14:34:54.769 17922 INFO tempest.lib.common.rest_client [req-0be5854b-26e5-4e05-b3b9-8053bcfbf6b2 ] Request (TrunkTestJSON:_run_cleanups): 404 DELETE http://172.30.9.28:9696/v2.0/ports/75c96b32-4bb4-4ee9-ac8b-b440a53d398a 0.027s
2018-12-29 14:34:54.770 17922 DEBUG tempest.lib.common.rest_client [req-0be5854b-26e5-4e05-b3b9-8053bcfbf6b2 ] Request - Headers: {'Content-Type': 'application/json', 'Accept': 'application/json', 'X-Auth-Token': ''} Body: None Response - Headers: {'status': '404', u'content-length': '132', 'content-location': 'http://172.30.9.28:9696/v2.0/ports/75c96b32-4bb4-4ee9-ac8b-b440a53d398a', u'date': 'Sat, 29 Dec 2018 14:34:54 GMT', u'content-type': 'application/json', u'connection': 'close', u'x-openstack-request-id': 'req-0be5854b-26e5-4e05-b3b9-8053bcfbf6b2'} Body: {"NeutronError": {"message": "Port 75c96b32-4bb4-4ee9-ac8b-b440a53d398a could not be found.", "type": "PortNotFound", "detail": ""}} _log_request_full /root/.rally/verification/verifier-eceeb075-6baf-49b6-a056-8c334db769a9/repo/tempest/lib/common/rest_client.py:434
2018-12-29 14:34:54.774 17918 INFO tempest.lib.common.rest_client [req-43ecabef-f197-473b-9fb0-2da9ffd5cf88 ] Request (TrunkTestJSON:_run_cleanups): 404 DELETE http://172.30.9.28:9696/v2.0/networks/ff4e9be2-e93e-406a-9ff9-02198a4df28b 0.024s
2018-12-29 14:34:54.774 17918 DEBUG tempest.lib.common.rest_client [req-43ecabef-f197-473b-9fb0-2da9ffd5cf88 ] Request - Headers: {'Content-Type': 'application/json', 'Accept': 'application/json', 'X-Auth-Token': ''} Body: None Response - Headers: {'status': '404', u'content-length': '138', 'content-location': 'http://172.30.9.28:9696/v2.0/networks/ff4e9be2-e93e-406a-9ff9-02198a4df28b', u'date': 'Sat, 29 Dec 2018 14:34:54 GMT', u'content-type': 'application/json', u'connection': 'close', u'x-openstack-request-id': 'req-43ecabef-f197-473b-9fb0-2da9ffd5cf88'} Body: {"NeutronError": {"message": "Network ff4e9be2-e93e-406a-9ff9-02198a4df28b could not be found.", "type": "NetworkNotFound", "detail": ""}} _log_request_full /root/.rally/verification/verifier-eceeb075-6baf-49b6-a056-8c334db769a9/repo/tempest/lib/common/rest_client.py:434
2018-12-29 14:34:54.798 17922 INFO tempest.lib.common.rest_client [req-0a20f894-110e-4a1c-aafd-199a0ba33f0c ] Request (TrunkTestJSON:_run_cleanups): 404 DELETE http://172.30.9.28:9696/v2.0/ports/6ca5a310-689e-471d-a3b5-5fdae4775ae7 0.027s
2018-12-29 14:34:54.798 17918 INFO tempest.lib.common.rest_client [req-35c40d92-3646-4730-a28d-11bd5217fba6 ] Request (TrunkTestJSON:_run_cleanups): 404 DELETE http://172.30.9.28:9696/v2.0/networks/eb8b5a6f-917c-43ad-a8db-5feaed60f86b 0.023s
2018-12-29 14:34:54.798 17922 DEBUG tempest.lib.common.rest_client [req-0a20f894-110e-4a1c-aafd-199a0ba33f0c ] Request - Headers: {'Content-Type': 'application/json', 'Accept': 'application/json', 'X-Auth-Token': ''} Body: None Response - Headers: {'status': '404', u'content-length': '132', 'content-location': 'http://172.30.9.28:9696/v2.0/ports/6ca5a310-689e-471d-a3b5-5fdae4775ae7', u'date': 'Sat, 29 Dec 2018 14:34:54 GMT', u'content-type': 'application/json', u'connection': 'close', u'x-openstack-request-id': 'req-0a20f894-110e-4a1c-aafd-199a0ba33f0c'} Body: {"NeutronError": {"message": "Port 6ca5a310-689e-471d-a3b5-5fdae4775ae7 could not be found.", "type": "PortNotFound", "detail": ""}} _log_request_full /root/.rally/verification/verifier-eceeb075-6baf-49b6-a056-8c334db769a9/repo/tempest/lib/common/rest_client.py:434
2018-12-29 14:34:54.798 17918 DEBUG tempest.lib.common.rest_client [req-35c40d92-3646-4730-a28d-11bd5217fba6 ] Request - Headers: {'Content-Type': 'application/json', 'Accept': 'application/json', 'X-Auth-Token': ''} Body: None Response - Headers: {'status': '404', u'content-length': '138', 'content-location': 'http://172.30.9.28:9696/v2.0/networks/eb8b5a6f-917c-43ad-a8db-5feaed60f86b', u'date': 'Sat, 29 Dec 2018 14:34:54 GMT', u'content-type': 'application/json', u'connection': 'close', u'x-openstack-request-id': 'req-35c40d92-3646-4730-a28d-11bd5217fba6'} Body: {"NeutronError": {"message": "Network eb8b5a6f-917c-43ad-a8db-5feaed60f86b could not be found.", "type": "NetworkNotFound", "detail": ""}} _log_request_full /root/.rally/verification/verifier-eceeb075-6baf-49b6-a056-8c334db769a9/repo/tempest/lib/common/rest_client.py:434
2018-12-29 14:34:54.819 17918 INFO tempest.lib.common.rest_client [req-0e8c34be-0fc1-4afa-a240-0e0fd2d4d9d2 ] Request (TrunkTestJSON:_run_cleanups): 404 DELETE http://172.30.9.28:9696/v2.0/networks/56cea384-5455-4cab-9e15-2798d59dfe1b 0.020s
2018-12-29 14:34:54.820 17918 DEBUG tempest.lib.common.rest_client [req-0e8c34be-0fc1-4afa-a240-0e0fd2d4d9d2 ] Request - Headers: {'Content-Type': 'application/json', 'Accept': 'application/json', 'X-Auth-Token': ''} Body: None Response - Headers: {'status': '404', u'content-length': '138', 'content-location': 'http://172.30.9.28:9696/v2.0/networks/56cea384-5455-4cab-9e15-2798d59dfe1b', u'date': 'Sat, 29 Dec 2018 14:34:54 GMT', u'content-type': 'application/json', u'connection': 'close', u'x-openstack-request-id': 'req-0e8c34be-0fc1-4afa-a240-0e0fd2d4d9d2'} Body: {"NeutronError": {"message": "Network 56cea384-5455-4cab-9e15-2798d59dfe1b could not be found.", "type": "NetworkNotFound", "detail": ""}} _log_request_full /root/.rally/verification/verifier-eceeb075-6baf-49b6-a056-8c334db769a9/repo/tempest/lib/common/rest_client.py:434
2018-12-29 14:34:54.831 17922 INFO tempest.lib.common.rest_client [req-8e1a730c-8bc8-4aa5-988a-10c7614ed30e ] Request (TrunkTestJSON:_run_cleanups): 404 DELETE http://172.30.9.28:9696/v2.0/ports/3cfcd81a-ce29-4ef4-b68c-8931a14f346f 0.032s
2018-12-29 14:34:54.831 17922 DEBUG tempest.lib.common.rest_client [req-8e1a730c-8bc8-4aa5-988a-10c7614ed30e ] Request - Headers: {'Content-Type': 'application/json', 'Accept': 'application/json', 'X-Auth-Token': ''} Body: None Response - Headers: {'status': '404', u'content-length': '132', 'content-location': 'http://172.30.9.28:9696/v2.0/ports/3cfcd81a-ce29-4ef4-b68c-8931a14f346f', u'date': 'Sat, 29 Dec 2018 14:34:54 GMT', u'content-type': 'application/json', u'connection': 'close', u'x-openstack-request-id': 'req-8e1a730c-8bc8-4aa5-988a-10c7614ed30e'} Body: {"NeutronError": {"message": "Port 3cfcd81a-ce29-4ef4-b68c-8931a14f346f could not be found.", "type": "PortNotFound", "detail": ""}} _log_request_full /root/.rally/verification/verifier-eceeb075-6baf-49b6-a056-8c334db769a9/repo/tempest/lib/common/rest_client.py:434
2018-12-29 14:34:55.191 17922 INFO tempest.lib.common.rest_client [req-4d20cc2f-8b57-40fd-bfaf-f3e3dbc14487 ] Request (TrunkTestJSON:_run_cleanups): 204 DELETE http://172.30.9.28:9696/v2.0/ports/b78bc238-0ec3-40b2-a7f3-fd96b7110545 0.359s
2018-12-29 14:34:55.191 17922 DEBUG tempest.lib.common.rest_client [req-4d20cc2f-8b57-40fd-bfaf-f3e3dbc14487 ] Request - Headers: {'Content-Type': 'application/json', 'Accept': 'application/json', 'X-Auth-Token': ''} Body: None Response - Headers: {'status': '204', u'content-length': '0', 'content-location': 'http://172.30.9.28:9696/v2.0/ports/b78bc238-0ec3-40b2-a7f3-fd96b7110545', u'date': 'Sat, 29 Dec 2018 14:34:55 GMT', u'connection': 'close', u'x-openstack-request-id': 'req-4d20cc2f-8b57-40fd-bfaf-f3e3dbc14487'} Body: _log_request_full /root/.rally/verification/verifier-eceeb075-6baf-49b6-a056-8c334db769a9/repo/tempest/lib/common/rest_client.py:434
2018-12-29 14:34:55.733 17918 INFO tempest.lib.common.rest_client [req-eb4a6c64-1f22-46f2-ba29-3f2d2d38e389 ] Request (TrunkTestJSON:_run_cleanups): 204 DELETE http://172.30.9.28:9696/v2.0/networks/9ddd18a7-e898-4821-9b62-485efa9402a4 0.912s
2018-12-29 14:34:55.733 17918 DEBUG tempest.lib.common.rest_client [req-eb4a6c64-1f22-46f2-ba29-3f2d2d38e389 ] Request - Headers: {'Content-Type': 'application/json', 'Accept': 'application/json', 'X-Auth-Token': ''} Body: None Response - Headers: {'status': '204', u'content-length': '0', 'content-location': 'http://172.30.9.28:9696/v2.0/networks/9ddd18a7-e898-4821-9b62-485efa9402a4', u'date': 'Sat, 29 Dec 2018 14:34:55 GMT', u'connection': 'close', u'x-openstack-request-id': 'req-eb4a6c64-1f22-46f2-ba29-3f2d2d38e389'} Body: _log_request_full /root/.rally/verification/verifier-eceeb075-6baf-49b6-a056-8c334db769a9/repo/tempest/lib/common/rest_client.py:434
2018-12-29 14:34:55.738 17922 INFO tempest.lib.common.rest_client [req-181c4984-75ca-4669-9ca3-4493fdb0e0d4 ] Request (TrunkTestJSON:_run_cleanups): 204 DELETE http://172.30.9.28:9696/v2.0/ports/9d13f949-90f5-4ff7-9e0f-e740b28ad614 0.546s
2018-12-29 14:34:55.739 17922 DEBUG tempest.lib.common.rest_client [req-181c4984-75ca-4669-9ca3-4493fdb0e0d4 ] Request - Headers: {'Content-Type': 'application/json', 'Accept': 'application/json', 'X-Auth-Token': ''} Body: None Response - Headers: {'status': '204', u'content-length': '0', 'content-location': 'http://172.30.9.28:9696/v2.0/ports/9d13f949-90f5-4ff7-9e0f-e740b28ad614', u'date': 'Sat, 29 Dec 2018 14:34:55 GMT', u'connection': 'close', u'x-openstack-request-id': 'req-181c4984-75ca-4669-9ca3-4493fdb0e0d4'} Body: _log_request_full /root/.rally/verification/verifier-eceeb075-6baf-49b6-a056-8c334db769a9/repo/tempest/lib/common/rest_client.py:434
2018-12-29 14:34:55.760 17922 INFO tempest.lib.common.rest_client [req-bdb738de-e2cb-47c0-adcd-271a27096742 ] Request (TrunkTestJSON:_run_cleanups): 404 DELETE http://172.30.9.28:9696/v2.0/networks/4f23d3a1-10e5-4364-88e0-368b99efdb87 0.021s
2018-12-29 14:34:55.761 17922 DEBUG tempest.lib.common.rest_client [req-bdb738de-e2cb-47c0-adcd-271a27096742 ] Request - Headers: {'Content-Type': 'application/json', 'Accept': 'application/json', 'X-Auth-Token': ''} Body: None Response - Headers: {'status': '404', u'content-length': '138', 'content-location': 'http://172.30.9.28:9696/v2.0/networks/4f23d3a1-10e5-4364-88e0-368b99efdb87', u'date': 'Sat, 29 Dec 2018 14:34:55 GMT', u'content-type': 'application/json', u'connection': 'close', u'x-openstack-request-id': 'req-bdb738de-e2cb-47c0-adcd-271a27096742'} Body: {"NeutronError": {"message": "Network 4f23d3a1-10e5-4364-88e0-368b99efdb87 could not be found.", "type": "NetworkNotFound", "detail": ""}} _log_request_full /root/.rally/verification/verifier-eceeb075-6baf-49b6-a056-8c334db769a9/repo/tempest/lib/common/rest_client.py:434
2018-12-29 14:34:55.782 17922 INFO tempest.lib.common.rest_client [req-e722b2bd-ca8d-4d2f-91f3-3ee38f23acf6 ] Request (TrunkTestJSON:_run_cleanups): 404 DELETE http://172.30.9.28:9696/v2.0/networks/e7072772-b589-4f64-ad30-0ef529ecd7e9 0.020s
2018-12-29 14:34:55.783 17922 DEBUG tempest.lib.common.rest_client [req-e722b2bd-ca8d-4d2f-91f3-3ee38f23acf6 ] Request - Headers: {'Content-Type': 'application/json', 'Accept': 'application/json', 'X-Auth-Token': ''} Body: None Response - Headers: {'status': '404', u'content-length': '138', 'content-location': 'http://172.30.9.28:9696/v2.0/networks/e7072772-b589-4f64-ad30-0ef529ecd7e9', u'date': 'Sat, 29 Dec 2018 14:34:55 GMT', u'content-type': 'application/json', u'connection': 'close', u'x-openstack-request-id': 'req-e722b2bd-ca8d-4d2f-91f3-3ee38f23acf6'} Body: {"NeutronError": {"message": "Network e7072772-b589-4f64-ad30-0ef529ecd7e9 could not be found.", "type": "NetworkNotFound", "detail": ""}} _log_request_full /root/.rally/verification/verifier-eceeb075-6baf-49b6-a056-8c334db769a9/repo/tempest/lib/common/rest_client.py:434
2018-12-29 14:34:55.804 17922 INFO tempest.lib.common.rest_client [req-ece78c59-aad5-4e9e-92e9-90346330fea6 ] Request (TrunkTestJSON:_run_cleanups): 404 DELETE http://172.30.9.28:9696/v2.0/networks/c10f7cce-4cdf-4429-9618-4df222a69ed6 0.020s
2018-12-29 14:34:55.804 17922 DEBUG tempest.lib.common.rest_client [req-ece78c59-aad5-4e9e-92e9-90346330fea6 ] Request - Headers: {'Content-Type': 'application/json', 'Accept': 'application/json', 'X-Auth-Token': ''} Body: None Response - Headers: {'status': '404', u'content-length': '138', 'content-location': 'http://172.30.9.28:9696/v2.0/networks/c10f7cce-4cdf-4429-9618-4df222a69ed6', u'date': 'Sat, 29 Dec 2018 14:34:55 GMT', u'content-type': 'application/json', u'connection': 'close', u'x-openstack-request-id': 'req-ece78c59-aad5-4e9e-92e9-90346330fea6'} Body: {"NeutronError": {"message": "Network c10f7cce-4cdf-4429-9618-4df222a69ed6 could not be found.", "type": "NetworkNotFound", "detail": ""}} _log_request_full /root/.rally/verification/verifier-eceeb075-6baf-49b6-a056-8c334db769a9/repo/tempest/lib/common/rest_client.py:434
2018-12-29 14:34:55.825 17922 INFO tempest.lib.common.rest_client [req-92651525-6c09-4dd5-821f-dd95215e2f92 ] Request (TrunkTestJSON:_run_cleanups): 404 DELETE http://172.30.9.28:9696/v2.0/networks/8cee774c-bad0-4c2a-be6e-dfef960bcc05 0.020s
2018-12-29 14:34:55.825 17922 DEBUG tempest.lib.common.rest_client [req-92651525-6c09-4dd5-821f-dd95215e2f92 ] Request - Headers: {'Content-Type': 'application/json', 'Accept': 'application/json', 'X-Auth-Token': ''} Body: None Response - Headers: {'status': '404', u'content-length': '138', 'content-location': 'http://172.30.9.28:9696/v2.0/networks/8cee774c-bad0-4c2a-be6e-dfef960bcc05', u'date': 'Sat, 29 Dec 2018 14:34:55 GMT', u'content-type': 'application/json', u'connection': 'close', u'x-openstack-request-id': 'req-92651525-6c09-4dd5-821f-dd95215e2f92'} Body: {"NeutronError": {"message": "Network 8cee774c-bad0-4c2a-be6e-dfef960bcc05 could not be found.", "type": "NetworkNotFound", "detail": ""}} _log_request_full /root/.rally/verification/verifier-eceeb075-6baf-49b6-a056-8c334db769a9/repo/tempest/lib/common/rest_client.py:434
2018-12-29 14:34:55.848 17922 INFO tempest.lib.common.rest_client [req-7afa121b-945f-47a7-8a0a-6dce38177a03 ] Request (TrunkTestJSON:_run_cleanups): 404 DELETE http://172.30.9.28:9696/v2.0/networks/8532c5f8-1079-4cfd-a85f-5cdf7106bae3 0.022s
2018-12-29 14:34:55.849 17922 DEBUG tempest.lib.common.rest_client [req-7afa121b-945f-47a7-8a0a-6dce38177a03 ] Request - Headers: {'Content-Type': 'application/json', 'Accept': 'application/json', 'X-Auth-Token': ''} Body: None Response - Headers: {'status': '404', u'content-length': '138', 'content-location': 'http://172.30.9.28:9696/v2.0/networks/8532c5f8-1079-4cfd-a85f-5cdf7106bae3', u'date': 'Sat, 29 Dec 2018 14:34:55 GMT', u'content-type': 'application/json', u'connection': 'close', u'x-openstack-request-id': 'req-7afa121b-945f-47a7-8a0a-6dce38177a03'} Body: {"NeutronError": {"message": "Network 8532c5f8-1079-4cfd-a85f-5cdf7106bae3 could not be found.", "type": "NetworkNotFound", "detail": ""}} _log_request_full /root/.rally/verification/verifier-eceeb075-6baf-49b6-a056-8c334db769a9/repo/tempest/lib/common/rest_client.py:434
2018-12-29 14:34:55.981 17918 INFO tempest.lib.common.rest_client [req-0f643e77-49ba-4293-b968-acdd15123f6b ] Request (TrunkTestJSON:test_delete_trunk_with_subport_is_allowed): 201 POST http://172.30.9.28:9696/v2.0/networks 0.246s
2018-12-29 14:34:55.982 17918 DEBUG tempest.lib.common.rest_client [req-0f643e77-49ba-4293-b968-acdd15123f6b ] Request - Headers: {'Content-Type': 'application/json', 'Accept': 'application/json', 'X-Auth-Token': ''} Body: {"network": {"name": "tempest-test-network--1618917767"}} Response - Headers: {'status': '201', u'content-length': '610', 'content-location': 'http://172.30.9.28:9696/v2.0/networks', u'date': 'Sat, 29 Dec 2018 14:34:55 GMT', u'content-type': 'application/json', u'connection': 'close', u'x-openstack-request-id': 'req-0f643e77-49ba-4293-b968-acdd15123f6b'} Body: {"network":{"ipv6_address_scope":null,"revision_number":3,"port_security_enabled":true,"id":"06cf3aac-a0d9-42f3-b2b1-0206a8ac91ce","router:external":false,"availability_zone_hints":[],"availability_zones":[],"ipv4_address_scope":null,"shared":false,"project_id":"6a67ec69892c486c92a5038a34513242","l2_adjacency":true,"status":"ACTIVE","subnets":[],"description":"","tags":[],"updated_at":"2018-12-29T14:34:55Z","is_default":false,"name":"tempest-test-network--1618917767","qos_policy_id":null,"admin_state_up":true,"tenant_id":"6a67ec69892c486c92a5038a34513242","created_at":"2018-12-29T14:34:55Z","mtu":1450}} _log_request_full /root/.rally/verification/verifier-eceeb075-6baf-49b6-a056-8c334db769a9/repo/tempest/lib/common/rest_client.py:434
2018-12-29 14:34:56.609 17922 INFO tempest.lib.common.rest_client [req-9e7fbe6f-c859-40a9-9864-a738ee4d30de ] Request (TrunkTestJSON:_run_cleanups): 204 DELETE http://172.30.9.28:9696/v2.0/networks/77f74fb6-6645-4b87-89e4-692e208e8b75 0.759s
2018-12-29 14:34:56.609 17922 DEBUG tempest.lib.common.rest_client [req-9e7fbe6f-c859-40a9-9864-a738ee4d30de ] Request - Headers: {'Content-Type': 'application/json', 'Accept': 'application/json', 'X-Auth-Token': ''} Body: None Response - Headers: {'status': '204', u'content-length': '0', 'content-location': 'http://172.30.9.28:9696/v2.0/networks/77f74fb6-6645-4b87-89e4-692e208e8b75', u'date': 'Sat, 29 Dec 2018 14:34:56 GMT', u'connection': 'close', u'x-openstack-request-id': 'req-9e7fbe6f-c859-40a9-9864-a738ee4d30de'} Body: _log_request_full /root/.rally/verification/verifier-eceeb075-6baf-49b6-a056-8c334db769a9/repo/tempest/lib/common/rest_client.py:434
2018-12-29 14:34:57.015 17919 INFO paramiko.transport [-] Connected (version 2.0, client dropbear_2015.67)
2018-12-29 14:34:57.024 17918 INFO tempest.lib.common.rest_client [req-1269b1de-6662-4ab4-aa91-cda538586b8a ] Request (TrunkTestJSON:test_delete_trunk_with_subport_is_allowed): 201 POST http://172.30.9.28:9696/v2.0/ports 1.041s
2018-12-29 14:34:57.024 17918 DEBUG tempest.lib.common.rest_client [req-1269b1de-6662-4ab4-aa91-cda538586b8a ] Request - Headers: {'Content-Type': 'application/json', 'Accept': 'application/json', 'X-Auth-Token': ''} Body: {"port": {"network_id": "06cf3aac-a0d9-42f3-b2b1-0206a8ac91ce"}} Response - Headers: {'status': '201', u'content-length': '664', 'content-location': 'http://172.30.9.28:9696/v2.0/ports', u'date': 'Sat, 29 Dec 2018 14:34:57 GMT', u'content-type': 'application/json', u'connection': 'close', u'x-openstack-request-id': 'req-1269b1de-6662-4ab4-aa91-cda538586b8a'} Body: {"port":{"allowed_address_pairs":[],"extra_dhcp_opts":[],"updated_at":"2018-12-29T14:34:56Z","device_owner":"","revision_number":5,"port_security_enabled":true,"fixed_ips":[],"id":"15f276d2-7b1d-4dc9-a0a9-25705fc0618a","security_groups":["c52c0d56-da67-44ea-943c-43efb82f58ec"],"mac_address":"fa:16:3e:6e:88:c8","device_id":"","status":"DOWN","description":"","tags":[],"name":"","project_id":"6a67ec69892c486c92a5038a34513242","qos_policy_id":null,"admin_state_up":true,"network_id":"06cf3aac-a0d9-42f3-b2b1-0206a8ac91ce","tenant_id":"6a67ec69892c486c92a5038a34513242","created_at":"2018-12-29T14:34:56Z","binding:vnic_type":"normal","ip_allocation":"immediate"}} _log_request_full /root/.rally/verification/verifier-eceeb075-6baf-49b6-a056-8c334db769a9/repo/tempest/lib/common/rest_client.py:434
2018-12-29 14:34:57.080 17919 INFO paramiko.transport [-] Authentication (publickey) successful!
2018-12-29 14:34:57.112 17919 INFO tempest.lib.common.ssh [-] ssh connection to cirros@172.30.9.204 successfully created
2018-12-29 14:34:57.263 17918 INFO tempest.lib.common.rest_client [req-35ba5bd9-9e6f-4570-9e39-8218f8e7c076 ] Request (TrunkTestJSON:test_delete_trunk_with_subport_is_allowed): 201 POST http://172.30.9.28:9696/v2.0/networks 0.237s
2018-12-29 14:34:57.263 17918 DEBUG tempest.lib.common.rest_client [req-35ba5bd9-9e6f-4570-9e39-8218f8e7c076 ] Request - Headers: {'Content-Type': 'application/json', 'Accept': 'application/json', 'X-Auth-Token': ''} Body: {"network": {"name": "tempest-test-network--1672570387"}} Response - Headers: {'status': '201', u'content-length': '610', 'content-location': 'http://172.30.9.28:9696/v2.0/networks', u'date': 'Sat, 29 Dec 2018 14:34:57 GMT', u'content-type': 'application/json', u'connection': 'close', u'x-openstack-request-id': 'req-35ba5bd9-9e6f-4570-9e39-8218f8e7c076'} Body: {"network":{"ipv6_address_scope":null,"revision_number":3,"port_security_enabled":true,"id":"de86ea8f-bb34-412f-8507-16976919211d","router:external":false,"availability_zone_hints":[],"availability_zones":[],"ipv4_address_scope":null,"shared":false,"project_id":"6a67ec69892c486c92a5038a34513242","l2_adjacency":true,"status":"ACTIVE","subnets":[],"description":"","tags":[],"updated_at":"2018-12-29T14:34:57Z","is_default":false,"name":"tempest-test-network--1672570387","qos_policy_id":null,"admin_state_up":true,"tenant_id":"6a67ec69892c486c92a5038a34513242","created_at":"2018-12-29T14:34:57Z","mtu":1450}} _log_request_full /root/.rally/verification/verifier-eceeb075-6baf-49b6-a056-8c334db769a9/repo/tempest/lib/common/rest_client.py:434
2018-12-29 14:34:57.366 17922 INFO tempest.lib.common.rest_client [req-a1e881d3-584f-4c0c-9c26-05cfe712270d ] Request (TrunkTestJSON:_run_cleanups): 204 DELETE http://172.30.9.28:9696/v2.0/networks/0852be78-4f4a-4c24-bdbe-6e561da6120a 0.756s
