2018-12-29 14:34:59.519 17918 DEBUG tempest.lib.common.rest_client [req-c548385b-d25b-49cc-a501-62a4486ee257 ] Request - Headers: {'Content-Type': 'application/json', 'Accept': 'application/json', 'X-Auth-Token': ''} Body: None Response - Headers: {'status': '404', u'content-length': '132', 'content-location': 'http://172.30.9.28:9696/v2.0/ports/90c92125-4173-4f67-ab02-f52247004082', u'date': 'Sat, 29 Dec 2018 14:34:59 GMT', u'content-type': 'application/json', u'connection': 'close', u'x-openstack-request-id': 'req-c548385b-d25b-49cc-a501-62a4486ee257'} Body: {"NeutronError": {"message": "Port 90c92125-4173-4f67-ab02-f52247004082 could not be found.", "type": "PortNotFound", "detail": ""}} _log_request_full /root/.rally/verification/verifier-eceeb075-6baf-49b6-a056-8c334db769a9/repo/tempest/lib/common/rest_client.py:434
2018-12-29 14:34:59.527 17922 INFO tempest.lib.common.rest_client [req-2ee1d91d-43d6-47c1-818c-12edfe00ed33 ] Request (TrunkTestJSON:_run_cleanups): 404 GET http://172.30.9.28:9696/v2.0/trunks/09a75552-fd87-4ef6-ac69-db73314c501d/get_subports 0.017s
2018-12-29 14:34:59.528 17922 DEBUG tempest.lib.common.rest_client [req-2ee1d91d-43d6-47c1-818c-12edfe00ed33 ] Request - Headers: {'Content-Type': 'application/json', 'Accept': 'application/json', 'X-Auth-Token': ''} Body: None Response - Headers: {'status': '404', u'content-length': '134', 'content-location': 'http://172.30.9.28:9696/v2.0/trunks/09a75552-fd87-4ef6-ac69-db73314c501d/get_subports', u'date': 'Sat, 29 Dec 2018 14:34:59 GMT', u'content-type': 'application/json', u'connection': 'close', u'x-openstack-request-id': 'req-2ee1d91d-43d6-47c1-818c-12edfe00ed33'} Body: {"NeutronError": {"message": "Trunk 09a75552-fd87-4ef6-ac69-db73314c501d could not be found.", "type": "TrunkNotFound", "detail": ""}} _log_request_full /root/.rally/verification/verifier-eceeb075-6baf-49b6-a056-8c334db769a9/repo/tempest/lib/common/rest_client.py:434
2018-12-29 14:34:59.546 17922 INFO tempest.lib.common.rest_client [req-bcd1e26a-954d-4112-ae11-5d893f157b68 ] Request (TrunkTestJSON:_run_cleanups): 404 DELETE http://172.30.9.28:9696/v2.0/trunks/09a75552-fd87-4ef6-ac69-db73314c501d 0.018s
2018-12-29 14:34:59.547 17922 DEBUG tempest.lib.common.rest_client [req-bcd1e26a-954d-4112-ae11-5d893f157b68 ] Request - Headers: {'Content-Type': 'application/json', 'Accept': 'application/json', 'X-Auth-Token': ''} Body: None Response - Headers: {'status': '404', u'content-length': '134', 'content-location': 'http://172.30.9.28:9696/v2.0/trunks/09a75552-fd87-4ef6-ac69-db73314c501d', u'date': 'Sat, 29 Dec 2018 14:34:59 GMT', u'content-type': 'application/json', u'connection': 'close', u'x-openstack-request-id': 'req-bcd1e26a-954d-4112-ae11-5d893f157b68'} Body: {"NeutronError": {"message": "Trunk 09a75552-fd87-4ef6-ac69-db73314c501d could not be found.", "type": "TrunkNotFound", "detail": ""}} _log_request_full /root/.rally/verification/verifier-eceeb075-6baf-49b6-a056-8c334db769a9/repo/tempest/lib/common/rest_client.py:434
2018-12-29 14:34:59.567 17922 INFO tempest.lib.common.rest_client [req-dba4288f-03f2-423f-a4f5-02b33bcdba81 ] Request (TrunkTestJSON:_run_cleanups): 404 GET http://172.30.9.28:9696/v2.0/trunks/7f1b9972-a978-459c-bddb-9b155d0c334c/get_subports 0.020s
2018-12-29 14:34:59.568 17922 DEBUG tempest.lib.common.rest_client [req-dba4288f-03f2-423f-a4f5-02b33bcdba81 ] Request - Headers: {'Content-Type': 'application/json', 'Accept': 'application/json', 'X-Auth-Token': ''} Body: None Response - Headers: {'status': '404', u'content-length': '134', 'content-location': 'http://172.30.9.28:9696/v2.0/trunks/7f1b9972-a978-459c-bddb-9b155d0c334c/get_subports', u'date': 'Sat, 29 Dec 2018 14:34:59 GMT', u'content-type': 'application/json', u'connection': 'close', u'x-openstack-request-id': 'req-dba4288f-03f2-423f-a4f5-02b33bcdba81'} Body: {"NeutronError": {"message": "Trunk 7f1b9972-a978-459c-bddb-9b155d0c334c could not be found.", "type": "TrunkNotFound", "detail": ""}} _log_request_full /root/.rally/verification/verifier-eceeb075-6baf-49b6-a056-8c334db769a9/repo/tempest/lib/common/rest_client.py:434
2018-12-29 14:34:59.583 17922 INFO tempest.lib.common.rest_client [req-4e646da3-0368-4f91-a48f-ac1c33c7b2b0 ] Request (TrunkTestJSON:_run_cleanups): 404 DELETE http://172.30.9.28:9696/v2.0/trunks/7f1b9972-a978-459c-bddb-9b155d0c334c 0.015s
2018-12-29 14:34:59.583 17922 DEBUG tempest.lib.common.rest_client [req-4e646da3-0368-4f91-a48f-ac1c33c7b2b0 ] Request - Headers: {'Content-Type': 'application/json', 'Accept': 'application/json', 'X-Auth-Token': ''} Body: None Response - Headers: {'status': '404', u'content-length': '134', 'content-location': 'http://172.30.9.28:9696/v2.0/trunks/7f1b9972-a978-459c-bddb-9b155d0c334c', u'date': 'Sat, 29 Dec 2018 14:34:59 GMT', u'content-type': 'application/json', u'connection': 'close', u'x-openstack-request-id': 'req-4e646da3-0368-4f91-a48f-ac1c33c7b2b0'} Body: {"NeutronError": {"message": "Trunk 7f1b9972-a978-459c-bddb-9b155d0c334c could not be found.", "type": "TrunkNotFound", "detail": ""}} _log_request_full /root/.rally/verification/verifier-eceeb075-6baf-49b6-a056-8c334db769a9/repo/tempest/lib/common/rest_client.py:434
2018-12-29 14:34:59.612 17922 INFO tempest.lib.common.rest_client [req-136f493b-d837-4f50-a44a-ed7c34ef0ecc ] Request (TrunkTestJSON:_run_cleanups): 200 GET http://172.30.9.28:9696/v2.0/trunks/89105286-6bce-4e36-be8e-6818c41ea5fa/get_subports 0.028s
2018-12-29 14:34:59.612 17922 DEBUG tempest.lib.common.rest_client [req-136f493b-d837-4f50-a44a-ed7c34ef0ecc ] Request - Headers: {'Content-Type': 'application/json', 'Accept': 'application/json', 'X-Auth-Token': ''} Body: None Response - Headers: {'status': '200', u'content-length': '17', 'content-location': 'http://172.30.9.28:9696/v2.0/trunks/89105286-6bce-4e36-be8e-6818c41ea5fa/get_subports', u'date': 'Sat, 29 Dec 2018 14:34:59 GMT', u'content-type': 'application/json', u'connection': 'close', u'x-openstack-request-id': 'req-136f493b-d837-4f50-a44a-ed7c34ef0ecc'} Body: {"sub_ports": []} _log_request_full /root/.rally/verification/verifier-eceeb075-6baf-49b6-a056-8c334db769a9/repo/tempest/lib/common/rest_client.py:434
2018-12-29 14:34:59.660 17922 INFO tempest.lib.common.rest_client [req-bf81f30f-8d96-4dd1-bdef-8648ebe8bab8 ] Request (TrunkTestJSON:_run_cleanups): 200 PUT http://172.30.9.28:9696/v2.0/trunks/89105286-6bce-4e36-be8e-6818c41ea5fa/remove_subports 0.047s
2018-12-29 14:34:59.660 17922 DEBUG tempest.lib.common.rest_client [req-bf81f30f-8d96-4dd1-bdef-8648ebe8bab8 ] Request - Headers: {'Content-Type': 'application/json', 'Accept': 'application/json', 'X-Auth-Token': ''} Body: {"sub_ports": []} Response - Headers: {'status': '200', u'content-length': '396', 'content-location': 'http://172.30.9.28:9696/v2.0/trunks/89105286-6bce-4e36-be8e-6818c41ea5fa/remove_subports', u'date': 'Sat, 29 Dec 2018 14:34:59 GMT', u'content-type': 'application/json', u'connection': 'close', u'x-openstack-request-id': 'req-bf81f30f-8d96-4dd1-bdef-8648ebe8bab8'} Body: {"status": "DOWN", "sub_ports": [], "name": "", "admin_state_up": true, "tenant_id": "13369d2a5d32456c8e8f8574ae03faa0", "created_at": "2018-12-29T14:34:58Z", "tags": [], "updated_at": "2018-12-29T14:34:59Z", "revision_number": 1, "project_id": "13369d2a5d32456c8e8f8574ae03faa0", "port_id": "230112f4-e148-413d-afbd-cf67f382377c", "id": "89105286-6bce-4e36-be8e-6818c41ea5fa", "description": ""} _log_request_full /root/.rally/verification/verifier-eceeb075-6baf-49b6-a056-8c334db769a9/repo/tempest/lib/common/rest_client.py:434
2018-12-29 14:34:59.771 17922 INFO tempest.lib.common.rest_client [req-f5a5466f-9600-41c3-b7e7-730f2f9ed75b ] Request (TrunkTestJSON:_run_cleanups): 204 DELETE http://172.30.9.28:9696/v2.0/trunks/89105286-6bce-4e36-be8e-6818c41ea5fa 0.110s
2018-12-29 14:34:59.771 17922 DEBUG tempest.lib.common.rest_client [req-f5a5466f-9600-41c3-b7e7-730f2f9ed75b ] Request - Headers: {'Content-Type': 'application/json', 'Accept': 'application/json', 'X-Auth-Token': ''} Body: None Response - Headers: {'status': '204', u'content-length': '0', 'content-location': 'http://172.30.9.28:9696/v2.0/trunks/89105286-6bce-4e36-be8e-6818c41ea5fa', u'date': 'Sat, 29 Dec 2018 14:34:59 GMT', u'connection': 'close', u'x-openstack-request-id': 'req-f5a5466f-9600-41c3-b7e7-730f2f9ed75b'} Body: _log_request_full /root/.rally/verification/verifier-eceeb075-6baf-49b6-a056-8c334db769a9/repo/tempest/lib/common/rest_client.py:434
2018-12-29 14:34:59.785 17922 INFO tempest.lib.common.rest_client [req-640ef619-e97a-4901-81d2-cef1b9c62cf4 ] Request (TrunkTestJSON:_run_cleanups): 404 GET http://172.30.9.28:9696/v2.0/trunks/4b4ab845-3440-4f51-b5b7-faac309be7fb 0.012s
2018-12-29 14:34:59.785 17922 DEBUG tempest.lib.common.rest_client [req-640ef619-e97a-4901-81d2-cef1b9c62cf4 ] Request - Headers: {'Content-Type': 'application/json', 'Accept': 'application/json', 'X-Auth-Token': ''} Body: None Response - Headers: {'status': '404', u'content-length': '134', 'content-location': 'http://172.30.9.28:9696/v2.0/trunks/4b4ab845-3440-4f51-b5b7-faac309be7fb', u'date': 'Sat, 29 Dec 2018 14:34:59 GMT', u'content-type': 'application/json', u'connection': 'close', u'x-openstack-request-id': 'req-640ef619-e97a-4901-81d2-cef1b9c62cf4'} Body: {"NeutronError": {"message": "Trunk 4b4ab845-3440-4f51-b5b7-faac309be7fb could not be found.", "type": "TrunkNotFound", "detail": ""}} _log_request_full /root/.rally/verification/verifier-eceeb075-6baf-49b6-a056-8c334db769a9/repo/tempest/lib/common/rest_client.py:434
2018-12-29 14:34:59.802 17922 INFO tempest.lib.common.rest_client [req-f1cf4317-89c8-4e76-bfd8-5a79a629e808 ] Request (TrunkTestJSON:_run_cleanups): 404 GET http://172.30.9.28:9696/v2.0/trunks/1c6911a0-d6c4-4b79-a85e-4f81551c7cff 0.016s
2018-12-29 14:34:59.803 17922 DEBUG tempest.lib.common.rest_client [req-f1cf4317-89c8-4e76-bfd8-5a79a629e808 ] Request - Headers: {'Content-Type': 'application/json', 'Accept': 'application/json', 'X-Auth-Token': ''} Body: None Response - Headers: {'status': '404', u'content-length': '134', 'content-location': 'http://172.30.9.28:9696/v2.0/trunks/1c6911a0-d6c4-4b79-a85e-4f81551c7cff', u'date': 'Sat, 29 Dec 2018 14:34:59 GMT', u'content-type': 'application/json', u'connection': 'close', u'x-openstack-request-id': 'req-f1cf4317-89c8-4e76-bfd8-5a79a629e808'} Body: {"NeutronError": {"message": "Trunk 1c6911a0-d6c4-4b79-a85e-4f81551c7cff could not be found.", "type": "TrunkNotFound", "detail": ""}} _log_request_full /root/.rally/verification/verifier-eceeb075-6baf-49b6-a056-8c334db769a9/repo/tempest/lib/common/rest_client.py:434
2018-12-29 14:34:59.818 17922 INFO tempest.lib.common.rest_client [req-1790b78d-6fd0-4c34-bb1d-27e5a49a2e21 ] Request (TrunkTestJSON:_run_cleanups): 404 GET http://172.30.9.28:9696/v2.0/trunks/309f66bd-6eec-4914-a7b7-e1c7a1ff6b50 0.014s
2018-12-29 14:34:59.818 17922 DEBUG tempest.lib.common.rest_client [req-1790b78d-6fd0-4c34-bb1d-27e5a49a2e21 ] Request - Headers: {'Content-Type': 'application/json', 'Accept': 'application/json', 'X-Auth-Token': ''} Body: None Response - Headers: {'status': '404', u'content-length': '134', 'content-location': 'http://172.30.9.28:9696/v2.0/trunks/309f66bd-6eec-4914-a7b7-e1c7a1ff6b50', u'date': 'Sat, 29 Dec 2018 14:34:59 GMT', u'content-type': 'application/json', u'connection': 'close', u'x-openstack-request-id': 'req-1790b78d-6fd0-4c34-bb1d-27e5a49a2e21'} Body: {"NeutronError": {"message": "Trunk 309f66bd-6eec-4914-a7b7-e1c7a1ff6b50 could not be found.", "type": "TrunkNotFound", "detail": ""}} _log_request_full /root/.rally/verification/verifier-eceeb075-6baf-49b6-a056-8c334db769a9/repo/tempest/lib/common/rest_client.py:434
2018-12-29 14:34:59.833 17922 INFO tempest.lib.common.rest_client [req-f2ced467-bd6d-489c-a938-9aa4f7786c95 ] Request (TrunkTestJSON:_run_cleanups): 404 GET http://172.30.9.28:9696/v2.0/trunks/09a75552-fd87-4ef6-ac69-db73314c501d 0.014s
2018-12-29 14:34:59.834 17922 DEBUG tempest.lib.common.rest_client [req-f2ced467-bd6d-489c-a938-9aa4f7786c95 ] Request - Headers: {'Content-Type': 'application/json', 'Accept': 'application/json', 'X-Auth-Token': ''} Body: None Response - Headers: {'status': '404', u'content-length': '134', 'content-location': 'http://172.30.9.28:9696/v2.0/trunks/09a75552-fd87-4ef6-ac69-db73314c501d', u'date': 'Sat, 29 Dec 2018 14:34:59 GMT', u'content-type': 'application/json', u'connection': 'close', u'x-openstack-request-id': 'req-f2ced467-bd6d-489c-a938-9aa4f7786c95'} Body: {"NeutronError": {"message": "Trunk 09a75552-fd87-4ef6-ac69-db73314c501d could not be found.", "type": "TrunkNotFound", "detail": ""}} _log_request_full /root/.rally/verification/verifier-eceeb075-6baf-49b6-a056-8c334db769a9/repo/tempest/lib/common/rest_client.py:434
2018-12-29 14:34:59.852 17922 INFO tempest.lib.common.rest_client [req-4d7d09d0-5312-4cf7-baa2-950d967fe76b ] Request (TrunkTestJSON:_run_cleanups): 404 GET http://172.30.9.28:9696/v2.0/trunks/7f1b9972-a978-459c-bddb-9b155d0c334c 0.017s
2018-12-29 14:34:59.852 17922 DEBUG tempest.lib.common.rest_client [req-4d7d09d0-5312-4cf7-baa2-950d967fe76b ] Request - Headers: {'Content-Type': 'application/json', 'Accept': 'application/json', 'X-Auth-Token': ''} Body: None Response - Headers: {'status': '404', u'content-length': '134', 'content-location': 'http://172.30.9.28:9696/v2.0/trunks/7f1b9972-a978-459c-bddb-9b155d0c334c', u'date': 'Sat, 29 Dec 2018 14:34:59 GMT', u'content-type': 'application/json', u'connection': 'close', u'x-openstack-request-id': 'req-4d7d09d0-5312-4cf7-baa2-950d967fe76b'} Body: {"NeutronError": {"message": "Trunk 7f1b9972-a978-459c-bddb-9b155d0c334c could not be found.", "type": "TrunkNotFound", "detail": ""}} _log_request_full /root/.rally/verification/verifier-eceeb075-6baf-49b6-a056-8c334db769a9/repo/tempest/lib/common/rest_client.py:434
2018-12-29 14:34:59.866 17922 INFO tempest.lib.common.rest_client [req-0f30a8cc-9c70-476f-bd29-3078655bf305 ] Request (TrunkTestJSON:_run_cleanups): 404 GET http://172.30.9.28:9696/v2.0/trunks/89105286-6bce-4e36-be8e-6818c41ea5fa 0.013s
2018-12-29 14:34:59.867 17922 DEBUG tempest.lib.common.rest_client [req-0f30a8cc-9c70-476f-bd29-3078655bf305 ] Request - Headers: {'Content-Type': 'application/json', 'Accept': 'application/json', 'X-Auth-Token': ''} Body: None Response - Headers: {'status': '404', u'content-length': '134', 'content-location': 'http://172.30.9.28:9696/v2.0/trunks/89105286-6bce-4e36-be8e-6818c41ea5fa', u'date': 'Sat, 29 Dec 2018 14:34:59 GMT', u'content-type': 'application/json', u'connection': 'close', u'x-openstack-request-id': 'req-0f30a8cc-9c70-476f-bd29-3078655bf305'} Body: {"NeutronError": {"message": "Trunk 89105286-6bce-4e36-be8e-6818c41ea5fa could not be found.", "type": "TrunkNotFound", "detail": ""}} _log_request_full /root/.rally/verification/verifier-eceeb075-6baf-49b6-a056-8c334db769a9/repo/tempest/lib/common/rest_client.py:434
2018-12-29 14:34:59.885 17918 INFO tempest.lib.common.rest_client [req-6aad04a5-e7a2-4382-b7cb-135d201d1881 ] Request (TrunkTestJSON:_run_cleanups): 204 DELETE http://172.30.9.28:9696/v2.0/ports/15f276d2-7b1d-4dc9-a0a9-25705fc0618a 0.365s
2018-12-29 14:34:59.885 17918 DEBUG tempest.lib.common.rest_client [req-6aad04a5-e7a2-4382-b7cb-135d201d1881 ] Request - Headers: {'Content-Type': 'application/json', 'Accept': 'application/json', 'X-Auth-Token': ''} Body: None Response - Headers: {'status': '204', u'content-length': '0', 'content-location': 'http://172.30.9.28:9696/v2.0/ports/15f276d2-7b1d-4dc9-a0a9-25705fc0618a', u'date': 'Sat, 29 Dec 2018 14:34:59 GMT', u'connection': 'close', u'x-openstack-request-id': 'req-6aad04a5-e7a2-4382-b7cb-135d201d1881'} Body: _log_request_full /root/.rally/verification/verifier-eceeb075-6baf-49b6-a056-8c334db769a9/repo/tempest/lib/common/rest_client.py:434
2018-12-29 14:34:59.900 17922 INFO tempest.lib.common.rest_client [req-ebfbe488-7827-4123-a218-07b9428fb375 ] Request (TrunkTestJSON:_run_cleanups): 404 DELETE http://172.30.9.28:9696/v2.0/ports/8bce8f69-64fd-4c62-b3f7-fe38f900e67c 0.032s
2018-12-29 14:34:59.900 17922 DEBUG tempest.lib.common.rest_client [req-ebfbe488-7827-4123-a218-07b9428fb375 ] Request - Headers: {'Content-Type': 'application/json', 'Accept': 'application/json', 'X-Auth-Token': ''} Body: None Response - Headers: {'status': '404', u'content-length': '132', 'content-location': 'http://172.30.9.28:9696/v2.0/ports/8bce8f69-64fd-4c62-b3f7-fe38f900e67c', u'date': 'Sat, 29 Dec 2018 14:34:59 GMT', u'content-type': 'application/json', u'connection': 'close', u'x-openstack-request-id': 'req-ebfbe488-7827-4123-a218-07b9428fb375'} Body: {"NeutronError": {"message": "Port 8bce8f69-64fd-4c62-b3f7-fe38f900e67c could not be found.", "type": "PortNotFound", "detail": ""}} _log_request_full /root/.rally/verification/verifier-eceeb075-6baf-49b6-a056-8c334db769a9/repo/tempest/lib/common/rest_client.py:434
2018-12-29 14:34:59.934 17919 WARNING tempest.lib.common.ssh [-] Failed to establish authenticated ssh connection to cirros@172.30.9.202 ([Errno None] Unable to connect to port 22 on 172.30.9.202). Number attempts: 2. Retry after 3 seconds.: NoValidConnectionsError: [Errno None] Unable to connect to port 22 on 172.30.9.202
2018-12-29 14:34:59.934 17922 INFO tempest.lib.common.rest_client [req-a6c81f41-a8c6-4af7-8a5f-c8ede6e91988 ] Request (TrunkTestJSON:_run_cleanups): 404 DELETE http://172.30.9.28:9696/v2.0/ports/4324bb6a-8820-4122-9f0a-3badacda241f 0.033s
2018-12-29 14:34:59.934 17922 DEBUG tempest.lib.common.rest_client [req-a6c81f41-a8c6-4af7-8a5f-c8ede6e91988 ] Request - Headers: {'Content-Type': 'application/json', 'Accept': 'application/json', 'X-Auth-Token': ''} Body: None Response - Headers: {'status': '404', u'content-length': '132', 'content-location': 'http://172.30.9.28:9696/v2.0/ports/4324bb6a-8820-4122-9f0a-3badacda241f', u'date': 'Sat, 29 Dec 2018 14:34:59 GMT', u'content-type': 'application/json', u'connection': 'close', u'x-openstack-request-id': 'req-a6c81f41-a8c6-4af7-8a5f-c8ede6e91988'} Body: {"NeutronError": {"message": "Port 4324bb6a-8820-4122-9f0a-3badacda241f could not be found.", "type": "PortNotFound", "detail": ""}} _log_request_full /root/.rally/verification/verifier-eceeb075-6baf-49b6-a056-8c334db769a9/repo/tempest/lib/common/rest_client.py:434
2018-12-29 14:34:59.965 17922 INFO tempest.lib.common.rest_client [req-259355cf-7122-425d-b32b-7626a1fccdd0 ] Request (TrunkTestJSON:_run_cleanups): 404 DELETE http://172.30.9.28:9696/v2.0/ports/34dccdbc-2647-48a7-8de2-2ebedbb73aba 0.030s
2018-12-29 14:34:59.965 17922 DEBUG tempest.lib.common.rest_client [req-259355cf-7122-425d-b32b-7626a1fccdd0 ] Request - Headers: {'Content-Type': 'application/json', 'Accept': 'application/json', 'X-Auth-Token': ''} Body: None Response - Headers: {'status': '404', u'content-length': '132', 'content-location': 'http://172.30.9.28:9696/v2.0/ports/34dccdbc-2647-48a7-8de2-2ebedbb73aba', u'date': 'Sat, 29 Dec 2018 14:34:59 GMT', u'content-type': 'application/json', u'connection': 'close', u'x-openstack-request-id': 'req-259355cf-7122-425d-b32b-7626a1fccdd0'} Body: {"NeutronError": {"message": "Port 34dccdbc-2647-48a7-8de2-2ebedbb73aba could not be found.", "type": "PortNotFound", "detail": ""}} _log_request_full /root/.rally/verification/verifier-eceeb075-6baf-49b6-a056-8c334db769a9/repo/tempest/lib/common/rest_client.py:434
2018-12-29 14:34:59.996 17922 INFO tempest.lib.common.rest_client [req-39084b6c-1913-45f0-9c8a-6ed009492b76 ] Request (TrunkTestJSON:_run_cleanups): 404 DELETE http://172.30.9.28:9696/v2.0/ports/75c96b32-4bb4-4ee9-ac8b-b440a53d398a 0.029s
2018-12-29 14:34:59.996 17922 DEBUG tempest.lib.common.rest_client [req-39084b6c-1913-45f0-9c8a-6ed009492b76 ] Request - Headers: {'Content-Type': 'application/json', 'Accept': 'application/json', 'X-Auth-Token': ''} Body: None Response - Headers: {'status': '404', u'content-length': '132', 'content-location': 'http://172.30.9.28:9696/v2.0/ports/75c96b32-4bb4-4ee9-ac8b-b440a53d398a', u'date': 'Sat, 29 Dec 2018 14:34:59 GMT', u'content-type': 'application/json', u'connection': 'close', u'x-openstack-request-id': 'req-39084b6c-1913-45f0-9c8a-6ed009492b76'} Body: {"NeutronError": {"message": "Port 75c96b32-4bb4-4ee9-ac8b-b440a53d398a could not be found.", "type": "PortNotFound", "detail": ""}} _log_request_full /root/.rally/verification/verifier-eceeb075-6baf-49b6-a056-8c334db769a9/repo/tempest/lib/common/rest_client.py:434
2018-12-29 14:35:00.025 17922 INFO tempest.lib.common.rest_client [req-331aa725-0976-4f4b-a71e-36b89a3bea9b ] Request (TrunkTestJSON:_run_cleanups): 404 DELETE http://172.30.9.28:9696/v2.0/ports/6ca5a310-689e-471d-a3b5-5fdae4775ae7 0.028s
2018-12-29 14:35:00.025 17922 DEBUG tempest.lib.common.rest_client [req-331aa725-0976-4f4b-a71e-36b89a3bea9b ] Request - Headers: {'Content-Type': 'application/json', 'Accept': 'application/json', 'X-Auth-Token': ''} Body: None Response - Headers: {'status': '404', u'content-length': '132', 'content-location': 'http://172.30.9.28:9696/v2.0/ports/6ca5a310-689e-471d-a3b5-5fdae4775ae7', u'date': 'Sat, 29 Dec 2018 14:35:00 GMT', u'content-type': 'application/json', u'connection': 'close', u'x-openstack-request-id': 'req-331aa725-0976-4f4b-a71e-36b89a3bea9b'} Body: {"NeutronError": {"message": "Port 6ca5a310-689e-471d-a3b5-5fdae4775ae7 could not be found.", "type": "PortNotFound", "detail": ""}} _log_request_full /root/.rally/verification/verifier-eceeb075-6baf-49b6-a056-8c334db769a9/repo/tempest/lib/common/rest_client.py:434
2018-12-29 14:35:00.056 17922 INFO tempest.lib.common.rest_client [req-7d1f94c1-d0e4-41b0-b1f8-7b580f523bf7 ] Request (TrunkTestJSON:_run_cleanups): 404 DELETE http://172.30.9.28:9696/v2.0/ports/3cfcd81a-ce29-4ef4-b68c-8931a14f346f 0.030s
2018-12-29 14:35:00.056 17922 DEBUG tempest.lib.common.rest_client [req-7d1f94c1-d0e4-41b0-b1f8-7b580f523bf7 ] Request - Headers: {'Content-Type': 'application/json', 'Accept': 'application/json', 'X-Auth-Token': ''} Body: None Response - Headers: {'status': '404', u'content-length': '132', 'content-location': 'http://172.30.9.28:9696/v2.0/ports/3cfcd81a-ce29-4ef4-b68c-8931a14f346f', u'date': 'Sat, 29 Dec 2018 14:35:00 GMT', u'content-type': 'application/json', u'connection': 'close', u'x-openstack-request-id': 'req-7d1f94c1-d0e4-41b0-b1f8-7b580f523bf7'} Body: {"NeutronError": {"message": "Port 3cfcd81a-ce29-4ef4-b68c-8931a14f346f could not be found.", "type": "PortNotFound", "detail": ""}} _log_request_full /root/.rally/verification/verifier-eceeb075-6baf-49b6-a056-8c334db769a9/repo/tempest/lib/common/rest_client.py:434
2018-12-29 14:35:00.084 17922 INFO tempest.lib.common.rest_client [req-9155372f-d167-498b-9477-1e33f11ea30b ] Request (TrunkTestJSON:_run_cleanups): 404 DELETE http://172.30.9.28:9696/v2.0/ports/b78bc238-0ec3-40b2-a7f3-fd96b7110545 0.027s
2018-12-29 14:35:00.085 17922 DEBUG tempest.lib.common.rest_client [req-9155372f-d167-498b-9477-1e33f11ea30b ] Request - Headers: {'Content-Type': 'application/json', 'Accept': 'application/json', 'X-Auth-Token': ''} Body: None Response - Headers: {'status': '404', u'content-length': '132', 'content-location': 'http://172.30.9.28:9696/v2.0/ports/b78bc238-0ec3-40b2-a7f3-fd96b7110545', u'date': 'Sat, 29 Dec 2018 14:35:00 GMT', u'content-type': 'application/json', u'connection': 'close', u'x-openstack-request-id': 'req-9155372f-d167-498b-9477-1e33f11ea30b'} Body: {"NeutronError": {"message": "Port b78bc238-0ec3-40b2-a7f3-fd96b7110545 could not be found.", "type": "PortNotFound", "detail": ""}} _log_request_full /root/.rally/verification/verifier-eceeb075-6baf-49b6-a056-8c334db769a9/repo/tempest/lib/common/rest_client.py:434
2018-12-29 14:35:00.116 17922 INFO tempest.lib.common.rest_client [req-34095b7f-4ecb-438f-98ec-26e2ed514d23 ] Request (TrunkTestJSON:_run_cleanups): 404 DELETE http://172.30.9.28:9696/v2.0/ports/9d13f949-90f5-4ff7-9e0f-e740b28ad614 0.030s
2018-12-29 14:35:00.116 17922 DEBUG tempest.lib.common.rest_client [req-34095b7f-4ecb-438f-98ec-26e2ed514d23 ] Request - Headers: {'Content-Type': 'application/json', 'Accept': 'application/json', 'X-Auth-Token': ''} Body: None Response - Headers: {'status': '404', u'content-length': '132', 'content-location': 'http://172.30.9.28:9696/v2.0/ports/9d13f949-90f5-4ff7-9e0f-e740b28ad614', u'date': 'Sat, 29 Dec 2018 14:35:00 GMT', u'content-type': 'application/json', u'connection': 'close', u'x-openstack-request-id': 'req-34095b7f-4ecb-438f-98ec-26e2ed514d23'} Body: {"NeutronError": {"message": "Port 9d13f949-90f5-4ff7-9e0f-e740b28ad614 could not be found.", "type": "PortNotFound", "detail": ""}} _log_request_full /root/.rally/verification/verifier-eceeb075-6baf-49b6-a056-8c334db769a9/repo/tempest/lib/common/rest_client.py:434
2018-12-29 14:35:00.429 17918 INFO tempest.lib.common.rest_client [req-77c18c0d-170c-425c-8434-7be80c956e2d ] Request (TrunkTestJSON:_run_cleanups): 204 DELETE http://172.30.9.28:9696/v2.0/ports/f6fbd755-2e09-47fe-9162-81ea3207f7a7 0.543s
2018-12-29 14:35:00.429 17918 DEBUG tempest.lib.common.rest_client [req-77c18c0d-170c-425c-8434-7be80c956e2d ] Request - Headers: {'Content-Type': 'application/json', 'Accept': 'application/json', 'X-Auth-Token': ''} Body: None Response - Headers: {'status': '204', u'content-length': '0', 'content-location': 'http://172.30.9.28:9696/v2.0/ports/f6fbd755-2e09-47fe-9162-81ea3207f7a7', u'date': 'Sat, 29 Dec 2018 14:35:00 GMT', u'connection': 'close', u'x-openstack-request-id': 'req-77c18c0d-170c-425c-8434-7be80c956e2d'} Body: _log_request_full /root/.rally/verification/verifier-eceeb075-6baf-49b6-a056-8c334db769a9/repo/tempest/lib/common/rest_client.py:434
2018-12-29 14:35:00.453 17918 INFO tempest.lib.common.rest_client [req-40863565-e135-4133-b4a0-27be91849db6 ] Request (TrunkTestJSON:_run_cleanups): 404 DELETE http://172.30.9.28:9696/v2.0/networks/54a43c17-adac-41e2-9d95-b7b5e67f1b1d 0.023s
2018-12-29 14:35:00.453 17918 DEBUG tempest.lib.common.rest_client [req-40863565-e135-4133-b4a0-27be91849db6 ] Request - Headers: {'Content-Type': 'application/json', 'Accept': 'application/json', 'X-Auth-Token': ''} Body: None Response - Headers: {'status': '404', u'content-length': '138', 'content-location': 'http://172.30.9.28:9696/v2.0/networks/54a43c17-adac-41e2-9d95-b7b5e67f1b1d', u'date': 'Sat, 29 Dec 2018 14:35:00 GMT', u'content-type': 'application/json', u'connection': 'close', u'x-openstack-request-id': 'req-40863565-e135-4133-b4a0-27be91849db6'} Body: {"NeutronError": {"message": "Network 54a43c17-adac-41e2-9d95-b7b5e67f1b1d could not be found.", "type": "NetworkNotFound", "detail": ""}} _log_request_full /root/.rally/verification/verifier-eceeb075-6baf-49b6-a056-8c334db769a9/repo/tempest/lib/common/rest_client.py:434
2018-12-29 14:35:00.460 17922 INFO tempest.lib.common.rest_client [req-842f6b7a-fd7a-4389-bc58-e16eae96a300 ] Request (TrunkTestJSON:_run_cleanups): 204 DELETE http://172.30.9.28:9696/v2.0/ports/230112f4-e148-413d-afbd-cf67f382377c 0.343s
2018-12-29 14:35:00.461 17922 DEBUG tempest.lib.common.rest_client [req-842f6b7a-fd7a-4389-bc58-e16eae96a300 ] Request - Headers: {'Content-Type': 'application/json', 'Accept': 'application/json', 'X-Auth-Token': ''} Body: None Response - Headers: {'status': '204', u'content-length': '0', 'content-location': 'http://172.30.9.28:9696/v2.0/ports/230112f4-e148-413d-afbd-cf67f382377c', u'date': 'Sat, 29 Dec 2018 14:35:00 GMT', u'connection': 'close', u'x-openstack-request-id': 'req-842f6b7a-fd7a-4389-bc58-e16eae96a300'} Body: _log_request_full /root/.rally/verification/verifier-eceeb075-6baf-49b6-a056-8c334db769a9/repo/tempest/lib/common/rest_client.py:434
2018-12-29 14:35:00.476 17918 INFO tempest.lib.common.rest_client [req-70eab74d-94ad-4a13-aef1-15d365d7d8dc ] Request (TrunkTestJSON:_run_cleanups): 404 DELETE http://172.30.9.28:9696/v2.0/networks/01cedf35-5d6a-44df-a5ca-4c9594d2b692 0.021s
2018-12-29 14:35:00.476 17918 DEBUG tempest.lib.common.rest_client [req-70eab74d-94ad-4a13-aef1-15d365d7d8dc ] Request - Headers: {'Content-Type': 'application/json', 'Accept': 'application/json', 'X-Auth-Token': ''} Body: None Response - Headers: {'status': '404', u'content-length': '138', 'content-location': 'http://172.30.9.28:9696/v2.0/networks/01cedf35-5d6a-44df-a5ca-4c9594d2b692', u'date': 'Sat, 29 Dec 2018 14:35:00 GMT', u'content-type': 'application/json', u'connection': 'close', u'x-openstack-request-id': 'req-70eab74d-94ad-4a13-aef1-15d365d7d8dc'} Body: {"NeutronError": {"message": "Network 01cedf35-5d6a-44df-a5ca-4c9594d2b692 could not be found.", "type": "NetworkNotFound", "detail": ""}} _log_request_full /root/.rally/verification/verifier-eceeb075-6baf-49b6-a056-8c334db769a9/repo/tempest/lib/common/rest_client.py:434
2018-12-29 14:35:00.496 17922 INFO tempest.lib.common.rest_client [req-4c9a546f-028f-46ec-9c96-0c8a700cebbe ] Request (TrunkTestJSON:_run_cleanups): 404 DELETE http://172.30.9.28:9696/v2.0/networks/4f23d3a1-10e5-4364-88e0-368b99efdb87 0.034s
2018-12-29 14:35:00.496 17922 DEBUG tempest.lib.common.rest_client [req-4c9a546f-028f-46ec-9c96-0c8a700cebbe ] Request - Headers: {'Content-Type': 'application/json', 'Accept': 'application/json', 'X-Auth-Token': ''} Body: None Response - Headers: {'status': '404', u'content-length': '138', 'content-location': 'http://172.30.9.28:9696/v2.0/networks/4f23d3a1-10e5-4364-88e0-368b99efdb87', u'date': 'Sat, 29 Dec 2018 14:35:00 GMT', u'content-type': 'application/json', u'connection': 'close', u'x-openstack-request-id': 'req-4c9a546f-028f-46ec-9c96-0c8a700cebbe'} Body: {"NeutronError": {"message": "Network 4f23d3a1-10e5-4364-88e0-368b99efdb87 could not be found.", "type": "NetworkNotFound", "detail": ""}} _log_request_full /root/.rally/verification/verifier-eceeb075-6baf-49b6-a056-8c334db769a9/repo/tempest/lib/common/rest_client.py:434
2018-12-29 14:35:00.498 17918 INFO tempest.lib.common.rest_client [req-b526bdfc-bfc0-4e81-9259-e6cbbcd06867 ] Request (TrunkTestJSON:_run_cleanups): 404 DELETE http://172.30.9.28:9696/v2.0/networks/9d1f1e70-6440-41f7-a5e5-112d5d59aa29 0.021s
2018-12-29 14:35:00.499 17918 DEBUG tempest.lib.common.rest_client [req-b526bdfc-bfc0-4e81-9259-e6cbbcd06867 ] Request - Headers: {'Content-Type': 'application/json', 'Accept': 'application/json', 'X-Auth-Token': ''} Body: None Response - Headers: {'status': '404', u'content-length': '138', 'content-location': 'http://172.30.9.28:9696/v2.0/networks/9d1f1e70-6440-41f7-a5e5-112d5d59aa29', u'date': 'Sat, 29 Dec 2018 14:35:00 GMT', u'content-type': 'application/json', u'connection': 'close', u'x-openstack-request-id': 'req-b526bdfc-bfc0-4e81-9259-e6cbbcd06867'} Body: {"NeutronError": {"message": "Network 9d1f1e70-6440-41f7-a5e5-112d5d59aa29 could not be found.", "type": "NetworkNotFound", "detail": ""}} _log_request_full /root/.rally/verification/verifier-eceeb075-6baf-49b6-a056-8c334db769a9/repo/tempest/lib/common/rest_client.py:434
2018-12-29 14:35:00.519 17918 INFO tempest.lib.common.rest_client [req-be98c78d-cb23-4095-a0a5-39a07d95fceb ] Request (TrunkTestJSON:_run_cleanups): 404 DELETE http://172.30.9.28:9696/v2.0/networks/ff4e9be2-e93e-406a-9ff9-02198a4df28b 0.020s
2018-12-29 14:35:00.520 17918 DEBUG tempest.lib.common.rest_client [req-be98c78d-cb23-4095-a0a5-39a07d95fceb ] Request - Headers: {'Content-Type': 'application/json', 'Accept': 'application/json', 'X-Auth-Token': ''} Body: None Response - Headers: {'status': '404', u'content-length': '138', 'content-location': 'http://172.30.9.28:9696/v2.0/networks/ff4e9be2-e93e-406a-9ff9-02198a4df28b', u'date': 'Sat, 29 Dec 2018 14:35:00 GMT', u'content-type': 'application/json', u'connection': 'close', u'x-openstack-request-id': 'req-be98c78d-cb23-4095-a0a5-39a07d95fceb'} Body: {"NeutronError": {"message": "Network ff4e9be2-e93e-406a-9ff9-02198a4df28b could not be found.", "type": "NetworkNotFound", "detail": ""}} _log_request_full /root/.rally/verification/verifier-eceeb075-6baf-49b6-a056-8c334db769a9/repo/tempest/lib/common/rest_client.py:434
2018-12-29 14:35:00.521 17922 INFO tempest.lib.common.rest_client [req-38cbf2ab-d941-42a7-bfac-3e04abf96de1 ] Request (TrunkTestJSON:_run_cleanups): 404 DELETE http://172.30.9.28:9696/v2.0/networks/e7072772-b589-4f64-ad30-0ef529ecd7e9 0.023s
2018-12-29 14:35:00.521 17922 DEBUG tempest.lib.common.rest_client [req-38cbf2ab-d941-42a7-bfac-3e04abf96de1 ] Request - Headers: {'Content-Type': 'application/json', 'Accept': 'application/json', 'X-Auth-Token': ''} Body: None Response - Headers: {'status': '404', u'content-length': '138', 'content-location': 'http://172.30.9.28:9696/v2.0/networks/e7072772-b589-4f64-ad30-0ef529ecd7e9', u'date': 'Sat, 29 Dec 2018 14:35:00 GMT', u'content-type': 'application/json', u'connection': 'close', u'x-openstack-request-id': 'req-38cbf2ab-d941-42a7-bfac-3e04abf96de1'} Body: {"NeutronError": {"message": "Network e7072772-b589-4f64-ad30-0ef529ecd7e9 could not be found.", "type": "NetworkNotFound", "detail": ""}} _log_request_full /root/.rally/verification/verifier-eceeb075-6baf-49b6-a056-8c334db769a9/repo/tempest/lib/common/rest_client.py:434
2018-12-29 14:35:00.549 17918 INFO tempest.lib.common.rest_client [req-495a459e-de52-4f1f-bbfc-6e8bbb96270d ] Request (TrunkTestJSON:_run_cleanups): 404 DELETE http://172.30.9.28:9696/v2.0/networks/eb8b5a6f-917c-43ad-a8db-5feaed60f86b 0.028s
2018-12-29 14:35:00.549 17922 INFO tempest.lib.common.rest_client [req-2d314609-7bb7-4e7f-9936-52ef06b7cb71 ] Request (TrunkTestJSON:_run_cleanups): 404 DELETE http://172.30.9.28:9696/v2.0/networks/c10f7cce-4cdf-4429-9618-4df222a69ed6 0.027s
2018-12-29 14:35:00.549 17918 DEBUG tempest.lib.common.rest_client [req-495a459e-de52-4f1f-bbfc-6e8bbb96270d ] Request - Headers: {'Content-Type': 'application/json', 'Accept': 'application/json', 'X-Auth-Token': ''} Body: None Response - Headers: {'status': '404', u'content-length': '138', 'content-location': 'http://172.30.9.28:9696/v2.0/networks/eb8b5a6f-917c-43ad-a8db-5feaed60f86b', u'date': 'Sat, 29 Dec 2018 14:35:00 GMT', u'content-type': 'application/json', u'connection': 'close', u'x-openstack-request-id': 'req-495a459e-de52-4f1f-bbfc-6e8bbb96270d'} Body: {"NeutronError": {"message": "Network eb8b5a6f-917c-43ad-a8db-5feaed60f86b could not be found.", "type": "NetworkNotFound", "detail": ""}} _log_request_full /root/.rally/verification/verifier-eceeb075-6baf-49b6-a056-8c334db769a9/repo/tempest/lib/common/rest_client.py:434
2018-12-29 14:35:00.550 17922 DEBUG tempest.lib.common.rest_client [req-2d314609-7bb7-4e7f-9936-52ef06b7cb71 ] Request - Headers: {'Content-Type': 'application/json', 'Accept': 'application/json', 'X-Auth-Token': ''} Body: None Response - Headers: {'status': '404', u'content-length': '138', 'content-location': 'http://172.30.9.28:9696/v2.0/networks/c10f7cce-4cdf-4429-9618-4df222a69ed6', u'date': 'Sat, 29 Dec 2018 14:35:00 GMT', u'content-type': 'application/json', u'connection': 'close', u'x-openstack-request-id': 'req-2d314609-7bb7-4e7f-9936-52ef06b7cb71'} Body: {"NeutronError": {"message": "Network c10f7cce-4cdf-4429-9618-4df222a69ed6 could not be found.", "type": "NetworkNotFound", "detail": ""}} _log_request_full /root/.rally/verification/verifier-eceeb075-6baf-49b6-a056-8c334db769a9/repo/tempest/lib/common/rest_client.py:434
2018-12-29 14:35:00.570 17918 INFO tempest.lib.common.rest_client [req-a63811a6-d4c1-4b94-86db-27949b95863e ] Request (TrunkTestJSON:_run_cleanups): 404 DELETE http://172.30.9.28:9696/v2.0/networks/56cea384-5455-4cab-9e15-2798d59dfe1b 0.020s
2018-12-29 14:35:00.571 17918 DEBUG tempest.lib.common.rest_client [req-a63811a6-d4c1-4b94-86db-27949b95863e ] Request - Headers: {'Content-Type': 'application/json', 'Accept': 'application/json', 'X-Auth-Token': ''} Body: None Response - Headers: {'status': '404', u'content-length': '138', 'content-location': 'http://172.30.9.28:9696/v2.0/networks/56cea384-5455-4cab-9e15-2798d59dfe1b', u'date': 'Sat, 29 Dec 2018 14:35:00 GMT', u'content-type': 'application/json', u'connection': 'close', u'x-openstack-request-id': 'req-a63811a6-d4c1-4b94-86db-27949b95863e'} Body: {"NeutronError": {"message": "Network 56cea384-5455-4cab-9e15-2798d59dfe1b could not be found.", "type": "NetworkNotFound", "detail": ""}} _log_request_full /root/.rally/verification/verifier-eceeb075-6baf-49b6-a056-8c334db769a9/repo/tempest/lib/common/rest_client.py:434
2018-12-29 14:35:00.575 17922 INFO tempest.lib.common.rest_client [req-30f862f3-424d-44a6-94df-b8f57009ad3c ] Request (TrunkTestJSON:_run_cleanups): 404 DELETE http://172.30.9.28:9696/v2.0/networks/8cee774c-bad0-4c2a-be6e-dfef960bcc05 0.024s
2018-12-29 14:35:00.575 17922 DEBUG tempest.lib.common.rest_client [req-30f862f3-424d-44a6-94df-b8f57009ad3c ] Request - Headers: {'Content-Type': 'application/json', 'Accept': 'application/json', 'X-Auth-Token': ''} Body: None Response - Headers: {'status': '404', u'content-length': '138', 'content-location': 'http://172.30.9.28:9696/v2.0/networks/8cee774c-bad0-4c2a-be6e-dfef960bcc05', u'date': 'Sat, 29 Dec 2018 14:35:00 GMT', u'content-type': 'application/json', u'connection': 'close', u'x-openstack-request-id': 'req-30f862f3-424d-44a6-94df-b8f57009ad3c'} Body: {"NeutronError": {"message": "Network 8cee774c-bad0-4c2a-be6e-dfef960bcc05 could not be found.", "type": "NetworkNotFound", "detail": ""}} _log_request_full /root/.rally/verification/verifier-eceeb075-6baf-49b6-a056-8c334db769a9/repo/tempest/lib/common/rest_client.py:434
2018-12-29 14:35:00.598 17922 INFO tempest.lib.common.rest_client [req-12116d29-46f3-4032-935f-3c10f50e9cb1 ] Request (TrunkTestJSON:_run_cleanups): 404 DELETE http://172.30.9.28:9696/v2.0/networks/8532c5f8-1079-4cfd-a85f-5cdf7106bae3 0.022s
2018-12-29 14:35:00.598 17922 DEBUG tempest.lib.common.rest_client [req-12116d29-46f3-4032-935f-3c10f50e9cb1 ] Request - Headers: {'Content-Type': 'application/json', 'Accept': 'application/json', 'X-Auth-Token': ''} Body: None Response - Headers: {'status': '404', u'content-length': '138', 'content-location': 'http://172.30.9.28:9696/v2.0/networks/8532c5f8-1079-4cfd-a85f-5cdf7106bae3', u'date': 'Sat, 29 Dec 2018 14:35:00 GMT', u'content-type': 'application/json', u'connection': 'close', u'x-openstack-request-id': 'req-12116d29-46f3-4032-935f-3c10f50e9cb1'} Body: {"NeutronError": {"message": "Network 8532c5f8-1079-4cfd-a85f-5cdf7106bae3 could not be found.", "type": "NetworkNotFound", "detail": ""}} _log_request_full /root/.rally/verification/verifier-eceeb075-6baf-49b6-a056-8c334db769a9/repo/tempest/lib/common/rest_client.py:434
2018-12-29 14:35:00.599 17918 INFO tempest.lib.common.rest_client [req-f15a3b30-3139-46f1-bc41-83717da0af88 ] Request (TrunkTestJSON:_run_cleanups): 404 DELETE http://172.30.9.28:9696/v2.0/networks/9ddd18a7-e898-4821-9b62-485efa9402a4 0.027s
2018-12-29 14:35:00.599 17918 DEBUG tempest.lib.common.rest_client [req-f15a3b30-3139-46f1-bc41-83717da0af88 ] Request - Headers: {'Content-Type': 'application/json', 'Accept': 'application/json', 'X-Auth-Token': ''} Body: None Response - Headers: {'status': '404', u'content-length': '138', 'content-location': 'http://172.30.9.28:9696/v2.0/networks/9ddd18a7-e898-4821-9b62-485efa9402a4', u'date': 'Sat, 29 Dec 2018 14:35:00 GMT', u'content-type': 'application/json', u'connection': 'close', u'x-openstack-request-id': 'req-f15a3b30-3139-46f1-bc41-83717da0af88'} Body: {"NeutronError": {"message": "Network 9ddd18a7-e898-4821-9b62-485efa9402a4 could not be found.", "type": "NetworkNotFound", "detail": ""}} _log_request_full /root/.rally/verification/verifier-eceeb075-6baf-49b6-a056-8c334db769a9/repo/tempest/lib/common/rest_client.py:434
2018-12-29 14:35:00.619 17922 INFO tempest.lib.common.rest_client [req-ced2c43d-c2dd-427f-8afc-3205b19ed00b ] Request (TrunkTestJSON:_run_cleanups): 404 DELETE http://172.30.9.28:9696/v2.0/networks/77f74fb6-6645-4b87-89e4-692e208e8b75 0.020s
2018-12-29 14:35:00.620 17922 DEBUG tempest.lib.common.rest_client [req-ced2c43d-c2dd-427f-8afc-3205b19ed00b ] Request - Headers: {'Content-Type': 'application/json', 'Accept': 'application/json', 'X-Auth-Token': ''} Body: None Response - Headers: {'status': '404', u'content-length': '138', 'content-location': 'http://172.30.9.28:9696/v2.0/networks/77f74fb6-6645-4b87-89e4-692e208e8b75', u'date': 'Sat, 29 Dec 2018 14:35:00 GMT', u'content-type': 'application/json', u'connection': 'close', u'x-openstack-request-id': 'req-ced2c43d-c2dd-427f-8afc-3205b19ed00b'} Body: {"NeutronError": {"message": "Network 77f74fb6-6645-4b87-89e4-692e208e8b75 could not be found.", "type": "NetworkNotFound", "detail": ""}} _log_request_full /root/.rally/verification/verifier-eceeb075-6baf-49b6-a056-8c334db769a9/repo/tempest/lib/common/rest_client.py:434
2018-12-29 14:35:00.643 17922 INFO tempest.lib.common.rest_client [req-3bbf5beb-1ac6-4ba7-b7b8-fddc376dd4f8 ] Request (TrunkTestJSON:_run_cleanups): 404 DELETE http://172.30.9.28:9696/v2.0/networks/0852be78-4f4a-4c24-bdbe-6e561da6120a 0.022s
2018-12-29 14:35:00.643 17922 DEBUG tempest.lib.common.rest_client [req-3bbf5beb-1ac6-4ba7-b7b8-fddc376dd4f8 ] Request - Headers: {'Content-Type': 'application/json', 'Accept': 'application/json', 'X-Auth-Token': ''} Body: None Response - Headers: {'status': '404', u'content-length': '138', 'content-location': 'http://172.30.9.28:9696/v2.0/networks/0852be78-4f4a-4c24-bdbe-6e561da6120a', u'date': 'Sat, 29 Dec 2018 14:35:00 GMT', u'content-type': 'application/json', u'connection': 'close', u'x-openstack-request-id': 'req-3bbf5beb-1ac6-4ba7-b7b8-fddc376dd4f8'} Body: {"NeutronError": {"message": "Network 0852be78-4f4a-4c24-bdbe-6e561da6120a could not be found.", "type": "NetworkNotFound", "detail": ""}} _log_request_full /root/.rally/verification/verifier-eceeb075-6baf-49b6-a056-8c334db769a9/repo/tempest/lib/common/rest_client.py:434
2018-12-29 14:35:01.375 17918 INFO tempest.lib.common.rest_client [req-b75e497e-0c75-4fae-a25b-69d9b2353f12 ] Request (TrunkTestJSON:_run_cleanups): 204 DELETE http://172.30.9.28:9696/v2.0/networks/06cf3aac-a0d9-42f3-b2b1-0206a8ac91ce 0.774s
2018-12-29 14:35:01.375 17918 DEBUG tempest.lib.common.rest_client [req-b75e497e-0c75-4fae-a25b-69d9b2353f12 ] Request - Headers: {'Content-Type': 'application/json', 'Accept': 'application/json', 'X-Auth-Token': ''} Body: None Response - Headers: {'status': '204', u'content-length': '0', 'content-location': 'http://172.30.9.28:9696/v2.0/networks/06cf3aac-a0d9-42f3-b2b1-0206a8ac91ce', u'date': 'Sat, 29 Dec 2018 14:35:01 GMT', u'connection': 'close', u'x-openstack-request-id': 'req-b75e497e-0c75-4fae-a25b-69d9b2353f12'} Body: _log_request_full /root/.rally/verification/verifier-eceeb075-6baf-49b6-a056-8c334db769a9/repo/tempest/lib/common/rest_client.py:434
2018-12-29 14:35:01.432 17922 INFO tempest.lib.common.rest_client [req-39b0b8d2-7916-4964-b448-aad61f535c03 ] Request (TrunkTestJSON:_run_cleanups): 204 DELETE http://172.30.9.28:9696/v2.0/networks/1863ee9a-7c59-4c0f-a11b-68c2b23fdf3e 0.787s
2018-12-29 14:35:01.432 17922 DEBUG tempest.lib.common.rest_client [req-39b0b8d2-7916-4964-b448-aad61f535c03 ] Request - Headers: {'Content-Type': 'application/json', 'Accept': 'application/json', 'X-Auth-Token': ''} Body: None Response - Headers: {'status': '204', u'content-length': '0', 'content-location': 'http://172.30.9.28:9696/v2.0/networks/1863ee9a-7c59-4c0f-a11b-68c2b23fdf3e', u'date': 'Sat, 29 Dec 2018 14:35:01 GMT', u'connection': 'close', u'x-openstack-request-id': 'req-39b0b8d2-7916-4964-b448-aad61f535c03'} Body: _log_request_full /root/.rally/verification/verifier-eceeb075-6baf-49b6-a056-8c334db769a9/repo/tempest/lib/common/rest_client.py:434
2018-12-29 14:35:01.684 17922 INFO tempest.lib.common.rest_client [req-bbd1650c-7c58-4fde-bd57-32432ab76b48 ] Request (TrunkTestJSON:test_create_subport_nonexistent_trunk): 201 POST http://172.30.9.28:9696/v2.0/networks 0.249s
2018-12-29 14:35:01.684 17922 DEBUG tempest.lib.common.rest_client [req-bbd1650c-7c58-4fde-bd57-32432ab76b48 ] Request - Headers: {'Content-Type': 'application/json', 'Accept': 'application/json', 'X-Auth-Token': ''} Body: {"network": {"name": "tempest-test-network--1904643527"}} Response - Headers: {'status': '201', u'content-length': '610', 'content-location': 'http://172.30.9.28:9696/v2.0/networks', u'date': 'Sat, 29 Dec 2018 14:35:01 GMT', u'content-type': 'application/json', u'connection': 'close', u'x-openstack-request-id': 'req-bbd1650c-7c58-4fde-bd57-32432ab76b48'} Body: {"network":{"ipv6_address_scope":null,"revision_number":3,"port_security_enabled":true,"id":"985654e2-c248-46cf-ae26-d741b6f88780","router:external":false,"availability_zone_hints":[],"availability_zones":[],"ipv4_address_scope":null,"shared":false,"project_id":"13369d2a5d32456c8e8f8574ae03faa0","l2_adjacency":true,"status":"ACTIVE","subnets":[],"description":"","tags":[],"updated_at":"2018-12-29T14:35:01Z","is_default":false,"name":"tempest-test-network--1904643527","qos_policy_id":null,"admin_state_up":true,"tenant_id":"13369d2a5d32456c8e8f8574ae03faa0","created_at":"2018-12-29T14:35:01Z","mtu":1450}} _log_request_full /root/.rally/verification/verifier-eceeb075-6baf-49b6-a056-8c334db769a9/repo/tempest/lib/common/rest_client.py:434
2018-12-29 14:35:01.944 17918 INFO tempest.lib.common.rest_client [req-343e7ae9-35c9-4027-82e0-1203403bc5d7 ] Request (TrunkTestJSON:_run_cleanups): 204 DELETE http://172.30.9.28:9696/v2.0/networks/de86ea8f-bb34-412f-8507-16976919211d 0.568s
2018-12-29 14:35:01.944 17918 DEBUG tempest.lib.common.rest_client [req-343e7ae9-35c9-4027-82e0-1203403bc5d7 ] Request - Headers: {'Content-Type': 'application/json', 'Accept': 'application/json', 'X-Auth-Token': ''} Body: None Response - Headers: {'status': '204', u'content-length': '0', 'content-location': 'http://172.30.9.28:9696/v2.0/networks/de86ea8f-bb34-412f-8507-16976919211d', u'date': 'Sat, 29 Dec 2018 14:35:01 GMT', u'connection': 'close', u'x-openstack-request-id': 'req-343e7ae9-35c9-4027-82e0-1203403bc5d7'} Body: _log_request_full /root/.rally/verification/verifier-eceeb075-6baf-49b6-a056-8c334db769a9/repo/tempest/lib/common/rest_client.py:434
2018-12-29 14:35:02.205 17918 INFO tempest.lib.common.rest_client [req-d2e2378f-8bb7-41b2-bffa-dd8322f23687 ] Request (TrunkTestJSON:test_get_subports): 201 POST http://172.30.9.28:9696/v2.0/networks 0.259s
2018-12-29 14:35:02.205 17918 DEBUG tempest.lib.common.rest_client [req-d2e2378f-8bb7-41b2-bffa-dd8322f23687 ] Request - Headers: {'Content-Type': 'application/json', 'Accept': 'application/json', 'X-Auth-Token': ''} Body: {"network": {"name": "tempest-test-network--570102597"}} Response - Headers: {'status': '201', u'content-length': '609', 'content-location': 'http://172.30.9.28:9696/v2.0/networks', u'date': 'Sat, 29 Dec 2018 14:35:02 GMT', u'content-type': 'application/json', u'connection': 'close', u'x-openstack-request-id': 'req-d2e2378f-8bb7-41b2-bffa-dd8322f23687'} Body: {"network":{"ipv6_address_scope":null,"revision_number":3,"port_security_enabled":true,"id":"0cf16281-8ea7-450a-9ce2-90f1c5ce92a3","router:external":false,"availability_zone_hints":[],"availability_zones":[],"ipv4_address_scope":null,"shared":false,"project_id":"6a67ec69892c486c92a5038a34513242","l2_adjacency":true,"status":"ACTIVE","subnets":[],"description":"","tags":[],"updated_at":"2018-12-29T14:35:02Z","is_default":false,"name":"tempest-test-network--570102597","qos_policy_id":null,"admin_state_up":true,"tenant_id":"6a67ec69892c486c92a5038a34513242","created_at":"2018-12-29T14:35:01Z","mtu":1450}} _log_request_full /root/.rally/verification/verifier-eceeb075-6baf-49b6-a056-8c334db769a9/repo/tempest/lib/common/rest_client.py:434
2018-12-29 14:35:02.379 17922 INFO tempest.lib.common.rest_client [req-fb4532d7-4247-40bb-9e0f-5ad5ed7af7f1 ] Request (TrunkTestJSON:test_create_subport_nonexistent_trunk): 201 POST http://172.30.9.28:9696/v2.0/ports 0.693s
2018-12-29 14:35:02.379 17922 DEBUG tempest.lib.common.rest_client [req-fb4532d7-4247-40bb-9e0f-5ad5ed7af7f1 ] Request - Headers: {'Content-Type': 'application/json', 'Accept': 'application/json', 'X-Auth-Token': ''} Body: {"port": {"network_id": "985654e2-c248-46cf-ae26-d741b6f88780"}} Response - Headers: {'status': '201', u'content-length': '664', 'content-location': 'http://172.30.9.28:9696/v2.0/ports', u'date': 'Sat, 29 Dec 2018 14:35:02 GMT', u'content-type': 'application/json', u'connection': 'close', u'x-openstack-request-id': 'req-fb4532d7-4247-40bb-9e0f-5ad5ed7af7f1'} Body: {"port":{"allowed_address_pairs":[],"extra_dhcp_opts":[],"updated_at":"2018-12-29T14:35:02Z","device_owner":"","revision_number":5,"port_security_enabled":true,"fixed_ips":[],"id":"61950132-de7f-4eb6-8552-e9e5f4606f03","security_groups":["405c3c4a-f932-454d-bfae-e4ba24c8dae7"],"mac_address":"fa:16:3e:78:35:2c","device_id":"","status":"DOWN","description":"","tags":[],"name":"","project_id":"13369d2a5d32456c8e8f8574ae03faa0","qos_policy_id":null,"admin_state_up":true,"network_id":"985654e2-c248-46cf-ae26-d741b6f88780","tenant_id":"13369d2a5d32456c8e8f8574ae03faa0","created_at":"2018-12-29T14:35:01Z","binding:vnic_type":"normal","ip_allocation":"immediate"}} _log_request_full /root/.rally/verification/verifier-eceeb075-6baf-49b6-a056-8c334db769a9/repo/tempest/lib/common/rest_client.py:434
2018-12-29 14:35:02.393 17922 INFO tempest.lib.common.rest_client [req-64fedf5e-f2d7-480a-bdfc-89d3e11750cc ] Request (TrunkTestJSON:test_create_subport_nonexistent_trunk): 404 PUT http://172.30.9.28:9696/v2.0/trunks/235901ec-d289-4174-b143-37acf89765de/add_subports 0.013s
