2018-12-14 22:05:53.175 17916 DEBUG tempest.lib.common.rest_client [req-8ed165ff-d151-41d4-bb68-9dfce8f05fd9 ] Request - Headers: {'Content-Type': 'application/json', 'Accept': 'application/json', 'X-Auth-Token': ''} Body: None Response - Headers: {'status': '200', u'content-length': '1400', 'content-location': 'http://172.30.9.45:8774/v2.1/servers/7753488e-1bca-4488-b54f-9edb1e4df409', u'x-compute-request-id': 'req-8ed165ff-d151-41d4-bb68-9dfce8f05fd9', u'vary': 'OpenStack-API-Version,X-OpenStack-Nova-API-Version,Accept-Encoding', u'server': 'Apache', u'openstack-api-version': 'compute 2.1', u'connection': 'close', u'x-openstack-nova-api-version': '2.1', u'date': 'Fri, 14 Dec 2018 22:05:52 GMT', u'content-type': 'application/json', u'x-openstack-request-id': 'req-8ed165ff-d151-41d4-bb68-9dfce8f05fd9'} Body: {"server": {"OS-EXT-STS:task_state": "spawning", "addresses": {}, "links": [{"href": "http://172.30.9.45:8774/v2.1/servers/7753488e-1bca-4488-b54f-9edb1e4df409", "rel": "self"}, {"href": "http://172.30.9.45:8774/servers/7753488e-1bca-4488-b54f-9edb1e4df409", "rel": "bookmark"}], "image": {"id": "806fdc41-9f47-4b16-88f1-f91b1d480ed5", "links": [{"href": "http://172.30.9.45:8774/images/806fdc41-9f47-4b16-88f1-f91b1d480ed5", "rel": "bookmark"}]}, "OS-EXT-STS:vm_state": "building", "OS-SRV-USG:launched_at": null, "flavor": {"id": "6638c11a-a13b-49bf-ba35-de9e32cf3751", "links": [{"href": "http://172.30.9.45:8774/flavors/6638c11a-a13b-49bf-ba35-de9e32cf3751", "rel": "bookmark"}]}, "id": "7753488e-1bca-4488-b54f-9edb1e4df409", "security_groups": [{"name": "tempest-secgroup-134524152"}], "user_id": "6da41b935ce949a39a528ac617d26bb7", "OS-DCF:diskConfig": "MANUAL", "accessIPv4": "", "accessIPv6": "", "progress": 0, "OS-EXT-STS:power_state": 0, "OS-EXT-AZ:availability_zone": "nova", "config_drive": "", "status": "BUILD", "updated": "2018-12-14T22:05:46Z", "hostId": "cbc121c1343378967e0bdf6a98b9ee584b6ce8a80311f99a155b1f16", "OS-SRV-USG:terminated_at": null, "key_name": "tempest-keypair-test-2047159955", "name": "tempest-server-test-1564670514", "created": "2018-12-14T22:05:45Z", "tenant_id": "313a51a5c04245c8a1ec2626c6d1453b", "os-extended-volumes:volumes_attached": [], "metadata": {}}} _log_request_full /root/.rally/verification/verifier-17f0c7b1-4bdb-4208-a84d-b108c567a79b/repo/tempest/lib/common/rest_client.py:434
2018-12-14 22:05:53.181 17915 INFO tempest.lib.common.rest_client [req-9980e1e9-c075-46f9-b33d-cbb8a82fefa4 ] Request (TrunkTestJSON:_run_cleanups): 404 GET http://172.30.9.45:9696/v2.0/trunks/88f21c72-475a-4809-bde3-66bad301af83 0.018s
2018-12-14 22:05:53.181 17915 DEBUG tempest.lib.common.rest_client [req-9980e1e9-c075-46f9-b33d-cbb8a82fefa4 ] Request - Headers: {'Content-Type': 'application/json', 'Accept': 'application/json', 'X-Auth-Token': ''} Body: None Response - Headers: {'status': '404', u'content-length': '134', 'content-location': 'http://172.30.9.45:9696/v2.0/trunks/88f21c72-475a-4809-bde3-66bad301af83', u'date': 'Fri, 14 Dec 2018 22:05:53 GMT', u'content-type': 'application/json', u'connection': 'close', u'x-openstack-request-id': 'req-9980e1e9-c075-46f9-b33d-cbb8a82fefa4'} Body: {"NeutronError": {"message": "Trunk 88f21c72-475a-4809-bde3-66bad301af83 could not be found.", "type": "TrunkNotFound", "detail": ""}} _log_request_full /root/.rally/verification/verifier-17f0c7b1-4bdb-4208-a84d-b108c567a79b/repo/tempest/lib/common/rest_client.py:434
2018-12-14 22:05:53.213 17915 INFO tempest.lib.common.rest_client [req-8833cdd1-4b30-42f7-bbfa-a7990bbedb9b ] Request (TrunkTestJSON:_run_cleanups): 404 DELETE http://172.30.9.45:9696/v2.0/ports/11720f2c-d5fd-42e0-a953-19320c838bbf 0.031s
2018-12-14 22:05:53.213 17915 DEBUG tempest.lib.common.rest_client [req-8833cdd1-4b30-42f7-bbfa-a7990bbedb9b ] Request - Headers: {'Content-Type': 'application/json', 'Accept': 'application/json', 'X-Auth-Token': ''} Body: None Response - Headers: {'status': '404', u'content-length': '132', 'content-location': 'http://172.30.9.45:9696/v2.0/ports/11720f2c-d5fd-42e0-a953-19320c838bbf', u'date': 'Fri, 14 Dec 2018 22:05:53 GMT', u'content-type': 'application/json', u'connection': 'close', u'x-openstack-request-id': 'req-8833cdd1-4b30-42f7-bbfa-a7990bbedb9b'} Body: {"NeutronError": {"message": "Port 11720f2c-d5fd-42e0-a953-19320c838bbf could not be found.", "type": "PortNotFound", "detail": ""}} _log_request_full /root/.rally/verification/verifier-17f0c7b1-4bdb-4208-a84d-b108c567a79b/repo/tempest/lib/common/rest_client.py:434
2018-12-14 22:05:53.242 17919 INFO tempest.lib.common.rest_client [req-7ad821b1-4a89-4e46-8471-e0c8bc39f2be ] Request (TrunkTestJSON:test_add_subport_port_id_uses_trunk_port_id): 409 PUT http://172.30.9.45:9696/v2.0/trunks/9e3829a7-e0c0-4fdc-a26e-71de55a84050/add_subports 0.500s
2018-12-14 22:05:53.243 17919 DEBUG tempest.lib.common.rest_client [req-7ad821b1-4a89-4e46-8471-e0c8bc39f2be ] Request - Headers: {'Content-Type': 'application/json', 'Accept': 'application/json', 'X-Auth-Token': ''} Body: {"sub_ports": [{"segmentation_type": "vlan", "port_id": "ed8367c3-609d-4285-b2e0-9a54c20bd572", "segmentation_id": 2}]} Response - Headers: {'status': '409', u'content-length': '181', 'content-location': 'http://172.30.9.45:9696/v2.0/trunks/9e3829a7-e0c0-4fdc-a26e-71de55a84050/add_subports', u'date': 'Fri, 14 Dec 2018 22:05:53 GMT', u'content-type': 'application/json', u'connection': 'close', u'x-openstack-request-id': 'req-7ad821b1-4a89-4e46-8471-e0c8bc39f2be'} Body: {"NeutronError": {"message": "Port ed8367c3-609d-4285-b2e0-9a54c20bd572 is currently in use and is not eligible for use as a parent port.", "type": "ParentPortInUse", "detail": ""}} _log_request_full /root/.rally/verification/verifier-17f0c7b1-4bdb-4208-a84d-b108c567a79b/repo/tempest/lib/common/rest_client.py:434
2018-12-14 22:05:53.243 17915 INFO tempest.lib.common.rest_client [req-20817554-a797-4d36-bace-1b3cf4c42bb8 ] Request (TrunkTestJSON:_run_cleanups): 404 DELETE http://172.30.9.45:9696/v2.0/ports/b2575712-a47f-4873-8f3f-c9fdaf176439 0.029s
2018-12-14 22:05:53.244 17915 DEBUG tempest.lib.common.rest_client [req-20817554-a797-4d36-bace-1b3cf4c42bb8 ] Request - Headers: {'Content-Type': 'application/json', 'Accept': 'application/json', 'X-Auth-Token': ''} Body: None Response - Headers: {'status': '404', u'content-length': '132', 'content-location': 'http://172.30.9.45:9696/v2.0/ports/b2575712-a47f-4873-8f3f-c9fdaf176439', u'date': 'Fri, 14 Dec 2018 22:05:53 GMT', u'content-type': 'application/json', u'connection': 'close', u'x-openstack-request-id': 'req-20817554-a797-4d36-bace-1b3cf4c42bb8'} Body: {"NeutronError": {"message": "Port b2575712-a47f-4873-8f3f-c9fdaf176439 could not be found.", "type": "PortNotFound", "detail": ""}} _log_request_full /root/.rally/verification/verifier-17f0c7b1-4bdb-4208-a84d-b108c567a79b/repo/tempest/lib/common/rest_client.py:434
2018-12-14 22:05:53.257 17919 INFO tempest.lib.common.rest_client [req-a5a3fe28-ebaa-4174-92d1-557f317e57ec ] Request (TrunkTestJSON:_run_cleanups): 404 GET http://172.30.9.45:9696/v2.0/trunks/efb628b1-790d-4af5-86d4-0958a8bf0da5/get_subports 0.013s
2018-12-14 22:05:53.258 17919 DEBUG tempest.lib.common.rest_client [req-a5a3fe28-ebaa-4174-92d1-557f317e57ec ] Request - Headers: {'Content-Type': 'application/json', 'Accept': 'application/json', 'X-Auth-Token': ''} Body: None Response - Headers: {'status': '404', u'content-length': '134', 'content-location': 'http://172.30.9.45:9696/v2.0/trunks/efb628b1-790d-4af5-86d4-0958a8bf0da5/get_subports', u'date': 'Fri, 14 Dec 2018 22:05:53 GMT', u'content-type': 'application/json', u'connection': 'close', u'x-openstack-request-id': 'req-a5a3fe28-ebaa-4174-92d1-557f317e57ec'} Body: {"NeutronError": {"message": "Trunk efb628b1-790d-4af5-86d4-0958a8bf0da5 could not be found.", "type": "TrunkNotFound", "detail": ""}} _log_request_full /root/.rally/verification/verifier-17f0c7b1-4bdb-4208-a84d-b108c567a79b/repo/tempest/lib/common/rest_client.py:434
2018-12-14 22:05:53.274 17919 INFO tempest.lib.common.rest_client [req-052e2845-0c40-4915-8424-990f7bb76230 ] Request (TrunkTestJSON:_run_cleanups): 404 DELETE http://172.30.9.45:9696/v2.0/trunks/efb628b1-790d-4af5-86d4-0958a8bf0da5 0.016s
2018-12-14 22:05:53.275 17919 DEBUG tempest.lib.common.rest_client [req-052e2845-0c40-4915-8424-990f7bb76230 ] Request - Headers: {'Content-Type': 'application/json', 'Accept': 'application/json', 'X-Auth-Token': ''} Body: None Response - Headers: {'status': '404', u'content-length': '134', 'content-location': 'http://172.30.9.45:9696/v2.0/trunks/efb628b1-790d-4af5-86d4-0958a8bf0da5', u'date': 'Fri, 14 Dec 2018 22:05:53 GMT', u'content-type': 'application/json', u'connection': 'close', u'x-openstack-request-id': 'req-052e2845-0c40-4915-8424-990f7bb76230'} Body: {"NeutronError": {"message": "Trunk efb628b1-790d-4af5-86d4-0958a8bf0da5 could not be found.", "type": "TrunkNotFound", "detail": ""}} _log_request_full /root/.rally/verification/verifier-17f0c7b1-4bdb-4208-a84d-b108c567a79b/repo/tempest/lib/common/rest_client.py:434
2018-12-14 22:05:53.278 17915 INFO tempest.lib.common.rest_client [req-9693d038-f08f-4680-b6a5-be2e8250480a ] Request (TrunkTestJSON:_run_cleanups): 404 DELETE http://172.30.9.45:9696/v2.0/ports/529cd382-264f-4fb4-a424-77abb2041754 0.033s
2018-12-14 22:05:53.279 17915 DEBUG tempest.lib.common.rest_client [req-9693d038-f08f-4680-b6a5-be2e8250480a ] Request - Headers: {'Content-Type': 'application/json', 'Accept': 'application/json', 'X-Auth-Token': ''} Body: None Response - Headers: {'status': '404', u'content-length': '132', 'content-location': 'http://172.30.9.45:9696/v2.0/ports/529cd382-264f-4fb4-a424-77abb2041754', u'date': 'Fri, 14 Dec 2018 22:05:53 GMT', u'content-type': 'application/json', u'connection': 'close', u'x-openstack-request-id': 'req-9693d038-f08f-4680-b6a5-be2e8250480a'} Body: {"NeutronError": {"message": "Port 529cd382-264f-4fb4-a424-77abb2041754 could not be found.", "type": "PortNotFound", "detail": ""}} _log_request_full /root/.rally/verification/verifier-17f0c7b1-4bdb-4208-a84d-b108c567a79b/repo/tempest/lib/common/rest_client.py:434
2018-12-14 22:05:53.290 17919 INFO tempest.lib.common.rest_client [req-d11aa6e6-79fd-4422-85a8-a88a489658a1 ] Request (TrunkTestJSON:_run_cleanups): 404 GET http://172.30.9.45:9696/v2.0/trunks/1f17b4d2-b985-451f-8a19-2b87f3d49591/get_subports 0.015s
2018-12-14 22:05:53.291 17919 DEBUG tempest.lib.common.rest_client [req-d11aa6e6-79fd-4422-85a8-a88a489658a1 ] Request - Headers: {'Content-Type': 'application/json', 'Accept': 'application/json', 'X-Auth-Token': ''} Body: None Response - Headers: {'status': '404', u'content-length': '134', 'content-location': 'http://172.30.9.45:9696/v2.0/trunks/1f17b4d2-b985-451f-8a19-2b87f3d49591/get_subports', u'date': 'Fri, 14 Dec 2018 22:05:53 GMT', u'content-type': 'application/json', u'connection': 'close', u'x-openstack-request-id': 'req-d11aa6e6-79fd-4422-85a8-a88a489658a1'} Body: {"NeutronError": {"message": "Trunk 1f17b4d2-b985-451f-8a19-2b87f3d49591 could not be found.", "type": "TrunkNotFound", "detail": ""}} _log_request_full /root/.rally/verification/verifier-17f0c7b1-4bdb-4208-a84d-b108c567a79b/repo/tempest/lib/common/rest_client.py:434
2018-12-14 22:05:53.307 17919 INFO tempest.lib.common.rest_client [req-7c0dfa7e-09e5-41f4-b545-687da21b7e4f ] Request (TrunkTestJSON:_run_cleanups): 404 DELETE http://172.30.9.45:9696/v2.0/trunks/1f17b4d2-b985-451f-8a19-2b87f3d49591 0.016s
2018-12-14 22:05:53.308 17919 DEBUG tempest.lib.common.rest_client [req-7c0dfa7e-09e5-41f4-b545-687da21b7e4f ] Request - Headers: {'Content-Type': 'application/json', 'Accept': 'application/json', 'X-Auth-Token': ''} Body: None Response - Headers: {'status': '404', u'content-length': '134', 'content-location': 'http://172.30.9.45:9696/v2.0/trunks/1f17b4d2-b985-451f-8a19-2b87f3d49591', u'date': 'Fri, 14 Dec 2018 22:05:53 GMT', u'content-type': 'application/json', u'connection': 'close', u'x-openstack-request-id': 'req-7c0dfa7e-09e5-41f4-b545-687da21b7e4f'} Body: {"NeutronError": {"message": "Trunk 1f17b4d2-b985-451f-8a19-2b87f3d49591 could not be found.", "type": "TrunkNotFound", "detail": ""}} _log_request_full /root/.rally/verification/verifier-17f0c7b1-4bdb-4208-a84d-b108c567a79b/repo/tempest/lib/common/rest_client.py:434
2018-12-14 22:05:53.324 17919 INFO tempest.lib.common.rest_client [req-c2a6774e-5b50-4784-b312-e0e51450244d ] Request (TrunkTestJSON:_run_cleanups): 404 GET http://172.30.9.45:9696/v2.0/trunks/9247b172-777c-4b42-815b-1409a89f08de/get_subports 0.015s
2018-12-14 22:05:53.325 17919 DEBUG tempest.lib.common.rest_client [req-c2a6774e-5b50-4784-b312-e0e51450244d ] Request - Headers: {'Content-Type': 'application/json', 'Accept': 'application/json', 'X-Auth-Token': ''} Body: None Response - Headers: {'status': '404', u'content-length': '134', 'content-location': 'http://172.30.9.45:9696/v2.0/trunks/9247b172-777c-4b42-815b-1409a89f08de/get_subports', u'date': 'Fri, 14 Dec 2018 22:05:53 GMT', u'content-type': 'application/json', u'connection': 'close', u'x-openstack-request-id': 'req-c2a6774e-5b50-4784-b312-e0e51450244d'} Body: {"NeutronError": {"message": "Trunk 9247b172-777c-4b42-815b-1409a89f08de could not be found.", "type": "TrunkNotFound", "detail": ""}} _log_request_full /root/.rally/verification/verifier-17f0c7b1-4bdb-4208-a84d-b108c567a79b/repo/tempest/lib/common/rest_client.py:434
2018-12-14 22:05:53.339 17919 INFO tempest.lib.common.rest_client [req-cb50a839-7587-40c7-9bd3-73535d85df18 ] Request (TrunkTestJSON:_run_cleanups): 404 DELETE http://172.30.9.45:9696/v2.0/trunks/9247b172-777c-4b42-815b-1409a89f08de 0.014s
2018-12-14 22:05:53.340 17919 DEBUG tempest.lib.common.rest_client [req-cb50a839-7587-40c7-9bd3-73535d85df18 ] Request - Headers: {'Content-Type': 'application/json', 'Accept': 'application/json', 'X-Auth-Token': ''} Body: None Response - Headers: {'status': '404', u'content-length': '134', 'content-location': 'http://172.30.9.45:9696/v2.0/trunks/9247b172-777c-4b42-815b-1409a89f08de', u'date': 'Fri, 14 Dec 2018 22:05:53 GMT', u'content-type': 'application/json', u'connection': 'close', u'x-openstack-request-id': 'req-cb50a839-7587-40c7-9bd3-73535d85df18'} Body: {"NeutronError": {"message": "Trunk 9247b172-777c-4b42-815b-1409a89f08de could not be found.", "type": "TrunkNotFound", "detail": ""}} _log_request_full /root/.rally/verification/verifier-17f0c7b1-4bdb-4208-a84d-b108c567a79b/repo/tempest/lib/common/rest_client.py:434
2018-12-14 22:05:53.375 17919 INFO tempest.lib.common.rest_client [req-2fd53c76-ecfa-4413-bb06-9c23cc191910 ] Request (TrunkTestJSON:_run_cleanups): 200 GET http://172.30.9.45:9696/v2.0/trunks/9e3829a7-e0c0-4fdc-a26e-71de55a84050/get_subports 0.034s
2018-12-14 22:05:53.375 17919 DEBUG tempest.lib.common.rest_client [req-2fd53c76-ecfa-4413-bb06-9c23cc191910 ] Request - Headers: {'Content-Type': 'application/json', 'Accept': 'application/json', 'X-Auth-Token': ''} Body: None Response - Headers: {'status': '200', u'content-length': '17', 'content-location': 'http://172.30.9.45:9696/v2.0/trunks/9e3829a7-e0c0-4fdc-a26e-71de55a84050/get_subports', u'date': 'Fri, 14 Dec 2018 22:05:53 GMT', u'content-type': 'application/json', u'connection': 'close', u'x-openstack-request-id': 'req-2fd53c76-ecfa-4413-bb06-9c23cc191910'} Body: {"sub_ports": []} _log_request_full /root/.rally/verification/verifier-17f0c7b1-4bdb-4208-a84d-b108c567a79b/repo/tempest/lib/common/rest_client.py:434
2018-12-14 22:05:53.424 17919 INFO tempest.lib.common.rest_client [req-ff280e82-2bad-4064-afc4-8280a0dd06e5 ] Request (TrunkTestJSON:_run_cleanups): 200 PUT http://172.30.9.45:9696/v2.0/trunks/9e3829a7-e0c0-4fdc-a26e-71de55a84050/remove_subports 0.047s
2018-12-14 22:05:53.424 17919 DEBUG tempest.lib.common.rest_client [req-ff280e82-2bad-4064-afc4-8280a0dd06e5 ] Request - Headers: {'Content-Type': 'application/json', 'Accept': 'application/json', 'X-Auth-Token': ''} Body: {"sub_ports": []} Response - Headers: {'status': '200', u'content-length': '396', 'content-location': 'http://172.30.9.45:9696/v2.0/trunks/9e3829a7-e0c0-4fdc-a26e-71de55a84050/remove_subports', u'date': 'Fri, 14 Dec 2018 22:05:53 GMT', u'content-type': 'application/json', u'connection': 'close', u'x-openstack-request-id': 'req-ff280e82-2bad-4064-afc4-8280a0dd06e5'} Body: {"status": "DOWN", "sub_ports": [], "name": "", "admin_state_up": true, "tenant_id": "b3cfc542fd524e5c92838aa2aaa5536b", "created_at": "2018-12-14T22:05:52Z", "tags": [], "updated_at": "2018-12-14T22:05:53Z", "revision_number": 1, "project_id": "b3cfc542fd524e5c92838aa2aaa5536b", "port_id": "ed8367c3-609d-4285-b2e0-9a54c20bd572", "id": "9e3829a7-e0c0-4fdc-a26e-71de55a84050", "description": ""} _log_request_full /root/.rally/verification/verifier-17f0c7b1-4bdb-4208-a84d-b108c567a79b/repo/tempest/lib/common/rest_client.py:434
2018-12-14 22:05:53.511 17915 INFO tempest.lib.common.rest_client [req-d659ac2f-0810-4596-a460-ef0104eac416 ] Request (TrunkTestJSON:_run_cleanups): 404 DELETE http://172.30.9.45:9696/v2.0/ports/80ecc260-5a0b-43c9-8850-7162227ebfcb 0.231s
2018-12-14 22:05:53.512 17915 DEBUG tempest.lib.common.rest_client [req-d659ac2f-0810-4596-a460-ef0104eac416 ] Request - Headers: {'Content-Type': 'application/json', 'Accept': 'application/json', 'X-Auth-Token': ''} Body: None Response - Headers: {'status': '404', u'content-length': '132', 'content-location': 'http://172.30.9.45:9696/v2.0/ports/80ecc260-5a0b-43c9-8850-7162227ebfcb', u'date': 'Fri, 14 Dec 2018 22:05:53 GMT', u'content-type': 'application/json', u'connection': 'close', u'x-openstack-request-id': 'req-d659ac2f-0810-4596-a460-ef0104eac416'} Body: {"NeutronError": {"message": "Port 80ecc260-5a0b-43c9-8850-7162227ebfcb could not be found.", "type": "PortNotFound", "detail": ""}} _log_request_full /root/.rally/verification/verifier-17f0c7b1-4bdb-4208-a84d-b108c567a79b/repo/tempest/lib/common/rest_client.py:434
2018-12-14 22:05:53.543 17919 INFO tempest.lib.common.rest_client [req-c7a7ed77-66dd-4338-af46-d779a91ed81a ] Request (TrunkTestJSON:_run_cleanups): 204 DELETE http://172.30.9.45:9696/v2.0/trunks/9e3829a7-e0c0-4fdc-a26e-71de55a84050 0.118s
2018-12-14 22:05:53.543 17919 DEBUG tempest.lib.common.rest_client [req-c7a7ed77-66dd-4338-af46-d779a91ed81a ] Request - Headers: {'Content-Type': 'application/json', 'Accept': 'application/json', 'X-Auth-Token': ''} Body: None Response - Headers: {'status': '204', u'content-length': '0', 'content-location': 'http://172.30.9.45:9696/v2.0/trunks/9e3829a7-e0c0-4fdc-a26e-71de55a84050', u'date': 'Fri, 14 Dec 2018 22:05:53 GMT', u'connection': 'close', u'x-openstack-request-id': 'req-c7a7ed77-66dd-4338-af46-d779a91ed81a'} Body: _log_request_full /root/.rally/verification/verifier-17f0c7b1-4bdb-4208-a84d-b108c567a79b/repo/tempest/lib/common/rest_client.py:434
2018-12-14 22:05:53.576 17919 INFO tempest.lib.common.rest_client [req-6286ca91-72a3-4cfd-9503-d761aaf0e9fc ] Request (TrunkTestJSON:_run_cleanups): 404 GET http://172.30.9.45:9696/v2.0/trunks/efb628b1-790d-4af5-86d4-0958a8bf0da5 0.032s
2018-12-14 22:05:53.576 17919 DEBUG tempest.lib.common.rest_client [req-6286ca91-72a3-4cfd-9503-d761aaf0e9fc ] Request - Headers: {'Content-Type': 'application/json', 'Accept': 'application/json', 'X-Auth-Token': ''} Body: None Response - Headers: {'status': '404', u'content-length': '134', 'content-location': 'http://172.30.9.45:9696/v2.0/trunks/efb628b1-790d-4af5-86d4-0958a8bf0da5', u'date': 'Fri, 14 Dec 2018 22:05:53 GMT', u'content-type': 'application/json', u'connection': 'close', u'x-openstack-request-id': 'req-6286ca91-72a3-4cfd-9503-d761aaf0e9fc'} Body: {"NeutronError": {"message": "Trunk efb628b1-790d-4af5-86d4-0958a8bf0da5 could not be found.", "type": "TrunkNotFound", "detail": ""}} _log_request_full /root/.rally/verification/verifier-17f0c7b1-4bdb-4208-a84d-b108c567a79b/repo/tempest/lib/common/rest_client.py:434
2018-12-14 22:05:53.595 17919 INFO tempest.lib.common.rest_client [req-64a44f19-4392-4fe4-a67e-50d6cbd99c3b ] Request (TrunkTestJSON:_run_cleanups): 404 GET http://172.30.9.45:9696/v2.0/trunks/1f17b4d2-b985-451f-8a19-2b87f3d49591 0.017s
2018-12-14 22:05:53.595 17919 DEBUG tempest.lib.common.rest_client [req-64a44f19-4392-4fe4-a67e-50d6cbd99c3b ] Request - Headers: {'Content-Type': 'application/json', 'Accept': 'application/json', 'X-Auth-Token': ''} Body: None Response - Headers: {'status': '404', u'content-length': '134', 'content-location': 'http://172.30.9.45:9696/v2.0/trunks/1f17b4d2-b985-451f-8a19-2b87f3d49591', u'date': 'Fri, 14 Dec 2018 22:05:53 GMT', u'content-type': 'application/json', u'connection': 'close', u'x-openstack-request-id': 'req-64a44f19-4392-4fe4-a67e-50d6cbd99c3b'} Body: {"NeutronError": {"message": "Trunk 1f17b4d2-b985-451f-8a19-2b87f3d49591 could not be found.", "type": "TrunkNotFound", "detail": ""}} _log_request_full /root/.rally/verification/verifier-17f0c7b1-4bdb-4208-a84d-b108c567a79b/repo/tempest/lib/common/rest_client.py:434
2018-12-14 22:05:53.783 17919 INFO tempest.lib.common.rest_client [req-0e9ce8f6-5977-4036-baa9-27fecbc47e60 ] Request (TrunkTestJSON:_run_cleanups): 404 GET http://172.30.9.45:9696/v2.0/trunks/9247b172-777c-4b42-815b-1409a89f08de 0.187s
2018-12-14 22:05:53.783 17919 DEBUG tempest.lib.common.rest_client [req-0e9ce8f6-5977-4036-baa9-27fecbc47e60 ] Request - Headers: {'Content-Type': 'application/json', 'Accept': 'application/json', 'X-Auth-Token': ''} Body: None Response - Headers: {'status': '404', u'content-length': '134', 'content-location': 'http://172.30.9.45:9696/v2.0/trunks/9247b172-777c-4b42-815b-1409a89f08de', u'date': 'Fri, 14 Dec 2018 22:05:53 GMT', u'content-type': 'application/json', u'connection': 'close', u'x-openstack-request-id': 'req-0e9ce8f6-5977-4036-baa9-27fecbc47e60'} Body: {"NeutronError": {"message": "Trunk 9247b172-777c-4b42-815b-1409a89f08de could not be found.", "type": "TrunkNotFound", "detail": ""}} _log_request_full /root/.rally/verification/verifier-17f0c7b1-4bdb-4208-a84d-b108c567a79b/repo/tempest/lib/common/rest_client.py:434
2018-12-14 22:05:53.798 17919 INFO tempest.lib.common.rest_client [req-ea837283-e306-4949-9521-4f77795b6c5c ] Request (TrunkTestJSON:_run_cleanups): 404 GET http://172.30.9.45:9696/v2.0/trunks/9e3829a7-e0c0-4fdc-a26e-71de55a84050 0.014s
2018-12-14 22:05:53.799 17919 DEBUG tempest.lib.common.rest_client [req-ea837283-e306-4949-9521-4f77795b6c5c ] Request - Headers: {'Content-Type': 'application/json', 'Accept': 'application/json', 'X-Auth-Token': ''} Body: None Response - Headers: {'status': '404', u'content-length': '134', 'content-location': 'http://172.30.9.45:9696/v2.0/trunks/9e3829a7-e0c0-4fdc-a26e-71de55a84050', u'date': 'Fri, 14 Dec 2018 22:05:53 GMT', u'content-type': 'application/json', u'connection': 'close', u'x-openstack-request-id': 'req-ea837283-e306-4949-9521-4f77795b6c5c'} Body: {"NeutronError": {"message": "Trunk 9e3829a7-e0c0-4fdc-a26e-71de55a84050 could not be found.", "type": "TrunkNotFound", "detail": ""}} _log_request_full /root/.rally/verification/verifier-17f0c7b1-4bdb-4208-a84d-b108c567a79b/repo/tempest/lib/common/rest_client.py:434
2018-12-14 22:05:53.841 17919 INFO tempest.lib.common.rest_client [req-3ce50aaa-39ae-4f10-a7db-881f0eedb2d1 ] Request (TrunkTestJSON:_run_cleanups): 404 DELETE http://172.30.9.45:9696/v2.0/ports/0a950038-64da-42a8-80d8-414ccc74eadd 0.041s
2018-12-14 22:05:53.841 17919 DEBUG tempest.lib.common.rest_client [req-3ce50aaa-39ae-4f10-a7db-881f0eedb2d1 ] Request - Headers: {'Content-Type': 'application/json', 'Accept': 'application/json', 'X-Auth-Token': ''} Body: None Response - Headers: {'status': '404', u'content-length': '132', 'content-location': 'http://172.30.9.45:9696/v2.0/ports/0a950038-64da-42a8-80d8-414ccc74eadd', u'date': 'Fri, 14 Dec 2018 22:05:53 GMT', u'content-type': 'application/json', u'connection': 'close', u'x-openstack-request-id': 'req-3ce50aaa-39ae-4f10-a7db-881f0eedb2d1'} Body: {"NeutronError": {"message": "Port 0a950038-64da-42a8-80d8-414ccc74eadd could not be found.", "type": "PortNotFound", "detail": ""}} _log_request_full /root/.rally/verification/verifier-17f0c7b1-4bdb-4208-a84d-b108c567a79b/repo/tempest/lib/common/rest_client.py:434
2018-12-14 22:05:53.874 17919 INFO tempest.lib.common.rest_client [req-164f0723-c8b3-4ce5-a80d-de8476ff2ac8 ] Request (TrunkTestJSON:_run_cleanups): 404 DELETE http://172.30.9.45:9696/v2.0/ports/75b67364-41cb-46b6-b0fc-20150cc6d518 0.031s
2018-12-14 22:05:53.874 17919 DEBUG tempest.lib.common.rest_client [req-164f0723-c8b3-4ce5-a80d-de8476ff2ac8 ] Request - Headers: {'Content-Type': 'application/json', 'Accept': 'application/json', 'X-Auth-Token': ''} Body: None Response - Headers: {'status': '404', u'content-length': '132', 'content-location': 'http://172.30.9.45:9696/v2.0/ports/75b67364-41cb-46b6-b0fc-20150cc6d518', u'date': 'Fri, 14 Dec 2018 22:05:53 GMT', u'content-type': 'application/json', u'connection': 'close', u'x-openstack-request-id': 'req-164f0723-c8b3-4ce5-a80d-de8476ff2ac8'} Body: {"NeutronError": {"message": "Port 75b67364-41cb-46b6-b0fc-20150cc6d518 could not be found.", "type": "PortNotFound", "detail": ""}} _log_request_full /root/.rally/verification/verifier-17f0c7b1-4bdb-4208-a84d-b108c567a79b/repo/tempest/lib/common/rest_client.py:434
2018-12-14 22:05:53.910 17919 INFO tempest.lib.common.rest_client [req-49bd31ec-22ed-44ec-893c-2047f78d1526 ] Request (TrunkTestJSON:_run_cleanups): 404 DELETE http://172.30.9.45:9696/v2.0/ports/cae882e8-bc2f-46c8-8b72-e14689d4f886 0.035s
2018-12-14 22:05:53.910 17919 DEBUG tempest.lib.common.rest_client [req-49bd31ec-22ed-44ec-893c-2047f78d1526 ] Request - Headers: {'Content-Type': 'application/json', 'Accept': 'application/json', 'X-Auth-Token': ''} Body: None Response - Headers: {'status': '404', u'content-length': '132', 'content-location': 'http://172.30.9.45:9696/v2.0/ports/cae882e8-bc2f-46c8-8b72-e14689d4f886', u'date': 'Fri, 14 Dec 2018 22:05:53 GMT', u'content-type': 'application/json', u'connection': 'close', u'x-openstack-request-id': 'req-49bd31ec-22ed-44ec-893c-2047f78d1526'} Body: {"NeutronError": {"message": "Port cae882e8-bc2f-46c8-8b72-e14689d4f886 could not be found.", "type": "PortNotFound", "detail": ""}} _log_request_full /root/.rally/verification/verifier-17f0c7b1-4bdb-4208-a84d-b108c567a79b/repo/tempest/lib/common/rest_client.py:434
2018-12-14 22:05:53.919 17915 INFO tempest.lib.common.rest_client [req-9100d528-7e74-4d75-9906-77e76202d074 ] Request (TrunkTestJSON:_run_cleanups): 204 DELETE http://172.30.9.45:9696/v2.0/ports/64320e57-2c9e-4669-82a3-a35a39281bce 0.406s
2018-12-14 22:05:53.919 17915 DEBUG tempest.lib.common.rest_client [req-9100d528-7e74-4d75-9906-77e76202d074 ] Request - Headers: {'Content-Type': 'application/json', 'Accept': 'application/json', 'X-Auth-Token': ''} Body: None Response - Headers: {'status': '204', u'content-length': '0', 'content-location': 'http://172.30.9.45:9696/v2.0/ports/64320e57-2c9e-4669-82a3-a35a39281bce', u'date': 'Fri, 14 Dec 2018 22:05:53 GMT', u'connection': 'close', u'x-openstack-request-id': 'req-9100d528-7e74-4d75-9906-77e76202d074'} Body: _log_request_full /root/.rally/verification/verifier-17f0c7b1-4bdb-4208-a84d-b108c567a79b/repo/tempest/lib/common/rest_client.py:434
2018-12-14 22:05:53.941 17915 INFO tempest.lib.common.rest_client [req-17506d71-38dc-4c5f-baf3-4121c1f9bb25 ] Request (TrunkTestJSON:_run_cleanups): 404 DELETE http://172.30.9.45:9696/v2.0/networks/c5f3b0e6-239b-4e81-88b4-7e41d5b152fa 0.021s
2018-12-14 22:05:53.941 17919 INFO tempest.lib.common.rest_client [req-9e937b7c-f001-4751-8901-03913eb3e4c1 ] Request (TrunkTestJSON:_run_cleanups): 404 DELETE http://172.30.9.45:9696/v2.0/ports/0755595b-53dc-4d63-8d32-160d823b3590 0.030s
2018-12-14 22:05:53.942 17915 DEBUG tempest.lib.common.rest_client [req-17506d71-38dc-4c5f-baf3-4121c1f9bb25 ] Request - Headers: {'Content-Type': 'application/json', 'Accept': 'application/json', 'X-Auth-Token': ''} Body: None Response - Headers: {'status': '404', u'content-length': '138', 'content-location': 'http://172.30.9.45:9696/v2.0/networks/c5f3b0e6-239b-4e81-88b4-7e41d5b152fa', u'date': 'Fri, 14 Dec 2018 22:05:53 GMT', u'content-type': 'application/json', u'connection': 'close', u'x-openstack-request-id': 'req-17506d71-38dc-4c5f-baf3-4121c1f9bb25'} Body: {"NeutronError": {"message": "Network c5f3b0e6-239b-4e81-88b4-7e41d5b152fa could not be found.", "type": "NetworkNotFound", "detail": ""}} _log_request_full /root/.rally/verification/verifier-17f0c7b1-4bdb-4208-a84d-b108c567a79b/repo/tempest/lib/common/rest_client.py:434
2018-12-14 22:05:53.942 17919 DEBUG tempest.lib.common.rest_client [req-9e937b7c-f001-4751-8901-03913eb3e4c1 ] Request - Headers: {'Content-Type': 'application/json', 'Accept': 'application/json', 'X-Auth-Token': ''} Body: None Response - Headers: {'status': '404', u'content-length': '132', 'content-location': 'http://172.30.9.45:9696/v2.0/ports/0755595b-53dc-4d63-8d32-160d823b3590', u'date': 'Fri, 14 Dec 2018 22:05:53 GMT', u'content-type': 'application/json', u'connection': 'close', u'x-openstack-request-id': 'req-9e937b7c-f001-4751-8901-03913eb3e4c1'} Body: {"NeutronError": {"message": "Port 0755595b-53dc-4d63-8d32-160d823b3590 could not be found.", "type": "PortNotFound", "detail": ""}} _log_request_full /root/.rally/verification/verifier-17f0c7b1-4bdb-4208-a84d-b108c567a79b/repo/tempest/lib/common/rest_client.py:434
2018-12-14 22:05:53.964 17915 INFO tempest.lib.common.rest_client [req-6b56b633-2350-4c4b-b92c-e2c1926a5847 ] Request (TrunkTestJSON:_run_cleanups): 404 DELETE http://172.30.9.45:9696/v2.0/networks/ba07c7d6-9ed6-43c8-9a7c-21f617cde80e 0.021s
2018-12-14 22:05:53.964 17915 DEBUG tempest.lib.common.rest_client [req-6b56b633-2350-4c4b-b92c-e2c1926a5847 ] Request - Headers: {'Content-Type': 'application/json', 'Accept': 'application/json', 'X-Auth-Token': ''} Body: None Response - Headers: {'status': '404', u'content-length': '138', 'content-location': 'http://172.30.9.45:9696/v2.0/networks/ba07c7d6-9ed6-43c8-9a7c-21f617cde80e', u'date': 'Fri, 14 Dec 2018 22:05:53 GMT', u'content-type': 'application/json', u'connection': 'close', u'x-openstack-request-id': 'req-6b56b633-2350-4c4b-b92c-e2c1926a5847'} Body: {"NeutronError": {"message": "Network ba07c7d6-9ed6-43c8-9a7c-21f617cde80e could not be found.", "type": "NetworkNotFound", "detail": ""}} _log_request_full /root/.rally/verification/verifier-17f0c7b1-4bdb-4208-a84d-b108c567a79b/repo/tempest/lib/common/rest_client.py:434
2018-12-14 22:05:53.987 17919 INFO tempest.lib.common.rest_client [req-54e22b40-85c0-4c0a-8155-d5705aa8f859 ] Request (TrunkTestJSON:_run_cleanups): 404 DELETE http://172.30.9.45:9696/v2.0/ports/d7fea7c3-4ed3-476d-9623-1fcc59ec83cd 0.044s
2018-12-14 22:05:53.987 17915 INFO tempest.lib.common.rest_client [req-82163f8b-7ab1-45bf-baea-bad9efc92854 ] Request (TrunkTestJSON:_run_cleanups): 404 DELETE http://172.30.9.45:9696/v2.0/networks/a4cffbda-6676-47ec-8ecf-41e05e842c79 0.022s
2018-12-14 22:05:53.988 17919 DEBUG tempest.lib.common.rest_client [req-54e22b40-85c0-4c0a-8155-d5705aa8f859 ] Request - Headers: {'Content-Type': 'application/json', 'Accept': 'application/json', 'X-Auth-Token': ''} Body: None Response - Headers: {'status': '404', u'content-length': '132', 'content-location': 'http://172.30.9.45:9696/v2.0/ports/d7fea7c3-4ed3-476d-9623-1fcc59ec83cd', u'date': 'Fri, 14 Dec 2018 22:05:53 GMT', u'content-type': 'application/json', u'connection': 'close', u'x-openstack-request-id': 'req-54e22b40-85c0-4c0a-8155-d5705aa8f859'} Body: {"NeutronError": {"message": "Port d7fea7c3-4ed3-476d-9623-1fcc59ec83cd could not be found.", "type": "PortNotFound", "detail": ""}} _log_request_full /root/.rally/verification/verifier-17f0c7b1-4bdb-4208-a84d-b108c567a79b/repo/tempest/lib/common/rest_client.py:434
2018-12-14 22:05:53.988 17915 DEBUG tempest.lib.common.rest_client [req-82163f8b-7ab1-45bf-baea-bad9efc92854 ] Request - Headers: {'Content-Type': 'application/json', 'Accept': 'application/json', 'X-Auth-Token': ''} Body: None Response - Headers: {'status': '404', u'content-length': '138', 'content-location': 'http://172.30.9.45:9696/v2.0/networks/a4cffbda-6676-47ec-8ecf-41e05e842c79', u'date': 'Fri, 14 Dec 2018 22:05:53 GMT', u'content-type': 'application/json', u'connection': 'close', u'x-openstack-request-id': 'req-82163f8b-7ab1-45bf-baea-bad9efc92854'} Body: {"NeutronError": {"message": "Network a4cffbda-6676-47ec-8ecf-41e05e842c79 could not be found.", "type": "NetworkNotFound", "detail": ""}} _log_request_full /root/.rally/verification/verifier-17f0c7b1-4bdb-4208-a84d-b108c567a79b/repo/tempest/lib/common/rest_client.py:434
2018-12-14 22:05:54.013 17915 INFO tempest.lib.common.rest_client [req-16b653cb-1348-4ef6-ac6d-4a825c9411ae ] Request (TrunkTestJSON:_run_cleanups): 404 DELETE http://172.30.9.45:9696/v2.0/networks/52d70b41-9803-4ad6-ad79-89bd848e7c2a 0.024s
2018-12-14 22:05:54.013 17915 DEBUG tempest.lib.common.rest_client [req-16b653cb-1348-4ef6-ac6d-4a825c9411ae ] Request - Headers: {'Content-Type': 'application/json', 'Accept': 'application/json', 'X-Auth-Token': ''} Body: None Response - Headers: {'status': '404', u'content-length': '138', 'content-location': 'http://172.30.9.45:9696/v2.0/networks/52d70b41-9803-4ad6-ad79-89bd848e7c2a', u'date': 'Fri, 14 Dec 2018 22:05:53 GMT', u'content-type': 'application/json', u'connection': 'close', u'x-openstack-request-id': 'req-16b653cb-1348-4ef6-ac6d-4a825c9411ae'} Body: {"NeutronError": {"message": "Network 52d70b41-9803-4ad6-ad79-89bd848e7c2a could not be found.", "type": "NetworkNotFound", "detail": ""}} _log_request_full /root/.rally/verification/verifier-17f0c7b1-4bdb-4208-a84d-b108c567a79b/repo/tempest/lib/common/rest_client.py:434
2018-12-14 22:05:54.475 17919 INFO tempest.lib.common.rest_client [req-c782d31a-ab3e-4cdd-9f2c-43f9c3c2350e ] Request (TrunkTestJSON:_run_cleanups): 204 DELETE http://172.30.9.45:9696/v2.0/ports/ed8367c3-609d-4285-b2e0-9a54c20bd572 0.486s
2018-12-14 22:05:54.475 17919 DEBUG tempest.lib.common.rest_client [req-c782d31a-ab3e-4cdd-9f2c-43f9c3c2350e ] Request - Headers: {'Content-Type': 'application/json', 'Accept': 'application/json', 'X-Auth-Token': ''} Body: None Response - Headers: {'status': '204', u'content-length': '0', 'content-location': 'http://172.30.9.45:9696/v2.0/ports/ed8367c3-609d-4285-b2e0-9a54c20bd572', u'date': 'Fri, 14 Dec 2018 22:05:54 GMT', u'connection': 'close', u'x-openstack-request-id': 'req-c782d31a-ab3e-4cdd-9f2c-43f9c3c2350e'} Body: _log_request_full /root/.rally/verification/verifier-17f0c7b1-4bdb-4208-a84d-b108c567a79b/repo/tempest/lib/common/rest_client.py:434
2018-12-14 22:05:54.499 17919 INFO tempest.lib.common.rest_client [req-00792b77-0039-4230-b262-3ff46a99d99f ] Request (TrunkTestJSON:_run_cleanups): 404 DELETE http://172.30.9.45:9696/v2.0/networks/8410b7ef-0545-4f2e-a2d1-97d62d2e1ba0 0.023s
2018-12-14 22:05:54.499 17919 DEBUG tempest.lib.common.rest_client [req-00792b77-0039-4230-b262-3ff46a99d99f ] Request - Headers: {'Content-Type': 'application/json', 'Accept': 'application/json', 'X-Auth-Token': ''} Body: None Response - Headers: {'status': '404', u'content-length': '138', 'content-location': 'http://172.30.9.45:9696/v2.0/networks/8410b7ef-0545-4f2e-a2d1-97d62d2e1ba0', u'date': 'Fri, 14 Dec 2018 22:05:54 GMT', u'content-type': 'application/json', u'connection': 'close', u'x-openstack-request-id': 'req-00792b77-0039-4230-b262-3ff46a99d99f'} Body: {"NeutronError": {"message": "Network 8410b7ef-0545-4f2e-a2d1-97d62d2e1ba0 could not be found.", "type": "NetworkNotFound", "detail": ""}} _log_request_full /root/.rally/verification/verifier-17f0c7b1-4bdb-4208-a84d-b108c567a79b/repo/tempest/lib/common/rest_client.py:434
2018-12-14 22:05:54.506 17916 INFO tempest.lib.common.rest_client [req-95b1678a-5e0a-4251-858c-6823898dc45c ] Request (TrunkTest:test_trunk_subport_lifecycle): 200 GET http://172.30.9.45:8774/v2.1/servers/7753488e-1bca-4488-b54f-9edb1e4df409 0.316s
2018-12-14 22:05:54.507 17916 DEBUG tempest.lib.common.rest_client [req-95b1678a-5e0a-4251-858c-6823898dc45c ] Request - Headers: {'Content-Type': 'application/json', 'Accept': 'application/json', 'X-Auth-Token': ''} Body: None Response - Headers: {'status': '200', u'content-length': '1688', 'content-location': 'http://172.30.9.45:8774/v2.1/servers/7753488e-1bca-4488-b54f-9edb1e4df409', u'x-compute-request-id': 'req-95b1678a-5e0a-4251-858c-6823898dc45c', u'vary': 'OpenStack-API-Version,X-OpenStack-Nova-API-Version,Accept-Encoding', u'server': 'Apache', u'openstack-api-version': 'compute 2.1', u'connection': 'close', u'x-openstack-nova-api-version': '2.1', u'date': 'Fri, 14 Dec 2018 22:05:54 GMT', u'content-type': 'application/json', u'x-openstack-request-id': 'req-95b1678a-5e0a-4251-858c-6823898dc45c'} Body: {"server": {"OS-EXT-STS:task_state": null, "addresses": {"tempest-test-network--779121241": [{"OS-EXT-IPS-MAC:mac_addr": "fa:16:3e:34:a5:4d", "version": 4, "addr": "192.168.120.5", "OS-EXT-IPS:type": "fixed"}, {"OS-EXT-IPS-MAC:mac_addr": "fa:16:3e:34:a5:4d", "version": 4, "addr": "172.30.9.207", "OS-EXT-IPS:type": "floating"}]}, "links": [{"href": "http://172.30.9.45:8774/v2.1/servers/7753488e-1bca-4488-b54f-9edb1e4df409", "rel": "self"}, {"href": "http://172.30.9.45:8774/servers/7753488e-1bca-4488-b54f-9edb1e4df409", "rel": "bookmark"}], "image": {"id": "806fdc41-9f47-4b16-88f1-f91b1d480ed5", "links": [{"href": "http://172.30.9.45:8774/images/806fdc41-9f47-4b16-88f1-f91b1d480ed5", "rel": "bookmark"}]}, "OS-EXT-STS:vm_state": "active", "OS-SRV-USG:launched_at": "2018-12-14T22:05:53.000000", "flavor": {"id": "6638c11a-a13b-49bf-ba35-de9e32cf3751", "links": [{"href": "http://172.30.9.45:8774/flavors/6638c11a-a13b-49bf-ba35-de9e32cf3751", "rel": "bookmark"}]}, "id": "7753488e-1bca-4488-b54f-9edb1e4df409", "security_groups": [{"name": "tempest-secgroup-134524152"}], "user_id": "6da41b935ce949a39a528ac617d26bb7", "OS-DCF:diskConfig": "MANUAL", "accessIPv4": "", "accessIPv6": "", "progress": 0, "OS-EXT-STS:power_state": 1, "OS-EXT-AZ:availability_zone": "nova", "config_drive": "", "status": "ACTIVE", "updated": "2018-12-14T22:05:53Z", "hostId": "cbc121c1343378967e0bdf6a98b9ee584b6ce8a80311f99a155b1f16", "OS-SRV-USG:terminated_at": null, "key_name": "tempest-keypair-test-2047159955", "name": "tempest-server-test-1564670514", "created": "2018-12-14T22:05:45Z", "tenant_id": "313a51a5c04245c8a1ec2626c6d1453b", "os-extended-volumes:volumes_attached": [], "metadata": {}}} _log_request_full /root/.rally/verification/verifier-17f0c7b1-4bdb-4208-a84d-b108c567a79b/repo/tempest/lib/common/rest_client.py:434
2018-12-14 22:05:54.519 17916 INFO tempest.common.waiters [-] State transition "BUILD/spawning" ==> "ACTIVE/None" after 1 second wait
2018-12-14 22:05:54.521 17916 INFO tempest.lib.common.ssh [-] Creating ssh connection to '172.30.9.207:22' as 'cirros' with public key authentication
2018-12-14 22:05:54.521 17919 INFO tempest.lib.common.rest_client [req-bdcd5fec-0196-4a45-a8ba-2392eb04bbeb ] Request (TrunkTestJSON:_run_cleanups): 404 DELETE http://172.30.9.45:9696/v2.0/networks/e1b1de2c-cb48-4d57-8715-37706ee58290 0.021s
2018-12-14 22:05:54.522 17919 DEBUG tempest.lib.common.rest_client [req-bdcd5fec-0196-4a45-a8ba-2392eb04bbeb ] Request - Headers: {'Content-Type': 'application/json', 'Accept': 'application/json', 'X-Auth-Token': ''} Body: None Response - Headers: {'status': '404', u'content-length': '138', 'content-location': 'http://172.30.9.45:9696/v2.0/networks/e1b1de2c-cb48-4d57-8715-37706ee58290', u'date': 'Fri, 14 Dec 2018 22:05:54 GMT', u'content-type': 'application/json', u'connection': 'close', u'x-openstack-request-id': 'req-bdcd5fec-0196-4a45-a8ba-2392eb04bbeb'} Body: {"NeutronError": {"message": "Network e1b1de2c-cb48-4d57-8715-37706ee58290 could not be found.", "type": "NetworkNotFound", "detail": ""}} _log_request_full /root/.rally/verification/verifier-17f0c7b1-4bdb-4208-a84d-b108c567a79b/repo/tempest/lib/common/rest_client.py:434
2018-12-14 22:05:54.546 17919 INFO tempest.lib.common.rest_client [req-38d71ca3-87a2-4d2d-a5db-21d8960a65ab ] Request (TrunkTestJSON:_run_cleanups): 404 DELETE http://172.30.9.45:9696/v2.0/networks/29f3c864-65c1-45f1-9a96-3121cf0fb25b 0.023s
2018-12-14 22:05:54.546 17919 DEBUG tempest.lib.common.rest_client [req-38d71ca3-87a2-4d2d-a5db-21d8960a65ab ] Request - Headers: {'Content-Type': 'application/json', 'Accept': 'application/json', 'X-Auth-Token': ''} Body: None Response - Headers: {'status': '404', u'content-length': '138', 'content-location': 'http://172.30.9.45:9696/v2.0/networks/29f3c864-65c1-45f1-9a96-3121cf0fb25b', u'date': 'Fri, 14 Dec 2018 22:05:54 GMT', u'content-type': 'application/json', u'connection': 'close', u'x-openstack-request-id': 'req-38d71ca3-87a2-4d2d-a5db-21d8960a65ab'} Body: {"NeutronError": {"message": "Network 29f3c864-65c1-45f1-9a96-3121cf0fb25b could not be found.", "type": "NetworkNotFound", "detail": ""}} _log_request_full /root/.rally/verification/verifier-17f0c7b1-4bdb-4208-a84d-b108c567a79b/repo/tempest/lib/common/rest_client.py:434
2018-12-14 22:05:54.574 17919 INFO tempest.lib.common.rest_client [req-2fc96228-29a6-49fd-8ef7-e34cc7e07c9c ] Request (TrunkTestJSON:_run_cleanups): 404 DELETE http://172.30.9.45:9696/v2.0/networks/40d43703-96b9-40a1-857b-df4924ed76d4 0.027s
2018-12-14 22:05:54.574 17919 DEBUG tempest.lib.common.rest_client [req-2fc96228-29a6-49fd-8ef7-e34cc7e07c9c ] Request - Headers: {'Content-Type': 'application/json', 'Accept': 'application/json', 'X-Auth-Token': ''} Body: None Response - Headers: {'status': '404', u'content-length': '138', 'content-location': 'http://172.30.9.45:9696/v2.0/networks/40d43703-96b9-40a1-857b-df4924ed76d4', u'date': 'Fri, 14 Dec 2018 22:05:54 GMT', u'content-type': 'application/json', u'connection': 'close', u'x-openstack-request-id': 'req-2fc96228-29a6-49fd-8ef7-e34cc7e07c9c'} Body: {"NeutronError": {"message": "Network 40d43703-96b9-40a1-857b-df4924ed76d4 could not be found.", "type": "NetworkNotFound", "detail": ""}} _log_request_full /root/.rally/verification/verifier-17f0c7b1-4bdb-4208-a84d-b108c567a79b/repo/tempest/lib/common/rest_client.py:434
2018-12-14 22:05:54.866 17915 INFO tempest.lib.common.rest_client [req-e955c5b0-3e17-4038-81ce-383cd22ca03f ] Request (TrunkTestJSON:_run_cleanups): 204 DELETE http://172.30.9.45:9696/v2.0/networks/ae76660f-4df6-464a-81b3-e936c5af6d16 0.852s
2018-12-14 22:05:54.867 17915 DEBUG tempest.lib.common.rest_client [req-e955c5b0-3e17-4038-81ce-383cd22ca03f ] Request - Headers: {'Content-Type': 'application/json', 'Accept': 'application/json', 'X-Auth-Token': ''} Body: None Response - Headers: {'status': '204', u'content-length': '0', 'content-location': 'http://172.30.9.45:9696/v2.0/networks/ae76660f-4df6-464a-81b3-e936c5af6d16', u'date': 'Fri, 14 Dec 2018 22:05:54 GMT', u'connection': 'close', u'x-openstack-request-id': 'req-e955c5b0-3e17-4038-81ce-383cd22ca03f'} Body: _log_request_full /root/.rally/verification/verifier-17f0c7b1-4bdb-4208-a84d-b108c567a79b/repo/tempest/lib/common/rest_client.py:434
2018-12-14 22:05:55.102 17916 WARNING tempest.lib.common.ssh [-] Failed to establish authenticated ssh connection to cirros@172.30.9.207 ([Errno None] Unable to connect to port 22 on 172.30.9.207). Number attempts: 1. Retry after 2 seconds.: NoValidConnectionsError: [Errno None] Unable to connect to port 22 on 172.30.9.207
2018-12-14 22:05:55.206 17919 INFO tempest.lib.common.rest_client [req-821f4e07-6c56-4a98-b525-dd4725577851 ] Request (TrunkTestJSON:_run_cleanups): 204 DELETE http://172.30.9.45:9696/v2.0/networks/3a36578e-0d29-4f60-870a-8f2d229532c7 0.630s
2018-12-14 22:05:55.206 17919 DEBUG tempest.lib.common.rest_client [req-821f4e07-6c56-4a98-b525-dd4725577851 ] Request - Headers: {'Content-Type': 'application/json', 'Accept': 'application/json', 'X-Auth-Token': ''} Body: None Response - Headers: {'status': '204', u'content-length': '0', 'content-location': 'http://172.30.9.45:9696/v2.0/networks/3a36578e-0d29-4f60-870a-8f2d229532c7', u'date': 'Fri, 14 Dec 2018 22:05:55 GMT', u'connection': 'close', u'x-openstack-request-id': 'req-821f4e07-6c56-4a98-b525-dd4725577851'} Body: _log_request_full /root/.rally/verification/verifier-17f0c7b1-4bdb-4208-a84d-b108c567a79b/repo/tempest/lib/common/rest_client.py:434
2018-12-14 22:05:55.227 17919 INFO tempest.lib.common.rest_client [req-b110c036-74f6-460b-ade0-49b16f85f0bd ] Request (TrunkTestJSON:_run_cleanups): 404 GET http://172.30.9.45:9696/v2.0/trunks/efb628b1-790d-4af5-86d4-0958a8bf0da5/get_subports 0.019s
2018-12-14 22:05:55.228 17919 DEBUG tempest.lib.common.rest_client [req-b110c036-74f6-460b-ade0-49b16f85f0bd ] Request - Headers: {'Content-Type': 'application/json', 'Accept': 'application/json', 'X-Auth-Token': ''} Body: None Response - Headers: {'status': '404', u'content-length': '134', 'content-location': 'http://172.30.9.45:9696/v2.0/trunks/efb628b1-790d-4af5-86d4-0958a8bf0da5/get_subports', u'date': 'Fri, 14 Dec 2018 22:05:55 GMT', u'content-type': 'application/json', u'connection': 'close', u'x-openstack-request-id': 'req-b110c036-74f6-460b-ade0-49b16f85f0bd'} Body: {"NeutronError": {"message": "Trunk efb628b1-790d-4af5-86d4-0958a8bf0da5 could not be found.", "type": "TrunkNotFound", "detail": ""}} _log_request_full /root/.rally/verification/verifier-17f0c7b1-4bdb-4208-a84d-b108c567a79b/repo/tempest/lib/common/rest_client.py:434
2018-12-14 22:05:55.247 17919 INFO tempest.lib.common.rest_client [req-d88ececd-49f5-41c6-ae62-456fd6b05b36 ] Request (TrunkTestJSON:_run_cleanups): 404 DELETE http://172.30.9.45:9696/v2.0/trunks/efb628b1-790d-4af5-86d4-0958a8bf0da5 0.019s
2018-12-14 22:05:55.248 17919 DEBUG tempest.lib.common.rest_client [req-d88ececd-49f5-41c6-ae62-456fd6b05b36 ] Request - Headers: {'Content-Type': 'application/json', 'Accept': 'application/json', 'X-Auth-Token': ''} Body: None Response - Headers: {'status': '404', u'content-length': '134', 'content-location': 'http://172.30.9.45:9696/v2.0/trunks/efb628b1-790d-4af5-86d4-0958a8bf0da5', u'date': 'Fri, 14 Dec 2018 22:05:55 GMT', u'content-type': 'application/json', u'connection': 'close', u'x-openstack-request-id': 'req-d88ececd-49f5-41c6-ae62-456fd6b05b36'} Body: {"NeutronError": {"message": "Trunk efb628b1-790d-4af5-86d4-0958a8bf0da5 could not be found.", "type": "TrunkNotFound", "detail": ""}} _log_request_full /root/.rally/verification/verifier-17f0c7b1-4bdb-4208-a84d-b108c567a79b/repo/tempest/lib/common/rest_client.py:434
2018-12-14 22:05:55.266 17919 INFO tempest.lib.common.rest_client [req-1819c628-9dc7-4a68-9759-c70bbd9a468a ] Request (TrunkTestJSON:_run_cleanups): 404 GET http://172.30.9.45:9696/v2.0/trunks/1f17b4d2-b985-451f-8a19-2b87f3d49591/get_subports 0.017s
2018-12-14 22:05:55.266 17919 DEBUG tempest.lib.common.rest_client [req-1819c628-9dc7-4a68-9759-c70bbd9a468a ] Request - Headers: {'Content-Type': 'application/json', 'Accept': 'application/json', 'X-Auth-Token': ''} Body: None Response - Headers: {'status': '404', u'content-length': '134', 'content-location': 'http://172.30.9.45:9696/v2.0/trunks/1f17b4d2-b985-451f-8a19-2b87f3d49591/get_subports', u'date': 'Fri, 14 Dec 2018 22:05:55 GMT', u'content-type': 'application/json', u'connection': 'close', u'x-openstack-request-id': 'req-1819c628-9dc7-4a68-9759-c70bbd9a468a'} Body: {"NeutronError": {"message": "Trunk 1f17b4d2-b985-451f-8a19-2b87f3d49591 could not be found.", "type": "TrunkNotFound", "detail": ""}} _log_request_full /root/.rally/verification/verifier-17f0c7b1-4bdb-4208-a84d-b108c567a79b/repo/tempest/lib/common/rest_client.py:434
2018-12-14 22:05:55.284 17919 INFO tempest.lib.common.rest_client [req-1d9bdbba-3b95-42f1-a281-33fbfe911305 ] Request (TrunkTestJSON:_run_cleanups): 404 DELETE http://172.30.9.45:9696/v2.0/trunks/1f17b4d2-b985-451f-8a19-2b87f3d49591 0.016s
2018-12-14 22:05:55.284 17919 DEBUG tempest.lib.common.rest_client [req-1d9bdbba-3b95-42f1-a281-33fbfe911305 ] Request - Headers: {'Content-Type': 'application/json', 'Accept': 'application/json', 'X-Auth-Token': ''} Body: None Response - Headers: {'status': '404', u'content-length': '134', 'content-location': 'http://172.30.9.45:9696/v2.0/trunks/1f17b4d2-b985-451f-8a19-2b87f3d49591', u'date': 'Fri, 14 Dec 2018 22:05:55 GMT', u'content-type': 'application/json', u'connection': 'close', u'x-openstack-request-id': 'req-1d9bdbba-3b95-42f1-a281-33fbfe911305'} Body: {"NeutronError": {"message": "Trunk 1f17b4d2-b985-451f-8a19-2b87f3d49591 could not be found.", "type": "TrunkNotFound", "detail": ""}} _log_request_full /root/.rally/verification/verifier-17f0c7b1-4bdb-4208-a84d-b108c567a79b/repo/tempest/lib/common/rest_client.py:434
2018-12-14 22:05:55.298 17919 INFO tempest.lib.common.rest_client [req-cf870739-13eb-4997-833b-ee70323b6363 ] Request (TrunkTestJSON:_run_cleanups): 404 GET http://172.30.9.45:9696/v2.0/trunks/9247b172-777c-4b42-815b-1409a89f08de/get_subports 0.013s
2018-12-14 22:05:55.298 17919 DEBUG tempest.lib.common.rest_client [req-cf870739-13eb-4997-833b-ee70323b6363 ] Request - Headers: {'Content-Type': 'application/json', 'Accept': 'application/json', 'X-Auth-Token': ''} Body: None Response - Headers: {'status': '404', u'content-length': '134', 'content-location': 'http://172.30.9.45:9696/v2.0/trunks/9247b172-777c-4b42-815b-1409a89f08de/get_subports', u'date': 'Fri, 14 Dec 2018 22:05:55 GMT', u'content-type': 'application/json', u'connection': 'close', u'x-openstack-request-id': 'req-cf870739-13eb-4997-833b-ee70323b6363'} Body: {"NeutronError": {"message": "Trunk 9247b172-777c-4b42-815b-1409a89f08de could not be found.", "type": "TrunkNotFound", "detail": ""}} _log_request_full /root/.rally/verification/verifier-17f0c7b1-4bdb-4208-a84d-b108c567a79b/repo/tempest/lib/common/rest_client.py:434
2018-12-14 22:05:55.313 17919 INFO tempest.lib.common.rest_client [req-8bdb88c1-3514-41c0-9e6b-73800137a8c1 ] Request (TrunkTestJSON:_run_cleanups): 404 DELETE http://172.30.9.45:9696/v2.0/trunks/9247b172-777c-4b42-815b-1409a89f08de 0.015s
