2018-12-01 02:45:05.819 17913 DEBUG tempest.lib.common.rest_client [req-42c5fffd-2c1b-4222-a051-29aa5863f3c6 ] Request - Headers: {'Content-Type': 'application/json', 'Accept': 'application/json', 'X-Auth-Token': ''} Body: {"sub_ports": []} Response - Headers: {'status': '200', u'content-length': '396', 'content-location': 'http://172.30.9.40:9696/v2.0/trunks/d5282d14-0355-4e0c-bef0-ceb4c47ea37c/remove_subports', u'date': 'Sat, 01 Dec 2018 02:45:05 GMT', u'content-type': 'application/json', u'connection': 'close', u'x-openstack-request-id': 'req-42c5fffd-2c1b-4222-a051-29aa5863f3c6'} Body: {"status": "DOWN", "sub_ports": [], "name": "", "admin_state_up": true, "tenant_id": "0a730bf66290477483bedb11db21043d", "created_at": "2018-12-01T02:45:03Z", "tags": [], "updated_at": "2018-12-01T02:45:05Z", "revision_number": 2, "project_id": "0a730bf66290477483bedb11db21043d", "port_id": "42fa0be0-e980-43be-85dd-518193f0339b", "id": "d5282d14-0355-4e0c-bef0-ceb4c47ea37c", "description": ""} _log_request_full /root/.rally/verification/verifier-750d54ba-a788-444b-8cb9-78a087ca4e4a/repo/tempest/lib/common/rest_client.py:434
2018-12-01 02:45:05.830 17917 INFO tempest.lib.common.rest_client [req-ce649a47-d7d8-4bea-a904-27b78158aa62 ] Request (TrunkTestJSON:_run_cleanups): 404 GET http://172.30.9.40:9696/v2.0/trunks/fde7010d-8fc8-4422-b065-331566a36613 0.015s
2018-12-01 02:45:05.830 17917 DEBUG tempest.lib.common.rest_client [req-ce649a47-d7d8-4bea-a904-27b78158aa62 ] Request - Headers: {'Content-Type': 'application/json', 'Accept': 'application/json', 'X-Auth-Token': ''} Body: None Response - Headers: {'status': '404', u'content-length': '134', 'content-location': 'http://172.30.9.40:9696/v2.0/trunks/fde7010d-8fc8-4422-b065-331566a36613', u'date': 'Sat, 01 Dec 2018 02:45:05 GMT', u'content-type': 'application/json', u'connection': 'close', u'x-openstack-request-id': 'req-ce649a47-d7d8-4bea-a904-27b78158aa62'} Body: {"NeutronError": {"message": "Trunk fde7010d-8fc8-4422-b065-331566a36613 could not be found.", "type": "TrunkNotFound", "detail": ""}} _log_request_full /root/.rally/verification/verifier-750d54ba-a788-444b-8cb9-78a087ca4e4a/repo/tempest/lib/common/rest_client.py:434
2018-12-01 02:45:05.845 17917 INFO tempest.lib.common.rest_client [req-5405ca82-4a10-40c4-9090-91be58e0425f ] Request (TrunkTestJSON:_run_cleanups): 404 GET http://172.30.9.40:9696/v2.0/trunks/1c87aca6-7d71-4fd3-af35-9c9ce62a4801 0.014s
2018-12-01 02:45:05.846 17917 DEBUG tempest.lib.common.rest_client [req-5405ca82-4a10-40c4-9090-91be58e0425f ] Request - Headers: {'Content-Type': 'application/json', 'Accept': 'application/json', 'X-Auth-Token': ''} Body: None Response - Headers: {'status': '404', u'content-length': '134', 'content-location': 'http://172.30.9.40:9696/v2.0/trunks/1c87aca6-7d71-4fd3-af35-9c9ce62a4801', u'date': 'Sat, 01 Dec 2018 02:45:05 GMT', u'content-type': 'application/json', u'connection': 'close', u'x-openstack-request-id': 'req-5405ca82-4a10-40c4-9090-91be58e0425f'} Body: {"NeutronError": {"message": "Trunk 1c87aca6-7d71-4fd3-af35-9c9ce62a4801 could not be found.", "type": "TrunkNotFound", "detail": ""}} _log_request_full /root/.rally/verification/verifier-750d54ba-a788-444b-8cb9-78a087ca4e4a/repo/tempest/lib/common/rest_client.py:434
2018-12-01 02:45:05.861 17917 INFO tempest.lib.common.rest_client [req-89839f65-f9aa-49fe-ba5b-0174476694e1 ] Request (TrunkTestJSON:_run_cleanups): 404 GET http://172.30.9.40:9696/v2.0/trunks/b18f1615-97b6-44e5-8f18-c248e4f91886 0.014s
2018-12-01 02:45:05.861 17917 DEBUG tempest.lib.common.rest_client [req-89839f65-f9aa-49fe-ba5b-0174476694e1 ] Request - Headers: {'Content-Type': 'application/json', 'Accept': 'application/json', 'X-Auth-Token': ''} Body: None Response - Headers: {'status': '404', u'content-length': '134', 'content-location': 'http://172.30.9.40:9696/v2.0/trunks/b18f1615-97b6-44e5-8f18-c248e4f91886', u'date': 'Sat, 01 Dec 2018 02:45:05 GMT', u'content-type': 'application/json', u'connection': 'close', u'x-openstack-request-id': 'req-89839f65-f9aa-49fe-ba5b-0174476694e1'} Body: {"NeutronError": {"message": "Trunk b18f1615-97b6-44e5-8f18-c248e4f91886 could not be found.", "type": "TrunkNotFound", "detail": ""}} _log_request_full /root/.rally/verification/verifier-750d54ba-a788-444b-8cb9-78a087ca4e4a/repo/tempest/lib/common/rest_client.py:434
2018-12-01 02:45:05.893 17917 INFO tempest.lib.common.rest_client [req-1aae9444-d58e-4c79-bd47-de6b27c486af ] Request (TrunkTestJSON:_run_cleanups): 404 DELETE http://172.30.9.40:9696/v2.0/ports/d146bf53-bd7c-436f-9b72-2d53d9900735 0.031s
2018-12-01 02:45:05.894 17917 DEBUG tempest.lib.common.rest_client [req-1aae9444-d58e-4c79-bd47-de6b27c486af ] Request - Headers: {'Content-Type': 'application/json', 'Accept': 'application/json', 'X-Auth-Token': ''} Body: None Response - Headers: {'status': '404', u'content-length': '132', 'content-location': 'http://172.30.9.40:9696/v2.0/ports/d146bf53-bd7c-436f-9b72-2d53d9900735', u'date': 'Sat, 01 Dec 2018 02:45:05 GMT', u'content-type': 'application/json', u'connection': 'close', u'x-openstack-request-id': 'req-1aae9444-d58e-4c79-bd47-de6b27c486af'} Body: {"NeutronError": {"message": "Port d146bf53-bd7c-436f-9b72-2d53d9900735 could not be found.", "type": "PortNotFound", "detail": ""}} _log_request_full /root/.rally/verification/verifier-750d54ba-a788-444b-8cb9-78a087ca4e4a/repo/tempest/lib/common/rest_client.py:434
2018-12-01 02:45:05.926 17917 INFO tempest.lib.common.rest_client [req-03304910-a0d2-4eb2-8332-5619c416d032 ] Request (TrunkTestJSON:_run_cleanups): 404 DELETE http://172.30.9.40:9696/v2.0/ports/562f22f9-7ebd-4bd2-a1e7-0ca9543e6d15 0.032s
2018-12-01 02:45:05.927 17917 DEBUG tempest.lib.common.rest_client [req-03304910-a0d2-4eb2-8332-5619c416d032 ] Request - Headers: {'Content-Type': 'application/json', 'Accept': 'application/json', 'X-Auth-Token': ''} Body: None Response - Headers: {'status': '404', u'content-length': '132', 'content-location': 'http://172.30.9.40:9696/v2.0/ports/562f22f9-7ebd-4bd2-a1e7-0ca9543e6d15', u'date': 'Sat, 01 Dec 2018 02:45:05 GMT', u'content-type': 'application/json', u'connection': 'close', u'x-openstack-request-id': 'req-03304910-a0d2-4eb2-8332-5619c416d032'} Body: {"NeutronError": {"message": "Port 562f22f9-7ebd-4bd2-a1e7-0ca9543e6d15 could not be found.", "type": "PortNotFound", "detail": ""}} _log_request_full /root/.rally/verification/verifier-750d54ba-a788-444b-8cb9-78a087ca4e4a/repo/tempest/lib/common/rest_client.py:434
2018-12-01 02:45:05.934 17913 INFO tempest.lib.common.rest_client [req-9628fcc1-859a-43ac-bdfe-af6c1269d1d6 ] Request (TrunkTestJSON:_run_cleanups): 204 DELETE http://172.30.9.40:9696/v2.0/trunks/d5282d14-0355-4e0c-bef0-ceb4c47ea37c 0.114s
2018-12-01 02:45:05.934 17913 DEBUG tempest.lib.common.rest_client [req-9628fcc1-859a-43ac-bdfe-af6c1269d1d6 ] Request - Headers: {'Content-Type': 'application/json', 'Accept': 'application/json', 'X-Auth-Token': ''} Body: None Response - Headers: {'status': '204', u'content-length': '0', 'content-location': 'http://172.30.9.40:9696/v2.0/trunks/d5282d14-0355-4e0c-bef0-ceb4c47ea37c', u'date': 'Sat, 01 Dec 2018 02:45:05 GMT', u'connection': 'close', u'x-openstack-request-id': 'req-9628fcc1-859a-43ac-bdfe-af6c1269d1d6'} Body: _log_request_full /root/.rally/verification/verifier-750d54ba-a788-444b-8cb9-78a087ca4e4a/repo/tempest/lib/common/rest_client.py:434
2018-12-01 02:45:05.961 17917 INFO tempest.lib.common.rest_client [req-a9d968c7-3916-48e3-9078-db1ec4762588 ] Request (TrunkTestJSON:_run_cleanups): 404 DELETE http://172.30.9.40:9696/v2.0/ports/0bbd9e3d-a1fe-495e-8801-8c893d71bfd1 0.033s
2018-12-01 02:45:05.961 17917 DEBUG tempest.lib.common.rest_client [req-a9d968c7-3916-48e3-9078-db1ec4762588 ] Request - Headers: {'Content-Type': 'application/json', 'Accept': 'application/json', 'X-Auth-Token': ''} Body: None Response - Headers: {'status': '404', u'content-length': '132', 'content-location': 'http://172.30.9.40:9696/v2.0/ports/0bbd9e3d-a1fe-495e-8801-8c893d71bfd1', u'date': 'Sat, 01 Dec 2018 02:45:05 GMT', u'content-type': 'application/json', u'connection': 'close', u'x-openstack-request-id': 'req-a9d968c7-3916-48e3-9078-db1ec4762588'} Body: {"NeutronError": {"message": "Port 0bbd9e3d-a1fe-495e-8801-8c893d71bfd1 could not be found.", "type": "PortNotFound", "detail": ""}} _log_request_full /root/.rally/verification/verifier-750d54ba-a788-444b-8cb9-78a087ca4e4a/repo/tempest/lib/common/rest_client.py:434
2018-12-01 02:45:05.963 17913 INFO tempest.lib.common.rest_client [req-6a9ed930-a82f-4ebb-981b-0b24777f3157 ] Request (TrunkTestJSON:_run_cleanups): 200 GET http://172.30.9.40:9696/v2.0/trunks/45a546a9-b91b-4c28-96cc-a277759d0679/get_subports 0.028s
2018-12-01 02:45:05.964 17913 DEBUG tempest.lib.common.rest_client [req-6a9ed930-a82f-4ebb-981b-0b24777f3157 ] Request - Headers: {'Content-Type': 'application/json', 'Accept': 'application/json', 'X-Auth-Token': ''} Body: None Response - Headers: {'status': '200', u'content-length': '17', 'content-location': 'http://172.30.9.40:9696/v2.0/trunks/45a546a9-b91b-4c28-96cc-a277759d0679/get_subports', u'date': 'Sat, 01 Dec 2018 02:45:05 GMT', u'content-type': 'application/json', u'connection': 'close', u'x-openstack-request-id': 'req-6a9ed930-a82f-4ebb-981b-0b24777f3157'} Body: {"sub_ports": []} _log_request_full /root/.rally/verification/verifier-750d54ba-a788-444b-8cb9-78a087ca4e4a/repo/tempest/lib/common/rest_client.py:434
2018-12-01 02:45:06.002 17917 INFO tempest.lib.common.rest_client [req-b3e012fa-2c88-4a70-ada0-2ce7f19a8f0e ] Request (TrunkTestJSON:_run_cleanups): 404 DELETE http://172.30.9.40:9696/v2.0/ports/6c6970fe-0212-44a8-81cb-4385afdf9a9e 0.040s
2018-12-01 02:45:06.002 17917 DEBUG tempest.lib.common.rest_client [req-b3e012fa-2c88-4a70-ada0-2ce7f19a8f0e ] Request - Headers: {'Content-Type': 'application/json', 'Accept': 'application/json', 'X-Auth-Token': ''} Body: None Response - Headers: {'status': '404', u'content-length': '132', 'content-location': 'http://172.30.9.40:9696/v2.0/ports/6c6970fe-0212-44a8-81cb-4385afdf9a9e', u'date': 'Sat, 01 Dec 2018 02:45:06 GMT', u'content-type': 'application/json', u'connection': 'close', u'x-openstack-request-id': 'req-b3e012fa-2c88-4a70-ada0-2ce7f19a8f0e'} Body: {"NeutronError": {"message": "Port 6c6970fe-0212-44a8-81cb-4385afdf9a9e could not be found.", "type": "PortNotFound", "detail": ""}} _log_request_full /root/.rally/verification/verifier-750d54ba-a788-444b-8cb9-78a087ca4e4a/repo/tempest/lib/common/rest_client.py:434
2018-12-01 02:45:06.034 17913 INFO tempest.lib.common.rest_client [req-b37bf6c8-4ead-4eee-b57c-7f0bb132ae09 ] Request (TrunkTestJSON:_run_cleanups): 200 PUT http://172.30.9.40:9696/v2.0/trunks/45a546a9-b91b-4c28-96cc-a277759d0679/remove_subports 0.070s
2018-12-01 02:45:06.035 17913 DEBUG tempest.lib.common.rest_client [req-b37bf6c8-4ead-4eee-b57c-7f0bb132ae09 ] Request - Headers: {'Content-Type': 'application/json', 'Accept': 'application/json', 'X-Auth-Token': ''} Body: {"sub_ports": []} Response - Headers: {'status': '200', u'content-length': '396', 'content-location': 'http://172.30.9.40:9696/v2.0/trunks/45a546a9-b91b-4c28-96cc-a277759d0679/remove_subports', u'date': 'Sat, 01 Dec 2018 02:45:06 GMT', u'content-type': 'application/json', u'connection': 'close', u'x-openstack-request-id': 'req-b37bf6c8-4ead-4eee-b57c-7f0bb132ae09'} Body: {"status": "DOWN", "sub_ports": [], "name": "", "admin_state_up": true, "tenant_id": "0a730bf66290477483bedb11db21043d", "created_at": "2018-12-01T02:45:05Z", "tags": [], "updated_at": "2018-12-01T02:45:06Z", "revision_number": 2, "project_id": "0a730bf66290477483bedb11db21043d", "port_id": "95d2a0b6-5b92-4700-8566-f3ce6ac77f30", "id": "45a546a9-b91b-4c28-96cc-a277759d0679", "description": ""} _log_request_full /root/.rally/verification/verifier-750d54ba-a788-444b-8cb9-78a087ca4e4a/repo/tempest/lib/common/rest_client.py:434
2018-12-01 02:45:06.039 17917 INFO tempest.lib.common.rest_client [req-382b1d83-9928-4c1c-aa2a-6036e6f7c017 ] Request (TrunkTestJSON:_run_cleanups): 404 DELETE http://172.30.9.40:9696/v2.0/ports/410d0b15-cd5d-40ec-af6a-7b084d26bed2 0.035s
2018-12-01 02:45:06.039 17917 DEBUG tempest.lib.common.rest_client [req-382b1d83-9928-4c1c-aa2a-6036e6f7c017 ] Request - Headers: {'Content-Type': 'application/json', 'Accept': 'application/json', 'X-Auth-Token': ''} Body: None Response - Headers: {'status': '404', u'content-length': '132', 'content-location': 'http://172.30.9.40:9696/v2.0/ports/410d0b15-cd5d-40ec-af6a-7b084d26bed2', u'date': 'Sat, 01 Dec 2018 02:45:06 GMT', u'content-type': 'application/json', u'connection': 'close', u'x-openstack-request-id': 'req-382b1d83-9928-4c1c-aa2a-6036e6f7c017'} Body: {"NeutronError": {"message": "Port 410d0b15-cd5d-40ec-af6a-7b084d26bed2 could not be found.", "type": "PortNotFound", "detail": ""}} _log_request_full /root/.rally/verification/verifier-750d54ba-a788-444b-8cb9-78a087ca4e4a/repo/tempest/lib/common/rest_client.py:434
2018-12-01 02:45:06.072 17917 INFO tempest.lib.common.rest_client [req-34720bc9-f091-4492-bec5-e9473694eb66 ] Request (TrunkTestJSON:_run_cleanups): 404 DELETE http://172.30.9.40:9696/v2.0/ports/a7a1688c-e37f-459b-9eeb-eed6c21ab8ed 0.031s
2018-12-01 02:45:06.072 17917 DEBUG tempest.lib.common.rest_client [req-34720bc9-f091-4492-bec5-e9473694eb66 ] Request - Headers: {'Content-Type': 'application/json', 'Accept': 'application/json', 'X-Auth-Token': ''} Body: None Response - Headers: {'status': '404', u'content-length': '132', 'content-location': 'http://172.30.9.40:9696/v2.0/ports/a7a1688c-e37f-459b-9eeb-eed6c21ab8ed', u'date': 'Sat, 01 Dec 2018 02:45:06 GMT', u'content-type': 'application/json', u'connection': 'close', u'x-openstack-request-id': 'req-34720bc9-f091-4492-bec5-e9473694eb66'} Body: {"NeutronError": {"message": "Port a7a1688c-e37f-459b-9eeb-eed6c21ab8ed could not be found.", "type": "PortNotFound", "detail": ""}} _log_request_full /root/.rally/verification/verifier-750d54ba-a788-444b-8cb9-78a087ca4e4a/repo/tempest/lib/common/rest_client.py:434
2018-12-01 02:45:06.106 17917 INFO tempest.lib.common.rest_client [req-9bdb43ed-fdfc-4bdd-84f5-447ae827a2d3 ] Request (TrunkTestJSON:_run_cleanups): 404 DELETE http://172.30.9.40:9696/v2.0/ports/0734c897-4473-4fae-a681-00ce033d996d 0.033s
2018-12-01 02:45:06.106 17917 DEBUG tempest.lib.common.rest_client [req-9bdb43ed-fdfc-4bdd-84f5-447ae827a2d3 ] Request - Headers: {'Content-Type': 'application/json', 'Accept': 'application/json', 'X-Auth-Token': ''} Body: None Response - Headers: {'status': '404', u'content-length': '132', 'content-location': 'http://172.30.9.40:9696/v2.0/ports/0734c897-4473-4fae-a681-00ce033d996d', u'date': 'Sat, 01 Dec 2018 02:45:06 GMT', u'content-type': 'application/json', u'connection': 'close', u'x-openstack-request-id': 'req-9bdb43ed-fdfc-4bdd-84f5-447ae827a2d3'} Body: {"NeutronError": {"message": "Port 0734c897-4473-4fae-a681-00ce033d996d could not be found.", "type": "PortNotFound", "detail": ""}} _log_request_full /root/.rally/verification/verifier-750d54ba-a788-444b-8cb9-78a087ca4e4a/repo/tempest/lib/common/rest_client.py:434
2018-12-01 02:45:06.137 17917 INFO tempest.lib.common.rest_client [req-dd16236e-c773-4e9c-82d8-e593b4e2a06f ] Request (TrunkTestJSON:_run_cleanups): 404 DELETE http://172.30.9.40:9696/v2.0/ports/0015ebe1-da04-484f-a6e4-e312c8e61c90 0.030s
2018-12-01 02:45:06.137 17917 DEBUG tempest.lib.common.rest_client [req-dd16236e-c773-4e9c-82d8-e593b4e2a06f ] Request - Headers: {'Content-Type': 'application/json', 'Accept': 'application/json', 'X-Auth-Token': ''} Body: None Response - Headers: {'status': '404', u'content-length': '132', 'content-location': 'http://172.30.9.40:9696/v2.0/ports/0015ebe1-da04-484f-a6e4-e312c8e61c90', u'date': 'Sat, 01 Dec 2018 02:45:06 GMT', u'content-type': 'application/json', u'connection': 'close', u'x-openstack-request-id': 'req-dd16236e-c773-4e9c-82d8-e593b4e2a06f'} Body: {"NeutronError": {"message": "Port 0015ebe1-da04-484f-a6e4-e312c8e61c90 could not be found.", "type": "PortNotFound", "detail": ""}} _log_request_full /root/.rally/verification/verifier-750d54ba-a788-444b-8cb9-78a087ca4e4a/repo/tempest/lib/common/rest_client.py:434
2018-12-01 02:45:06.156 17913 INFO tempest.lib.common.rest_client [req-660545e3-0e69-4bea-8fd9-58ee7e6df537 ] Request (TrunkTestJSON:_run_cleanups): 204 DELETE http://172.30.9.40:9696/v2.0/trunks/45a546a9-b91b-4c28-96cc-a277759d0679 0.120s
2018-12-01 02:45:06.157 17913 DEBUG tempest.lib.common.rest_client [req-660545e3-0e69-4bea-8fd9-58ee7e6df537 ] Request - Headers: {'Content-Type': 'application/json', 'Accept': 'application/json', 'X-Auth-Token': ''} Body: None Response - Headers: {'status': '204', u'content-length': '0', 'content-location': 'http://172.30.9.40:9696/v2.0/trunks/45a546a9-b91b-4c28-96cc-a277759d0679', u'date': 'Sat, 01 Dec 2018 02:45:06 GMT', u'connection': 'close', u'x-openstack-request-id': 'req-660545e3-0e69-4bea-8fd9-58ee7e6df537'} Body: _log_request_full /root/.rally/verification/verifier-750d54ba-a788-444b-8cb9-78a087ca4e4a/repo/tempest/lib/common/rest_client.py:434
2018-12-01 02:45:06.171 17913 INFO tempest.lib.common.rest_client [req-0e6ba8d9-0f8a-4eb1-afac-0f62e9c0d911 ] Request (TrunkTestJSON:_run_cleanups): 404 GET http://172.30.9.40:9696/v2.0/trunks/c6bffe9e-d53a-4001-8696-b3126b802f49 0.014s
2018-12-01 02:45:06.172 17913 DEBUG tempest.lib.common.rest_client [req-0e6ba8d9-0f8a-4eb1-afac-0f62e9c0d911 ] Request - Headers: {'Content-Type': 'application/json', 'Accept': 'application/json', 'X-Auth-Token': ''} Body: None Response - Headers: {'status': '404', u'content-length': '134', 'content-location': 'http://172.30.9.40:9696/v2.0/trunks/c6bffe9e-d53a-4001-8696-b3126b802f49', u'date': 'Sat, 01 Dec 2018 02:45:06 GMT', u'content-type': 'application/json', u'connection': 'close', u'x-openstack-request-id': 'req-0e6ba8d9-0f8a-4eb1-afac-0f62e9c0d911'} Body: {"NeutronError": {"message": "Trunk c6bffe9e-d53a-4001-8696-b3126b802f49 could not be found.", "type": "TrunkNotFound", "detail": ""}} _log_request_full /root/.rally/verification/verifier-750d54ba-a788-444b-8cb9-78a087ca4e4a/repo/tempest/lib/common/rest_client.py:434
2018-12-01 02:45:06.172 17917 INFO tempest.lib.common.rest_client [req-807db15c-86f0-4ddb-8acb-64b0ac90310c ] Request (TrunkTestJSON:_run_cleanups): 404 DELETE http://172.30.9.40:9696/v2.0/ports/6a7f9436-40c2-4e75-bb7f-e937dd3eab2b 0.034s
2018-12-01 02:45:06.173 17917 DEBUG tempest.lib.common.rest_client [req-807db15c-86f0-4ddb-8acb-64b0ac90310c ] Request - Headers: {'Content-Type': 'application/json', 'Accept': 'application/json', 'X-Auth-Token': ''} Body: None Response - Headers: {'status': '404', u'content-length': '132', 'content-location': 'http://172.30.9.40:9696/v2.0/ports/6a7f9436-40c2-4e75-bb7f-e937dd3eab2b', u'date': 'Sat, 01 Dec 2018 02:45:06 GMT', u'content-type': 'application/json', u'connection': 'close', u'x-openstack-request-id': 'req-807db15c-86f0-4ddb-8acb-64b0ac90310c'} Body: {"NeutronError": {"message": "Port 6a7f9436-40c2-4e75-bb7f-e937dd3eab2b could not be found.", "type": "PortNotFound", "detail": ""}} _log_request_full /root/.rally/verification/verifier-750d54ba-a788-444b-8cb9-78a087ca4e4a/repo/tempest/lib/common/rest_client.py:434
2018-12-01 02:45:06.189 17913 INFO tempest.lib.common.rest_client [req-5f4dd564-6467-4e8d-a2d4-e044c3b1b2ab ] Request (TrunkTestJSON:_run_cleanups): 404 GET http://172.30.9.40:9696/v2.0/trunks/7a8cff40-ec0d-43cb-b958-6c4587f841bb 0.016s
2018-12-01 02:45:06.189 17913 DEBUG tempest.lib.common.rest_client [req-5f4dd564-6467-4e8d-a2d4-e044c3b1b2ab ] Request - Headers: {'Content-Type': 'application/json', 'Accept': 'application/json', 'X-Auth-Token': ''} Body: None Response - Headers: {'status': '404', u'content-length': '134', 'content-location': 'http://172.30.9.40:9696/v2.0/trunks/7a8cff40-ec0d-43cb-b958-6c4587f841bb', u'date': 'Sat, 01 Dec 2018 02:45:06 GMT', u'content-type': 'application/json', u'connection': 'close', u'x-openstack-request-id': 'req-5f4dd564-6467-4e8d-a2d4-e044c3b1b2ab'} Body: {"NeutronError": {"message": "Trunk 7a8cff40-ec0d-43cb-b958-6c4587f841bb could not be found.", "type": "TrunkNotFound", "detail": ""}} _log_request_full /root/.rally/verification/verifier-750d54ba-a788-444b-8cb9-78a087ca4e4a/repo/tempest/lib/common/rest_client.py:434
2018-12-01 02:45:06.203 17913 INFO tempest.lib.common.rest_client [req-21c5f429-831e-4183-9393-984550832410 ] Request (TrunkTestJSON:_run_cleanups): 404 GET http://172.30.9.40:9696/v2.0/trunks/ef188002-a188-49ab-a519-7397050ed60a 0.013s
2018-12-01 02:45:06.204 17917 INFO tempest.lib.common.rest_client [req-ad98b759-37d0-4b13-bcd9-b7d925039a0b ] Request (TrunkTestJSON:_run_cleanups): 404 DELETE http://172.30.9.40:9696/v2.0/ports/9985206c-85aa-402f-b0c7-4cb161cadb3a 0.030s
2018-12-01 02:45:06.204 17913 DEBUG tempest.lib.common.rest_client [req-21c5f429-831e-4183-9393-984550832410 ] Request - Headers: {'Content-Type': 'application/json', 'Accept': 'application/json', 'X-Auth-Token': ''} Body: None Response - Headers: {'status': '404', u'content-length': '134', 'content-location': 'http://172.30.9.40:9696/v2.0/trunks/ef188002-a188-49ab-a519-7397050ed60a', u'date': 'Sat, 01 Dec 2018 02:45:06 GMT', u'content-type': 'application/json', u'connection': 'close', u'x-openstack-request-id': 'req-21c5f429-831e-4183-9393-984550832410'} Body: {"NeutronError": {"message": "Trunk ef188002-a188-49ab-a519-7397050ed60a could not be found.", "type": "TrunkNotFound", "detail": ""}} _log_request_full /root/.rally/verification/verifier-750d54ba-a788-444b-8cb9-78a087ca4e4a/repo/tempest/lib/common/rest_client.py:434
2018-12-01 02:45:06.204 17917 DEBUG tempest.lib.common.rest_client [req-ad98b759-37d0-4b13-bcd9-b7d925039a0b ] Request - Headers: {'Content-Type': 'application/json', 'Accept': 'application/json', 'X-Auth-Token': ''} Body: None Response - Headers: {'status': '404', u'content-length': '132', 'content-location': 'http://172.30.9.40:9696/v2.0/ports/9985206c-85aa-402f-b0c7-4cb161cadb3a', u'date': 'Sat, 01 Dec 2018 02:45:06 GMT', u'content-type': 'application/json', u'connection': 'close', u'x-openstack-request-id': 'req-ad98b759-37d0-4b13-bcd9-b7d925039a0b'} Body: {"NeutronError": {"message": "Port 9985206c-85aa-402f-b0c7-4cb161cadb3a could not be found.", "type": "PortNotFound", "detail": ""}} _log_request_full /root/.rally/verification/verifier-750d54ba-a788-444b-8cb9-78a087ca4e4a/repo/tempest/lib/common/rest_client.py:434
2018-12-01 02:45:06.218 17913 INFO tempest.lib.common.rest_client [req-8d5a790e-e9ad-464d-9f9a-41b4ec316cf2 ] Request (TrunkTestJSON:_run_cleanups): 404 GET http://172.30.9.40:9696/v2.0/trunks/751b2df4-79c9-4d67-a5af-157106a190b9 0.013s
2018-12-01 02:45:06.218 17913 DEBUG tempest.lib.common.rest_client [req-8d5a790e-e9ad-464d-9f9a-41b4ec316cf2 ] Request - Headers: {'Content-Type': 'application/json', 'Accept': 'application/json', 'X-Auth-Token': ''} Body: None Response - Headers: {'status': '404', u'content-length': '134', 'content-location': 'http://172.30.9.40:9696/v2.0/trunks/751b2df4-79c9-4d67-a5af-157106a190b9', u'date': 'Sat, 01 Dec 2018 02:45:06 GMT', u'content-type': 'application/json', u'connection': 'close', u'x-openstack-request-id': 'req-8d5a790e-e9ad-464d-9f9a-41b4ec316cf2'} Body: {"NeutronError": {"message": "Trunk 751b2df4-79c9-4d67-a5af-157106a190b9 could not be found.", "type": "TrunkNotFound", "detail": ""}} _log_request_full /root/.rally/verification/verifier-750d54ba-a788-444b-8cb9-78a087ca4e4a/repo/tempest/lib/common/rest_client.py:434
2018-12-01 02:45:06.233 17913 INFO tempest.lib.common.rest_client [req-2ba12cb2-1f52-4c87-a620-5ce17a451e80 ] Request (TrunkTestJSON:_run_cleanups): 404 GET http://172.30.9.40:9696/v2.0/trunks/4da985c1-01ea-401f-99ef-5e4440080c6d 0.014s
2018-12-01 02:45:06.233 17913 DEBUG tempest.lib.common.rest_client [req-2ba12cb2-1f52-4c87-a620-5ce17a451e80 ] Request - Headers: {'Content-Type': 'application/json', 'Accept': 'application/json', 'X-Auth-Token': ''} Body: None Response - Headers: {'status': '404', u'content-length': '134', 'content-location': 'http://172.30.9.40:9696/v2.0/trunks/4da985c1-01ea-401f-99ef-5e4440080c6d', u'date': 'Sat, 01 Dec 2018 02:45:06 GMT', u'content-type': 'application/json', u'connection': 'close', u'x-openstack-request-id': 'req-2ba12cb2-1f52-4c87-a620-5ce17a451e80'} Body: {"NeutronError": {"message": "Trunk 4da985c1-01ea-401f-99ef-5e4440080c6d could not be found.", "type": "TrunkNotFound", "detail": ""}} _log_request_full /root/.rally/verification/verifier-750d54ba-a788-444b-8cb9-78a087ca4e4a/repo/tempest/lib/common/rest_client.py:434
2018-12-01 02:45:06.239 17917 INFO tempest.lib.common.rest_client [req-1cb03b89-6e94-4895-8544-c55f226ba5da ] Request (TrunkTestJSON:_run_cleanups): 404 DELETE http://172.30.9.40:9696/v2.0/ports/25b91e30-9f7e-4d5a-8989-2b4a33f8b8ad 0.034s
2018-12-01 02:45:06.240 17917 DEBUG tempest.lib.common.rest_client [req-1cb03b89-6e94-4895-8544-c55f226ba5da ] Request - Headers: {'Content-Type': 'application/json', 'Accept': 'application/json', 'X-Auth-Token': ''} Body: None Response - Headers: {'status': '404', u'content-length': '132', 'content-location': 'http://172.30.9.40:9696/v2.0/ports/25b91e30-9f7e-4d5a-8989-2b4a33f8b8ad', u'date': 'Sat, 01 Dec 2018 02:45:06 GMT', u'content-type': 'application/json', u'connection': 'close', u'x-openstack-request-id': 'req-1cb03b89-6e94-4895-8544-c55f226ba5da'} Body: {"NeutronError": {"message": "Port 25b91e30-9f7e-4d5a-8989-2b4a33f8b8ad could not be found.", "type": "PortNotFound", "detail": ""}} _log_request_full /root/.rally/verification/verifier-750d54ba-a788-444b-8cb9-78a087ca4e4a/repo/tempest/lib/common/rest_client.py:434
2018-12-01 02:45:06.250 17913 INFO tempest.lib.common.rest_client [req-3d9cf785-6781-48d1-853b-50a72ce2f609 ] Request (TrunkTestJSON:_run_cleanups): 404 GET http://172.30.9.40:9696/v2.0/trunks/38a13843-8158-4c91-be4e-1f9435a4e2de 0.016s
2018-12-01 02:45:06.251 17913 DEBUG tempest.lib.common.rest_client [req-3d9cf785-6781-48d1-853b-50a72ce2f609 ] Request - Headers: {'Content-Type': 'application/json', 'Accept': 'application/json', 'X-Auth-Token': ''} Body: None Response - Headers: {'status': '404', u'content-length': '134', 'content-location': 'http://172.30.9.40:9696/v2.0/trunks/38a13843-8158-4c91-be4e-1f9435a4e2de', u'date': 'Sat, 01 Dec 2018 02:45:06 GMT', u'content-type': 'application/json', u'connection': 'close', u'x-openstack-request-id': 'req-3d9cf785-6781-48d1-853b-50a72ce2f609'} Body: {"NeutronError": {"message": "Trunk 38a13843-8158-4c91-be4e-1f9435a4e2de could not be found.", "type": "TrunkNotFound", "detail": ""}} _log_request_full /root/.rally/verification/verifier-750d54ba-a788-444b-8cb9-78a087ca4e4a/repo/tempest/lib/common/rest_client.py:434
2018-12-01 02:45:06.265 17913 INFO tempest.lib.common.rest_client [req-e42bfd3b-4b30-4d86-88be-b4f79f5c71ee ] Request (TrunkTestJSON:_run_cleanups): 404 GET http://172.30.9.40:9696/v2.0/trunks/42c72518-5781-4ec4-be0e-b96e229d1eb0 0.013s
2018-12-01 02:45:06.265 17913 DEBUG tempest.lib.common.rest_client [req-e42bfd3b-4b30-4d86-88be-b4f79f5c71ee ] Request - Headers: {'Content-Type': 'application/json', 'Accept': 'application/json', 'X-Auth-Token': ''} Body: None Response - Headers: {'status': '404', u'content-length': '134', 'content-location': 'http://172.30.9.40:9696/v2.0/trunks/42c72518-5781-4ec4-be0e-b96e229d1eb0', u'date': 'Sat, 01 Dec 2018 02:45:06 GMT', u'content-type': 'application/json', u'connection': 'close', u'x-openstack-request-id': 'req-e42bfd3b-4b30-4d86-88be-b4f79f5c71ee'} Body: {"NeutronError": {"message": "Trunk 42c72518-5781-4ec4-be0e-b96e229d1eb0 could not be found.", "type": "TrunkNotFound", "detail": ""}} _log_request_full /root/.rally/verification/verifier-750d54ba-a788-444b-8cb9-78a087ca4e4a/repo/tempest/lib/common/rest_client.py:434
2018-12-01 02:45:06.273 17917 INFO tempest.lib.common.rest_client [req-5a6f0265-6e3a-44d2-97a6-2dce4ebf66c1 ] Request (TrunkTestJSON:_run_cleanups): 404 DELETE http://172.30.9.40:9696/v2.0/ports/71ca2c16-c38b-42f2-8b11-dd484e6794ac 0.032s
2018-12-01 02:45:06.274 17917 DEBUG tempest.lib.common.rest_client [req-5a6f0265-6e3a-44d2-97a6-2dce4ebf66c1 ] Request - Headers: {'Content-Type': 'application/json', 'Accept': 'application/json', 'X-Auth-Token': ''} Body: None Response - Headers: {'status': '404', u'content-length': '132', 'content-location': 'http://172.30.9.40:9696/v2.0/ports/71ca2c16-c38b-42f2-8b11-dd484e6794ac', u'date': 'Sat, 01 Dec 2018 02:45:06 GMT', u'content-type': 'application/json', u'connection': 'close', u'x-openstack-request-id': 'req-5a6f0265-6e3a-44d2-97a6-2dce4ebf66c1'} Body: {"NeutronError": {"message": "Port 71ca2c16-c38b-42f2-8b11-dd484e6794ac could not be found.", "type": "PortNotFound", "detail": ""}} _log_request_full /root/.rally/verification/verifier-750d54ba-a788-444b-8cb9-78a087ca4e4a/repo/tempest/lib/common/rest_client.py:434
2018-12-01 02:45:06.279 17913 INFO tempest.lib.common.rest_client [req-0b03c821-0b41-486d-aba4-6d04745e7134 ] Request (TrunkTestJSON:_run_cleanups): 404 GET http://172.30.9.40:9696/v2.0/trunks/a769dcb7-8fd3-4655-80ed-73e88b04d6d1 0.013s
2018-12-01 02:45:06.280 17913 DEBUG tempest.lib.common.rest_client [req-0b03c821-0b41-486d-aba4-6d04745e7134 ] Request - Headers: {'Content-Type': 'application/json', 'Accept': 'application/json', 'X-Auth-Token': ''} Body: None Response - Headers: {'status': '404', u'content-length': '134', 'content-location': 'http://172.30.9.40:9696/v2.0/trunks/a769dcb7-8fd3-4655-80ed-73e88b04d6d1', u'date': 'Sat, 01 Dec 2018 02:45:06 GMT', u'content-type': 'application/json', u'connection': 'close', u'x-openstack-request-id': 'req-0b03c821-0b41-486d-aba4-6d04745e7134'} Body: {"NeutronError": {"message": "Trunk a769dcb7-8fd3-4655-80ed-73e88b04d6d1 could not be found.", "type": "TrunkNotFound", "detail": ""}} _log_request_full /root/.rally/verification/verifier-750d54ba-a788-444b-8cb9-78a087ca4e4a/repo/tempest/lib/common/rest_client.py:434
2018-12-01 02:45:06.293 17913 INFO tempest.lib.common.rest_client [req-e8e80f07-43d5-4c05-a471-68ef63a149b8 ] Request (TrunkTestJSON:_run_cleanups): 404 GET http://172.30.9.40:9696/v2.0/trunks/d5282d14-0355-4e0c-bef0-ceb4c47ea37c 0.012s
2018-12-01 02:45:06.293 17913 DEBUG tempest.lib.common.rest_client [req-e8e80f07-43d5-4c05-a471-68ef63a149b8 ] Request - Headers: {'Content-Type': 'application/json', 'Accept': 'application/json', 'X-Auth-Token': ''} Body: None Response - Headers: {'status': '404', u'content-length': '134', 'content-location': 'http://172.30.9.40:9696/v2.0/trunks/d5282d14-0355-4e0c-bef0-ceb4c47ea37c', u'date': 'Sat, 01 Dec 2018 02:45:06 GMT', u'content-type': 'application/json', u'connection': 'close', u'x-openstack-request-id': 'req-e8e80f07-43d5-4c05-a471-68ef63a149b8'} Body: {"NeutronError": {"message": "Trunk d5282d14-0355-4e0c-bef0-ceb4c47ea37c could not be found.", "type": "TrunkNotFound", "detail": ""}} _log_request_full /root/.rally/verification/verifier-750d54ba-a788-444b-8cb9-78a087ca4e4a/repo/tempest/lib/common/rest_client.py:434
2018-12-01 02:45:06.306 17917 INFO tempest.lib.common.rest_client [req-2933850f-ceaf-4c24-bdc5-dd001b30919a ] Request (TrunkTestJSON:_run_cleanups): 404 DELETE http://172.30.9.40:9696/v2.0/ports/99a2f732-51ac-46f5-a9f9-cb0ecfd80fcc 0.031s
2018-12-01 02:45:06.307 17917 DEBUG tempest.lib.common.rest_client [req-2933850f-ceaf-4c24-bdc5-dd001b30919a ] Request - Headers: {'Content-Type': 'application/json', 'Accept': 'application/json', 'X-Auth-Token': ''} Body: None Response - Headers: {'status': '404', u'content-length': '132', 'content-location': 'http://172.30.9.40:9696/v2.0/ports/99a2f732-51ac-46f5-a9f9-cb0ecfd80fcc', u'date': 'Sat, 01 Dec 2018 02:45:06 GMT', u'content-type': 'application/json', u'connection': 'close', u'x-openstack-request-id': 'req-2933850f-ceaf-4c24-bdc5-dd001b30919a'} Body: {"NeutronError": {"message": "Port 99a2f732-51ac-46f5-a9f9-cb0ecfd80fcc could not be found.", "type": "PortNotFound", "detail": ""}} _log_request_full /root/.rally/verification/verifier-750d54ba-a788-444b-8cb9-78a087ca4e4a/repo/tempest/lib/common/rest_client.py:434
2018-12-01 02:45:06.307 17913 INFO tempest.lib.common.rest_client [req-328ae4e4-15a1-4ee5-9433-7f199b36ca2d ] Request (TrunkTestJSON:_run_cleanups): 404 GET http://172.30.9.40:9696/v2.0/trunks/45a546a9-b91b-4c28-96cc-a277759d0679 0.014s
2018-12-01 02:45:06.308 17913 DEBUG tempest.lib.common.rest_client [req-328ae4e4-15a1-4ee5-9433-7f199b36ca2d ] Request - Headers: {'Content-Type': 'application/json', 'Accept': 'application/json', 'X-Auth-Token': ''} Body: None Response - Headers: {'status': '404', u'content-length': '134', 'content-location': 'http://172.30.9.40:9696/v2.0/trunks/45a546a9-b91b-4c28-96cc-a277759d0679', u'date': 'Sat, 01 Dec 2018 02:45:06 GMT', u'content-type': 'application/json', u'connection': 'close', u'x-openstack-request-id': 'req-328ae4e4-15a1-4ee5-9433-7f199b36ca2d'} Body: {"NeutronError": {"message": "Trunk 45a546a9-b91b-4c28-96cc-a277759d0679 could not be found.", "type": "TrunkNotFound", "detail": ""}} _log_request_full /root/.rally/verification/verifier-750d54ba-a788-444b-8cb9-78a087ca4e4a/repo/tempest/lib/common/rest_client.py:434
2018-12-01 02:45:06.330 17917 INFO tempest.lib.common.rest_client [req-4c22b260-835a-44f4-8c21-c191124c0dc2 ] Request (TrunkTestJSON:_run_cleanups): 404 DELETE http://172.30.9.40:9696/v2.0/networks/043b804d-210d-4608-a394-c4aa0c3c828b 0.023s
2018-12-01 02:45:06.331 17917 DEBUG tempest.lib.common.rest_client [req-4c22b260-835a-44f4-8c21-c191124c0dc2 ] Request - Headers: {'Content-Type': 'application/json', 'Accept': 'application/json', 'X-Auth-Token': ''} Body: None Response - Headers: {'status': '404', u'content-length': '138', 'content-location': 'http://172.30.9.40:9696/v2.0/networks/043b804d-210d-4608-a394-c4aa0c3c828b', u'date': 'Sat, 01 Dec 2018 02:45:06 GMT', u'content-type': 'application/json', u'connection': 'close', u'x-openstack-request-id': 'req-4c22b260-835a-44f4-8c21-c191124c0dc2'} Body: {"NeutronError": {"message": "Network 043b804d-210d-4608-a394-c4aa0c3c828b could not be found.", "type": "NetworkNotFound", "detail": ""}} _log_request_full /root/.rally/verification/verifier-750d54ba-a788-444b-8cb9-78a087ca4e4a/repo/tempest/lib/common/rest_client.py:434
2018-12-01 02:45:06.342 17913 INFO tempest.lib.common.rest_client [req-8aa8f858-5741-4cb3-8855-a6e5c67c381d ] Request (TrunkTestJSON:_run_cleanups): 404 DELETE http://172.30.9.40:9696/v2.0/ports/5e2e8b8c-1819-4f9f-8850-03dbe0dbd937 0.033s
2018-12-01 02:45:06.342 17913 DEBUG tempest.lib.common.rest_client [req-8aa8f858-5741-4cb3-8855-a6e5c67c381d ] Request - Headers: {'Content-Type': 'application/json', 'Accept': 'application/json', 'X-Auth-Token': ''} Body: None Response - Headers: {'status': '404', u'content-length': '132', 'content-location': 'http://172.30.9.40:9696/v2.0/ports/5e2e8b8c-1819-4f9f-8850-03dbe0dbd937', u'date': 'Sat, 01 Dec 2018 02:45:06 GMT', u'content-type': 'application/json', u'connection': 'close', u'x-openstack-request-id': 'req-8aa8f858-5741-4cb3-8855-a6e5c67c381d'} Body: {"NeutronError": {"message": "Port 5e2e8b8c-1819-4f9f-8850-03dbe0dbd937 could not be found.", "type": "PortNotFound", "detail": ""}} _log_request_full /root/.rally/verification/verifier-750d54ba-a788-444b-8cb9-78a087ca4e4a/repo/tempest/lib/common/rest_client.py:434
2018-12-01 02:45:06.353 17917 INFO tempest.lib.common.rest_client [req-356c2e7f-f106-4b26-9363-5bdaf366c7d8 ] Request (TrunkTestJSON:_run_cleanups): 404 DELETE http://172.30.9.40:9696/v2.0/networks/f3b8d59f-2df9-4aa2-af70-62ba7862a8c4 0.021s
2018-12-01 02:45:06.354 17917 DEBUG tempest.lib.common.rest_client [req-356c2e7f-f106-4b26-9363-5bdaf366c7d8 ] Request - Headers: {'Content-Type': 'application/json', 'Accept': 'application/json', 'X-Auth-Token': ''} Body: None Response - Headers: {'status': '404', u'content-length': '138', 'content-location': 'http://172.30.9.40:9696/v2.0/networks/f3b8d59f-2df9-4aa2-af70-62ba7862a8c4', u'date': 'Sat, 01 Dec 2018 02:45:06 GMT', u'content-type': 'application/json', u'connection': 'close', u'x-openstack-request-id': 'req-356c2e7f-f106-4b26-9363-5bdaf366c7d8'} Body: {"NeutronError": {"message": "Network f3b8d59f-2df9-4aa2-af70-62ba7862a8c4 could not be found.", "type": "NetworkNotFound", "detail": ""}} _log_request_full /root/.rally/verification/verifier-750d54ba-a788-444b-8cb9-78a087ca4e4a/repo/tempest/lib/common/rest_client.py:434
2018-12-01 02:45:06.379 17917 INFO tempest.lib.common.rest_client [req-bcaf71a9-b73d-45a6-8654-80311394a8c1 ] Request (TrunkTestJSON:_run_cleanups): 404 DELETE http://172.30.9.40:9696/v2.0/networks/d6791717-8f76-46ac-aba5-9a9cd820d3a0 0.024s
2018-12-01 02:45:06.379 17917 DEBUG tempest.lib.common.rest_client [req-bcaf71a9-b73d-45a6-8654-80311394a8c1 ] Request - Headers: {'Content-Type': 'application/json', 'Accept': 'application/json', 'X-Auth-Token': ''} Body: None Response - Headers: {'status': '404', u'content-length': '138', 'content-location': 'http://172.30.9.40:9696/v2.0/networks/d6791717-8f76-46ac-aba5-9a9cd820d3a0', u'date': 'Sat, 01 Dec 2018 02:45:06 GMT', u'content-type': 'application/json', u'connection': 'close', u'x-openstack-request-id': 'req-bcaf71a9-b73d-45a6-8654-80311394a8c1'} Body: {"NeutronError": {"message": "Network d6791717-8f76-46ac-aba5-9a9cd820d3a0 could not be found.", "type": "NetworkNotFound", "detail": ""}} _log_request_full /root/.rally/verification/verifier-750d54ba-a788-444b-8cb9-78a087ca4e4a/repo/tempest/lib/common/rest_client.py:434
2018-12-01 02:45:06.381 17913 INFO tempest.lib.common.rest_client [req-e72e4f66-7cbc-4022-aa99-4c49fea4c925 ] Request (TrunkTestJSON:_run_cleanups): 404 DELETE http://172.30.9.40:9696/v2.0/ports/f6b618b6-e46f-4006-a248-f69ba5a59863 0.038s
2018-12-01 02:45:06.381 17913 DEBUG tempest.lib.common.rest_client [req-e72e4f66-7cbc-4022-aa99-4c49fea4c925 ] Request - Headers: {'Content-Type': 'application/json', 'Accept': 'application/json', 'X-Auth-Token': ''} Body: None Response - Headers: {'status': '404', u'content-length': '132', 'content-location': 'http://172.30.9.40:9696/v2.0/ports/f6b618b6-e46f-4006-a248-f69ba5a59863', u'date': 'Sat, 01 Dec 2018 02:45:06 GMT', u'content-type': 'application/json', u'connection': 'close', u'x-openstack-request-id': 'req-e72e4f66-7cbc-4022-aa99-4c49fea4c925'} Body: {"NeutronError": {"message": "Port f6b618b6-e46f-4006-a248-f69ba5a59863 could not be found.", "type": "PortNotFound", "detail": ""}} _log_request_full /root/.rally/verification/verifier-750d54ba-a788-444b-8cb9-78a087ca4e4a/repo/tempest/lib/common/rest_client.py:434
2018-12-01 02:45:06.406 17917 INFO tempest.lib.common.rest_client [req-23c0542b-019a-4a2b-b5ca-e0674756f2e1 ] Request (TrunkTestJSON:_run_cleanups): 404 DELETE http://172.30.9.40:9696/v2.0/networks/72c110e4-e118-4952-a4c3-2df55af5a620 0.026s
2018-12-01 02:45:06.407 17917 DEBUG tempest.lib.common.rest_client [req-23c0542b-019a-4a2b-b5ca-e0674756f2e1 ] Request - Headers: {'Content-Type': 'application/json', 'Accept': 'application/json', 'X-Auth-Token': ''} Body: None Response - Headers: {'status': '404', u'content-length': '138', 'content-location': 'http://172.30.9.40:9696/v2.0/networks/72c110e4-e118-4952-a4c3-2df55af5a620', u'date': 'Sat, 01 Dec 2018 02:45:06 GMT', u'content-type': 'application/json', u'connection': 'close', u'x-openstack-request-id': 'req-23c0542b-019a-4a2b-b5ca-e0674756f2e1'} Body: {"NeutronError": {"message": "Network 72c110e4-e118-4952-a4c3-2df55af5a620 could not be found.", "type": "NetworkNotFound", "detail": ""}} _log_request_full /root/.rally/verification/verifier-750d54ba-a788-444b-8cb9-78a087ca4e4a/repo/tempest/lib/common/rest_client.py:434
2018-12-01 02:45:06.416 17913 INFO tempest.lib.common.rest_client [req-5d0e99a0-e23f-4dd8-b584-247cf9ed12e2 ] Request (TrunkTestJSON:_run_cleanups): 404 DELETE http://172.30.9.40:9696/v2.0/ports/5bb47c4f-8a04-4aa7-bf95-78fbd2a5d9fd 0.033s
2018-12-01 02:45:06.416 17913 DEBUG tempest.lib.common.rest_client [req-5d0e99a0-e23f-4dd8-b584-247cf9ed12e2 ] Request - Headers: {'Content-Type': 'application/json', 'Accept': 'application/json', 'X-Auth-Token': ''} Body: None Response - Headers: {'status': '404', u'content-length': '132', 'content-location': 'http://172.30.9.40:9696/v2.0/ports/5bb47c4f-8a04-4aa7-bf95-78fbd2a5d9fd', u'date': 'Sat, 01 Dec 2018 02:45:06 GMT', u'content-type': 'application/json', u'connection': 'close', u'x-openstack-request-id': 'req-5d0e99a0-e23f-4dd8-b584-247cf9ed12e2'} Body: {"NeutronError": {"message": "Port 5bb47c4f-8a04-4aa7-bf95-78fbd2a5d9fd could not be found.", "type": "PortNotFound", "detail": ""}} _log_request_full /root/.rally/verification/verifier-750d54ba-a788-444b-8cb9-78a087ca4e4a/repo/tempest/lib/common/rest_client.py:434
2018-12-01 02:45:06.429 17917 INFO tempest.lib.common.rest_client [req-5aaf25ba-5482-4b34-b8d0-68c21449a126 ] Request (TrunkTestJSON:_run_cleanups): 404 DELETE http://172.30.9.40:9696/v2.0/networks/2e8f0a75-c1fa-48a4-9e78-7826911842fc 0.021s
2018-12-01 02:45:06.429 17917 DEBUG tempest.lib.common.rest_client [req-5aaf25ba-5482-4b34-b8d0-68c21449a126 ] Request - Headers: {'Content-Type': 'application/json', 'Accept': 'application/json', 'X-Auth-Token': ''} Body: None Response - Headers: {'status': '404', u'content-length': '138', 'content-location': 'http://172.30.9.40:9696/v2.0/networks/2e8f0a75-c1fa-48a4-9e78-7826911842fc', u'date': 'Sat, 01 Dec 2018 02:45:06 GMT', u'content-type': 'application/json', u'connection': 'close', u'x-openstack-request-id': 'req-5aaf25ba-5482-4b34-b8d0-68c21449a126'} Body: {"NeutronError": {"message": "Network 2e8f0a75-c1fa-48a4-9e78-7826911842fc could not be found.", "type": "NetworkNotFound", "detail": ""}} _log_request_full /root/.rally/verification/verifier-750d54ba-a788-444b-8cb9-78a087ca4e4a/repo/tempest/lib/common/rest_client.py:434
2018-12-01 02:45:06.453 17913 INFO tempest.lib.common.rest_client [req-cf649aad-de1c-469b-813d-9b1c3bd3fa44 ] Request (TrunkTestJSON:_run_cleanups): 404 DELETE http://172.30.9.40:9696/v2.0/ports/c799e5e0-8e83-4e85-9de1-daf52124fb89 0.036s
2018-12-01 02:45:06.453 17913 DEBUG tempest.lib.common.rest_client [req-cf649aad-de1c-469b-813d-9b1c3bd3fa44 ] Request - Headers: {'Content-Type': 'application/json', 'Accept': 'application/json', 'X-Auth-Token': ''} Body: None Response - Headers: {'status': '404', u'content-length': '132', 'content-location': 'http://172.30.9.40:9696/v2.0/ports/c799e5e0-8e83-4e85-9de1-daf52124fb89', u'date': 'Sat, 01 Dec 2018 02:45:06 GMT', u'content-type': 'application/json', u'connection': 'close', u'x-openstack-request-id': 'req-cf649aad-de1c-469b-813d-9b1c3bd3fa44'} Body: {"NeutronError": {"message": "Port c799e5e0-8e83-4e85-9de1-daf52124fb89 could not be found.", "type": "PortNotFound", "detail": ""}} _log_request_full /root/.rally/verification/verifier-750d54ba-a788-444b-8cb9-78a087ca4e4a/repo/tempest/lib/common/rest_client.py:434
2018-12-01 02:45:06.456 17917 INFO tempest.lib.common.rest_client [req-aa8f3812-b260-47a8-ac03-29901d7e1092 ] Request (TrunkTestJSON:_run_cleanups): 404 DELETE http://172.30.9.40:9696/v2.0/networks/ceea808f-a013-4b30-a9ce-c167acfa7b96 0.026s
2018-12-01 02:45:06.456 17917 DEBUG tempest.lib.common.rest_client [req-aa8f3812-b260-47a8-ac03-29901d7e1092 ] Request - Headers: {'Content-Type': 'application/json', 'Accept': 'application/json', 'X-Auth-Token': ''} Body: None Response - Headers: {'status': '404', u'content-length': '138', 'content-location': 'http://172.30.9.40:9696/v2.0/networks/ceea808f-a013-4b30-a9ce-c167acfa7b96', u'date': 'Sat, 01 Dec 2018 02:45:06 GMT', u'content-type': 'application/json', u'connection': 'close', u'x-openstack-request-id': 'req-aa8f3812-b260-47a8-ac03-29901d7e1092'} Body: {"NeutronError": {"message": "Network ceea808f-a013-4b30-a9ce-c167acfa7b96 could not be found.", "type": "NetworkNotFound", "detail": ""}} _log_request_full /root/.rally/verification/verifier-750d54ba-a788-444b-8cb9-78a087ca4e4a/repo/tempest/lib/common/rest_client.py:434
2018-12-01 02:45:06.478 17917 INFO tempest.lib.common.rest_client [req-4fb13a76-e312-42b8-8d44-cd515df1b667 ] Request (TrunkTestJSON:_run_cleanups): 404 DELETE http://172.30.9.40:9696/v2.0/networks/bceead15-5675-4685-9622-fefc69cc8fcd 0.021s
2018-12-01 02:45:06.479 17917 DEBUG tempest.lib.common.rest_client [req-4fb13a76-e312-42b8-8d44-cd515df1b667 ] Request - Headers: {'Content-Type': 'application/json', 'Accept': 'application/json', 'X-Auth-Token': ''} Body: None Response - Headers: {'status': '404', u'content-length': '138', 'content-location': 'http://172.30.9.40:9696/v2.0/networks/bceead15-5675-4685-9622-fefc69cc8fcd', u'date': 'Sat, 01 Dec 2018 02:45:06 GMT', u'content-type': 'application/json', u'connection': 'close', u'x-openstack-request-id': 'req-4fb13a76-e312-42b8-8d44-cd515df1b667'} Body: {"NeutronError": {"message": "Network bceead15-5675-4685-9622-fefc69cc8fcd could not be found.", "type": "NetworkNotFound", "detail": ""}} _log_request_full /root/.rally/verification/verifier-750d54ba-a788-444b-8cb9-78a087ca4e4a/repo/tempest/lib/common/rest_client.py:434
2018-12-01 02:45:06.482 17913 INFO tempest.lib.common.rest_client [req-6d22ce99-d2b1-4e98-9194-89f8a1c9dbb6 ] Request (TrunkTestJSON:_run_cleanups): 404 DELETE http://172.30.9.40:9696/v2.0/ports/9deb706b-a5b6-4c76-bb34-06a1547689c3 0.028s
2018-12-01 02:45:06.482 17913 DEBUG tempest.lib.common.rest_client [req-6d22ce99-d2b1-4e98-9194-89f8a1c9dbb6 ] Request - Headers: {'Content-Type': 'application/json', 'Accept': 'application/json', 'X-Auth-Token': ''} Body: None Response - Headers: {'status': '404', u'content-length': '132', 'content-location': 'http://172.30.9.40:9696/v2.0/ports/9deb706b-a5b6-4c76-bb34-06a1547689c3', u'date': 'Sat, 01 Dec 2018 02:45:06 GMT', u'content-type': 'application/json', u'connection': 'close', u'x-openstack-request-id': 'req-6d22ce99-d2b1-4e98-9194-89f8a1c9dbb6'} Body: {"NeutronError": {"message": "Port 9deb706b-a5b6-4c76-bb34-06a1547689c3 could not be found.", "type": "PortNotFound", "detail": ""}} _log_request_full /root/.rally/verification/verifier-750d54ba-a788-444b-8cb9-78a087ca4e4a/repo/tempest/lib/common/rest_client.py:434
2018-12-01 02:45:06.509 17917 INFO tempest.lib.common.rest_client [req-fc09b33b-1bdc-4bd1-affc-01a72d1f610f ] Request (TrunkTestJSON:_run_cleanups): 404 DELETE http://172.30.9.40:9696/v2.0/networks/f333f3c2-3cf3-4f58-a3cf-6e5597326bec 0.029s
2018-12-01 02:45:06.509 17917 DEBUG tempest.lib.common.rest_client [req-fc09b33b-1bdc-4bd1-affc-01a72d1f610f ] Request - Headers: {'Content-Type': 'application/json', 'Accept': 'application/json', 'X-Auth-Token': ''} Body: None Response - Headers: {'status': '404', u'content-length': '138', 'content-location': 'http://172.30.9.40:9696/v2.0/networks/f333f3c2-3cf3-4f58-a3cf-6e5597326bec', u'date': 'Sat, 01 Dec 2018 02:45:06 GMT', u'content-type': 'application/json', u'connection': 'close', u'x-openstack-request-id': 'req-fc09b33b-1bdc-4bd1-affc-01a72d1f610f'} Body: {"NeutronError": {"message": "Network f333f3c2-3cf3-4f58-a3cf-6e5597326bec could not be found.", "type": "NetworkNotFound", "detail": ""}} _log_request_full /root/.rally/verification/verifier-750d54ba-a788-444b-8cb9-78a087ca4e4a/repo/tempest/lib/common/rest_client.py:434
2018-12-01 02:45:06.513 17913 INFO tempest.lib.common.rest_client [req-4c96f976-9deb-43c0-a13f-570891cdf335 ] Request (TrunkTestJSON:_run_cleanups): 404 DELETE http://172.30.9.40:9696/v2.0/ports/715a7e3c-412c-4584-bdb5-110131341e90 0.030s
2018-12-01 02:45:06.513 17913 DEBUG tempest.lib.common.rest_client [req-4c96f976-9deb-43c0-a13f-570891cdf335 ] Request - Headers: {'Content-Type': 'application/json', 'Accept': 'application/json', 'X-Auth-Token': ''} Body: None Response - Headers: {'status': '404', u'content-length': '132', 'content-location': 'http://172.30.9.40:9696/v2.0/ports/715a7e3c-412c-4584-bdb5-110131341e90', u'date': 'Sat, 01 Dec 2018 02:45:06 GMT', u'content-type': 'application/json', u'connection': 'close', u'x-openstack-request-id': 'req-4c96f976-9deb-43c0-a13f-570891cdf335'} Body: {"NeutronError": {"message": "Port 715a7e3c-412c-4584-bdb5-110131341e90 could not be found.", "type": "PortNotFound", "detail": ""}} _log_request_full /root/.rally/verification/verifier-750d54ba-a788-444b-8cb9-78a087ca4e4a/repo/tempest/lib/common/rest_client.py:434
2018-12-01 02:45:06.531 17917 INFO tempest.lib.common.rest_client [req-9cee3145-19e4-44c2-83d6-d19dcb5e5f14 ] Request (TrunkTestJSON:_run_cleanups): 404 DELETE http://172.30.9.40:9696/v2.0/networks/deaea0b3-7479-44bd-ac96-a30e90765ed3 0.021s
2018-12-01 02:45:06.531 17917 DEBUG tempest.lib.common.rest_client [req-9cee3145-19e4-44c2-83d6-d19dcb5e5f14 ] Request - Headers: {'Content-Type': 'application/json', 'Accept': 'application/json', 'X-Auth-Token': ''} Body: None Response - Headers: {'status': '404', u'content-length': '138', 'content-location': 'http://172.30.9.40:9696/v2.0/networks/deaea0b3-7479-44bd-ac96-a30e90765ed3', u'date': 'Sat, 01 Dec 2018 02:45:06 GMT', u'content-type': 'application/json', u'connection': 'close', u'x-openstack-request-id': 'req-9cee3145-19e4-44c2-83d6-d19dcb5e5f14'} Body: {"NeutronError": {"message": "Network deaea0b3-7479-44bd-ac96-a30e90765ed3 could not be found.", "type": "NetworkNotFound", "detail": ""}} _log_request_full /root/.rally/verification/verifier-750d54ba-a788-444b-8cb9-78a087ca4e4a/repo/tempest/lib/common/rest_client.py:434
2018-12-01 02:45:06.544 17913 INFO tempest.lib.common.rest_client [req-126b5b1b-ee46-4df5-a3ce-86960cb347cc ] Request (TrunkTestJSON:_run_cleanups): 404 DELETE http://172.30.9.40:9696/v2.0/ports/ddb97efd-8f87-4f63-a315-7317ffc3c526 0.029s
