2018-12-01 02:44:38.246 17913 INFO tempest.lib.common.rest_client [req-639792cf-bfa3-4564-8fc8-8f63dc10d5d8 ] Request (TrunkTestJSON:_run_cleanups): 404 DELETE http://172.30.9.40:9696/v2.0/trunks/7a8cff40-ec0d-43cb-b958-6c4587f841bb 0.016s
2018-12-01 02:44:38.246 17913 DEBUG tempest.lib.common.rest_client [req-639792cf-bfa3-4564-8fc8-8f63dc10d5d8 ] Request - Headers: {'Content-Type': 'application/json', 'Accept': 'application/json', 'X-Auth-Token': ''} Body: None Response - Headers: {'status': '404', u'content-length': '134', 'content-location': 'http://172.30.9.40:9696/v2.0/trunks/7a8cff40-ec0d-43cb-b958-6c4587f841bb', u'date': 'Sat, 01 Dec 2018 02:44:38 GMT', u'content-type': 'application/json', u'connection': 'close', u'x-openstack-request-id': 'req-639792cf-bfa3-4564-8fc8-8f63dc10d5d8'} Body: {"NeutronError": {"message": "Trunk 7a8cff40-ec0d-43cb-b958-6c4587f841bb could not be found.", "type": "TrunkNotFound", "detail": ""}} _log_request_full /root/.rally/verification/verifier-750d54ba-a788-444b-8cb9-78a087ca4e4a/repo/tempest/lib/common/rest_client.py:434
2018-12-01 02:44:38.247 17917 INFO tempest.lib.common.rest_client [req-ede25663-7021-4e28-84db-402ea989321f ] Request (TrunkTestJSON:_run_cleanups): 404 DELETE http://172.30.9.40:9696/v2.0/ports/a7a1688c-e37f-459b-9eeb-eed6c21ab8ed 0.029s
2018-12-01 02:44:38.248 17917 DEBUG tempest.lib.common.rest_client [req-ede25663-7021-4e28-84db-402ea989321f ] Request - Headers: {'Content-Type': 'application/json', 'Accept': 'application/json', 'X-Auth-Token': ''} Body: None Response - Headers: {'status': '404', u'content-length': '132', 'content-location': 'http://172.30.9.40:9696/v2.0/ports/a7a1688c-e37f-459b-9eeb-eed6c21ab8ed', u'date': 'Sat, 01 Dec 2018 02:44:38 GMT', u'content-type': 'application/json', u'connection': 'close', u'x-openstack-request-id': 'req-ede25663-7021-4e28-84db-402ea989321f'} Body: {"NeutronError": {"message": "Port a7a1688c-e37f-459b-9eeb-eed6c21ab8ed could not be found.", "type": "PortNotFound", "detail": ""}} _log_request_full /root/.rally/verification/verifier-750d54ba-a788-444b-8cb9-78a087ca4e4a/repo/tempest/lib/common/rest_client.py:434
2018-12-01 02:44:38.260 17913 INFO tempest.lib.common.rest_client [req-046412a0-b2a7-4dd9-a197-3c53efece478 ] Request (TrunkTestJSON:_run_cleanups): 404 GET http://172.30.9.40:9696/v2.0/trunks/ef188002-a188-49ab-a519-7397050ed60a/get_subports 0.013s
2018-12-01 02:44:38.260 17913 DEBUG tempest.lib.common.rest_client [req-046412a0-b2a7-4dd9-a197-3c53efece478 ] Request - Headers: {'Content-Type': 'application/json', 'Accept': 'application/json', 'X-Auth-Token': ''} Body: None Response - Headers: {'status': '404', u'content-length': '134', 'content-location': 'http://172.30.9.40:9696/v2.0/trunks/ef188002-a188-49ab-a519-7397050ed60a/get_subports', u'date': 'Sat, 01 Dec 2018 02:44:38 GMT', u'content-type': 'application/json', u'connection': 'close', u'x-openstack-request-id': 'req-046412a0-b2a7-4dd9-a197-3c53efece478'} Body: {"NeutronError": {"message": "Trunk ef188002-a188-49ab-a519-7397050ed60a could not be found.", "type": "TrunkNotFound", "detail": ""}} _log_request_full /root/.rally/verification/verifier-750d54ba-a788-444b-8cb9-78a087ca4e4a/repo/tempest/lib/common/rest_client.py:434
2018-12-01 02:44:38.340 17914 INFO paramiko.transport [-] Authentication (publickey) successful!
2018-12-01 02:44:38.366 17914 INFO tempest.lib.common.ssh [-] ssh connection to cirros@172.30.9.204 successfully created
2018-12-01 02:44:38.450 17913 INFO tempest.lib.common.rest_client [req-fc2392e2-73f9-480a-8b27-38597f6c16ea ] Request (TrunkTestJSON:_run_cleanups): 404 DELETE http://172.30.9.40:9696/v2.0/trunks/ef188002-a188-49ab-a519-7397050ed60a 0.189s
2018-12-01 02:44:38.451 17913 DEBUG tempest.lib.common.rest_client [req-fc2392e2-73f9-480a-8b27-38597f6c16ea ] Request - Headers: {'Content-Type': 'application/json', 'Accept': 'application/json', 'X-Auth-Token': ''} Body: None Response - Headers: {'status': '404', u'content-length': '134', 'content-location': 'http://172.30.9.40:9696/v2.0/trunks/ef188002-a188-49ab-a519-7397050ed60a', u'date': 'Sat, 01 Dec 2018 02:44:38 GMT', u'content-type': 'application/json', u'connection': 'close', u'x-openstack-request-id': 'req-fc2392e2-73f9-480a-8b27-38597f6c16ea'} Body: {"NeutronError": {"message": "Trunk ef188002-a188-49ab-a519-7397050ed60a could not be found.", "type": "TrunkNotFound", "detail": ""}} _log_request_full /root/.rally/verification/verifier-750d54ba-a788-444b-8cb9-78a087ca4e4a/repo/tempest/lib/common/rest_client.py:434
2018-12-01 02:44:38.466 17913 INFO tempest.lib.common.rest_client [req-0502596b-e29b-4058-878f-ef4af6c7f370 ] Request (TrunkTestJSON:_run_cleanups): 404 GET http://172.30.9.40:9696/v2.0/trunks/751b2df4-79c9-4d67-a5af-157106a190b9/get_subports 0.014s
2018-12-01 02:44:38.466 17913 DEBUG tempest.lib.common.rest_client [req-0502596b-e29b-4058-878f-ef4af6c7f370 ] Request - Headers: {'Content-Type': 'application/json', 'Accept': 'application/json', 'X-Auth-Token': ''} Body: None Response - Headers: {'status': '404', u'content-length': '134', 'content-location': 'http://172.30.9.40:9696/v2.0/trunks/751b2df4-79c9-4d67-a5af-157106a190b9/get_subports', u'date': 'Sat, 01 Dec 2018 02:44:38 GMT', u'content-type': 'application/json', u'connection': 'close', u'x-openstack-request-id': 'req-0502596b-e29b-4058-878f-ef4af6c7f370'} Body: {"NeutronError": {"message": "Trunk 751b2df4-79c9-4d67-a5af-157106a190b9 could not be found.", "type": "TrunkNotFound", "detail": ""}} _log_request_full /root/.rally/verification/verifier-750d54ba-a788-444b-8cb9-78a087ca4e4a/repo/tempest/lib/common/rest_client.py:434
2018-12-01 02:44:38.483 17913 INFO tempest.lib.common.rest_client [req-844b62fe-6e21-4016-b631-70b454b3858d ] Request (TrunkTestJSON:_run_cleanups): 404 DELETE http://172.30.9.40:9696/v2.0/trunks/751b2df4-79c9-4d67-a5af-157106a190b9 0.016s
2018-12-01 02:44:38.484 17913 DEBUG tempest.lib.common.rest_client [req-844b62fe-6e21-4016-b631-70b454b3858d ] Request - Headers: {'Content-Type': 'application/json', 'Accept': 'application/json', 'X-Auth-Token': ''} Body: None Response - Headers: {'status': '404', u'content-length': '134', 'content-location': 'http://172.30.9.40:9696/v2.0/trunks/751b2df4-79c9-4d67-a5af-157106a190b9', u'date': 'Sat, 01 Dec 2018 02:44:38 GMT', u'content-type': 'application/json', u'connection': 'close', u'x-openstack-request-id': 'req-844b62fe-6e21-4016-b631-70b454b3858d'} Body: {"NeutronError": {"message": "Trunk 751b2df4-79c9-4d67-a5af-157106a190b9 could not be found.", "type": "TrunkNotFound", "detail": ""}} _log_request_full /root/.rally/verification/verifier-750d54ba-a788-444b-8cb9-78a087ca4e4a/repo/tempest/lib/common/rest_client.py:434
2018-12-01 02:44:38.502 17913 INFO tempest.lib.common.rest_client [req-9e3a5e51-7b86-4335-9c38-6c845f862269 ] Request (TrunkTestJSON:_run_cleanups): 404 GET http://172.30.9.40:9696/v2.0/trunks/4da985c1-01ea-401f-99ef-5e4440080c6d/get_subports 0.018s
2018-12-01 02:44:38.503 17913 DEBUG tempest.lib.common.rest_client [req-9e3a5e51-7b86-4335-9c38-6c845f862269 ] Request - Headers: {'Content-Type': 'application/json', 'Accept': 'application/json', 'X-Auth-Token': ''} Body: None Response - Headers: {'status': '404', u'content-length': '134', 'content-location': 'http://172.30.9.40:9696/v2.0/trunks/4da985c1-01ea-401f-99ef-5e4440080c6d/get_subports', u'date': 'Sat, 01 Dec 2018 02:44:38 GMT', u'content-type': 'application/json', u'connection': 'close', u'x-openstack-request-id': 'req-9e3a5e51-7b86-4335-9c38-6c845f862269'} Body: {"NeutronError": {"message": "Trunk 4da985c1-01ea-401f-99ef-5e4440080c6d could not be found.", "type": "TrunkNotFound", "detail": ""}} _log_request_full /root/.rally/verification/verifier-750d54ba-a788-444b-8cb9-78a087ca4e4a/repo/tempest/lib/common/rest_client.py:434
2018-12-01 02:44:38.536 17913 INFO tempest.lib.common.rest_client [req-893dae62-0f72-4b71-9f2a-84f257df5e19 ] Request (TrunkTestJSON:_run_cleanups): 404 DELETE http://172.30.9.40:9696/v2.0/trunks/4da985c1-01ea-401f-99ef-5e4440080c6d 0.033s
2018-12-01 02:44:38.537 17913 DEBUG tempest.lib.common.rest_client [req-893dae62-0f72-4b71-9f2a-84f257df5e19 ] Request - Headers: {'Content-Type': 'application/json', 'Accept': 'application/json', 'X-Auth-Token': ''} Body: None Response - Headers: {'status': '404', u'content-length': '134', 'content-location': 'http://172.30.9.40:9696/v2.0/trunks/4da985c1-01ea-401f-99ef-5e4440080c6d', u'date': 'Sat, 01 Dec 2018 02:44:38 GMT', u'content-type': 'application/json', u'connection': 'close', u'x-openstack-request-id': 'req-893dae62-0f72-4b71-9f2a-84f257df5e19'} Body: {"NeutronError": {"message": "Trunk 4da985c1-01ea-401f-99ef-5e4440080c6d could not be found.", "type": "TrunkNotFound", "detail": ""}} _log_request_full /root/.rally/verification/verifier-750d54ba-a788-444b-8cb9-78a087ca4e4a/repo/tempest/lib/common/rest_client.py:434
2018-12-01 02:44:38.576 17913 INFO tempest.lib.common.rest_client [req-afab7020-19de-4d32-818a-a20651a38b01 ] Request (TrunkTestJSON:_run_cleanups): 200 GET http://172.30.9.40:9696/v2.0/trunks/38a13843-8158-4c91-be4e-1f9435a4e2de/get_subports 0.039s
2018-12-01 02:44:38.577 17913 DEBUG tempest.lib.common.rest_client [req-afab7020-19de-4d32-818a-a20651a38b01 ] Request - Headers: {'Content-Type': 'application/json', 'Accept': 'application/json', 'X-Auth-Token': ''} Body: None Response - Headers: {'status': '200', u'content-length': '17', 'content-location': 'http://172.30.9.40:9696/v2.0/trunks/38a13843-8158-4c91-be4e-1f9435a4e2de/get_subports', u'date': 'Sat, 01 Dec 2018 02:44:38 GMT', u'content-type': 'application/json', u'connection': 'close', u'x-openstack-request-id': 'req-afab7020-19de-4d32-818a-a20651a38b01'} Body: {"sub_ports": []} _log_request_full /root/.rally/verification/verifier-750d54ba-a788-444b-8cb9-78a087ca4e4a/repo/tempest/lib/common/rest_client.py:434
2018-12-01 02:44:38.649 17917 INFO tempest.lib.common.rest_client [req-2bc833d0-5849-43f2-b104-12dc046a22be ] Request (TrunkTestJSON:_run_cleanups): 204 DELETE http://172.30.9.40:9696/v2.0/ports/0734c897-4473-4fae-a681-00ce033d996d 0.400s
2018-12-01 02:44:38.649 17917 DEBUG tempest.lib.common.rest_client [req-2bc833d0-5849-43f2-b104-12dc046a22be ] Request - Headers: {'Content-Type': 'application/json', 'Accept': 'application/json', 'X-Auth-Token': ''} Body: None Response - Headers: {'status': '204', u'content-length': '0', 'content-location': 'http://172.30.9.40:9696/v2.0/ports/0734c897-4473-4fae-a681-00ce033d996d', u'date': 'Sat, 01 Dec 2018 02:44:38 GMT', u'connection': 'close', u'x-openstack-request-id': 'req-2bc833d0-5849-43f2-b104-12dc046a22be'} Body: _log_request_full /root/.rally/verification/verifier-750d54ba-a788-444b-8cb9-78a087ca4e4a/repo/tempest/lib/common/rest_client.py:434
2018-12-01 02:44:38.657 17913 INFO tempest.lib.common.rest_client [req-0f8728d6-8d6f-4882-a6dd-034c03a68368 ] Request (TrunkTestJSON:_run_cleanups): 200 PUT http://172.30.9.40:9696/v2.0/trunks/38a13843-8158-4c91-be4e-1f9435a4e2de/remove_subports 0.080s
2018-12-01 02:44:38.658 17913 DEBUG tempest.lib.common.rest_client [req-0f8728d6-8d6f-4882-a6dd-034c03a68368 ] Request - Headers: {'Content-Type': 'application/json', 'Accept': 'application/json', 'X-Auth-Token': ''} Body: {"sub_ports": []} Response - Headers: {'status': '200', u'content-length': '396', 'content-location': 'http://172.30.9.40:9696/v2.0/trunks/38a13843-8158-4c91-be4e-1f9435a4e2de/remove_subports', u'date': 'Sat, 01 Dec 2018 02:44:38 GMT', u'content-type': 'application/json', u'connection': 'close', u'x-openstack-request-id': 'req-0f8728d6-8d6f-4882-a6dd-034c03a68368'} Body: {"status": "DOWN", "sub_ports": [], "name": "", "admin_state_up": true, "tenant_id": "0a730bf66290477483bedb11db21043d", "created_at": "2018-12-01T02:44:38Z", "tags": [], "updated_at": "2018-12-01T02:44:38Z", "revision_number": 2, "project_id": "0a730bf66290477483bedb11db21043d", "port_id": "ddb97efd-8f87-4f63-a315-7317ffc3c526", "id": "38a13843-8158-4c91-be4e-1f9435a4e2de", "description": ""} _log_request_full /root/.rally/verification/verifier-750d54ba-a788-444b-8cb9-78a087ca4e4a/repo/tempest/lib/common/rest_client.py:434
2018-12-01 02:44:38.679 17914 INFO tempest.lib.common.rest_client [req-d35ae538-b767-4cf5-b7d9-fb8813d42650 ] Request (TrunkTest:test_trunk_subport_lifecycle): 200 GET http://172.30.9.40:9696/v2.0/trunks/0d413633-5d85-4a03-ba87-ce72ba596bab 0.197s
2018-12-01 02:44:38.680 17914 DEBUG tempest.lib.common.rest_client [req-d35ae538-b767-4cf5-b7d9-fb8813d42650 ] Request - Headers: {'Content-Type': 'application/json', 'Accept': 'application/json', 'X-Auth-Token': ''} Body: None Response - Headers: {'status': '200', u'content-length': '409', 'content-location': 'http://172.30.9.40:9696/v2.0/trunks/0d413633-5d85-4a03-ba87-ce72ba596bab', u'date': 'Sat, 01 Dec 2018 02:44:38 GMT', u'content-type': 'application/json', u'connection': 'close', u'x-openstack-request-id': 'req-d35ae538-b767-4cf5-b7d9-fb8813d42650'} Body: {"trunk": {"status": "ACTIVE", "sub_ports": [], "name": "", "admin_state_up": true, "tenant_id": "717b52678ad64b529908c98592bf7e6e", "created_at": "2018-12-01T02:44:10Z", "tags": [], "updated_at": "2018-12-01T02:44:10Z", "revision_number": 1, "project_id": "717b52678ad64b529908c98592bf7e6e", "port_id": "cd701192-9f66-472a-9d3b-761beab4c9ef", "id": "0d413633-5d85-4a03-ba87-ce72ba596bab", "description": ""}} _log_request_full /root/.rally/verification/verifier-750d54ba-a788-444b-8cb9-78a087ca4e4a/repo/tempest/lib/common/rest_client.py:434
2018-12-01 02:44:38.698 17914 INFO tempest.lib.common.rest_client [req-d62f75ef-adf5-4a93-a77c-0a52a43010f1 ] Request (TrunkTest:test_trunk_subport_lifecycle): 200 GET http://172.30.9.40:9696/v2.0/trunks/563c209c-a020-4bdb-8ca2-841e2bcb3251 0.017s
2018-12-01 02:44:38.698 17914 DEBUG tempest.lib.common.rest_client [req-d62f75ef-adf5-4a93-a77c-0a52a43010f1 ] Request - Headers: {'Content-Type': 'application/json', 'Accept': 'application/json', 'X-Auth-Token': ''} Body: None Response - Headers: {'status': '200', u'content-length': '409', 'content-location': 'http://172.30.9.40:9696/v2.0/trunks/563c209c-a020-4bdb-8ca2-841e2bcb3251', u'date': 'Sat, 01 Dec 2018 02:44:38 GMT', u'content-type': 'application/json', u'connection': 'close', u'x-openstack-request-id': 'req-d62f75ef-adf5-4a93-a77c-0a52a43010f1'} Body: {"trunk": {"status": "ACTIVE", "sub_ports": [], "name": "", "admin_state_up": true, "tenant_id": "717b52678ad64b529908c98592bf7e6e", "created_at": "2018-12-01T02:44:17Z", "tags": [], "updated_at": "2018-12-01T02:44:17Z", "revision_number": 1, "project_id": "717b52678ad64b529908c98592bf7e6e", "port_id": "672b4837-5e23-4df5-9ab9-b54a3295ca78", "id": "563c209c-a020-4bdb-8ca2-841e2bcb3251", "description": ""}} _log_request_full /root/.rally/verification/verifier-750d54ba-a788-444b-8cb9-78a087ca4e4a/repo/tempest/lib/common/rest_client.py:434
2018-12-01 02:44:38.773 17913 INFO tempest.lib.common.rest_client [req-2b015d26-4b49-4384-bde3-d3561a94708d ] Request (TrunkTestJSON:_run_cleanups): 204 DELETE http://172.30.9.40:9696/v2.0/trunks/38a13843-8158-4c91-be4e-1f9435a4e2de 0.114s
2018-12-01 02:44:38.773 17913 DEBUG tempest.lib.common.rest_client [req-2b015d26-4b49-4384-bde3-d3561a94708d ] Request - Headers: {'Content-Type': 'application/json', 'Accept': 'application/json', 'X-Auth-Token': ''} Body: None Response - Headers: {'status': '204', u'content-length': '0', 'content-location': 'http://172.30.9.40:9696/v2.0/trunks/38a13843-8158-4c91-be4e-1f9435a4e2de', u'date': 'Sat, 01 Dec 2018 02:44:38 GMT', u'connection': 'close', u'x-openstack-request-id': 'req-2b015d26-4b49-4384-bde3-d3561a94708d'} Body: _log_request_full /root/.rally/verification/verifier-750d54ba-a788-444b-8cb9-78a087ca4e4a/repo/tempest/lib/common/rest_client.py:434
2018-12-01 02:44:38.787 17913 INFO tempest.lib.common.rest_client [req-05469d85-206f-450b-a02a-6f0407d74593 ] Request (TrunkTestJSON:_run_cleanups): 404 GET http://172.30.9.40:9696/v2.0/trunks/c6bffe9e-d53a-4001-8696-b3126b802f49 0.013s
2018-12-01 02:44:38.787 17913 DEBUG tempest.lib.common.rest_client [req-05469d85-206f-450b-a02a-6f0407d74593 ] Request - Headers: {'Content-Type': 'application/json', 'Accept': 'application/json', 'X-Auth-Token': ''} Body: None Response - Headers: {'status': '404', u'content-length': '134', 'content-location': 'http://172.30.9.40:9696/v2.0/trunks/c6bffe9e-d53a-4001-8696-b3126b802f49', u'date': 'Sat, 01 Dec 2018 02:44:38 GMT', u'content-type': 'application/json', u'connection': 'close', u'x-openstack-request-id': 'req-05469d85-206f-450b-a02a-6f0407d74593'} Body: {"NeutronError": {"message": "Trunk c6bffe9e-d53a-4001-8696-b3126b802f49 could not be found.", "type": "TrunkNotFound", "detail": ""}} _log_request_full /root/.rally/verification/verifier-750d54ba-a788-444b-8cb9-78a087ca4e4a/repo/tempest/lib/common/rest_client.py:434
2018-12-01 02:44:38.803 17913 INFO tempest.lib.common.rest_client [req-bf9589ce-a961-472d-b5bb-1635ed3f4a69 ] Request (TrunkTestJSON:_run_cleanups): 404 GET http://172.30.9.40:9696/v2.0/trunks/7a8cff40-ec0d-43cb-b958-6c4587f841bb 0.015s
2018-12-01 02:44:38.804 17913 DEBUG tempest.lib.common.rest_client [req-bf9589ce-a961-472d-b5bb-1635ed3f4a69 ] Request - Headers: {'Content-Type': 'application/json', 'Accept': 'application/json', 'X-Auth-Token': ''} Body: None Response - Headers: {'status': '404', u'content-length': '134', 'content-location': 'http://172.30.9.40:9696/v2.0/trunks/7a8cff40-ec0d-43cb-b958-6c4587f841bb', u'date': 'Sat, 01 Dec 2018 02:44:38 GMT', u'content-type': 'application/json', u'connection': 'close', u'x-openstack-request-id': 'req-bf9589ce-a961-472d-b5bb-1635ed3f4a69'} Body: {"NeutronError": {"message": "Trunk 7a8cff40-ec0d-43cb-b958-6c4587f841bb could not be found.", "type": "TrunkNotFound", "detail": ""}} _log_request_full /root/.rally/verification/verifier-750d54ba-a788-444b-8cb9-78a087ca4e4a/repo/tempest/lib/common/rest_client.py:434
2018-12-01 02:44:38.818 17913 INFO tempest.lib.common.rest_client [req-bc537575-6703-4084-b9c1-4b068e3a6fc3 ] Request (TrunkTestJSON:_run_cleanups): 404 GET http://172.30.9.40:9696/v2.0/trunks/ef188002-a188-49ab-a519-7397050ed60a 0.014s
2018-12-01 02:44:38.819 17913 DEBUG tempest.lib.common.rest_client [req-bc537575-6703-4084-b9c1-4b068e3a6fc3 ] Request - Headers: {'Content-Type': 'application/json', 'Accept': 'application/json', 'X-Auth-Token': ''} Body: None Response - Headers: {'status': '404', u'content-length': '134', 'content-location': 'http://172.30.9.40:9696/v2.0/trunks/ef188002-a188-49ab-a519-7397050ed60a', u'date': 'Sat, 01 Dec 2018 02:44:38 GMT', u'content-type': 'application/json', u'connection': 'close', u'x-openstack-request-id': 'req-bc537575-6703-4084-b9c1-4b068e3a6fc3'} Body: {"NeutronError": {"message": "Trunk ef188002-a188-49ab-a519-7397050ed60a could not be found.", "type": "TrunkNotFound", "detail": ""}} _log_request_full /root/.rally/verification/verifier-750d54ba-a788-444b-8cb9-78a087ca4e4a/repo/tempest/lib/common/rest_client.py:434
2018-12-01 02:44:38.833 17913 INFO tempest.lib.common.rest_client [req-f4eb63ed-d84d-42a9-a016-5a219e4ad05b ] Request (TrunkTestJSON:_run_cleanups): 404 GET http://172.30.9.40:9696/v2.0/trunks/751b2df4-79c9-4d67-a5af-157106a190b9 0.013s
2018-12-01 02:44:38.834 17913 DEBUG tempest.lib.common.rest_client [req-f4eb63ed-d84d-42a9-a016-5a219e4ad05b ] Request - Headers: {'Content-Type': 'application/json', 'Accept': 'application/json', 'X-Auth-Token': ''} Body: None Response - Headers: {'status': '404', u'content-length': '134', 'content-location': 'http://172.30.9.40:9696/v2.0/trunks/751b2df4-79c9-4d67-a5af-157106a190b9', u'date': 'Sat, 01 Dec 2018 02:44:38 GMT', u'content-type': 'application/json', u'connection': 'close', u'x-openstack-request-id': 'req-f4eb63ed-d84d-42a9-a016-5a219e4ad05b'} Body: {"NeutronError": {"message": "Trunk 751b2df4-79c9-4d67-a5af-157106a190b9 could not be found.", "type": "TrunkNotFound", "detail": ""}} _log_request_full /root/.rally/verification/verifier-750d54ba-a788-444b-8cb9-78a087ca4e4a/repo/tempest/lib/common/rest_client.py:434
2018-12-01 02:44:38.847 17913 INFO tempest.lib.common.rest_client [req-a57600e1-c0d1-4c73-a413-a3a0ede40c62 ] Request (TrunkTestJSON:_run_cleanups): 404 GET http://172.30.9.40:9696/v2.0/trunks/4da985c1-01ea-401f-99ef-5e4440080c6d 0.013s
2018-12-01 02:44:38.848 17913 DEBUG tempest.lib.common.rest_client [req-a57600e1-c0d1-4c73-a413-a3a0ede40c62 ] Request - Headers: {'Content-Type': 'application/json', 'Accept': 'application/json', 'X-Auth-Token': ''} Body: None Response - Headers: {'status': '404', u'content-length': '134', 'content-location': 'http://172.30.9.40:9696/v2.0/trunks/4da985c1-01ea-401f-99ef-5e4440080c6d', u'date': 'Sat, 01 Dec 2018 02:44:38 GMT', u'content-type': 'application/json', u'connection': 'close', u'x-openstack-request-id': 'req-a57600e1-c0d1-4c73-a413-a3a0ede40c62'} Body: {"NeutronError": {"message": "Trunk 4da985c1-01ea-401f-99ef-5e4440080c6d could not be found.", "type": "TrunkNotFound", "detail": ""}} _log_request_full /root/.rally/verification/verifier-750d54ba-a788-444b-8cb9-78a087ca4e4a/repo/tempest/lib/common/rest_client.py:434
2018-12-01 02:44:38.863 17913 INFO tempest.lib.common.rest_client [req-bb36e041-4aba-48f1-a7f2-1fb8007575de ] Request (TrunkTestJSON:_run_cleanups): 404 GET http://172.30.9.40:9696/v2.0/trunks/38a13843-8158-4c91-be4e-1f9435a4e2de 0.014s
2018-12-01 02:44:38.863 17913 DEBUG tempest.lib.common.rest_client [req-bb36e041-4aba-48f1-a7f2-1fb8007575de ] Request - Headers: {'Content-Type': 'application/json', 'Accept': 'application/json', 'X-Auth-Token': ''} Body: None Response - Headers: {'status': '404', u'content-length': '134', 'content-location': 'http://172.30.9.40:9696/v2.0/trunks/38a13843-8158-4c91-be4e-1f9435a4e2de', u'date': 'Sat, 01 Dec 2018 02:44:38 GMT', u'content-type': 'application/json', u'connection': 'close', u'x-openstack-request-id': 'req-bb36e041-4aba-48f1-a7f2-1fb8007575de'} Body: {"NeutronError": {"message": "Trunk 38a13843-8158-4c91-be4e-1f9435a4e2de could not be found.", "type": "TrunkNotFound", "detail": ""}} _log_request_full /root/.rally/verification/verifier-750d54ba-a788-444b-8cb9-78a087ca4e4a/repo/tempest/lib/common/rest_client.py:434
2018-12-01 02:44:38.894 17913 INFO tempest.lib.common.rest_client [req-1042a0f9-9358-465c-b40f-6ff6733336e8 ] Request (TrunkTestJSON:_run_cleanups): 404 DELETE http://172.30.9.40:9696/v2.0/ports/5e2e8b8c-1819-4f9f-8850-03dbe0dbd937 0.030s
2018-12-01 02:44:38.895 17913 DEBUG tempest.lib.common.rest_client [req-1042a0f9-9358-465c-b40f-6ff6733336e8 ] Request - Headers: {'Content-Type': 'application/json', 'Accept': 'application/json', 'X-Auth-Token': ''} Body: None Response - Headers: {'status': '404', u'content-length': '132', 'content-location': 'http://172.30.9.40:9696/v2.0/ports/5e2e8b8c-1819-4f9f-8850-03dbe0dbd937', u'date': 'Sat, 01 Dec 2018 02:44:38 GMT', u'content-type': 'application/json', u'connection': 'close', u'x-openstack-request-id': 'req-1042a0f9-9358-465c-b40f-6ff6733336e8'} Body: {"NeutronError": {"message": "Port 5e2e8b8c-1819-4f9f-8850-03dbe0dbd937 could not be found.", "type": "PortNotFound", "detail": ""}} _log_request_full /root/.rally/verification/verifier-750d54ba-a788-444b-8cb9-78a087ca4e4a/repo/tempest/lib/common/rest_client.py:434
2018-12-01 02:44:38.938 17913 INFO tempest.lib.common.rest_client [req-f80dcadb-e142-4b8a-ac11-733cd3d11cd1 ] Request (TrunkTestJSON:_run_cleanups): 404 DELETE http://172.30.9.40:9696/v2.0/ports/f6b618b6-e46f-4006-a248-f69ba5a59863 0.043s
2018-12-01 02:44:38.938 17913 DEBUG tempest.lib.common.rest_client [req-f80dcadb-e142-4b8a-ac11-733cd3d11cd1 ] Request - Headers: {'Content-Type': 'application/json', 'Accept': 'application/json', 'X-Auth-Token': ''} Body: None Response - Headers: {'status': '404', u'content-length': '132', 'content-location': 'http://172.30.9.40:9696/v2.0/ports/f6b618b6-e46f-4006-a248-f69ba5a59863', u'date': 'Sat, 01 Dec 2018 02:44:38 GMT', u'content-type': 'application/json', u'connection': 'close', u'x-openstack-request-id': 'req-f80dcadb-e142-4b8a-ac11-733cd3d11cd1'} Body: {"NeutronError": {"message": "Port f6b618b6-e46f-4006-a248-f69ba5a59863 could not be found.", "type": "PortNotFound", "detail": ""}} _log_request_full /root/.rally/verification/verifier-750d54ba-a788-444b-8cb9-78a087ca4e4a/repo/tempest/lib/common/rest_client.py:434
2018-12-01 02:44:38.969 17913 INFO tempest.lib.common.rest_client [req-7879e202-8f19-4a1d-acf1-7e7c55cebed6 ] Request (TrunkTestJSON:_run_cleanups): 404 DELETE http://172.30.9.40:9696/v2.0/ports/5bb47c4f-8a04-4aa7-bf95-78fbd2a5d9fd 0.030s
2018-12-01 02:44:38.969 17913 DEBUG tempest.lib.common.rest_client [req-7879e202-8f19-4a1d-acf1-7e7c55cebed6 ] Request - Headers: {'Content-Type': 'application/json', 'Accept': 'application/json', 'X-Auth-Token': ''} Body: None Response - Headers: {'status': '404', u'content-length': '132', 'content-location': 'http://172.30.9.40:9696/v2.0/ports/5bb47c4f-8a04-4aa7-bf95-78fbd2a5d9fd', u'date': 'Sat, 01 Dec 2018 02:44:38 GMT', u'content-type': 'application/json', u'connection': 'close', u'x-openstack-request-id': 'req-7879e202-8f19-4a1d-acf1-7e7c55cebed6'} Body: {"NeutronError": {"message": "Port 5bb47c4f-8a04-4aa7-bf95-78fbd2a5d9fd could not be found.", "type": "PortNotFound", "detail": ""}} _log_request_full /root/.rally/verification/verifier-750d54ba-a788-444b-8cb9-78a087ca4e4a/repo/tempest/lib/common/rest_client.py:434
2018-12-01 02:44:39.007 17913 INFO tempest.lib.common.rest_client [req-9375ebc0-c924-419a-93e5-59858588bc6c ] Request (TrunkTestJSON:_run_cleanups): 404 DELETE http://172.30.9.40:9696/v2.0/ports/c799e5e0-8e83-4e85-9de1-daf52124fb89 0.037s
2018-12-01 02:44:39.008 17913 DEBUG tempest.lib.common.rest_client [req-9375ebc0-c924-419a-93e5-59858588bc6c ] Request - Headers: {'Content-Type': 'application/json', 'Accept': 'application/json', 'X-Auth-Token': ''} Body: None Response - Headers: {'status': '404', u'content-length': '132', 'content-location': 'http://172.30.9.40:9696/v2.0/ports/c799e5e0-8e83-4e85-9de1-daf52124fb89', u'date': 'Sat, 01 Dec 2018 02:44:39 GMT', u'content-type': 'application/json', u'connection': 'close', u'x-openstack-request-id': 'req-9375ebc0-c924-419a-93e5-59858588bc6c'} Body: {"NeutronError": {"message": "Port c799e5e0-8e83-4e85-9de1-daf52124fb89 could not be found.", "type": "PortNotFound", "detail": ""}} _log_request_full /root/.rally/verification/verifier-750d54ba-a788-444b-8cb9-78a087ca4e4a/repo/tempest/lib/common/rest_client.py:434
2018-12-01 02:44:39.047 17913 INFO tempest.lib.common.rest_client [req-56089882-a27d-43a5-a373-1742104e7c44 ] Request (TrunkTestJSON:_run_cleanups): 404 DELETE http://172.30.9.40:9696/v2.0/ports/9deb706b-a5b6-4c76-bb34-06a1547689c3 0.038s
2018-12-01 02:44:39.047 17913 DEBUG tempest.lib.common.rest_client [req-56089882-a27d-43a5-a373-1742104e7c44 ] Request - Headers: {'Content-Type': 'application/json', 'Accept': 'application/json', 'X-Auth-Token': ''} Body: None Response - Headers: {'status': '404', u'content-length': '132', 'content-location': 'http://172.30.9.40:9696/v2.0/ports/9deb706b-a5b6-4c76-bb34-06a1547689c3', u'date': 'Sat, 01 Dec 2018 02:44:39 GMT', u'content-type': 'application/json', u'connection': 'close', u'x-openstack-request-id': 'req-56089882-a27d-43a5-a373-1742104e7c44'} Body: {"NeutronError": {"message": "Port 9deb706b-a5b6-4c76-bb34-06a1547689c3 could not be found.", "type": "PortNotFound", "detail": ""}} _log_request_full /root/.rally/verification/verifier-750d54ba-a788-444b-8cb9-78a087ca4e4a/repo/tempest/lib/common/rest_client.py:434
2018-12-01 02:44:39.085 17913 INFO tempest.lib.common.rest_client [req-94831099-d346-4489-b159-7d373bb9c5e9 ] Request (TrunkTestJSON:_run_cleanups): 404 DELETE http://172.30.9.40:9696/v2.0/ports/715a7e3c-412c-4584-bdb5-110131341e90 0.037s
2018-12-01 02:44:39.086 17913 DEBUG tempest.lib.common.rest_client [req-94831099-d346-4489-b159-7d373bb9c5e9 ] Request - Headers: {'Content-Type': 'application/json', 'Accept': 'application/json', 'X-Auth-Token': ''} Body: None Response - Headers: {'status': '404', u'content-length': '132', 'content-location': 'http://172.30.9.40:9696/v2.0/ports/715a7e3c-412c-4584-bdb5-110131341e90', u'date': 'Sat, 01 Dec 2018 02:44:39 GMT', u'content-type': 'application/json', u'connection': 'close', u'x-openstack-request-id': 'req-94831099-d346-4489-b159-7d373bb9c5e9'} Body: {"NeutronError": {"message": "Port 715a7e3c-412c-4584-bdb5-110131341e90 could not be found.", "type": "PortNotFound", "detail": ""}} _log_request_full /root/.rally/verification/verifier-750d54ba-a788-444b-8cb9-78a087ca4e4a/repo/tempest/lib/common/rest_client.py:434
2018-12-01 02:44:39.088 17917 INFO tempest.lib.common.rest_client [req-c87a81a0-9e6f-43c1-a11a-d6259d30e93c ] Request (TrunkTestJSON:_run_cleanups): 204 DELETE http://172.30.9.40:9696/v2.0/ports/0015ebe1-da04-484f-a6e4-e312c8e61c90 0.438s
2018-12-01 02:44:39.089 17917 DEBUG tempest.lib.common.rest_client [req-c87a81a0-9e6f-43c1-a11a-d6259d30e93c ] Request - Headers: {'Content-Type': 'application/json', 'Accept': 'application/json', 'X-Auth-Token': ''} Body: None Response - Headers: {'status': '204', u'content-length': '0', 'content-location': 'http://172.30.9.40:9696/v2.0/ports/0015ebe1-da04-484f-a6e4-e312c8e61c90', u'date': 'Sat, 01 Dec 2018 02:44:39 GMT', u'connection': 'close', u'x-openstack-request-id': 'req-c87a81a0-9e6f-43c1-a11a-d6259d30e93c'} Body: _log_request_full /root/.rally/verification/verifier-750d54ba-a788-444b-8cb9-78a087ca4e4a/repo/tempest/lib/common/rest_client.py:434
2018-12-01 02:44:39.114 17917 INFO tempest.lib.common.rest_client [req-0aad00be-4924-4d85-9fc9-0e877f9b4120 ] Request (TrunkTestJSON:_run_cleanups): 404 DELETE http://172.30.9.40:9696/v2.0/networks/043b804d-210d-4608-a394-c4aa0c3c828b 0.025s
2018-12-01 02:44:39.115 17917 DEBUG tempest.lib.common.rest_client [req-0aad00be-4924-4d85-9fc9-0e877f9b4120 ] Request - Headers: {'Content-Type': 'application/json', 'Accept': 'application/json', 'X-Auth-Token': ''} Body: None Response - Headers: {'status': '404', u'content-length': '138', 'content-location': 'http://172.30.9.40:9696/v2.0/networks/043b804d-210d-4608-a394-c4aa0c3c828b', u'date': 'Sat, 01 Dec 2018 02:44:39 GMT', u'content-type': 'application/json', u'connection': 'close', u'x-openstack-request-id': 'req-0aad00be-4924-4d85-9fc9-0e877f9b4120'} Body: {"NeutronError": {"message": "Network 043b804d-210d-4608-a394-c4aa0c3c828b could not be found.", "type": "NetworkNotFound", "detail": ""}} _log_request_full /root/.rally/verification/verifier-750d54ba-a788-444b-8cb9-78a087ca4e4a/repo/tempest/lib/common/rest_client.py:434
2018-12-01 02:44:39.139 17917 INFO tempest.lib.common.rest_client [req-31664487-d85f-4e8c-8dca-928b015c075b ] Request (TrunkTestJSON:_run_cleanups): 404 DELETE http://172.30.9.40:9696/v2.0/networks/f3b8d59f-2df9-4aa2-af70-62ba7862a8c4 0.023s
2018-12-01 02:44:39.139 17917 DEBUG tempest.lib.common.rest_client [req-31664487-d85f-4e8c-8dca-928b015c075b ] Request - Headers: {'Content-Type': 'application/json', 'Accept': 'application/json', 'X-Auth-Token': ''} Body: None Response - Headers: {'status': '404', u'content-length': '138', 'content-location': 'http://172.30.9.40:9696/v2.0/networks/f3b8d59f-2df9-4aa2-af70-62ba7862a8c4', u'date': 'Sat, 01 Dec 2018 02:44:39 GMT', u'content-type': 'application/json', u'connection': 'close', u'x-openstack-request-id': 'req-31664487-d85f-4e8c-8dca-928b015c075b'} Body: {"NeutronError": {"message": "Network f3b8d59f-2df9-4aa2-af70-62ba7862a8c4 could not be found.", "type": "NetworkNotFound", "detail": ""}} _log_request_full /root/.rally/verification/verifier-750d54ba-a788-444b-8cb9-78a087ca4e4a/repo/tempest/lib/common/rest_client.py:434
2018-12-01 02:44:39.162 17917 INFO tempest.lib.common.rest_client [req-d19a16e0-c713-4824-b013-28422951f64e ] Request (TrunkTestJSON:_run_cleanups): 404 DELETE http://172.30.9.40:9696/v2.0/networks/d6791717-8f76-46ac-aba5-9a9cd820d3a0 0.022s
2018-12-01 02:44:39.162 17917 DEBUG tempest.lib.common.rest_client [req-d19a16e0-c713-4824-b013-28422951f64e ] Request - Headers: {'Content-Type': 'application/json', 'Accept': 'application/json', 'X-Auth-Token': ''} Body: None Response - Headers: {'status': '404', u'content-length': '138', 'content-location': 'http://172.30.9.40:9696/v2.0/networks/d6791717-8f76-46ac-aba5-9a9cd820d3a0', u'date': 'Sat, 01 Dec 2018 02:44:39 GMT', u'content-type': 'application/json', u'connection': 'close', u'x-openstack-request-id': 'req-d19a16e0-c713-4824-b013-28422951f64e'} Body: {"NeutronError": {"message": "Network d6791717-8f76-46ac-aba5-9a9cd820d3a0 could not be found.", "type": "NetworkNotFound", "detail": ""}} _log_request_full /root/.rally/verification/verifier-750d54ba-a788-444b-8cb9-78a087ca4e4a/repo/tempest/lib/common/rest_client.py:434
2018-12-01 02:44:39.185 17917 INFO tempest.lib.common.rest_client [req-b81d2e9d-1550-49af-baeb-34ebd6cc574d ] Request (TrunkTestJSON:_run_cleanups): 404 DELETE http://172.30.9.40:9696/v2.0/networks/72c110e4-e118-4952-a4c3-2df55af5a620 0.021s
2018-12-01 02:44:39.185 17917 DEBUG tempest.lib.common.rest_client [req-b81d2e9d-1550-49af-baeb-34ebd6cc574d ] Request - Headers: {'Content-Type': 'application/json', 'Accept': 'application/json', 'X-Auth-Token': ''} Body: None Response - Headers: {'status': '404', u'content-length': '138', 'content-location': 'http://172.30.9.40:9696/v2.0/networks/72c110e4-e118-4952-a4c3-2df55af5a620', u'date': 'Sat, 01 Dec 2018 02:44:39 GMT', u'content-type': 'application/json', u'connection': 'close', u'x-openstack-request-id': 'req-b81d2e9d-1550-49af-baeb-34ebd6cc574d'} Body: {"NeutronError": {"message": "Network 72c110e4-e118-4952-a4c3-2df55af5a620 could not be found.", "type": "NetworkNotFound", "detail": ""}} _log_request_full /root/.rally/verification/verifier-750d54ba-a788-444b-8cb9-78a087ca4e4a/repo/tempest/lib/common/rest_client.py:434
2018-12-01 02:44:39.211 17917 INFO tempest.lib.common.rest_client [req-70c76452-59bd-46ae-a908-6f9e0f856b5e ] Request (TrunkTestJSON:_run_cleanups): 404 DELETE http://172.30.9.40:9696/v2.0/networks/2e8f0a75-c1fa-48a4-9e78-7826911842fc 0.025s
2018-12-01 02:44:39.212 17917 DEBUG tempest.lib.common.rest_client [req-70c76452-59bd-46ae-a908-6f9e0f856b5e ] Request - Headers: {'Content-Type': 'application/json', 'Accept': 'application/json', 'X-Auth-Token': ''} Body: None Response - Headers: {'status': '404', u'content-length': '138', 'content-location': 'http://172.30.9.40:9696/v2.0/networks/2e8f0a75-c1fa-48a4-9e78-7826911842fc', u'date': 'Sat, 01 Dec 2018 02:44:39 GMT', u'content-type': 'application/json', u'connection': 'close', u'x-openstack-request-id': 'req-70c76452-59bd-46ae-a908-6f9e0f856b5e'} Body: {"NeutronError": {"message": "Network 2e8f0a75-c1fa-48a4-9e78-7826911842fc could not be found.", "type": "NetworkNotFound", "detail": ""}} _log_request_full /root/.rally/verification/verifier-750d54ba-a788-444b-8cb9-78a087ca4e4a/repo/tempest/lib/common/rest_client.py:434
2018-12-01 02:44:39.540 17913 INFO tempest.lib.common.rest_client [req-450b74c5-69a1-4595-a210-ea02dc30a336 ] Request (TrunkTestJSON:_run_cleanups): 204 DELETE http://172.30.9.40:9696/v2.0/ports/ddb97efd-8f87-4f63-a315-7317ffc3c526 0.453s
2018-12-01 02:44:39.540 17913 DEBUG tempest.lib.common.rest_client [req-450b74c5-69a1-4595-a210-ea02dc30a336 ] Request - Headers: {'Content-Type': 'application/json', 'Accept': 'application/json', 'X-Auth-Token': ''} Body: None Response - Headers: {'status': '204', u'content-length': '0', 'content-location': 'http://172.30.9.40:9696/v2.0/ports/ddb97efd-8f87-4f63-a315-7317ffc3c526', u'date': 'Sat, 01 Dec 2018 02:44:39 GMT', u'connection': 'close', u'x-openstack-request-id': 'req-450b74c5-69a1-4595-a210-ea02dc30a336'} Body: _log_request_full /root/.rally/verification/verifier-750d54ba-a788-444b-8cb9-78a087ca4e4a/repo/tempest/lib/common/rest_client.py:434
2018-12-01 02:44:39.565 17913 INFO tempest.lib.common.rest_client [req-8e129940-1f63-4555-ae89-8d3b9c95523b ] Request (TrunkTestJSON:_run_cleanups): 404 DELETE http://172.30.9.40:9696/v2.0/networks/d357e23c-33b9-4d25-8d78-9ffd5fd3f285 0.024s
2018-12-01 02:44:39.566 17913 DEBUG tempest.lib.common.rest_client [req-8e129940-1f63-4555-ae89-8d3b9c95523b ] Request - Headers: {'Content-Type': 'application/json', 'Accept': 'application/json', 'X-Auth-Token': ''} Body: None Response - Headers: {'status': '404', u'content-length': '138', 'content-location': 'http://172.30.9.40:9696/v2.0/networks/d357e23c-33b9-4d25-8d78-9ffd5fd3f285', u'date': 'Sat, 01 Dec 2018 02:44:39 GMT', u'content-type': 'application/json', u'connection': 'close', u'x-openstack-request-id': 'req-8e129940-1f63-4555-ae89-8d3b9c95523b'} Body: {"NeutronError": {"message": "Network d357e23c-33b9-4d25-8d78-9ffd5fd3f285 could not be found.", "type": "NetworkNotFound", "detail": ""}} _log_request_full /root/.rally/verification/verifier-750d54ba-a788-444b-8cb9-78a087ca4e4a/repo/tempest/lib/common/rest_client.py:434
2018-12-01 02:44:39.670 17914 INFO tempest.lib.common.rest_client [req-d903f7da-075a-49f5-902f-265494434d2f ] Request (TrunkTest:test_trunk_subport_lifecycle): 201 POST http://172.30.9.40:9696/v2.0/networks 0.970s
2018-12-01 02:44:39.670 17914 DEBUG tempest.lib.common.rest_client [req-d903f7da-075a-49f5-902f-265494434d2f ] Request - Headers: {'Content-Type': 'application/json', 'Accept': 'application/json', 'X-Auth-Token': ''} Body: {"network": {"name": "tempest-test-network--1482998122"}} Response - Headers: {'status': '201', u'content-length': '606', 'content-location': 'http://172.30.9.40:9696/v2.0/networks', u'date': 'Sat, 01 Dec 2018 02:44:39 GMT', u'content-type': 'application/json', u'connection': 'close', u'x-openstack-request-id': 'req-d903f7da-075a-49f5-902f-265494434d2f'} Body: {"network":{"ipv6_address_scope":null,"dns_domain":"","revision_number":3,"port_security_enabled":true,"id":"c66389e9-71be-4ecc-9194-e100a94a1978","router:external":false,"availability_zone_hints":[],"availability_zones":[],"ipv4_address_scope":null,"shared":false,"project_id":"717b52678ad64b529908c98592bf7e6e","status":"ACTIVE","subnets":[],"description":"","tags":[],"updated_at":"2018-12-01T02:44:38Z","is_default":false,"name":"tempest-test-network--1482998122","qos_policy_id":null,"admin_state_up":true,"tenant_id":"717b52678ad64b529908c98592bf7e6e","created_at":"2018-12-01T02:44:38Z","mtu":1442}} _log_request_full /root/.rally/verification/verifier-750d54ba-a788-444b-8cb9-78a087ca4e4a/repo/tempest/lib/common/rest_client.py:434
2018-12-01 02:44:40.081 17913 INFO tempest.lib.common.rest_client [req-5c56be1d-20c1-4726-b326-f8ca1d7acd7d ] Request (TrunkTestJSON:_run_cleanups): 404 DELETE http://172.30.9.40:9696/v2.0/networks/ba2ca964-98b9-4ea3-800d-8cbf8af08ce2 0.514s
2018-12-01 02:44:40.081 17913 DEBUG tempest.lib.common.rest_client [req-5c56be1d-20c1-4726-b326-f8ca1d7acd7d ] Request - Headers: {'Content-Type': 'application/json', 'Accept': 'application/json', 'X-Auth-Token': ''} Body: None Response - Headers: {'status': '404', u'content-length': '138', 'content-location': 'http://172.30.9.40:9696/v2.0/networks/ba2ca964-98b9-4ea3-800d-8cbf8af08ce2', u'date': 'Sat, 01 Dec 2018 02:44:40 GMT', u'content-type': 'application/json', u'connection': 'close', u'x-openstack-request-id': 'req-5c56be1d-20c1-4726-b326-f8ca1d7acd7d'} Body: {"NeutronError": {"message": "Network ba2ca964-98b9-4ea3-800d-8cbf8af08ce2 could not be found.", "type": "NetworkNotFound", "detail": ""}} _log_request_full /root/.rally/verification/verifier-750d54ba-a788-444b-8cb9-78a087ca4e4a/repo/tempest/lib/common/rest_client.py:434
2018-12-01 02:44:40.106 17913 INFO tempest.lib.common.rest_client [req-c689fdd4-501a-4d4e-a7dc-83c49c6e057c ] Request (TrunkTestJSON:_run_cleanups): 404 DELETE http://172.30.9.40:9696/v2.0/networks/cfdc0dc2-0faa-428e-85fa-33a76d93b354 0.024s
2018-12-01 02:44:40.106 17913 DEBUG tempest.lib.common.rest_client [req-c689fdd4-501a-4d4e-a7dc-83c49c6e057c ] Request - Headers: {'Content-Type': 'application/json', 'Accept': 'application/json', 'X-Auth-Token': ''} Body: None Response - Headers: {'status': '404', u'content-length': '138', 'content-location': 'http://172.30.9.40:9696/v2.0/networks/cfdc0dc2-0faa-428e-85fa-33a76d93b354', u'date': 'Sat, 01 Dec 2018 02:44:40 GMT', u'content-type': 'application/json', u'connection': 'close', u'x-openstack-request-id': 'req-c689fdd4-501a-4d4e-a7dc-83c49c6e057c'} Body: {"NeutronError": {"message": "Network cfdc0dc2-0faa-428e-85fa-33a76d93b354 could not be found.", "type": "NetworkNotFound", "detail": ""}} _log_request_full /root/.rally/verification/verifier-750d54ba-a788-444b-8cb9-78a087ca4e4a/repo/tempest/lib/common/rest_client.py:434
2018-12-01 02:44:40.138 17913 INFO tempest.lib.common.rest_client [req-dca3fc59-3193-4c87-acaa-b23d6787c58a ] Request (TrunkTestJSON:_run_cleanups): 404 DELETE http://172.30.9.40:9696/v2.0/networks/6eb2c094-4a42-4e30-9e7b-b2205f4e9b5b 0.028s
2018-12-01 02:44:40.139 17913 DEBUG tempest.lib.common.rest_client [req-dca3fc59-3193-4c87-acaa-b23d6787c58a ] Request - Headers: {'Content-Type': 'application/json', 'Accept': 'application/json', 'X-Auth-Token': ''} Body: None Response - Headers: {'status': '404', u'content-length': '138', 'content-location': 'http://172.30.9.40:9696/v2.0/networks/6eb2c094-4a42-4e30-9e7b-b2205f4e9b5b', u'date': 'Sat, 01 Dec 2018 02:44:40 GMT', u'content-type': 'application/json', u'connection': 'close', u'x-openstack-request-id': 'req-dca3fc59-3193-4c87-acaa-b23d6787c58a'} Body: {"NeutronError": {"message": "Network 6eb2c094-4a42-4e30-9e7b-b2205f4e9b5b could not be found.", "type": "NetworkNotFound", "detail": ""}} _log_request_full /root/.rally/verification/verifier-750d54ba-a788-444b-8cb9-78a087ca4e4a/repo/tempest/lib/common/rest_client.py:434
2018-12-01 02:44:40.170 17913 INFO tempest.lib.common.rest_client [req-e7a03319-cafc-4def-b50a-9034978a927d ] Request (TrunkTestJSON:_run_cleanups): 404 DELETE http://172.30.9.40:9696/v2.0/networks/dc351516-9865-4ddc-8eaa-28b76420f044 0.029s
2018-12-01 02:44:40.170 17913 DEBUG tempest.lib.common.rest_client [req-e7a03319-cafc-4def-b50a-9034978a927d ] Request - Headers: {'Content-Type': 'application/json', 'Accept': 'application/json', 'X-Auth-Token': ''} Body: None Response - Headers: {'status': '404', u'content-length': '138', 'content-location': 'http://172.30.9.40:9696/v2.0/networks/dc351516-9865-4ddc-8eaa-28b76420f044', u'date': 'Sat, 01 Dec 2018 02:44:40 GMT', u'content-type': 'application/json', u'connection': 'close', u'x-openstack-request-id': 'req-e7a03319-cafc-4def-b50a-9034978a927d'} Body: {"NeutronError": {"message": "Network dc351516-9865-4ddc-8eaa-28b76420f044 could not be found.", "type": "NetworkNotFound", "detail": ""}} _log_request_full /root/.rally/verification/verifier-750d54ba-a788-444b-8cb9-78a087ca4e4a/repo/tempest/lib/common/rest_client.py:434
2018-12-01 02:44:40.203 17913 INFO tempest.lib.common.rest_client [req-ebcd9f06-0915-4254-9767-5182f2913cd4 ] Request (TrunkTestJSON:_run_cleanups): 404 DELETE http://172.30.9.40:9696/v2.0/networks/53edd086-8041-4e99-9300-ee9f7523842e 0.031s
2018-12-01 02:44:40.203 17913 DEBUG tempest.lib.common.rest_client [req-ebcd9f06-0915-4254-9767-5182f2913cd4 ] Request - Headers: {'Content-Type': 'application/json', 'Accept': 'application/json', 'X-Auth-Token': ''} Body: None Response - Headers: {'status': '404', u'content-length': '138', 'content-location': 'http://172.30.9.40:9696/v2.0/networks/53edd086-8041-4e99-9300-ee9f7523842e', u'date': 'Sat, 01 Dec 2018 02:44:40 GMT', u'content-type': 'application/json', u'connection': 'close', u'x-openstack-request-id': 'req-ebcd9f06-0915-4254-9767-5182f2913cd4'} Body: {"NeutronError": {"message": "Network 53edd086-8041-4e99-9300-ee9f7523842e could not be found.", "type": "NetworkNotFound", "detail": ""}} _log_request_full /root/.rally/verification/verifier-750d54ba-a788-444b-8cb9-78a087ca4e4a/repo/tempest/lib/common/rest_client.py:434
2018-12-01 02:44:40.238 17917 INFO tempest.lib.common.rest_client [req-5f645510-1b85-4116-9df4-ceb098c611d9 ] Request (TrunkTestJSON:_run_cleanups): 204 DELETE http://172.30.9.40:9696/v2.0/networks/ceea808f-a013-4b30-a9ce-c167acfa7b96 1.025s
2018-12-01 02:44:40.238 17917 DEBUG tempest.lib.common.rest_client [req-5f645510-1b85-4116-9df4-ceb098c611d9 ] Request - Headers: {'Content-Type': 'application/json', 'Accept': 'application/json', 'X-Auth-Token': ''} Body: None Response - Headers: {'status': '204', u'content-length': '0', 'content-location': 'http://172.30.9.40:9696/v2.0/networks/ceea808f-a013-4b30-a9ce-c167acfa7b96', u'date': 'Sat, 01 Dec 2018 02:44:40 GMT', u'connection': 'close', u'x-openstack-request-id': 'req-5f645510-1b85-4116-9df4-ceb098c611d9'} Body: _log_request_full /root/.rally/verification/verifier-750d54ba-a788-444b-8cb9-78a087ca4e4a/repo/tempest/lib/common/rest_client.py:434
2018-12-01 02:44:40.555 17914 INFO tempest.lib.common.rest_client [req-af3679f6-1b6e-4880-a14c-2af6978e505f ] Request (TrunkTest:test_trunk_subport_lifecycle): 201 POST http://172.30.9.40:9696/v2.0/ports 0.883s
2018-12-01 02:44:40.556 17914 DEBUG tempest.lib.common.rest_client [req-af3679f6-1b6e-4880-a14c-2af6978e505f ] Request - Headers: {'Content-Type': 'application/json', 'Accept': 'application/json', 'X-Auth-Token': ''} Body: {"port": {"network_id": "c66389e9-71be-4ecc-9194-e100a94a1978"}} Response - Headers: {'status': '201', u'content-length': '670', 'content-location': 'http://172.30.9.40:9696/v2.0/ports', u'date': 'Sat, 01 Dec 2018 02:44:40 GMT', u'content-type': 'application/json', u'connection': 'close', u'x-openstack-request-id': 'req-af3679f6-1b6e-4880-a14c-2af6978e505f'} Body: {"port":{"allowed_address_pairs":[],"extra_dhcp_opts":[],"updated_at":"2018-12-01T02:44:40Z","device_owner":"","revision_number":5,"port_security_enabled":true,"fixed_ips":[],"id":"f3ccc00d-919f-4742-938c-bea467e9197a","security_groups":["fd776433-0f94-4c06-9772-ac140a213c0e"],"mac_address":"fa:16:3e:53:43:fd","device_id":"","status":"DOWN","description":"","tags":[],"dns_assignment":[],"name":"","project_id":"717b52678ad64b529908c98592bf7e6e","qos_policy_id":null,"admin_state_up":true,"network_id":"c66389e9-71be-4ecc-9194-e100a94a1978","dns_name":"","created_at":"2018-12-01T02:44:39Z","binding:vnic_type":"normal","tenant_id":"717b52678ad64b529908c98592bf7e6e"}} _log_request_full /root/.rally/verification/verifier-750d54ba-a788-444b-8cb9-78a087ca4e4a/repo/tempest/lib/common/rest_client.py:434
2018-12-01 02:44:41.221 17913 INFO tempest.lib.common.rest_client [req-eb01343c-aae5-4117-aa4e-70a4686b609d ] Request (TrunkTestJSON:_run_cleanups): 204 DELETE http://172.30.9.40:9696/v2.0/networks/7fc04f07-4f53-458f-a477-859695930cc1 1.017s
2018-12-01 02:44:41.222 17913 DEBUG tempest.lib.common.rest_client [req-eb01343c-aae5-4117-aa4e-70a4686b609d ] Request - Headers: {'Content-Type': 'application/json', 'Accept': 'application/json', 'X-Auth-Token': ''} Body: None Response - Headers: {'status': '204', u'content-length': '0', 'content-location': 'http://172.30.9.40:9696/v2.0/networks/7fc04f07-4f53-458f-a477-859695930cc1', u'date': 'Sat, 01 Dec 2018 02:44:41 GMT', u'connection': 'close', u'x-openstack-request-id': 'req-eb01343c-aae5-4117-aa4e-70a4686b609d'} Body: _log_request_full /root/.rally/verification/verifier-750d54ba-a788-444b-8cb9-78a087ca4e4a/repo/tempest/lib/common/rest_client.py:434
2018-12-01 02:44:41.237 17917 INFO tempest.lib.common.rest_client [req-94199f2a-d87e-4634-a5d2-163bd0834a4d ] Request (TrunkTestJSON:_run_cleanups): 204 DELETE http://172.30.9.40:9696/v2.0/networks/bceead15-5675-4685-9622-fefc69cc8fcd 0.998s
2018-12-01 02:44:41.238 17917 DEBUG tempest.lib.common.rest_client [req-94199f2a-d87e-4634-a5d2-163bd0834a4d ] Request - Headers: {'Content-Type': 'application/json', 'Accept': 'application/json', 'X-Auth-Token': ''} Body: None Response - Headers: {'status': '204', u'content-length': '0', 'content-location': 'http://172.30.9.40:9696/v2.0/networks/bceead15-5675-4685-9622-fefc69cc8fcd', u'date': 'Sat, 01 Dec 2018 02:44:41 GMT', u'connection': 'close', u'x-openstack-request-id': 'req-94199f2a-d87e-4634-a5d2-163bd0834a4d'} Body: _log_request_full /root/.rally/verification/verifier-750d54ba-a788-444b-8cb9-78a087ca4e4a/repo/tempest/lib/common/rest_client.py:434
2018-12-01 02:44:42.247 17917 INFO tempest.lib.common.rest_client [req-79e407de-17bf-449e-bad6-050196d05e41 ] Request (TrunkTestJSON:test_create_subport_nonexistent_port_id): 201 POST http://172.30.9.40:9696/v2.0/networks 1.007s
2018-12-01 02:44:42.247 17917 DEBUG tempest.lib.common.rest_client [req-79e407de-17bf-449e-bad6-050196d05e41 ] Request - Headers: {'Content-Type': 'application/json', 'Accept': 'application/json', 'X-Auth-Token': ''} Body: {"network": {"name": "tempest-test-network--1468830856"}} Response - Headers: {'status': '201', u'content-length': '606', 'content-location': 'http://172.30.9.40:9696/v2.0/networks', u'date': 'Sat, 01 Dec 2018 02:44:42 GMT', u'content-type': 'application/json', u'connection': 'close', u'x-openstack-request-id': 'req-79e407de-17bf-449e-bad6-050196d05e41'} Body: {"network":{"ipv6_address_scope":null,"dns_domain":"","revision_number":3,"port_security_enabled":true,"id":"f333f3c2-3cf3-4f58-a3cf-6e5597326bec","router:external":false,"availability_zone_hints":[],"availability_zones":[],"ipv4_address_scope":null,"shared":false,"project_id":"024e230d8d224260822c8c7a8ad735d2","status":"ACTIVE","subnets":[],"description":"","tags":[],"updated_at":"2018-12-01T02:44:41Z","is_default":false,"name":"tempest-test-network--1468830856","qos_policy_id":null,"admin_state_up":true,"tenant_id":"024e230d8d224260822c8c7a8ad735d2","created_at":"2018-12-01T02:44:41Z","mtu":1442}} _log_request_full /root/.rally/verification/verifier-750d54ba-a788-444b-8cb9-78a087ca4e4a/repo/tempest/lib/common/rest_client.py:434
