2018-12-01 02:45:04.619 17914 DEBUG tempest.lib.common.rest_client [req-504aa8d6-de7e-4706-bf12-54bb5c4b9304 ] Request - Headers: {'Content-Type': 'application/json', 'Accept': 'application/json', 'X-Auth-Token': ''} Body: None Response - Headers: {'status': '200', u'content-length': '670', 'content-location': 'http://172.30.9.40:9696/v2.0/ports/f3ccc00d-919f-4742-938c-bea467e9197a', u'date': 'Sat, 01 Dec 2018 02:45:04 GMT', u'content-type': 'application/json', u'connection': 'close', u'x-openstack-request-id': 'req-504aa8d6-de7e-4706-bf12-54bb5c4b9304'} Body: {"port":{"allowed_address_pairs":[],"extra_dhcp_opts":[],"updated_at":"2018-12-01T02:45:04Z","device_owner":"","revision_number":7,"port_security_enabled":true,"fixed_ips":[],"id":"f3ccc00d-919f-4742-938c-bea467e9197a","security_groups":["fd776433-0f94-4c06-9772-ac140a213c0e"],"mac_address":"fa:16:3e:53:43:fd","device_id":"","status":"DOWN","description":"","tags":[],"dns_assignment":[],"name":"","project_id":"717b52678ad64b529908c98592bf7e6e","qos_policy_id":null,"admin_state_up":true,"network_id":"c66389e9-71be-4ecc-9194-e100a94a1978","dns_name":"","created_at":"2018-12-01T02:44:39Z","binding:vnic_type":"normal","tenant_id":"717b52678ad64b529908c98592bf7e6e"}} _log_request_full /root/.rally/verification/verifier-750d54ba-a788-444b-8cb9-78a087ca4e4a/repo/tempest/lib/common/rest_client.py:434
2018-12-01 02:45:05.022 17913 INFO tempest.lib.common.rest_client [req-b4e89dc3-0cfc-419c-b79f-4a67702fa07c ] Request (TrunkTestJSON:test_list_trunks): 201 POST http://172.30.9.40:9696/v2.0/ports 0.873s
2018-12-01 02:45:05.022 17913 DEBUG tempest.lib.common.rest_client [req-b4e89dc3-0cfc-419c-b79f-4a67702fa07c ] Request - Headers: {'Content-Type': 'application/json', 'Accept': 'application/json', 'X-Auth-Token': ''} Body: {"port": {"network_id": "f2078753-ec81-4308-960c-4c929263716d"}} Response - Headers: {'status': '201', u'content-length': '670', 'content-location': 'http://172.30.9.40:9696/v2.0/ports', u'date': 'Sat, 01 Dec 2018 02:45:05 GMT', u'content-type': 'application/json', u'connection': 'close', u'x-openstack-request-id': 'req-b4e89dc3-0cfc-419c-b79f-4a67702fa07c'} Body: {"port":{"allowed_address_pairs":[],"extra_dhcp_opts":[],"updated_at":"2018-12-01T02:45:04Z","device_owner":"","revision_number":5,"port_security_enabled":true,"fixed_ips":[],"id":"95d2a0b6-5b92-4700-8566-f3ce6ac77f30","security_groups":["8c166c67-c429-4af8-9dc5-ccdabd0ff403"],"mac_address":"fa:16:3e:b2:fe:bc","device_id":"","status":"DOWN","description":"","tags":[],"dns_assignment":[],"name":"","project_id":"0a730bf66290477483bedb11db21043d","qos_policy_id":null,"admin_state_up":true,"network_id":"f2078753-ec81-4308-960c-4c929263716d","dns_name":"","created_at":"2018-12-01T02:45:04Z","binding:vnic_type":"normal","tenant_id":"0a730bf66290477483bedb11db21043d"}} _log_request_full /root/.rally/verification/verifier-750d54ba-a788-444b-8cb9-78a087ca4e4a/repo/tempest/lib/common/rest_client.py:434
2018-12-01 02:45:05.373 17917 INFO tempest.lib.common.rest_client [req-6c0ffc91-917b-4acc-8dca-cfe0ef332b44 ] Request (TrunkTestJSON:_run_cleanups): 204 DELETE http://172.30.9.40:9696/v2.0/networks/b5ef5065-ce7f-470f-8acc-82735f029ba4 1.809s
2018-12-01 02:45:05.373 17917 DEBUG tempest.lib.common.rest_client [req-6c0ffc91-917b-4acc-8dca-cfe0ef332b44 ] Request - Headers: {'Content-Type': 'application/json', 'Accept': 'application/json', 'X-Auth-Token': ''} Body: None Response - Headers: {'status': '204', u'content-length': '0', 'content-location': 'http://172.30.9.40:9696/v2.0/networks/b5ef5065-ce7f-470f-8acc-82735f029ba4', u'date': 'Sat, 01 Dec 2018 02:45:05 GMT', u'connection': 'close', u'x-openstack-request-id': 'req-6c0ffc91-917b-4acc-8dca-cfe0ef332b44'} Body: _log_request_full /root/.rally/verification/verifier-750d54ba-a788-444b-8cb9-78a087ca4e4a/repo/tempest/lib/common/rest_client.py:434
2018-12-01 02:45:05.413 17913 INFO tempest.lib.common.rest_client [req-21feca04-270e-4f05-9f87-a9acf62ddc48 ] Request (TrunkTestJSON:test_list_trunks): 201 POST http://172.30.9.40:9696/v2.0/trunks 0.390s
2018-12-01 02:45:05.413 17913 DEBUG tempest.lib.common.rest_client [req-21feca04-270e-4f05-9f87-a9acf62ddc48 ] Request - Headers: {'Content-Type': 'application/json', 'Accept': 'application/json', 'X-Auth-Token': ''} Body: {"trunk": {"port_id": "95d2a0b6-5b92-4700-8566-f3ce6ac77f30"}} Response - Headers: {'status': '201', u'content-length': '409', 'content-location': 'http://172.30.9.40:9696/v2.0/trunks', u'date': 'Sat, 01 Dec 2018 02:45:05 GMT', u'content-type': 'application/json', u'connection': 'close', u'x-openstack-request-id': 'req-21feca04-270e-4f05-9f87-a9acf62ddc48'} Body: {"trunk": {"status": "ACTIVE", "sub_ports": [], "name": "", "admin_state_up": true, "tenant_id": "0a730bf66290477483bedb11db21043d", "created_at": "2018-12-01T02:45:05Z", "tags": [], "updated_at": "2018-12-01T02:45:05Z", "revision_number": 1, "project_id": "0a730bf66290477483bedb11db21043d", "port_id": "95d2a0b6-5b92-4700-8566-f3ce6ac77f30", "id": "45a546a9-b91b-4c28-96cc-a277759d0679", "description": ""}} _log_request_full /root/.rally/verification/verifier-750d54ba-a788-444b-8cb9-78a087ca4e4a/repo/tempest/lib/common/rest_client.py:434
2018-12-01 02:45:05.435 17913 INFO tempest.lib.common.rest_client [req-72868f61-1be5-4767-ad2a-fa0bcf8da2a5 ] Request (TrunkTestJSON:test_list_trunks): 200 GET http://172.30.9.40:9696/v2.0/trunks 0.021s
2018-12-01 02:45:05.436 17913 DEBUG tempest.lib.common.rest_client [req-72868f61-1be5-4767-ad2a-fa0bcf8da2a5 ] Request - Headers: {'Content-Type': 'application/json', 'Accept': 'application/json', 'X-Auth-Token': ''} Body: None Response - Headers: {'status': '200', u'content-length': '812', 'content-location': 'http://172.30.9.40:9696/v2.0/trunks', u'date': 'Sat, 01 Dec 2018 02:45:05 GMT', u'content-type': 'application/json', u'connection': 'close', u'x-openstack-request-id': 'req-72868f61-1be5-4767-ad2a-fa0bcf8da2a5'} Body: {"trunks": [{"status": "ACTIVE", "sub_ports": [], "name": "", "admin_state_up": true, "tenant_id": "0a730bf66290477483bedb11db21043d", "created_at": "2018-12-01T02:45:05Z", "tags": [], "updated_at": "2018-12-01T02:45:05Z", "revision_number": 1, "project_id": "0a730bf66290477483bedb11db21043d", "port_id": "95d2a0b6-5b92-4700-8566-f3ce6ac77f30", "id": "45a546a9-b91b-4c28-96cc-a277759d0679", "description": ""}, {"status": "ACTIVE", "sub_ports": [], "name": "", "admin_state_up": true, "tenant_id": "0a730bf66290477483bedb11db21043d", "created_at": "2018-12-01T02:45:03Z", "tags": [], "updated_at": "2018-12-01T02:45:03Z", "revision_number": 1, "project_id": "0a730bf66290477483bedb11db21043d", "port_id": "42fa0be0-e980-43be-85dd-518193f0339b", "id": "d5282d14-0355-4e0c-bef0-ceb4c47ea37c", "description": ""}]} _log_request_full /root/.rally/verification/verifier-750d54ba-a788-444b-8cb9-78a087ca4e4a/repo/tempest/lib/common/rest_client.py:434
2018-12-01 02:45:05.450 17913 INFO tempest.lib.common.rest_client [req-dd643b13-029a-4b21-b30e-f2e5d9b7bb7a ] Request (TrunkTestJSON:_run_cleanups): 404 GET http://172.30.9.40:9696/v2.0/trunks/c6bffe9e-d53a-4001-8696-b3126b802f49/get_subports 0.014s
2018-12-01 02:45:05.451 17913 DEBUG tempest.lib.common.rest_client [req-dd643b13-029a-4b21-b30e-f2e5d9b7bb7a ] Request - Headers: {'Content-Type': 'application/json', 'Accept': 'application/json', 'X-Auth-Token': ''} Body: None Response - Headers: {'status': '404', u'content-length': '134', 'content-location': 'http://172.30.9.40:9696/v2.0/trunks/c6bffe9e-d53a-4001-8696-b3126b802f49/get_subports', u'date': 'Sat, 01 Dec 2018 02:45:05 GMT', u'content-type': 'application/json', u'connection': 'close', u'x-openstack-request-id': 'req-dd643b13-029a-4b21-b30e-f2e5d9b7bb7a'} Body: {"NeutronError": {"message": "Trunk c6bffe9e-d53a-4001-8696-b3126b802f49 could not be found.", "type": "TrunkNotFound", "detail": ""}} _log_request_full /root/.rally/verification/verifier-750d54ba-a788-444b-8cb9-78a087ca4e4a/repo/tempest/lib/common/rest_client.py:434
2018-12-01 02:45:05.472 17913 INFO tempest.lib.common.rest_client [req-1c67d8e1-177e-4a9b-aadf-72bbcb2e9d81 ] Request (TrunkTestJSON:_run_cleanups): 404 DELETE http://172.30.9.40:9696/v2.0/trunks/c6bffe9e-d53a-4001-8696-b3126b802f49 0.021s
2018-12-01 02:45:05.473 17913 DEBUG tempest.lib.common.rest_client [req-1c67d8e1-177e-4a9b-aadf-72bbcb2e9d81 ] Request - Headers: {'Content-Type': 'application/json', 'Accept': 'application/json', 'X-Auth-Token': ''} Body: None Response - Headers: {'status': '404', u'content-length': '134', 'content-location': 'http://172.30.9.40:9696/v2.0/trunks/c6bffe9e-d53a-4001-8696-b3126b802f49', u'date': 'Sat, 01 Dec 2018 02:45:05 GMT', u'content-type': 'application/json', u'connection': 'close', u'x-openstack-request-id': 'req-1c67d8e1-177e-4a9b-aadf-72bbcb2e9d81'} Body: {"NeutronError": {"message": "Trunk c6bffe9e-d53a-4001-8696-b3126b802f49 could not be found.", "type": "TrunkNotFound", "detail": ""}} _log_request_full /root/.rally/verification/verifier-750d54ba-a788-444b-8cb9-78a087ca4e4a/repo/tempest/lib/common/rest_client.py:434
2018-12-01 02:45:05.492 17913 INFO tempest.lib.common.rest_client [req-9ed057d1-3654-4c57-802c-4cd0d16f5ee5 ] Request (TrunkTestJSON:_run_cleanups): 404 GET http://172.30.9.40:9696/v2.0/trunks/7a8cff40-ec0d-43cb-b958-6c4587f841bb/get_subports 0.018s
2018-12-01 02:45:05.492 17913 DEBUG tempest.lib.common.rest_client [req-9ed057d1-3654-4c57-802c-4cd0d16f5ee5 ] Request - Headers: {'Content-Type': 'application/json', 'Accept': 'application/json', 'X-Auth-Token': ''} Body: None Response - Headers: {'status': '404', u'content-length': '134', 'content-location': 'http://172.30.9.40:9696/v2.0/trunks/7a8cff40-ec0d-43cb-b958-6c4587f841bb/get_subports', u'date': 'Sat, 01 Dec 2018 02:45:05 GMT', u'content-type': 'application/json', u'connection': 'close', u'x-openstack-request-id': 'req-9ed057d1-3654-4c57-802c-4cd0d16f5ee5'} Body: {"NeutronError": {"message": "Trunk 7a8cff40-ec0d-43cb-b958-6c4587f841bb could not be found.", "type": "TrunkNotFound", "detail": ""}} _log_request_full /root/.rally/verification/verifier-750d54ba-a788-444b-8cb9-78a087ca4e4a/repo/tempest/lib/common/rest_client.py:434
2018-12-01 02:45:05.501 17917 INFO tempest.lib.common.rest_client [req-0c6e758f-def2-446b-9128-7271cf3e438e ] Request (TrunkTestJSON:test_create_trunk_nonexistent_port_id): 404 POST http://172.30.9.40:9696/v2.0/trunks 0.125s
2018-12-01 02:45:05.501 17917 DEBUG tempest.lib.common.rest_client [req-0c6e758f-def2-446b-9128-7271cf3e438e ] Request - Headers: {'Content-Type': 'application/json', 'Accept': 'application/json', 'X-Auth-Token': ''} Body: {"trunk": {"sub_ports": [], "port_id": "6201790b-da0b-4b78-b2f2-8c483bb4e187"}} Response - Headers: {'status': '404', u'content-length': '132', 'content-location': 'http://172.30.9.40:9696/v2.0/trunks', u'date': 'Sat, 01 Dec 2018 02:45:05 GMT', u'content-type': 'application/json', u'connection': 'close', u'x-openstack-request-id': 'req-0c6e758f-def2-446b-9128-7271cf3e438e'} Body: {"NeutronError": {"message": "Port 6201790b-da0b-4b78-b2f2-8c483bb4e187 could not be found.", "type": "PortNotFound", "detail": ""}} _log_request_full /root/.rally/verification/verifier-750d54ba-a788-444b-8cb9-78a087ca4e4a/repo/tempest/lib/common/rest_client.py:434
2018-12-01 02:45:05.512 17913 INFO tempest.lib.common.rest_client [req-28e39324-8835-45cc-bdac-c17cd2f1fd1c ] Request (TrunkTestJSON:_run_cleanups): 404 DELETE http://172.30.9.40:9696/v2.0/trunks/7a8cff40-ec0d-43cb-b958-6c4587f841bb 0.019s
2018-12-01 02:45:05.513 17913 DEBUG tempest.lib.common.rest_client [req-28e39324-8835-45cc-bdac-c17cd2f1fd1c ] Request - Headers: {'Content-Type': 'application/json', 'Accept': 'application/json', 'X-Auth-Token': ''} Body: None Response - Headers: {'status': '404', u'content-length': '134', 'content-location': 'http://172.30.9.40:9696/v2.0/trunks/7a8cff40-ec0d-43cb-b958-6c4587f841bb', u'date': 'Sat, 01 Dec 2018 02:45:05 GMT', u'content-type': 'application/json', u'connection': 'close', u'x-openstack-request-id': 'req-28e39324-8835-45cc-bdac-c17cd2f1fd1c'} Body: {"NeutronError": {"message": "Trunk 7a8cff40-ec0d-43cb-b958-6c4587f841bb could not be found.", "type": "TrunkNotFound", "detail": ""}} _log_request_full /root/.rally/verification/verifier-750d54ba-a788-444b-8cb9-78a087ca4e4a/repo/tempest/lib/common/rest_client.py:434
2018-12-01 02:45:05.519 17917 INFO tempest.lib.common.rest_client [req-e901cbb4-5eaa-424f-89e6-78e0473412f7 ] Request (TrunkTestJSON:_run_cleanups): 404 GET http://172.30.9.40:9696/v2.0/trunks/67c83167-1dd3-4ac4-a51d-45b776dba9da/get_subports 0.017s
2018-12-01 02:45:05.520 17917 DEBUG tempest.lib.common.rest_client [req-e901cbb4-5eaa-424f-89e6-78e0473412f7 ] Request - Headers: {'Content-Type': 'application/json', 'Accept': 'application/json', 'X-Auth-Token': ''} Body: None Response - Headers: {'status': '404', u'content-length': '134', 'content-location': 'http://172.30.9.40:9696/v2.0/trunks/67c83167-1dd3-4ac4-a51d-45b776dba9da/get_subports', u'date': 'Sat, 01 Dec 2018 02:45:05 GMT', u'content-type': 'application/json', u'connection': 'close', u'x-openstack-request-id': 'req-e901cbb4-5eaa-424f-89e6-78e0473412f7'} Body: {"NeutronError": {"message": "Trunk 67c83167-1dd3-4ac4-a51d-45b776dba9da could not be found.", "type": "TrunkNotFound", "detail": ""}} _log_request_full /root/.rally/verification/verifier-750d54ba-a788-444b-8cb9-78a087ca4e4a/repo/tempest/lib/common/rest_client.py:434
2018-12-01 02:45:05.528 17913 INFO tempest.lib.common.rest_client [req-57e6d4a7-dfd2-47cf-bd39-a1b9638ee01b ] Request (TrunkTestJSON:_run_cleanups): 404 GET http://172.30.9.40:9696/v2.0/trunks/ef188002-a188-49ab-a519-7397050ed60a/get_subports 0.014s
2018-12-01 02:45:05.528 17913 DEBUG tempest.lib.common.rest_client [req-57e6d4a7-dfd2-47cf-bd39-a1b9638ee01b ] Request - Headers: {'Content-Type': 'application/json', 'Accept': 'application/json', 'X-Auth-Token': ''} Body: None Response - Headers: {'status': '404', u'content-length': '134', 'content-location': 'http://172.30.9.40:9696/v2.0/trunks/ef188002-a188-49ab-a519-7397050ed60a/get_subports', u'date': 'Sat, 01 Dec 2018 02:45:05 GMT', u'content-type': 'application/json', u'connection': 'close', u'x-openstack-request-id': 'req-57e6d4a7-dfd2-47cf-bd39-a1b9638ee01b'} Body: {"NeutronError": {"message": "Trunk ef188002-a188-49ab-a519-7397050ed60a could not be found.", "type": "TrunkNotFound", "detail": ""}} _log_request_full /root/.rally/verification/verifier-750d54ba-a788-444b-8cb9-78a087ca4e4a/repo/tempest/lib/common/rest_client.py:434
2018-12-01 02:45:05.542 17917 INFO tempest.lib.common.rest_client [req-275144d8-217e-41d3-875b-caec48e6d05e ] Request (TrunkTestJSON:_run_cleanups): 404 DELETE http://172.30.9.40:9696/v2.0/trunks/67c83167-1dd3-4ac4-a51d-45b776dba9da 0.021s
2018-12-01 02:45:05.542 17917 DEBUG tempest.lib.common.rest_client [req-275144d8-217e-41d3-875b-caec48e6d05e ] Request - Headers: {'Content-Type': 'application/json', 'Accept': 'application/json', 'X-Auth-Token': ''} Body: None Response - Headers: {'status': '404', u'content-length': '134', 'content-location': 'http://172.30.9.40:9696/v2.0/trunks/67c83167-1dd3-4ac4-a51d-45b776dba9da', u'date': 'Sat, 01 Dec 2018 02:45:05 GMT', u'content-type': 'application/json', u'connection': 'close', u'x-openstack-request-id': 'req-275144d8-217e-41d3-875b-caec48e6d05e'} Body: {"NeutronError": {"message": "Trunk 67c83167-1dd3-4ac4-a51d-45b776dba9da could not be found.", "type": "TrunkNotFound", "detail": ""}} _log_request_full /root/.rally/verification/verifier-750d54ba-a788-444b-8cb9-78a087ca4e4a/repo/tempest/lib/common/rest_client.py:434
2018-12-01 02:45:05.544 17913 INFO tempest.lib.common.rest_client [req-f27bacb1-c78f-4ac3-954b-94f009cc0100 ] Request (TrunkTestJSON:_run_cleanups): 404 DELETE http://172.30.9.40:9696/v2.0/trunks/ef188002-a188-49ab-a519-7397050ed60a 0.015s
2018-12-01 02:45:05.545 17913 DEBUG tempest.lib.common.rest_client [req-f27bacb1-c78f-4ac3-954b-94f009cc0100 ] Request - Headers: {'Content-Type': 'application/json', 'Accept': 'application/json', 'X-Auth-Token': ''} Body: None Response - Headers: {'status': '404', u'content-length': '134', 'content-location': 'http://172.30.9.40:9696/v2.0/trunks/ef188002-a188-49ab-a519-7397050ed60a', u'date': 'Sat, 01 Dec 2018 02:45:05 GMT', u'content-type': 'application/json', u'connection': 'close', u'x-openstack-request-id': 'req-f27bacb1-c78f-4ac3-954b-94f009cc0100'} Body: {"NeutronError": {"message": "Trunk ef188002-a188-49ab-a519-7397050ed60a could not be found.", "type": "TrunkNotFound", "detail": ""}} _log_request_full /root/.rally/verification/verifier-750d54ba-a788-444b-8cb9-78a087ca4e4a/repo/tempest/lib/common/rest_client.py:434
2018-12-01 02:45:05.557 17917 INFO tempest.lib.common.rest_client [req-1bdcf46c-80d1-46f1-bde0-cfb75501d131 ] Request (TrunkTestJSON:_run_cleanups): 404 GET http://172.30.9.40:9696/v2.0/trunks/2419d9cd-20be-4da0-bea0-972423c6636f/get_subports 0.014s
2018-12-01 02:45:05.557 17917 DEBUG tempest.lib.common.rest_client [req-1bdcf46c-80d1-46f1-bde0-cfb75501d131 ] Request - Headers: {'Content-Type': 'application/json', 'Accept': 'application/json', 'X-Auth-Token': ''} Body: None Response - Headers: {'status': '404', u'content-length': '134', 'content-location': 'http://172.30.9.40:9696/v2.0/trunks/2419d9cd-20be-4da0-bea0-972423c6636f/get_subports', u'date': 'Sat, 01 Dec 2018 02:45:05 GMT', u'content-type': 'application/json', u'connection': 'close', u'x-openstack-request-id': 'req-1bdcf46c-80d1-46f1-bde0-cfb75501d131'} Body: {"NeutronError": {"message": "Trunk 2419d9cd-20be-4da0-bea0-972423c6636f could not be found.", "type": "TrunkNotFound", "detail": ""}} _log_request_full /root/.rally/verification/verifier-750d54ba-a788-444b-8cb9-78a087ca4e4a/repo/tempest/lib/common/rest_client.py:434
2018-12-01 02:45:05.558 17913 INFO tempest.lib.common.rest_client [req-44e63a13-e998-4c92-80ce-1836d9339474 ] Request (TrunkTestJSON:_run_cleanups): 404 GET http://172.30.9.40:9696/v2.0/trunks/751b2df4-79c9-4d67-a5af-157106a190b9/get_subports 0.012s
2018-12-01 02:45:05.558 17913 DEBUG tempest.lib.common.rest_client [req-44e63a13-e998-4c92-80ce-1836d9339474 ] Request - Headers: {'Content-Type': 'application/json', 'Accept': 'application/json', 'X-Auth-Token': ''} Body: None Response - Headers: {'status': '404', u'content-length': '134', 'content-location': 'http://172.30.9.40:9696/v2.0/trunks/751b2df4-79c9-4d67-a5af-157106a190b9/get_subports', u'date': 'Sat, 01 Dec 2018 02:45:05 GMT', u'content-type': 'application/json', u'connection': 'close', u'x-openstack-request-id': 'req-44e63a13-e998-4c92-80ce-1836d9339474'} Body: {"NeutronError": {"message": "Trunk 751b2df4-79c9-4d67-a5af-157106a190b9 could not be found.", "type": "TrunkNotFound", "detail": ""}} _log_request_full /root/.rally/verification/verifier-750d54ba-a788-444b-8cb9-78a087ca4e4a/repo/tempest/lib/common/rest_client.py:434
2018-12-01 02:45:05.571 17917 INFO tempest.lib.common.rest_client [req-36ed3c7d-cf46-40d2-8ab0-6a7cd024eb73 ] Request (TrunkTestJSON:_run_cleanups): 404 DELETE http://172.30.9.40:9696/v2.0/trunks/2419d9cd-20be-4da0-bea0-972423c6636f 0.013s
2018-12-01 02:45:05.572 17917 DEBUG tempest.lib.common.rest_client [req-36ed3c7d-cf46-40d2-8ab0-6a7cd024eb73 ] Request - Headers: {'Content-Type': 'application/json', 'Accept': 'application/json', 'X-Auth-Token': ''} Body: None Response - Headers: {'status': '404', u'content-length': '134', 'content-location': 'http://172.30.9.40:9696/v2.0/trunks/2419d9cd-20be-4da0-bea0-972423c6636f', u'date': 'Sat, 01 Dec 2018 02:45:05 GMT', u'content-type': 'application/json', u'connection': 'close', u'x-openstack-request-id': 'req-36ed3c7d-cf46-40d2-8ab0-6a7cd024eb73'} Body: {"NeutronError": {"message": "Trunk 2419d9cd-20be-4da0-bea0-972423c6636f could not be found.", "type": "TrunkNotFound", "detail": ""}} _log_request_full /root/.rally/verification/verifier-750d54ba-a788-444b-8cb9-78a087ca4e4a/repo/tempest/lib/common/rest_client.py:434
2018-12-01 02:45:05.574 17913 INFO tempest.lib.common.rest_client [req-c5f836e5-0773-44ef-bccd-35d0ac64667c ] Request (TrunkTestJSON:_run_cleanups): 404 DELETE http://172.30.9.40:9696/v2.0/trunks/751b2df4-79c9-4d67-a5af-157106a190b9 0.015s
2018-12-01 02:45:05.575 17913 DEBUG tempest.lib.common.rest_client [req-c5f836e5-0773-44ef-bccd-35d0ac64667c ] Request - Headers: {'Content-Type': 'application/json', 'Accept': 'application/json', 'X-Auth-Token': ''} Body: None Response - Headers: {'status': '404', u'content-length': '134', 'content-location': 'http://172.30.9.40:9696/v2.0/trunks/751b2df4-79c9-4d67-a5af-157106a190b9', u'date': 'Sat, 01 Dec 2018 02:45:05 GMT', u'content-type': 'application/json', u'connection': 'close', u'x-openstack-request-id': 'req-c5f836e5-0773-44ef-bccd-35d0ac64667c'} Body: {"NeutronError": {"message": "Trunk 751b2df4-79c9-4d67-a5af-157106a190b9 could not be found.", "type": "TrunkNotFound", "detail": ""}} _log_request_full /root/.rally/verification/verifier-750d54ba-a788-444b-8cb9-78a087ca4e4a/repo/tempest/lib/common/rest_client.py:434
2018-12-01 02:45:05.589 17913 INFO tempest.lib.common.rest_client [req-9fec0696-f36f-4f74-b7b7-fca26e861f14 ] Request (TrunkTestJSON:_run_cleanups): 404 GET http://172.30.9.40:9696/v2.0/trunks/4da985c1-01ea-401f-99ef-5e4440080c6d/get_subports 0.013s
2018-12-01 02:45:05.589 17913 DEBUG tempest.lib.common.rest_client [req-9fec0696-f36f-4f74-b7b7-fca26e861f14 ] Request - Headers: {'Content-Type': 'application/json', 'Accept': 'application/json', 'X-Auth-Token': ''} Body: None Response - Headers: {'status': '404', u'content-length': '134', 'content-location': 'http://172.30.9.40:9696/v2.0/trunks/4da985c1-01ea-401f-99ef-5e4440080c6d/get_subports', u'date': 'Sat, 01 Dec 2018 02:45:05 GMT', u'content-type': 'application/json', u'connection': 'close', u'x-openstack-request-id': 'req-9fec0696-f36f-4f74-b7b7-fca26e861f14'} Body: {"NeutronError": {"message": "Trunk 4da985c1-01ea-401f-99ef-5e4440080c6d could not be found.", "type": "TrunkNotFound", "detail": ""}} _log_request_full /root/.rally/verification/verifier-750d54ba-a788-444b-8cb9-78a087ca4e4a/repo/tempest/lib/common/rest_client.py:434
2018-12-01 02:45:05.592 17917 INFO tempest.lib.common.rest_client [req-9fcac13f-edca-459d-bf60-84ad0423ec1a ] Request (TrunkTestJSON:_run_cleanups): 404 GET http://172.30.9.40:9696/v2.0/trunks/b6b231a4-7db1-404e-95a3-909f2ed7c1e9/get_subports 0.019s
2018-12-01 02:45:05.592 17917 DEBUG tempest.lib.common.rest_client [req-9fcac13f-edca-459d-bf60-84ad0423ec1a ] Request - Headers: {'Content-Type': 'application/json', 'Accept': 'application/json', 'X-Auth-Token': ''} Body: None Response - Headers: {'status': '404', u'content-length': '134', 'content-location': 'http://172.30.9.40:9696/v2.0/trunks/b6b231a4-7db1-404e-95a3-909f2ed7c1e9/get_subports', u'date': 'Sat, 01 Dec 2018 02:45:05 GMT', u'content-type': 'application/json', u'connection': 'close', u'x-openstack-request-id': 'req-9fcac13f-edca-459d-bf60-84ad0423ec1a'} Body: {"NeutronError": {"message": "Trunk b6b231a4-7db1-404e-95a3-909f2ed7c1e9 could not be found.", "type": "TrunkNotFound", "detail": ""}} _log_request_full /root/.rally/verification/verifier-750d54ba-a788-444b-8cb9-78a087ca4e4a/repo/tempest/lib/common/rest_client.py:434
2018-12-01 02:45:05.609 17913 INFO tempest.lib.common.rest_client [req-87b24bd6-776a-44ba-aed7-047fb688dfe6 ] Request (TrunkTestJSON:_run_cleanups): 404 DELETE http://172.30.9.40:9696/v2.0/trunks/4da985c1-01ea-401f-99ef-5e4440080c6d 0.019s
2018-12-01 02:45:05.610 17913 DEBUG tempest.lib.common.rest_client [req-87b24bd6-776a-44ba-aed7-047fb688dfe6 ] Request - Headers: {'Content-Type': 'application/json', 'Accept': 'application/json', 'X-Auth-Token': ''} Body: None Response - Headers: {'status': '404', u'content-length': '134', 'content-location': 'http://172.30.9.40:9696/v2.0/trunks/4da985c1-01ea-401f-99ef-5e4440080c6d', u'date': 'Sat, 01 Dec 2018 02:45:05 GMT', u'content-type': 'application/json', u'connection': 'close', u'x-openstack-request-id': 'req-87b24bd6-776a-44ba-aed7-047fb688dfe6'} Body: {"NeutronError": {"message": "Trunk 4da985c1-01ea-401f-99ef-5e4440080c6d could not be found.", "type": "TrunkNotFound", "detail": ""}} _log_request_full /root/.rally/verification/verifier-750d54ba-a788-444b-8cb9-78a087ca4e4a/repo/tempest/lib/common/rest_client.py:434
2018-12-01 02:45:05.614 17917 INFO tempest.lib.common.rest_client [req-81ee81a0-35d6-4461-9f6a-7eb34a6a18ff ] Request (TrunkTestJSON:_run_cleanups): 404 DELETE http://172.30.9.40:9696/v2.0/trunks/b6b231a4-7db1-404e-95a3-909f2ed7c1e9 0.021s
2018-12-01 02:45:05.614 17917 DEBUG tempest.lib.common.rest_client [req-81ee81a0-35d6-4461-9f6a-7eb34a6a18ff ] Request - Headers: {'Content-Type': 'application/json', 'Accept': 'application/json', 'X-Auth-Token': ''} Body: None Response - Headers: {'status': '404', u'content-length': '134', 'content-location': 'http://172.30.9.40:9696/v2.0/trunks/b6b231a4-7db1-404e-95a3-909f2ed7c1e9', u'date': 'Sat, 01 Dec 2018 02:45:05 GMT', u'content-type': 'application/json', u'connection': 'close', u'x-openstack-request-id': 'req-81ee81a0-35d6-4461-9f6a-7eb34a6a18ff'} Body: {"NeutronError": {"message": "Trunk b6b231a4-7db1-404e-95a3-909f2ed7c1e9 could not be found.", "type": "TrunkNotFound", "detail": ""}} _log_request_full /root/.rally/verification/verifier-750d54ba-a788-444b-8cb9-78a087ca4e4a/repo/tempest/lib/common/rest_client.py:434
2018-12-01 02:45:05.623 17913 INFO tempest.lib.common.rest_client [req-c0015e48-22c5-41c3-849e-4d5087b34ab9 ] Request (TrunkTestJSON:_run_cleanups): 404 GET http://172.30.9.40:9696/v2.0/trunks/38a13843-8158-4c91-be4e-1f9435a4e2de/get_subports 0.013s
2018-12-01 02:45:05.623 17913 DEBUG tempest.lib.common.rest_client [req-c0015e48-22c5-41c3-849e-4d5087b34ab9 ] Request - Headers: {'Content-Type': 'application/json', 'Accept': 'application/json', 'X-Auth-Token': ''} Body: None Response - Headers: {'status': '404', u'content-length': '134', 'content-location': 'http://172.30.9.40:9696/v2.0/trunks/38a13843-8158-4c91-be4e-1f9435a4e2de/get_subports', u'date': 'Sat, 01 Dec 2018 02:45:05 GMT', u'content-type': 'application/json', u'connection': 'close', u'x-openstack-request-id': 'req-c0015e48-22c5-41c3-849e-4d5087b34ab9'} Body: {"NeutronError": {"message": "Trunk 38a13843-8158-4c91-be4e-1f9435a4e2de could not be found.", "type": "TrunkNotFound", "detail": ""}} _log_request_full /root/.rally/verification/verifier-750d54ba-a788-444b-8cb9-78a087ca4e4a/repo/tempest/lib/common/rest_client.py:434
2018-12-01 02:45:05.630 17917 INFO tempest.lib.common.rest_client [req-e01f211e-7c12-49f3-b8db-1b9a59294b9b ] Request (TrunkTestJSON:_run_cleanups): 404 GET http://172.30.9.40:9696/v2.0/trunks/3689f66e-8fdb-4345-be85-9ccec6a138b1/get_subports 0.015s
2018-12-01 02:45:05.631 17917 DEBUG tempest.lib.common.rest_client [req-e01f211e-7c12-49f3-b8db-1b9a59294b9b ] Request - Headers: {'Content-Type': 'application/json', 'Accept': 'application/json', 'X-Auth-Token': ''} Body: None Response - Headers: {'status': '404', u'content-length': '134', 'content-location': 'http://172.30.9.40:9696/v2.0/trunks/3689f66e-8fdb-4345-be85-9ccec6a138b1/get_subports', u'date': 'Sat, 01 Dec 2018 02:45:05 GMT', u'content-type': 'application/json', u'connection': 'close', u'x-openstack-request-id': 'req-e01f211e-7c12-49f3-b8db-1b9a59294b9b'} Body: {"NeutronError": {"message": "Trunk 3689f66e-8fdb-4345-be85-9ccec6a138b1 could not be found.", "type": "TrunkNotFound", "detail": ""}} _log_request_full /root/.rally/verification/verifier-750d54ba-a788-444b-8cb9-78a087ca4e4a/repo/tempest/lib/common/rest_client.py:434
2018-12-01 02:45:05.638 17913 INFO tempest.lib.common.rest_client [req-e650d35c-b49e-4c81-8e41-51e02bfa9cf4 ] Request (TrunkTestJSON:_run_cleanups): 404 DELETE http://172.30.9.40:9696/v2.0/trunks/38a13843-8158-4c91-be4e-1f9435a4e2de 0.014s
2018-12-01 02:45:05.639 17913 DEBUG tempest.lib.common.rest_client [req-e650d35c-b49e-4c81-8e41-51e02bfa9cf4 ] Request - Headers: {'Content-Type': 'application/json', 'Accept': 'application/json', 'X-Auth-Token': ''} Body: None Response - Headers: {'status': '404', u'content-length': '134', 'content-location': 'http://172.30.9.40:9696/v2.0/trunks/38a13843-8158-4c91-be4e-1f9435a4e2de', u'date': 'Sat, 01 Dec 2018 02:45:05 GMT', u'content-type': 'application/json', u'connection': 'close', u'x-openstack-request-id': 'req-e650d35c-b49e-4c81-8e41-51e02bfa9cf4'} Body: {"NeutronError": {"message": "Trunk 38a13843-8158-4c91-be4e-1f9435a4e2de could not be found.", "type": "TrunkNotFound", "detail": ""}} _log_request_full /root/.rally/verification/verifier-750d54ba-a788-444b-8cb9-78a087ca4e4a/repo/tempest/lib/common/rest_client.py:434
2018-12-01 02:45:05.646 17917 INFO tempest.lib.common.rest_client [req-e30ee842-fa53-466a-aa6e-c8c823d19e2b ] Request (TrunkTestJSON:_run_cleanups): 404 DELETE http://172.30.9.40:9696/v2.0/trunks/3689f66e-8fdb-4345-be85-9ccec6a138b1 0.014s
2018-12-01 02:45:05.646 17917 DEBUG tempest.lib.common.rest_client [req-e30ee842-fa53-466a-aa6e-c8c823d19e2b ] Request - Headers: {'Content-Type': 'application/json', 'Accept': 'application/json', 'X-Auth-Token': ''} Body: None Response - Headers: {'status': '404', u'content-length': '134', 'content-location': 'http://172.30.9.40:9696/v2.0/trunks/3689f66e-8fdb-4345-be85-9ccec6a138b1', u'date': 'Sat, 01 Dec 2018 02:45:05 GMT', u'content-type': 'application/json', u'connection': 'close', u'x-openstack-request-id': 'req-e30ee842-fa53-466a-aa6e-c8c823d19e2b'} Body: {"NeutronError": {"message": "Trunk 3689f66e-8fdb-4345-be85-9ccec6a138b1 could not be found.", "type": "TrunkNotFound", "detail": ""}} _log_request_full /root/.rally/verification/verifier-750d54ba-a788-444b-8cb9-78a087ca4e4a/repo/tempest/lib/common/rest_client.py:434
2018-12-01 02:45:05.656 17913 INFO tempest.lib.common.rest_client [req-6569932d-5957-4539-ae5b-0888204b4b41 ] Request (TrunkTestJSON:_run_cleanups): 404 GET http://172.30.9.40:9696/v2.0/trunks/42c72518-5781-4ec4-be0e-b96e229d1eb0/get_subports 0.016s
2018-12-01 02:45:05.656 17913 DEBUG tempest.lib.common.rest_client [req-6569932d-5957-4539-ae5b-0888204b4b41 ] Request - Headers: {'Content-Type': 'application/json', 'Accept': 'application/json', 'X-Auth-Token': ''} Body: None Response - Headers: {'status': '404', u'content-length': '134', 'content-location': 'http://172.30.9.40:9696/v2.0/trunks/42c72518-5781-4ec4-be0e-b96e229d1eb0/get_subports', u'date': 'Sat, 01 Dec 2018 02:45:05 GMT', u'content-type': 'application/json', u'connection': 'close', u'x-openstack-request-id': 'req-6569932d-5957-4539-ae5b-0888204b4b41'} Body: {"NeutronError": {"message": "Trunk 42c72518-5781-4ec4-be0e-b96e229d1eb0 could not be found.", "type": "TrunkNotFound", "detail": ""}} _log_request_full /root/.rally/verification/verifier-750d54ba-a788-444b-8cb9-78a087ca4e4a/repo/tempest/lib/common/rest_client.py:434
2018-12-01 02:45:05.659 17917 INFO tempest.lib.common.rest_client [req-92d61043-3e2b-4b40-af85-a168320f1004 ] Request (TrunkTestJSON:_run_cleanups): 404 GET http://172.30.9.40:9696/v2.0/trunks/fde7010d-8fc8-4422-b065-331566a36613/get_subports 0.012s
2018-12-01 02:45:05.660 17917 DEBUG tempest.lib.common.rest_client [req-92d61043-3e2b-4b40-af85-a168320f1004 ] Request - Headers: {'Content-Type': 'application/json', 'Accept': 'application/json', 'X-Auth-Token': ''} Body: None Response - Headers: {'status': '404', u'content-length': '134', 'content-location': 'http://172.30.9.40:9696/v2.0/trunks/fde7010d-8fc8-4422-b065-331566a36613/get_subports', u'date': 'Sat, 01 Dec 2018 02:45:05 GMT', u'content-type': 'application/json', u'connection': 'close', u'x-openstack-request-id': 'req-92d61043-3e2b-4b40-af85-a168320f1004'} Body: {"NeutronError": {"message": "Trunk fde7010d-8fc8-4422-b065-331566a36613 could not be found.", "type": "TrunkNotFound", "detail": ""}} _log_request_full /root/.rally/verification/verifier-750d54ba-a788-444b-8cb9-78a087ca4e4a/repo/tempest/lib/common/rest_client.py:434
2018-12-01 02:45:05.671 17913 INFO tempest.lib.common.rest_client [req-86134bc5-015c-444f-8231-e9932adf7eee ] Request (TrunkTestJSON:_run_cleanups): 404 DELETE http://172.30.9.40:9696/v2.0/trunks/42c72518-5781-4ec4-be0e-b96e229d1eb0 0.015s
2018-12-01 02:45:05.672 17913 DEBUG tempest.lib.common.rest_client [req-86134bc5-015c-444f-8231-e9932adf7eee ] Request - Headers: {'Content-Type': 'application/json', 'Accept': 'application/json', 'X-Auth-Token': ''} Body: None Response - Headers: {'status': '404', u'content-length': '134', 'content-location': 'http://172.30.9.40:9696/v2.0/trunks/42c72518-5781-4ec4-be0e-b96e229d1eb0', u'date': 'Sat, 01 Dec 2018 02:45:05 GMT', u'content-type': 'application/json', u'connection': 'close', u'x-openstack-request-id': 'req-86134bc5-015c-444f-8231-e9932adf7eee'} Body: {"NeutronError": {"message": "Trunk 42c72518-5781-4ec4-be0e-b96e229d1eb0 could not be found.", "type": "TrunkNotFound", "detail": ""}} _log_request_full /root/.rally/verification/verifier-750d54ba-a788-444b-8cb9-78a087ca4e4a/repo/tempest/lib/common/rest_client.py:434
2018-12-01 02:45:05.675 17917 INFO tempest.lib.common.rest_client [req-26dc3e2d-7c82-434b-8386-20d92a65bde7 ] Request (TrunkTestJSON:_run_cleanups): 404 DELETE http://172.30.9.40:9696/v2.0/trunks/fde7010d-8fc8-4422-b065-331566a36613 0.014s
2018-12-01 02:45:05.675 17917 DEBUG tempest.lib.common.rest_client [req-26dc3e2d-7c82-434b-8386-20d92a65bde7 ] Request - Headers: {'Content-Type': 'application/json', 'Accept': 'application/json', 'X-Auth-Token': ''} Body: None Response - Headers: {'status': '404', u'content-length': '134', 'content-location': 'http://172.30.9.40:9696/v2.0/trunks/fde7010d-8fc8-4422-b065-331566a36613', u'date': 'Sat, 01 Dec 2018 02:45:05 GMT', u'content-type': 'application/json', u'connection': 'close', u'x-openstack-request-id': 'req-26dc3e2d-7c82-434b-8386-20d92a65bde7'} Body: {"NeutronError": {"message": "Trunk fde7010d-8fc8-4422-b065-331566a36613 could not be found.", "type": "TrunkNotFound", "detail": ""}} _log_request_full /root/.rally/verification/verifier-750d54ba-a788-444b-8cb9-78a087ca4e4a/repo/tempest/lib/common/rest_client.py:434
2018-12-01 02:45:05.681 17914 INFO tempest.lib.common.rest_client [req-9bb78784-3ab5-45de-861f-4dd912b52c84 ] Request (TrunkTest:test_trunk_subport_lifecycle): 200 GET http://172.30.9.40:9696/v2.0/ports/f3ccc00d-919f-4742-938c-bea467e9197a 0.060s
2018-12-01 02:45:05.681 17914 DEBUG tempest.lib.common.rest_client [req-9bb78784-3ab5-45de-861f-4dd912b52c84 ] Request - Headers: {'Content-Type': 'application/json', 'Accept': 'application/json', 'X-Auth-Token': ''} Body: None Response - Headers: {'status': '200', u'content-length': '672', 'content-location': 'http://172.30.9.40:9696/v2.0/ports/f3ccc00d-919f-4742-938c-bea467e9197a', u'date': 'Sat, 01 Dec 2018 02:45:05 GMT', u'content-type': 'application/json', u'connection': 'close', u'x-openstack-request-id': 'req-9bb78784-3ab5-45de-861f-4dd912b52c84'} Body: {"port":{"allowed_address_pairs":[],"extra_dhcp_opts":[],"updated_at":"2018-12-01T02:45:05Z","device_owner":"","revision_number":9,"port_security_enabled":true,"fixed_ips":[],"id":"f3ccc00d-919f-4742-938c-bea467e9197a","security_groups":["fd776433-0f94-4c06-9772-ac140a213c0e"],"mac_address":"fa:16:3e:53:43:fd","device_id":"","status":"ACTIVE","description":"","tags":[],"dns_assignment":[],"name":"","project_id":"717b52678ad64b529908c98592bf7e6e","qos_policy_id":null,"admin_state_up":true,"network_id":"c66389e9-71be-4ecc-9194-e100a94a1978","dns_name":"","created_at":"2018-12-01T02:44:39Z","binding:vnic_type":"normal","tenant_id":"717b52678ad64b529908c98592bf7e6e"}} _log_request_full /root/.rally/verification/verifier-750d54ba-a788-444b-8cb9-78a087ca4e4a/repo/tempest/lib/common/rest_client.py:434
2018-12-01 02:45:05.685 17913 INFO tempest.lib.common.rest_client [req-83ba3959-1dcb-4228-847f-160fedcceae8 ] Request (TrunkTestJSON:_run_cleanups): 404 GET http://172.30.9.40:9696/v2.0/trunks/a769dcb7-8fd3-4655-80ed-73e88b04d6d1/get_subports 0.012s
2018-12-01 02:45:05.685 17913 DEBUG tempest.lib.common.rest_client [req-83ba3959-1dcb-4228-847f-160fedcceae8 ] Request - Headers: {'Content-Type': 'application/json', 'Accept': 'application/json', 'X-Auth-Token': ''} Body: None Response - Headers: {'status': '404', u'content-length': '134', 'content-location': 'http://172.30.9.40:9696/v2.0/trunks/a769dcb7-8fd3-4655-80ed-73e88b04d6d1/get_subports', u'date': 'Sat, 01 Dec 2018 02:45:05 GMT', u'content-type': 'application/json', u'connection': 'close', u'x-openstack-request-id': 'req-83ba3959-1dcb-4228-847f-160fedcceae8'} Body: {"NeutronError": {"message": "Trunk a769dcb7-8fd3-4655-80ed-73e88b04d6d1 could not be found.", "type": "TrunkNotFound", "detail": ""}} _log_request_full /root/.rally/verification/verifier-750d54ba-a788-444b-8cb9-78a087ca4e4a/repo/tempest/lib/common/rest_client.py:434
2018-12-01 02:45:05.694 17917 INFO tempest.lib.common.rest_client [req-f04fc539-861a-4908-a1a1-96e7078533f3 ] Request (TrunkTestJSON:_run_cleanups): 404 GET http://172.30.9.40:9696/v2.0/trunks/1c87aca6-7d71-4fd3-af35-9c9ce62a4801/get_subports 0.018s
2018-12-01 02:45:05.694 17917 DEBUG tempest.lib.common.rest_client [req-f04fc539-861a-4908-a1a1-96e7078533f3 ] Request - Headers: {'Content-Type': 'application/json', 'Accept': 'application/json', 'X-Auth-Token': ''} Body: None Response - Headers: {'status': '404', u'content-length': '134', 'content-location': 'http://172.30.9.40:9696/v2.0/trunks/1c87aca6-7d71-4fd3-af35-9c9ce62a4801/get_subports', u'date': 'Sat, 01 Dec 2018 02:45:05 GMT', u'content-type': 'application/json', u'connection': 'close', u'x-openstack-request-id': 'req-f04fc539-861a-4908-a1a1-96e7078533f3'} Body: {"NeutronError": {"message": "Trunk 1c87aca6-7d71-4fd3-af35-9c9ce62a4801 could not be found.", "type": "TrunkNotFound", "detail": ""}} _log_request_full /root/.rally/verification/verifier-750d54ba-a788-444b-8cb9-78a087ca4e4a/repo/tempest/lib/common/rest_client.py:434
2018-12-01 02:45:05.703 17913 INFO tempest.lib.common.rest_client [req-8229886a-1143-4234-bb80-571bce7ce7d9 ] Request (TrunkTestJSON:_run_cleanups): 404 DELETE http://172.30.9.40:9696/v2.0/trunks/a769dcb7-8fd3-4655-80ed-73e88b04d6d1 0.017s
2018-12-01 02:45:05.703 17913 DEBUG tempest.lib.common.rest_client [req-8229886a-1143-4234-bb80-571bce7ce7d9 ] Request - Headers: {'Content-Type': 'application/json', 'Accept': 'application/json', 'X-Auth-Token': ''} Body: None Response - Headers: {'status': '404', u'content-length': '134', 'content-location': 'http://172.30.9.40:9696/v2.0/trunks/a769dcb7-8fd3-4655-80ed-73e88b04d6d1', u'date': 'Sat, 01 Dec 2018 02:45:05 GMT', u'content-type': 'application/json', u'connection': 'close', u'x-openstack-request-id': 'req-8229886a-1143-4234-bb80-571bce7ce7d9'} Body: {"NeutronError": {"message": "Trunk a769dcb7-8fd3-4655-80ed-73e88b04d6d1 could not be found.", "type": "TrunkNotFound", "detail": ""}} _log_request_full /root/.rally/verification/verifier-750d54ba-a788-444b-8cb9-78a087ca4e4a/repo/tempest/lib/common/rest_client.py:434
2018-12-01 02:45:05.715 17917 INFO tempest.lib.common.rest_client [req-32a8cbd2-5bc7-4774-80a9-de8c706937de ] Request (TrunkTestJSON:_run_cleanups): 404 DELETE http://172.30.9.40:9696/v2.0/trunks/1c87aca6-7d71-4fd3-af35-9c9ce62a4801 0.019s
2018-12-01 02:45:05.715 17917 DEBUG tempest.lib.common.rest_client [req-32a8cbd2-5bc7-4774-80a9-de8c706937de ] Request - Headers: {'Content-Type': 'application/json', 'Accept': 'application/json', 'X-Auth-Token': ''} Body: None Response - Headers: {'status': '404', u'content-length': '134', 'content-location': 'http://172.30.9.40:9696/v2.0/trunks/1c87aca6-7d71-4fd3-af35-9c9ce62a4801', u'date': 'Sat, 01 Dec 2018 02:45:05 GMT', u'content-type': 'application/json', u'connection': 'close', u'x-openstack-request-id': 'req-32a8cbd2-5bc7-4774-80a9-de8c706937de'} Body: {"NeutronError": {"message": "Trunk 1c87aca6-7d71-4fd3-af35-9c9ce62a4801 could not be found.", "type": "TrunkNotFound", "detail": ""}} _log_request_full /root/.rally/verification/verifier-750d54ba-a788-444b-8cb9-78a087ca4e4a/repo/tempest/lib/common/rest_client.py:434
2018-12-01 02:45:05.724 17914 INFO tempest.lib.common.rest_client [req-facd6995-be99-4256-9487-bf056965c200 ] Request (TrunkTest:test_trunk_subport_lifecycle): 200 GET http://172.30.9.40:9696/v2.0/ports/c5016869-83ee-4b83-9925-379d3a9b15ad 0.042s
2018-12-01 02:45:05.724 17914 DEBUG tempest.lib.common.rest_client [req-facd6995-be99-4256-9487-bf056965c200 ] Request - Headers: {'Content-Type': 'application/json', 'Accept': 'application/json', 'X-Auth-Token': ''} Body: None Response - Headers: {'status': '200', u'content-length': '670', 'content-location': 'http://172.30.9.40:9696/v2.0/ports/c5016869-83ee-4b83-9925-379d3a9b15ad', u'date': 'Sat, 01 Dec 2018 02:45:05 GMT', u'content-type': 'application/json', u'connection': 'close', u'x-openstack-request-id': 'req-facd6995-be99-4256-9487-bf056965c200'} Body: {"port":{"allowed_address_pairs":[],"extra_dhcp_opts":[],"updated_at":"2018-12-01T02:44:49Z","device_owner":"","revision_number":6,"port_security_enabled":true,"fixed_ips":[],"id":"c5016869-83ee-4b83-9925-379d3a9b15ad","security_groups":["fd776433-0f94-4c06-9772-ac140a213c0e"],"mac_address":"fa:16:3e:f5:5b:0a","device_id":"","status":"DOWN","description":"","tags":[],"dns_assignment":[],"name":"","project_id":"717b52678ad64b529908c98592bf7e6e","qos_policy_id":null,"admin_state_up":true,"network_id":"3410b39b-8252-41e2-9e3b-50019e57490a","dns_name":"","created_at":"2018-12-01T02:44:42Z","binding:vnic_type":"normal","tenant_id":"717b52678ad64b529908c98592bf7e6e"}} _log_request_full /root/.rally/verification/verifier-750d54ba-a788-444b-8cb9-78a087ca4e4a/repo/tempest/lib/common/rest_client.py:434
2018-12-01 02:45:05.728 17917 INFO tempest.lib.common.rest_client [req-0faf4449-297d-432c-abbc-d7442c0b5316 ] Request (TrunkTestJSON:_run_cleanups): 404 GET http://172.30.9.40:9696/v2.0/trunks/b18f1615-97b6-44e5-8f18-c248e4f91886/get_subports 0.013s
2018-12-01 02:45:05.729 17917 DEBUG tempest.lib.common.rest_client [req-0faf4449-297d-432c-abbc-d7442c0b5316 ] Request - Headers: {'Content-Type': 'application/json', 'Accept': 'application/json', 'X-Auth-Token': ''} Body: None Response - Headers: {'status': '404', u'content-length': '134', 'content-location': 'http://172.30.9.40:9696/v2.0/trunks/b18f1615-97b6-44e5-8f18-c248e4f91886/get_subports', u'date': 'Sat, 01 Dec 2018 02:45:05 GMT', u'content-type': 'application/json', u'connection': 'close', u'x-openstack-request-id': 'req-0faf4449-297d-432c-abbc-d7442c0b5316'} Body: {"NeutronError": {"message": "Trunk b18f1615-97b6-44e5-8f18-c248e4f91886 could not be found.", "type": "TrunkNotFound", "detail": ""}} _log_request_full /root/.rally/verification/verifier-750d54ba-a788-444b-8cb9-78a087ca4e4a/repo/tempest/lib/common/rest_client.py:434
2018-12-01 02:45:05.735 17913 INFO tempest.lib.common.rest_client [req-3048fd36-41b4-4b9c-8771-f05b7a838f24 ] Request (TrunkTestJSON:_run_cleanups): 200 GET http://172.30.9.40:9696/v2.0/trunks/d5282d14-0355-4e0c-bef0-ceb4c47ea37c/get_subports 0.032s
2018-12-01 02:45:05.736 17913 DEBUG tempest.lib.common.rest_client [req-3048fd36-41b4-4b9c-8771-f05b7a838f24 ] Request - Headers: {'Content-Type': 'application/json', 'Accept': 'application/json', 'X-Auth-Token': ''} Body: None Response - Headers: {'status': '200', u'content-length': '17', 'content-location': 'http://172.30.9.40:9696/v2.0/trunks/d5282d14-0355-4e0c-bef0-ceb4c47ea37c/get_subports', u'date': 'Sat, 01 Dec 2018 02:45:05 GMT', u'content-type': 'application/json', u'connection': 'close', u'x-openstack-request-id': 'req-3048fd36-41b4-4b9c-8771-f05b7a838f24'} Body: {"sub_ports": []} _log_request_full /root/.rally/verification/verifier-750d54ba-a788-444b-8cb9-78a087ca4e4a/repo/tempest/lib/common/rest_client.py:434
2018-12-01 02:45:05.746 17917 INFO tempest.lib.common.rest_client [req-04837c8b-7aa0-49fc-aeb1-4b778997c88f ] Request (TrunkTestJSON:_run_cleanups): 404 DELETE http://172.30.9.40:9696/v2.0/trunks/b18f1615-97b6-44e5-8f18-c248e4f91886 0.016s
2018-12-01 02:45:05.746 17917 DEBUG tempest.lib.common.rest_client [req-04837c8b-7aa0-49fc-aeb1-4b778997c88f ] Request - Headers: {'Content-Type': 'application/json', 'Accept': 'application/json', 'X-Auth-Token': ''} Body: None Response - Headers: {'status': '404', u'content-length': '134', 'content-location': 'http://172.30.9.40:9696/v2.0/trunks/b18f1615-97b6-44e5-8f18-c248e4f91886', u'date': 'Sat, 01 Dec 2018 02:45:05 GMT', u'content-type': 'application/json', u'connection': 'close', u'x-openstack-request-id': 'req-04837c8b-7aa0-49fc-aeb1-4b778997c88f'} Body: {"NeutronError": {"message": "Trunk b18f1615-97b6-44e5-8f18-c248e4f91886 could not be found.", "type": "TrunkNotFound", "detail": ""}} _log_request_full /root/.rally/verification/verifier-750d54ba-a788-444b-8cb9-78a087ca4e4a/repo/tempest/lib/common/rest_client.py:434
2018-12-01 02:45:05.759 17917 INFO tempest.lib.common.rest_client [req-cc162201-e55f-43b4-86a1-2adf6f0af1ec ] Request (TrunkTestJSON:_run_cleanups): 404 GET http://172.30.9.40:9696/v2.0/trunks/67c83167-1dd3-4ac4-a51d-45b776dba9da 0.012s
2018-12-01 02:45:05.760 17917 DEBUG tempest.lib.common.rest_client [req-cc162201-e55f-43b4-86a1-2adf6f0af1ec ] Request - Headers: {'Content-Type': 'application/json', 'Accept': 'application/json', 'X-Auth-Token': ''} Body: None Response - Headers: {'status': '404', u'content-length': '134', 'content-location': 'http://172.30.9.40:9696/v2.0/trunks/67c83167-1dd3-4ac4-a51d-45b776dba9da', u'date': 'Sat, 01 Dec 2018 02:45:05 GMT', u'content-type': 'application/json', u'connection': 'close', u'x-openstack-request-id': 'req-cc162201-e55f-43b4-86a1-2adf6f0af1ec'} Body: {"NeutronError": {"message": "Trunk 67c83167-1dd3-4ac4-a51d-45b776dba9da could not be found.", "type": "TrunkNotFound", "detail": ""}} _log_request_full /root/.rally/verification/verifier-750d54ba-a788-444b-8cb9-78a087ca4e4a/repo/tempest/lib/common/rest_client.py:434
2018-12-01 02:45:05.774 17917 INFO tempest.lib.common.rest_client [req-39388638-4654-400c-962c-c32e6b6b2d93 ] Request (TrunkTestJSON:_run_cleanups): 404 GET http://172.30.9.40:9696/v2.0/trunks/2419d9cd-20be-4da0-bea0-972423c6636f 0.013s
2018-12-01 02:45:05.774 17917 DEBUG tempest.lib.common.rest_client [req-39388638-4654-400c-962c-c32e6b6b2d93 ] Request - Headers: {'Content-Type': 'application/json', 'Accept': 'application/json', 'X-Auth-Token': ''} Body: None Response - Headers: {'status': '404', u'content-length': '134', 'content-location': 'http://172.30.9.40:9696/v2.0/trunks/2419d9cd-20be-4da0-bea0-972423c6636f', u'date': 'Sat, 01 Dec 2018 02:45:05 GMT', u'content-type': 'application/json', u'connection': 'close', u'x-openstack-request-id': 'req-39388638-4654-400c-962c-c32e6b6b2d93'} Body: {"NeutronError": {"message": "Trunk 2419d9cd-20be-4da0-bea0-972423c6636f could not be found.", "type": "TrunkNotFound", "detail": ""}} _log_request_full /root/.rally/verification/verifier-750d54ba-a788-444b-8cb9-78a087ca4e4a/repo/tempest/lib/common/rest_client.py:434
2018-12-01 02:45:05.794 17917 INFO tempest.lib.common.rest_client [req-a689b19f-0566-49aa-a799-05c9d74ee9fd ] Request (TrunkTestJSON:_run_cleanups): 404 GET http://172.30.9.40:9696/v2.0/trunks/b6b231a4-7db1-404e-95a3-909f2ed7c1e9 0.019s
2018-12-01 02:45:05.794 17917 DEBUG tempest.lib.common.rest_client [req-a689b19f-0566-49aa-a799-05c9d74ee9fd ] Request - Headers: {'Content-Type': 'application/json', 'Accept': 'application/json', 'X-Auth-Token': ''} Body: None Response - Headers: {'status': '404', u'content-length': '134', 'content-location': 'http://172.30.9.40:9696/v2.0/trunks/b6b231a4-7db1-404e-95a3-909f2ed7c1e9', u'date': 'Sat, 01 Dec 2018 02:45:05 GMT', u'content-type': 'application/json', u'connection': 'close', u'x-openstack-request-id': 'req-a689b19f-0566-49aa-a799-05c9d74ee9fd'} Body: {"NeutronError": {"message": "Trunk b6b231a4-7db1-404e-95a3-909f2ed7c1e9 could not be found.", "type": "TrunkNotFound", "detail": ""}} _log_request_full /root/.rally/verification/verifier-750d54ba-a788-444b-8cb9-78a087ca4e4a/repo/tempest/lib/common/rest_client.py:434
2018-12-01 02:45:05.813 17917 INFO tempest.lib.common.rest_client [req-43a65494-4270-43f0-a13a-d7b586c0c0b0 ] Request (TrunkTestJSON:_run_cleanups): 404 GET http://172.30.9.40:9696/v2.0/trunks/3689f66e-8fdb-4345-be85-9ccec6a138b1 0.018s
2018-12-01 02:45:05.813 17917 DEBUG tempest.lib.common.rest_client [req-43a65494-4270-43f0-a13a-d7b586c0c0b0 ] Request - Headers: {'Content-Type': 'application/json', 'Accept': 'application/json', 'X-Auth-Token': ''} Body: None Response - Headers: {'status': '404', u'content-length': '134', 'content-location': 'http://172.30.9.40:9696/v2.0/trunks/3689f66e-8fdb-4345-be85-9ccec6a138b1', u'date': 'Sat, 01 Dec 2018 02:45:05 GMT', u'content-type': 'application/json', u'connection': 'close', u'x-openstack-request-id': 'req-43a65494-4270-43f0-a13a-d7b586c0c0b0'} Body: {"NeutronError": {"message": "Trunk 3689f66e-8fdb-4345-be85-9ccec6a138b1 could not be found.", "type": "TrunkNotFound", "detail": ""}} _log_request_full /root/.rally/verification/verifier-750d54ba-a788-444b-8cb9-78a087ca4e4a/repo/tempest/lib/common/rest_client.py:434
2018-12-01 02:45:05.819 17913 INFO tempest.lib.common.rest_client [req-42c5fffd-2c1b-4222-a051-29aa5863f3c6 ] Request (TrunkTestJSON:_run_cleanups): 200 PUT http://172.30.9.40:9696/v2.0/trunks/d5282d14-0355-4e0c-bef0-ceb4c47ea37c/remove_subports 0.082s
