2018-11-14 19:16:51.070 17915 DEBUG tempest.lib.common.rest_client [req-e20cec11-30d6-48b0-9c6e-944127e5bb2b ] Request - Headers: {'Content-Type': 'application/json', 'Accept': 'application/json', 'X-Auth-Token': ''} Body: None Response - Headers: {'status': '404', u'content-length': '132', 'content-location': 'http://172.30.9.28:9696/v2.0/ports/8ca40e5d-5b4f-4e9d-b888-eae96335ca9e', u'date': 'Wed, 14 Nov 2018 19:16:51 GMT', u'content-type': 'application/json', u'connection': 'close', u'x-openstack-request-id': 'req-e20cec11-30d6-48b0-9c6e-944127e5bb2b'} Body: {"NeutronError": {"message": "Port 8ca40e5d-5b4f-4e9d-b888-eae96335ca9e could not be found.", "type": "PortNotFound", "detail": ""}} _log_request_full /root/.rally/verification/verifier-9b2f7aab-e452-4a2f-9c61-d1ee3235ef58/repo/tempest/lib/common/rest_client.py:434
2018-11-14 19:16:51.114 17915 INFO tempest.lib.common.rest_client [req-8fbc0c26-2596-4db1-8d11-b78bd7b28161 ] Request (TrunkTestJSON:_run_cleanups): 404 DELETE http://172.30.9.28:9696/v2.0/ports/5049ec51-15ba-4f1a-9c23-c242a4e383c1 0.043s
2018-11-14 19:16:51.114 17915 DEBUG tempest.lib.common.rest_client [req-8fbc0c26-2596-4db1-8d11-b78bd7b28161 ] Request - Headers: {'Content-Type': 'application/json', 'Accept': 'application/json', 'X-Auth-Token': ''} Body: None Response - Headers: {'status': '404', u'content-length': '132', 'content-location': 'http://172.30.9.28:9696/v2.0/ports/5049ec51-15ba-4f1a-9c23-c242a4e383c1', u'date': 'Wed, 14 Nov 2018 19:16:51 GMT', u'content-type': 'application/json', u'connection': 'close', u'x-openstack-request-id': 'req-8fbc0c26-2596-4db1-8d11-b78bd7b28161'} Body: {"NeutronError": {"message": "Port 5049ec51-15ba-4f1a-9c23-c242a4e383c1 could not be found.", "type": "PortNotFound", "detail": ""}} _log_request_full /root/.rally/verification/verifier-9b2f7aab-e452-4a2f-9c61-d1ee3235ef58/repo/tempest/lib/common/rest_client.py:434
2018-11-14 19:16:51.151 17915 INFO tempest.lib.common.rest_client [req-44bd3099-26b4-4c27-b33c-aa98f77e4553 ] Request (TrunkTestJSON:_run_cleanups): 404 DELETE http://172.30.9.28:9696/v2.0/ports/1f1abfa4-a4e2-4deb-86cd-e67a2fc15260 0.036s
2018-11-14 19:16:51.152 17915 DEBUG tempest.lib.common.rest_client [req-44bd3099-26b4-4c27-b33c-aa98f77e4553 ] Request - Headers: {'Content-Type': 'application/json', 'Accept': 'application/json', 'X-Auth-Token': ''} Body: None Response - Headers: {'status': '404', u'content-length': '132', 'content-location': 'http://172.30.9.28:9696/v2.0/ports/1f1abfa4-a4e2-4deb-86cd-e67a2fc15260', u'date': 'Wed, 14 Nov 2018 19:16:51 GMT', u'content-type': 'application/json', u'connection': 'close', u'x-openstack-request-id': 'req-44bd3099-26b4-4c27-b33c-aa98f77e4553'} Body: {"NeutronError": {"message": "Port 1f1abfa4-a4e2-4deb-86cd-e67a2fc15260 could not be found.", "type": "PortNotFound", "detail": ""}} _log_request_full /root/.rally/verification/verifier-9b2f7aab-e452-4a2f-9c61-d1ee3235ef58/repo/tempest/lib/common/rest_client.py:434
2018-11-14 19:16:51.193 17915 INFO tempest.lib.common.rest_client [req-ac704071-2376-4ce2-9691-da8fffac7fee ] Request (TrunkTestJSON:_run_cleanups): 404 DELETE http://172.30.9.28:9696/v2.0/ports/863ec965-95ac-4850-9aa3-235f28e415e5 0.041s
2018-11-14 19:16:51.194 17915 DEBUG tempest.lib.common.rest_client [req-ac704071-2376-4ce2-9691-da8fffac7fee ] Request - Headers: {'Content-Type': 'application/json', 'Accept': 'application/json', 'X-Auth-Token': ''} Body: None Response - Headers: {'status': '404', u'content-length': '132', 'content-location': 'http://172.30.9.28:9696/v2.0/ports/863ec965-95ac-4850-9aa3-235f28e415e5', u'date': 'Wed, 14 Nov 2018 19:16:51 GMT', u'content-type': 'application/json', u'connection': 'close', u'x-openstack-request-id': 'req-ac704071-2376-4ce2-9691-da8fffac7fee'} Body: {"NeutronError": {"message": "Port 863ec965-95ac-4850-9aa3-235f28e415e5 could not be found.", "type": "PortNotFound", "detail": ""}} _log_request_full /root/.rally/verification/verifier-9b2f7aab-e452-4a2f-9c61-d1ee3235ef58/repo/tempest/lib/common/rest_client.py:434
2018-11-14 19:16:51.229 17911 INFO tempest.lib.common.rest_client [req-bfb45362-d862-4cbd-9a48-0d933fff9c28 ] Request (TrunkTestJSON:_run_cleanups): 404 GET http://172.30.9.28:9696/v2.0/trunks/4622e666-30dd-46b6-a2b0-2880fc6b2726 0.207s
2018-11-14 19:16:51.229 17915 INFO tempest.lib.common.rest_client [req-fe017301-fc66-4ca5-acda-3b44c9d922b6 ] Request (TrunkTestJSON:_run_cleanups): 404 DELETE http://172.30.9.28:9696/v2.0/ports/57794619-2394-4e66-8287-65d8859b9ec4 0.035s
2018-11-14 19:16:51.230 17911 DEBUG tempest.lib.common.rest_client [req-bfb45362-d862-4cbd-9a48-0d933fff9c28 ] Request - Headers: {'Content-Type': 'application/json', 'Accept': 'application/json', 'X-Auth-Token': ''} Body: None Response - Headers: {'status': '404', u'content-length': '134', 'content-location': 'http://172.30.9.28:9696/v2.0/trunks/4622e666-30dd-46b6-a2b0-2880fc6b2726', u'date': 'Wed, 14 Nov 2018 19:16:51 GMT', u'content-type': 'application/json', u'connection': 'close', u'x-openstack-request-id': 'req-bfb45362-d862-4cbd-9a48-0d933fff9c28'} Body: {"NeutronError": {"message": "Trunk 4622e666-30dd-46b6-a2b0-2880fc6b2726 could not be found.", "type": "TrunkNotFound", "detail": ""}} _log_request_full /root/.rally/verification/verifier-9b2f7aab-e452-4a2f-9c61-d1ee3235ef58/repo/tempest/lib/common/rest_client.py:434
2018-11-14 19:16:51.230 17915 DEBUG tempest.lib.common.rest_client [req-fe017301-fc66-4ca5-acda-3b44c9d922b6 ] Request - Headers: {'Content-Type': 'application/json', 'Accept': 'application/json', 'X-Auth-Token': ''} Body: None Response - Headers: {'status': '404', u'content-length': '132', 'content-location': 'http://172.30.9.28:9696/v2.0/ports/57794619-2394-4e66-8287-65d8859b9ec4', u'date': 'Wed, 14 Nov 2018 19:16:51 GMT', u'content-type': 'application/json', u'connection': 'close', u'x-openstack-request-id': 'req-fe017301-fc66-4ca5-acda-3b44c9d922b6'} Body: {"NeutronError": {"message": "Port 57794619-2394-4e66-8287-65d8859b9ec4 could not be found.", "type": "PortNotFound", "detail": ""}} _log_request_full /root/.rally/verification/verifier-9b2f7aab-e452-4a2f-9c61-d1ee3235ef58/repo/tempest/lib/common/rest_client.py:434
2018-11-14 19:16:51.244 17911 INFO tempest.lib.common.rest_client [req-90742483-00e0-4e87-b643-21ff409ca43f ] Request (TrunkTestJSON:_run_cleanups): 404 GET http://172.30.9.28:9696/v2.0/trunks/a8673456-74f7-463e-86a9-b142cbd0984b 0.013s
2018-11-14 19:16:51.244 17911 DEBUG tempest.lib.common.rest_client [req-90742483-00e0-4e87-b643-21ff409ca43f ] Request - Headers: {'Content-Type': 'application/json', 'Accept': 'application/json', 'X-Auth-Token': ''} Body: None Response - Headers: {'status': '404', u'content-length': '134', 'content-location': 'http://172.30.9.28:9696/v2.0/trunks/a8673456-74f7-463e-86a9-b142cbd0984b', u'date': 'Wed, 14 Nov 2018 19:16:51 GMT', u'content-type': 'application/json', u'connection': 'close', u'x-openstack-request-id': 'req-90742483-00e0-4e87-b643-21ff409ca43f'} Body: {"NeutronError": {"message": "Trunk a8673456-74f7-463e-86a9-b142cbd0984b could not be found.", "type": "TrunkNotFound", "detail": ""}} _log_request_full /root/.rally/verification/verifier-9b2f7aab-e452-4a2f-9c61-d1ee3235ef58/repo/tempest/lib/common/rest_client.py:434
2018-11-14 19:16:51.259 17911 INFO tempest.lib.common.rest_client [req-11e6c517-d510-4ae3-a99c-5d1197792530 ] Request (TrunkTestJSON:_run_cleanups): 404 GET http://172.30.9.28:9696/v2.0/trunks/92af09bf-d2b1-4ed3-94b7-15f33fed00b9 0.013s
2018-11-14 19:16:51.259 17911 DEBUG tempest.lib.common.rest_client [req-11e6c517-d510-4ae3-a99c-5d1197792530 ] Request - Headers: {'Content-Type': 'application/json', 'Accept': 'application/json', 'X-Auth-Token': ''} Body: None Response - Headers: {'status': '404', u'content-length': '134', 'content-location': 'http://172.30.9.28:9696/v2.0/trunks/92af09bf-d2b1-4ed3-94b7-15f33fed00b9', u'date': 'Wed, 14 Nov 2018 19:16:51 GMT', u'content-type': 'application/json', u'connection': 'close', u'x-openstack-request-id': 'req-11e6c517-d510-4ae3-a99c-5d1197792530'} Body: {"NeutronError": {"message": "Trunk 92af09bf-d2b1-4ed3-94b7-15f33fed00b9 could not be found.", "type": "TrunkNotFound", "detail": ""}} _log_request_full /root/.rally/verification/verifier-9b2f7aab-e452-4a2f-9c61-d1ee3235ef58/repo/tempest/lib/common/rest_client.py:434
2018-11-14 19:16:51.261 17915 INFO tempest.lib.common.rest_client [req-0f96e97e-fa27-4ba7-9ad0-bc9d403af275 ] Request (TrunkTestJSON:_run_cleanups): 404 DELETE http://172.30.9.28:9696/v2.0/ports/4de713dd-2e03-4846-bc37-1d4c2644710a 0.029s
2018-11-14 19:16:51.261 17915 DEBUG tempest.lib.common.rest_client [req-0f96e97e-fa27-4ba7-9ad0-bc9d403af275 ] Request - Headers: {'Content-Type': 'application/json', 'Accept': 'application/json', 'X-Auth-Token': ''} Body: None Response - Headers: {'status': '404', u'content-length': '132', 'content-location': 'http://172.30.9.28:9696/v2.0/ports/4de713dd-2e03-4846-bc37-1d4c2644710a', u'date': 'Wed, 14 Nov 2018 19:16:51 GMT', u'content-type': 'application/json', u'connection': 'close', u'x-openstack-request-id': 'req-0f96e97e-fa27-4ba7-9ad0-bc9d403af275'} Body: {"NeutronError": {"message": "Port 4de713dd-2e03-4846-bc37-1d4c2644710a could not be found.", "type": "PortNotFound", "detail": ""}} _log_request_full /root/.rally/verification/verifier-9b2f7aab-e452-4a2f-9c61-d1ee3235ef58/repo/tempest/lib/common/rest_client.py:434
2018-11-14 19:16:51.291 17911 INFO tempest.lib.common.rest_client [req-91636696-b191-4835-959c-b093a3d91a26 ] Request (TrunkTestJSON:_run_cleanups): 404 DELETE http://172.30.9.28:9696/v2.0/ports/07bef181-bc17-4ba6-a21b-7e3648203567 0.031s
2018-11-14 19:16:51.291 17911 DEBUG tempest.lib.common.rest_client [req-91636696-b191-4835-959c-b093a3d91a26 ] Request - Headers: {'Content-Type': 'application/json', 'Accept': 'application/json', 'X-Auth-Token': ''} Body: None Response - Headers: {'status': '404', u'content-length': '132', 'content-location': 'http://172.30.9.28:9696/v2.0/ports/07bef181-bc17-4ba6-a21b-7e3648203567', u'date': 'Wed, 14 Nov 2018 19:16:51 GMT', u'content-type': 'application/json', u'connection': 'close', u'x-openstack-request-id': 'req-91636696-b191-4835-959c-b093a3d91a26'} Body: {"NeutronError": {"message": "Port 07bef181-bc17-4ba6-a21b-7e3648203567 could not be found.", "type": "PortNotFound", "detail": ""}} _log_request_full /root/.rally/verification/verifier-9b2f7aab-e452-4a2f-9c61-d1ee3235ef58/repo/tempest/lib/common/rest_client.py:434
2018-11-14 19:16:51.293 17915 INFO tempest.lib.common.rest_client [req-e129faf2-a3f8-4e52-b71d-3f8d667fe5ab ] Request (TrunkTestJSON:_run_cleanups): 404 DELETE http://172.30.9.28:9696/v2.0/ports/9b3336e9-8369-4311-aa6f-e888ab64d0de 0.031s
2018-11-14 19:16:51.293 17915 DEBUG tempest.lib.common.rest_client [req-e129faf2-a3f8-4e52-b71d-3f8d667fe5ab ] Request - Headers: {'Content-Type': 'application/json', 'Accept': 'application/json', 'X-Auth-Token': ''} Body: None Response - Headers: {'status': '404', u'content-length': '132', 'content-location': 'http://172.30.9.28:9696/v2.0/ports/9b3336e9-8369-4311-aa6f-e888ab64d0de', u'date': 'Wed, 14 Nov 2018 19:16:51 GMT', u'content-type': 'application/json', u'connection': 'close', u'x-openstack-request-id': 'req-e129faf2-a3f8-4e52-b71d-3f8d667fe5ab'} Body: {"NeutronError": {"message": "Port 9b3336e9-8369-4311-aa6f-e888ab64d0de could not be found.", "type": "PortNotFound", "detail": ""}} _log_request_full /root/.rally/verification/verifier-9b2f7aab-e452-4a2f-9c61-d1ee3235ef58/repo/tempest/lib/common/rest_client.py:434
2018-11-14 19:16:51.322 17915 INFO tempest.lib.common.rest_client [req-35d62dee-baa6-4d94-ab25-011e616bc085 ] Request (TrunkTestJSON:_run_cleanups): 404 DELETE http://172.30.9.28:9696/v2.0/ports/50064333-3b9d-4608-a283-3500dd1d11b2 0.028s
2018-11-14 19:16:51.323 17911 INFO tempest.lib.common.rest_client [req-5b9d690b-2fc7-470b-ad5a-ebf0245885fd ] Request (TrunkTestJSON:_run_cleanups): 404 DELETE http://172.30.9.28:9696/v2.0/ports/3514dbea-61bb-42ae-8986-8bbdaa22a2d9 0.030s
2018-11-14 19:16:51.323 17915 DEBUG tempest.lib.common.rest_client [req-35d62dee-baa6-4d94-ab25-011e616bc085 ] Request - Headers: {'Content-Type': 'application/json', 'Accept': 'application/json', 'X-Auth-Token': ''} Body: None Response - Headers: {'status': '404', u'content-length': '132', 'content-location': 'http://172.30.9.28:9696/v2.0/ports/50064333-3b9d-4608-a283-3500dd1d11b2', u'date': 'Wed, 14 Nov 2018 19:16:51 GMT', u'content-type': 'application/json', u'connection': 'close', u'x-openstack-request-id': 'req-35d62dee-baa6-4d94-ab25-011e616bc085'} Body: {"NeutronError": {"message": "Port 50064333-3b9d-4608-a283-3500dd1d11b2 could not be found.", "type": "PortNotFound", "detail": ""}} _log_request_full /root/.rally/verification/verifier-9b2f7aab-e452-4a2f-9c61-d1ee3235ef58/repo/tempest/lib/common/rest_client.py:434
2018-11-14 19:16:51.323 17911 DEBUG tempest.lib.common.rest_client [req-5b9d690b-2fc7-470b-ad5a-ebf0245885fd ] Request - Headers: {'Content-Type': 'application/json', 'Accept': 'application/json', 'X-Auth-Token': ''} Body: None Response - Headers: {'status': '404', u'content-length': '132', 'content-location': 'http://172.30.9.28:9696/v2.0/ports/3514dbea-61bb-42ae-8986-8bbdaa22a2d9', u'date': 'Wed, 14 Nov 2018 19:16:51 GMT', u'content-type': 'application/json', u'connection': 'close', u'x-openstack-request-id': 'req-5b9d690b-2fc7-470b-ad5a-ebf0245885fd'} Body: {"NeutronError": {"message": "Port 3514dbea-61bb-42ae-8986-8bbdaa22a2d9 could not be found.", "type": "PortNotFound", "detail": ""}} _log_request_full /root/.rally/verification/verifier-9b2f7aab-e452-4a2f-9c61-d1ee3235ef58/repo/tempest/lib/common/rest_client.py:434
2018-11-14 19:16:51.355 17915 INFO tempest.lib.common.rest_client [req-bb0e8df3-a9f6-4508-9318-24e01d20ac09 ] Request (TrunkTestJSON:_run_cleanups): 404 DELETE http://172.30.9.28:9696/v2.0/ports/4d789ea2-8884-4703-8062-4c48adbea607 0.031s
2018-11-14 19:16:51.355 17915 DEBUG tempest.lib.common.rest_client [req-bb0e8df3-a9f6-4508-9318-24e01d20ac09 ] Request - Headers: {'Content-Type': 'application/json', 'Accept': 'application/json', 'X-Auth-Token': ''} Body: None Response - Headers: {'status': '404', u'content-length': '132', 'content-location': 'http://172.30.9.28:9696/v2.0/ports/4d789ea2-8884-4703-8062-4c48adbea607', u'date': 'Wed, 14 Nov 2018 19:16:51 GMT', u'content-type': 'application/json', u'connection': 'close', u'x-openstack-request-id': 'req-bb0e8df3-a9f6-4508-9318-24e01d20ac09'} Body: {"NeutronError": {"message": "Port 4d789ea2-8884-4703-8062-4c48adbea607 could not be found.", "type": "PortNotFound", "detail": ""}} _log_request_full /root/.rally/verification/verifier-9b2f7aab-e452-4a2f-9c61-d1ee3235ef58/repo/tempest/lib/common/rest_client.py:434
2018-11-14 19:16:51.356 17911 INFO tempest.lib.common.rest_client [req-5667ff39-c574-4e5e-aeee-eca687d99270 ] Request (TrunkTestJSON:_run_cleanups): 404 DELETE http://172.30.9.28:9696/v2.0/ports/9dd75b63-109d-454d-9d2e-bd9c684863dd 0.032s
2018-11-14 19:16:51.356 17911 DEBUG tempest.lib.common.rest_client [req-5667ff39-c574-4e5e-aeee-eca687d99270 ] Request - Headers: {'Content-Type': 'application/json', 'Accept': 'application/json', 'X-Auth-Token': ''} Body: None Response - Headers: {'status': '404', u'content-length': '132', 'content-location': 'http://172.30.9.28:9696/v2.0/ports/9dd75b63-109d-454d-9d2e-bd9c684863dd', u'date': 'Wed, 14 Nov 2018 19:16:51 GMT', u'content-type': 'application/json', u'connection': 'close', u'x-openstack-request-id': 'req-5667ff39-c574-4e5e-aeee-eca687d99270'} Body: {"NeutronError": {"message": "Port 9dd75b63-109d-454d-9d2e-bd9c684863dd could not be found.", "type": "PortNotFound", "detail": ""}} _log_request_full /root/.rally/verification/verifier-9b2f7aab-e452-4a2f-9c61-d1ee3235ef58/repo/tempest/lib/common/rest_client.py:434
2018-11-14 19:16:51.385 17911 INFO tempest.lib.common.rest_client [req-0010a2c5-471c-47c2-93bf-d71b9be99a3c ] Request (TrunkTestJSON:_run_cleanups): 404 DELETE http://172.30.9.28:9696/v2.0/ports/1cbdfb45-3059-48d7-b3b5-efe24dc7b194 0.028s
2018-11-14 19:16:51.385 17911 DEBUG tempest.lib.common.rest_client [req-0010a2c5-471c-47c2-93bf-d71b9be99a3c ] Request - Headers: {'Content-Type': 'application/json', 'Accept': 'application/json', 'X-Auth-Token': ''} Body: None Response - Headers: {'status': '404', u'content-length': '132', 'content-location': 'http://172.30.9.28:9696/v2.0/ports/1cbdfb45-3059-48d7-b3b5-efe24dc7b194', u'date': 'Wed, 14 Nov 2018 19:16:51 GMT', u'content-type': 'application/json', u'connection': 'close', u'x-openstack-request-id': 'req-0010a2c5-471c-47c2-93bf-d71b9be99a3c'} Body: {"NeutronError": {"message": "Port 1cbdfb45-3059-48d7-b3b5-efe24dc7b194 could not be found.", "type": "PortNotFound", "detail": ""}} _log_request_full /root/.rally/verification/verifier-9b2f7aab-e452-4a2f-9c61-d1ee3235ef58/repo/tempest/lib/common/rest_client.py:434
2018-11-14 19:16:51.418 17911 INFO tempest.lib.common.rest_client [req-84bcd398-ed17-42bc-a02d-95f867afe48f ] Request (TrunkTestJSON:_run_cleanups): 404 DELETE http://172.30.9.28:9696/v2.0/ports/39d9edcc-42ee-46a9-b55f-ecdcd67780eb 0.032s
2018-11-14 19:16:51.418 17911 DEBUG tempest.lib.common.rest_client [req-84bcd398-ed17-42bc-a02d-95f867afe48f ] Request - Headers: {'Content-Type': 'application/json', 'Accept': 'application/json', 'X-Auth-Token': ''} Body: None Response - Headers: {'status': '404', u'content-length': '132', 'content-location': 'http://172.30.9.28:9696/v2.0/ports/39d9edcc-42ee-46a9-b55f-ecdcd67780eb', u'date': 'Wed, 14 Nov 2018 19:16:51 GMT', u'content-type': 'application/json', u'connection': 'close', u'x-openstack-request-id': 'req-84bcd398-ed17-42bc-a02d-95f867afe48f'} Body: {"NeutronError": {"message": "Port 39d9edcc-42ee-46a9-b55f-ecdcd67780eb could not be found.", "type": "PortNotFound", "detail": ""}} _log_request_full /root/.rally/verification/verifier-9b2f7aab-e452-4a2f-9c61-d1ee3235ef58/repo/tempest/lib/common/rest_client.py:434
2018-11-14 19:16:51.461 17911 INFO tempest.lib.common.rest_client [req-829ef596-336a-4987-9b0b-53e691e5003d ] Request (TrunkTestJSON:_run_cleanups): 404 DELETE http://172.30.9.28:9696/v2.0/ports/4dc24bfe-1d66-47f4-b93d-a7ba7094a02e 0.041s
2018-11-14 19:16:51.461 17911 DEBUG tempest.lib.common.rest_client [req-829ef596-336a-4987-9b0b-53e691e5003d ] Request - Headers: {'Content-Type': 'application/json', 'Accept': 'application/json', 'X-Auth-Token': ''} Body: None Response - Headers: {'status': '404', u'content-length': '132', 'content-location': 'http://172.30.9.28:9696/v2.0/ports/4dc24bfe-1d66-47f4-b93d-a7ba7094a02e', u'date': 'Wed, 14 Nov 2018 19:16:51 GMT', u'content-type': 'application/json', u'connection': 'close', u'x-openstack-request-id': 'req-829ef596-336a-4987-9b0b-53e691e5003d'} Body: {"NeutronError": {"message": "Port 4dc24bfe-1d66-47f4-b93d-a7ba7094a02e could not be found.", "type": "PortNotFound", "detail": ""}} _log_request_full /root/.rally/verification/verifier-9b2f7aab-e452-4a2f-9c61-d1ee3235ef58/repo/tempest/lib/common/rest_client.py:434
2018-11-14 19:16:51.494 17911 INFO tempest.lib.common.rest_client [req-a18c10e0-4e21-448f-bc84-ba960d91b7be ] Request (TrunkTestJSON:_run_cleanups): 404 DELETE http://172.30.9.28:9696/v2.0/ports/0e82fda4-c826-4a03-b4fd-af21fda3c772 0.032s
2018-11-14 19:16:51.494 17911 DEBUG tempest.lib.common.rest_client [req-a18c10e0-4e21-448f-bc84-ba960d91b7be ] Request - Headers: {'Content-Type': 'application/json', 'Accept': 'application/json', 'X-Auth-Token': ''} Body: None Response - Headers: {'status': '404', u'content-length': '132', 'content-location': 'http://172.30.9.28:9696/v2.0/ports/0e82fda4-c826-4a03-b4fd-af21fda3c772', u'date': 'Wed, 14 Nov 2018 19:16:51 GMT', u'content-type': 'application/json', u'connection': 'close', u'x-openstack-request-id': 'req-a18c10e0-4e21-448f-bc84-ba960d91b7be'} Body: {"NeutronError": {"message": "Port 0e82fda4-c826-4a03-b4fd-af21fda3c772 could not be found.", "type": "PortNotFound", "detail": ""}} _log_request_full /root/.rally/verification/verifier-9b2f7aab-e452-4a2f-9c61-d1ee3235ef58/repo/tempest/lib/common/rest_client.py:434
2018-11-14 19:16:51.525 17911 INFO tempest.lib.common.rest_client [req-a92d5463-ef9b-4d55-b58f-944ab6dfc9ca ] Request (TrunkTestJSON:_run_cleanups): 404 DELETE http://172.30.9.28:9696/v2.0/ports/8521e5c8-3a8d-4622-8432-c8d9429369f1 0.030s
2018-11-14 19:16:51.525 17911 DEBUG tempest.lib.common.rest_client [req-a92d5463-ef9b-4d55-b58f-944ab6dfc9ca ] Request - Headers: {'Content-Type': 'application/json', 'Accept': 'application/json', 'X-Auth-Token': ''} Body: None Response - Headers: {'status': '404', u'content-length': '132', 'content-location': 'http://172.30.9.28:9696/v2.0/ports/8521e5c8-3a8d-4622-8432-c8d9429369f1', u'date': 'Wed, 14 Nov 2018 19:16:51 GMT', u'content-type': 'application/json', u'connection': 'close', u'x-openstack-request-id': 'req-a92d5463-ef9b-4d55-b58f-944ab6dfc9ca'} Body: {"NeutronError": {"message": "Port 8521e5c8-3a8d-4622-8432-c8d9429369f1 could not be found.", "type": "PortNotFound", "detail": ""}} _log_request_full /root/.rally/verification/verifier-9b2f7aab-e452-4a2f-9c61-d1ee3235ef58/repo/tempest/lib/common/rest_client.py:434
2018-11-14 19:16:51.563 17911 INFO tempest.lib.common.rest_client [req-96c69da8-3ed4-45de-a87c-aa56ada39f7f ] Request (TrunkTestJSON:_run_cleanups): 404 DELETE http://172.30.9.28:9696/v2.0/ports/02f74d27-53fa-4749-acb1-147f1aa1bf8c 0.036s
2018-11-14 19:16:51.563 17911 DEBUG tempest.lib.common.rest_client [req-96c69da8-3ed4-45de-a87c-aa56ada39f7f ] Request - Headers: {'Content-Type': 'application/json', 'Accept': 'application/json', 'X-Auth-Token': ''} Body: None Response - Headers: {'status': '404', u'content-length': '132', 'content-location': 'http://172.30.9.28:9696/v2.0/ports/02f74d27-53fa-4749-acb1-147f1aa1bf8c', u'date': 'Wed, 14 Nov 2018 19:16:51 GMT', u'content-type': 'application/json', u'connection': 'close', u'x-openstack-request-id': 'req-96c69da8-3ed4-45de-a87c-aa56ada39f7f'} Body: {"NeutronError": {"message": "Port 02f74d27-53fa-4749-acb1-147f1aa1bf8c could not be found.", "type": "PortNotFound", "detail": ""}} _log_request_full /root/.rally/verification/verifier-9b2f7aab-e452-4a2f-9c61-d1ee3235ef58/repo/tempest/lib/common/rest_client.py:434
2018-11-14 19:16:51.594 17911 INFO tempest.lib.common.rest_client [req-e8ac3f61-8928-4bda-b2ef-a81e737d1e74 ] Request (TrunkTestJSON:_run_cleanups): 404 DELETE http://172.30.9.28:9696/v2.0/ports/3f5a8881-8de2-4658-8033-d8582f4225b7 0.030s
2018-11-14 19:16:51.595 17911 DEBUG tempest.lib.common.rest_client [req-e8ac3f61-8928-4bda-b2ef-a81e737d1e74 ] Request - Headers: {'Content-Type': 'application/json', 'Accept': 'application/json', 'X-Auth-Token': ''} Body: None Response - Headers: {'status': '404', u'content-length': '132', 'content-location': 'http://172.30.9.28:9696/v2.0/ports/3f5a8881-8de2-4658-8033-d8582f4225b7', u'date': 'Wed, 14 Nov 2018 19:16:51 GMT', u'content-type': 'application/json', u'connection': 'close', u'x-openstack-request-id': 'req-e8ac3f61-8928-4bda-b2ef-a81e737d1e74'} Body: {"NeutronError": {"message": "Port 3f5a8881-8de2-4658-8033-d8582f4225b7 could not be found.", "type": "PortNotFound", "detail": ""}} _log_request_full /root/.rally/verification/verifier-9b2f7aab-e452-4a2f-9c61-d1ee3235ef58/repo/tempest/lib/common/rest_client.py:434
2018-11-14 19:16:51.624 17911 INFO tempest.lib.common.rest_client [req-4e9f5c1d-a209-481c-bcfa-760a08a78f38 ] Request (TrunkTestJSON:_run_cleanups): 404 DELETE http://172.30.9.28:9696/v2.0/ports/510745a8-80ac-4f33-b742-0c8afb36916a 0.028s
2018-11-14 19:16:51.624 17911 DEBUG tempest.lib.common.rest_client [req-4e9f5c1d-a209-481c-bcfa-760a08a78f38 ] Request - Headers: {'Content-Type': 'application/json', 'Accept': 'application/json', 'X-Auth-Token': ''} Body: None Response - Headers: {'status': '404', u'content-length': '132', 'content-location': 'http://172.30.9.28:9696/v2.0/ports/510745a8-80ac-4f33-b742-0c8afb36916a', u'date': 'Wed, 14 Nov 2018 19:16:51 GMT', u'content-type': 'application/json', u'connection': 'close', u'x-openstack-request-id': 'req-4e9f5c1d-a209-481c-bcfa-760a08a78f38'} Body: {"NeutronError": {"message": "Port 510745a8-80ac-4f33-b742-0c8afb36916a could not be found.", "type": "PortNotFound", "detail": ""}} _log_request_full /root/.rally/verification/verifier-9b2f7aab-e452-4a2f-9c61-d1ee3235ef58/repo/tempest/lib/common/rest_client.py:434
2018-11-14 19:16:51.671 17911 INFO tempest.lib.common.rest_client [req-f2b3c657-a890-4c20-b958-9dd8cb60b10f ] Request (TrunkTestJSON:_run_cleanups): 404 DELETE http://172.30.9.28:9696/v2.0/ports/fd451c34-ed31-4e0f-84e7-1ee776d955c6 0.046s
2018-11-14 19:16:51.671 17911 DEBUG tempest.lib.common.rest_client [req-f2b3c657-a890-4c20-b958-9dd8cb60b10f ] Request - Headers: {'Content-Type': 'application/json', 'Accept': 'application/json', 'X-Auth-Token': ''} Body: None Response - Headers: {'status': '404', u'content-length': '132', 'content-location': 'http://172.30.9.28:9696/v2.0/ports/fd451c34-ed31-4e0f-84e7-1ee776d955c6', u'date': 'Wed, 14 Nov 2018 19:16:51 GMT', u'content-type': 'application/json', u'connection': 'close', u'x-openstack-request-id': 'req-f2b3c657-a890-4c20-b958-9dd8cb60b10f'} Body: {"NeutronError": {"message": "Port fd451c34-ed31-4e0f-84e7-1ee776d955c6 could not be found.", "type": "PortNotFound", "detail": ""}} _log_request_full /root/.rally/verification/verifier-9b2f7aab-e452-4a2f-9c61-d1ee3235ef58/repo/tempest/lib/common/rest_client.py:434
2018-11-14 19:16:51.701 17911 INFO tempest.lib.common.rest_client [req-59c6b167-6f47-4b51-bc0a-683b784f08cb ] Request (TrunkTestJSON:_run_cleanups): 404 DELETE http://172.30.9.28:9696/v2.0/ports/ea5237be-c07b-4cac-9144-af5331de19ad 0.028s
2018-11-14 19:16:51.701 17911 DEBUG tempest.lib.common.rest_client [req-59c6b167-6f47-4b51-bc0a-683b784f08cb ] Request - Headers: {'Content-Type': 'application/json', 'Accept': 'application/json', 'X-Auth-Token': ''} Body: None Response - Headers: {'status': '404', u'content-length': '132', 'content-location': 'http://172.30.9.28:9696/v2.0/ports/ea5237be-c07b-4cac-9144-af5331de19ad', u'date': 'Wed, 14 Nov 2018 19:16:51 GMT', u'content-type': 'application/json', u'connection': 'close', u'x-openstack-request-id': 'req-59c6b167-6f47-4b51-bc0a-683b784f08cb'} Body: {"NeutronError": {"message": "Port ea5237be-c07b-4cac-9144-af5331de19ad could not be found.", "type": "PortNotFound", "detail": ""}} _log_request_full /root/.rally/verification/verifier-9b2f7aab-e452-4a2f-9c61-d1ee3235ef58/repo/tempest/lib/common/rest_client.py:434
2018-11-14 19:16:51.914 17915 INFO tempest.lib.common.rest_client [req-0cc60fd6-be1d-4301-a74d-e12a8d25c561 ] Request (TrunkTestJSON:_run_cleanups): 204 DELETE http://172.30.9.28:9696/v2.0/ports/df5d21f7-1ace-4747-bfb2-3075f421b383 0.558s
2018-11-14 19:16:51.914 17915 DEBUG tempest.lib.common.rest_client [req-0cc60fd6-be1d-4301-a74d-e12a8d25c561 ] Request - Headers: {'Content-Type': 'application/json', 'Accept': 'application/json', 'X-Auth-Token': ''} Body: None Response - Headers: {'status': '204', u'content-length': '0', 'content-location': 'http://172.30.9.28:9696/v2.0/ports/df5d21f7-1ace-4747-bfb2-3075f421b383', u'date': 'Wed, 14 Nov 2018 19:16:51 GMT', u'connection': 'close', u'x-openstack-request-id': 'req-0cc60fd6-be1d-4301-a74d-e12a8d25c561'} Body: _log_request_full /root/.rally/verification/verifier-9b2f7aab-e452-4a2f-9c61-d1ee3235ef58/repo/tempest/lib/common/rest_client.py:434
2018-11-14 19:16:51.938 17915 INFO tempest.lib.common.rest_client [req-e9845b4c-7a5f-4869-82ca-64ae1afb83ee ] Request (TrunkTestJSON:_run_cleanups): 404 DELETE http://172.30.9.28:9696/v2.0/networks/c365da30-ac10-45f4-a995-3c033fcdbcc2 0.023s
2018-11-14 19:16:51.938 17915 DEBUG tempest.lib.common.rest_client [req-e9845b4c-7a5f-4869-82ca-64ae1afb83ee ] Request - Headers: {'Content-Type': 'application/json', 'Accept': 'application/json', 'X-Auth-Token': ''} Body: None Response - Headers: {'status': '404', u'content-length': '138', 'content-location': 'http://172.30.9.28:9696/v2.0/networks/c365da30-ac10-45f4-a995-3c033fcdbcc2', u'date': 'Wed, 14 Nov 2018 19:16:51 GMT', u'content-type': 'application/json', u'connection': 'close', u'x-openstack-request-id': 'req-e9845b4c-7a5f-4869-82ca-64ae1afb83ee'} Body: {"NeutronError": {"message": "Network c365da30-ac10-45f4-a995-3c033fcdbcc2 could not be found.", "type": "NetworkNotFound", "detail": ""}} _log_request_full /root/.rally/verification/verifier-9b2f7aab-e452-4a2f-9c61-d1ee3235ef58/repo/tempest/lib/common/rest_client.py:434
2018-11-14 19:16:51.961 17915 INFO tempest.lib.common.rest_client [req-c705aef3-b9ef-444b-ab18-6ebf8f2bc737 ] Request (TrunkTestJSON:_run_cleanups): 404 DELETE http://172.30.9.28:9696/v2.0/networks/b6c0ad1b-f04c-4453-bbc4-2103900b5b7d 0.022s
2018-11-14 19:16:51.962 17915 DEBUG tempest.lib.common.rest_client [req-c705aef3-b9ef-444b-ab18-6ebf8f2bc737 ] Request - Headers: {'Content-Type': 'application/json', 'Accept': 'application/json', 'X-Auth-Token': ''} Body: None Response - Headers: {'status': '404', u'content-length': '138', 'content-location': 'http://172.30.9.28:9696/v2.0/networks/b6c0ad1b-f04c-4453-bbc4-2103900b5b7d', u'date': 'Wed, 14 Nov 2018 19:16:51 GMT', u'content-type': 'application/json', u'connection': 'close', u'x-openstack-request-id': 'req-c705aef3-b9ef-444b-ab18-6ebf8f2bc737'} Body: {"NeutronError": {"message": "Network b6c0ad1b-f04c-4453-bbc4-2103900b5b7d could not be found.", "type": "NetworkNotFound", "detail": ""}} _log_request_full /root/.rally/verification/verifier-9b2f7aab-e452-4a2f-9c61-d1ee3235ef58/repo/tempest/lib/common/rest_client.py:434
2018-11-14 19:16:51.989 17915 INFO tempest.lib.common.rest_client [req-bda68aad-067a-4cb0-b70e-de4211f7dd9b ] Request (TrunkTestJSON:_run_cleanups): 404 DELETE http://172.30.9.28:9696/v2.0/networks/44d2e982-bcb6-41a2-96ee-f939c8fc8d03 0.027s
2018-11-14 19:16:51.990 17915 DEBUG tempest.lib.common.rest_client [req-bda68aad-067a-4cb0-b70e-de4211f7dd9b ] Request - Headers: {'Content-Type': 'application/json', 'Accept': 'application/json', 'X-Auth-Token': ''} Body: None Response - Headers: {'status': '404', u'content-length': '138', 'content-location': 'http://172.30.9.28:9696/v2.0/networks/44d2e982-bcb6-41a2-96ee-f939c8fc8d03', u'date': 'Wed, 14 Nov 2018 19:16:51 GMT', u'content-type': 'application/json', u'connection': 'close', u'x-openstack-request-id': 'req-bda68aad-067a-4cb0-b70e-de4211f7dd9b'} Body: {"NeutronError": {"message": "Network 44d2e982-bcb6-41a2-96ee-f939c8fc8d03 could not be found.", "type": "NetworkNotFound", "detail": ""}} _log_request_full /root/.rally/verification/verifier-9b2f7aab-e452-4a2f-9c61-d1ee3235ef58/repo/tempest/lib/common/rest_client.py:434
2018-11-14 19:16:52.012 17915 INFO tempest.lib.common.rest_client [req-43cdba8b-9e1c-458e-8f36-4cf5302c9596 ] Request (TrunkTestJSON:_run_cleanups): 404 DELETE http://172.30.9.28:9696/v2.0/networks/b4a289ef-e39b-497e-9109-67973f88a2ff 0.021s
2018-11-14 19:16:52.012 17915 DEBUG tempest.lib.common.rest_client [req-43cdba8b-9e1c-458e-8f36-4cf5302c9596 ] Request - Headers: {'Content-Type': 'application/json', 'Accept': 'application/json', 'X-Auth-Token': ''} Body: None Response - Headers: {'status': '404', u'content-length': '138', 'content-location': 'http://172.30.9.28:9696/v2.0/networks/b4a289ef-e39b-497e-9109-67973f88a2ff', u'date': 'Wed, 14 Nov 2018 19:16:52 GMT', u'content-type': 'application/json', u'connection': 'close', u'x-openstack-request-id': 'req-43cdba8b-9e1c-458e-8f36-4cf5302c9596'} Body: {"NeutronError": {"message": "Network b4a289ef-e39b-497e-9109-67973f88a2ff could not be found.", "type": "NetworkNotFound", "detail": ""}} _log_request_full /root/.rally/verification/verifier-9b2f7aab-e452-4a2f-9c61-d1ee3235ef58/repo/tempest/lib/common/rest_client.py:434
2018-11-14 19:16:52.039 17915 INFO tempest.lib.common.rest_client [req-2b61474e-e24e-4213-82fa-a9b68465444d ] Request (TrunkTestJSON:_run_cleanups): 404 DELETE http://172.30.9.28:9696/v2.0/networks/d56278f9-fd54-409f-b795-6cb42b6bb703 0.026s
2018-11-14 19:16:52.039 17915 DEBUG tempest.lib.common.rest_client [req-2b61474e-e24e-4213-82fa-a9b68465444d ] Request - Headers: {'Content-Type': 'application/json', 'Accept': 'application/json', 'X-Auth-Token': ''} Body: None Response - Headers: {'status': '404', u'content-length': '138', 'content-location': 'http://172.30.9.28:9696/v2.0/networks/d56278f9-fd54-409f-b795-6cb42b6bb703', u'date': 'Wed, 14 Nov 2018 19:16:52 GMT', u'content-type': 'application/json', u'connection': 'close', u'x-openstack-request-id': 'req-2b61474e-e24e-4213-82fa-a9b68465444d'} Body: {"NeutronError": {"message": "Network d56278f9-fd54-409f-b795-6cb42b6bb703 could not be found.", "type": "NetworkNotFound", "detail": ""}} _log_request_full /root/.rally/verification/verifier-9b2f7aab-e452-4a2f-9c61-d1ee3235ef58/repo/tempest/lib/common/rest_client.py:434
2018-11-14 19:16:52.063 17915 INFO tempest.lib.common.rest_client [req-c97ba0e7-1955-4aec-b7cb-421850da18ad ] Request (TrunkTestJSON:_run_cleanups): 404 DELETE http://172.30.9.28:9696/v2.0/networks/fc0bcd5e-c7c9-4d2e-94db-43734dabfa5a 0.023s
2018-11-14 19:16:52.063 17915 DEBUG tempest.lib.common.rest_client [req-c97ba0e7-1955-4aec-b7cb-421850da18ad ] Request - Headers: {'Content-Type': 'application/json', 'Accept': 'application/json', 'X-Auth-Token': ''} Body: None Response - Headers: {'status': '404', u'content-length': '138', 'content-location': 'http://172.30.9.28:9696/v2.0/networks/fc0bcd5e-c7c9-4d2e-94db-43734dabfa5a', u'date': 'Wed, 14 Nov 2018 19:16:52 GMT', u'content-type': 'application/json', u'connection': 'close', u'x-openstack-request-id': 'req-c97ba0e7-1955-4aec-b7cb-421850da18ad'} Body: {"NeutronError": {"message": "Network fc0bcd5e-c7c9-4d2e-94db-43734dabfa5a could not be found.", "type": "NetworkNotFound", "detail": ""}} _log_request_full /root/.rally/verification/verifier-9b2f7aab-e452-4a2f-9c61-d1ee3235ef58/repo/tempest/lib/common/rest_client.py:434
2018-11-14 19:16:52.086 17915 INFO tempest.lib.common.rest_client [req-871716b1-bed9-438f-9be0-c4596ab3891f ] Request (TrunkTestJSON:_run_cleanups): 404 DELETE http://172.30.9.28:9696/v2.0/networks/dfd3e71a-e457-4704-96c8-2a5e06bedc9b 0.021s
2018-11-14 19:16:52.086 17915 DEBUG tempest.lib.common.rest_client [req-871716b1-bed9-438f-9be0-c4596ab3891f ] Request - Headers: {'Content-Type': 'application/json', 'Accept': 'application/json', 'X-Auth-Token': ''} Body: None Response - Headers: {'status': '404', u'content-length': '138', 'content-location': 'http://172.30.9.28:9696/v2.0/networks/dfd3e71a-e457-4704-96c8-2a5e06bedc9b', u'date': 'Wed, 14 Nov 2018 19:16:52 GMT', u'content-type': 'application/json', u'connection': 'close', u'x-openstack-request-id': 'req-871716b1-bed9-438f-9be0-c4596ab3891f'} Body: {"NeutronError": {"message": "Network dfd3e71a-e457-4704-96c8-2a5e06bedc9b could not be found.", "type": "NetworkNotFound", "detail": ""}} _log_request_full /root/.rally/verification/verifier-9b2f7aab-e452-4a2f-9c61-d1ee3235ef58/repo/tempest/lib/common/rest_client.py:434
2018-11-14 19:16:52.097 17911 INFO tempest.lib.common.rest_client [req-8861ac1f-3717-42da-9435-99416e598543 ] Request (TrunkTestJSON:_run_cleanups): 204 DELETE http://172.30.9.28:9696/v2.0/ports/3843fbac-4263-420e-b7b0-bbe32efba0af 0.395s
2018-11-14 19:16:52.097 17911 DEBUG tempest.lib.common.rest_client [req-8861ac1f-3717-42da-9435-99416e598543 ] Request - Headers: {'Content-Type': 'application/json', 'Accept': 'application/json', 'X-Auth-Token': ''} Body: None Response - Headers: {'status': '204', u'content-length': '0', 'content-location': 'http://172.30.9.28:9696/v2.0/ports/3843fbac-4263-420e-b7b0-bbe32efba0af', u'date': 'Wed, 14 Nov 2018 19:16:52 GMT', u'connection': 'close', u'x-openstack-request-id': 'req-8861ac1f-3717-42da-9435-99416e598543'} Body: _log_request_full /root/.rally/verification/verifier-9b2f7aab-e452-4a2f-9c61-d1ee3235ef58/repo/tempest/lib/common/rest_client.py:434
2018-11-14 19:16:52.109 17915 INFO tempest.lib.common.rest_client [req-67af637b-abb3-42d1-a10a-5add8588279c ] Request (TrunkTestJSON:_run_cleanups): 404 DELETE http://172.30.9.28:9696/v2.0/networks/2d780dfe-29a7-4e3c-97c8-ec44a2f6eb56 0.022s
2018-11-14 19:16:52.109 17915 DEBUG tempest.lib.common.rest_client [req-67af637b-abb3-42d1-a10a-5add8588279c ] Request - Headers: {'Content-Type': 'application/json', 'Accept': 'application/json', 'X-Auth-Token': ''} Body: None Response - Headers: {'status': '404', u'content-length': '138', 'content-location': 'http://172.30.9.28:9696/v2.0/networks/2d780dfe-29a7-4e3c-97c8-ec44a2f6eb56', u'date': 'Wed, 14 Nov 2018 19:16:52 GMT', u'content-type': 'application/json', u'connection': 'close', u'x-openstack-request-id': 'req-67af637b-abb3-42d1-a10a-5add8588279c'} Body: {"NeutronError": {"message": "Network 2d780dfe-29a7-4e3c-97c8-ec44a2f6eb56 could not be found.", "type": "NetworkNotFound", "detail": ""}} _log_request_full /root/.rally/verification/verifier-9b2f7aab-e452-4a2f-9c61-d1ee3235ef58/repo/tempest/lib/common/rest_client.py:434
2018-11-14 19:16:52.131 17915 INFO tempest.lib.common.rest_client [req-439ef738-fd59-4b36-ae7b-ee49cf237cbd ] Request (TrunkTestJSON:_run_cleanups): 404 DELETE http://172.30.9.28:9696/v2.0/networks/09e3196c-aeb2-49ad-868b-111f08987ef4 0.020s
2018-11-14 19:16:52.131 17915 DEBUG tempest.lib.common.rest_client [req-439ef738-fd59-4b36-ae7b-ee49cf237cbd ] Request - Headers: {'Content-Type': 'application/json', 'Accept': 'application/json', 'X-Auth-Token': ''} Body: None Response - Headers: {'status': '404', u'content-length': '138', 'content-location': 'http://172.30.9.28:9696/v2.0/networks/09e3196c-aeb2-49ad-868b-111f08987ef4', u'date': 'Wed, 14 Nov 2018 19:16:52 GMT', u'content-type': 'application/json', u'connection': 'close', u'x-openstack-request-id': 'req-439ef738-fd59-4b36-ae7b-ee49cf237cbd'} Body: {"NeutronError": {"message": "Network 09e3196c-aeb2-49ad-868b-111f08987ef4 could not be found.", "type": "NetworkNotFound", "detail": ""}} _log_request_full /root/.rally/verification/verifier-9b2f7aab-e452-4a2f-9c61-d1ee3235ef58/repo/tempest/lib/common/rest_client.py:434
2018-11-14 19:16:52.156 17915 INFO tempest.lib.common.rest_client [req-1502969d-8e76-4da1-91b3-5823dc4572a8 ] Request (TrunkTestJSON:_run_cleanups): 404 DELETE http://172.30.9.28:9696/v2.0/networks/46f90833-f1c2-4b64-a58d-5759aaa4d864 0.023s
2018-11-14 19:16:52.156 17915 DEBUG tempest.lib.common.rest_client [req-1502969d-8e76-4da1-91b3-5823dc4572a8 ] Request - Headers: {'Content-Type': 'application/json', 'Accept': 'application/json', 'X-Auth-Token': ''} Body: None Response - Headers: {'status': '404', u'content-length': '138', 'content-location': 'http://172.30.9.28:9696/v2.0/networks/46f90833-f1c2-4b64-a58d-5759aaa4d864', u'date': 'Wed, 14 Nov 2018 19:16:52 GMT', u'content-type': 'application/json', u'connection': 'close', u'x-openstack-request-id': 'req-1502969d-8e76-4da1-91b3-5823dc4572a8'} Body: {"NeutronError": {"message": "Network 46f90833-f1c2-4b64-a58d-5759aaa4d864 could not be found.", "type": "NetworkNotFound", "detail": ""}} _log_request_full /root/.rally/verification/verifier-9b2f7aab-e452-4a2f-9c61-d1ee3235ef58/repo/tempest/lib/common/rest_client.py:434
2018-11-14 19:16:52.180 17915 INFO tempest.lib.common.rest_client [req-0d4d3195-6ba7-4ef3-b92b-61fb7619463c ] Request (TrunkTestJSON:_run_cleanups): 404 DELETE http://172.30.9.28:9696/v2.0/networks/1e74fa03-d7cf-4d5c-8dfc-abafafdf9358 0.023s
2018-11-14 19:16:52.180 17915 DEBUG tempest.lib.common.rest_client [req-0d4d3195-6ba7-4ef3-b92b-61fb7619463c ] Request - Headers: {'Content-Type': 'application/json', 'Accept': 'application/json', 'X-Auth-Token': ''} Body: None Response - Headers: {'status': '404', u'content-length': '138', 'content-location': 'http://172.30.9.28:9696/v2.0/networks/1e74fa03-d7cf-4d5c-8dfc-abafafdf9358', u'date': 'Wed, 14 Nov 2018 19:16:52 GMT', u'content-type': 'application/json', u'connection': 'close', u'x-openstack-request-id': 'req-0d4d3195-6ba7-4ef3-b92b-61fb7619463c'} Body: {"NeutronError": {"message": "Network 1e74fa03-d7cf-4d5c-8dfc-abafafdf9358 could not be found.", "type": "NetworkNotFound", "detail": ""}} _log_request_full /root/.rally/verification/verifier-9b2f7aab-e452-4a2f-9c61-d1ee3235ef58/repo/tempest/lib/common/rest_client.py:434
2018-11-14 19:16:52.205 17915 INFO tempest.lib.common.rest_client [req-17c8e158-a83e-4d1c-b59c-9ac34b886dcf ] Request (TrunkTestJSON:_run_cleanups): 404 DELETE http://172.30.9.28:9696/v2.0/networks/54e25066-57a8-43f3-944f-322459d8057a 0.023s
2018-11-14 19:16:52.205 17915 DEBUG tempest.lib.common.rest_client [req-17c8e158-a83e-4d1c-b59c-9ac34b886dcf ] Request - Headers: {'Content-Type': 'application/json', 'Accept': 'application/json', 'X-Auth-Token': ''} Body: None Response - Headers: {'status': '404', u'content-length': '138', 'content-location': 'http://172.30.9.28:9696/v2.0/networks/54e25066-57a8-43f3-944f-322459d8057a', u'date': 'Wed, 14 Nov 2018 19:16:52 GMT', u'content-type': 'application/json', u'connection': 'close', u'x-openstack-request-id': 'req-17c8e158-a83e-4d1c-b59c-9ac34b886dcf'} Body: {"NeutronError": {"message": "Network 54e25066-57a8-43f3-944f-322459d8057a could not be found.", "type": "NetworkNotFound", "detail": ""}} _log_request_full /root/.rally/verification/verifier-9b2f7aab-e452-4a2f-9c61-d1ee3235ef58/repo/tempest/lib/common/rest_client.py:434
2018-11-14 19:16:52.228 17915 INFO tempest.lib.common.rest_client [req-c5b0f29f-496f-40cb-86ed-e49ae5eb8a9a ] Request (TrunkTestJSON:_run_cleanups): 404 DELETE http://172.30.9.28:9696/v2.0/networks/42bb082a-a5c6-4e60-9bef-6c49d8e40b4b 0.021s
2018-11-14 19:16:52.228 17915 DEBUG tempest.lib.common.rest_client [req-c5b0f29f-496f-40cb-86ed-e49ae5eb8a9a ] Request - Headers: {'Content-Type': 'application/json', 'Accept': 'application/json', 'X-Auth-Token': ''} Body: None Response - Headers: {'status': '404', u'content-length': '138', 'content-location': 'http://172.30.9.28:9696/v2.0/networks/42bb082a-a5c6-4e60-9bef-6c49d8e40b4b', u'date': 'Wed, 14 Nov 2018 19:16:52 GMT', u'content-type': 'application/json', u'connection': 'close', u'x-openstack-request-id': 'req-c5b0f29f-496f-40cb-86ed-e49ae5eb8a9a'} Body: {"NeutronError": {"message": "Network 42bb082a-a5c6-4e60-9bef-6c49d8e40b4b could not be found.", "type": "NetworkNotFound", "detail": ""}} _log_request_full /root/.rally/verification/verifier-9b2f7aab-e452-4a2f-9c61-d1ee3235ef58/repo/tempest/lib/common/rest_client.py:434
2018-11-14 19:16:52.281 17912 WARNING tempest.lib.common.ssh [-] Failed to establish authenticated ssh connection to cirros@172.30.9.202 (timed out). Number attempts: 3. Retry after 4 seconds.: timeout: timed out
2018-11-14 19:16:52.481 17911 INFO tempest.lib.common.rest_client [req-c2e99a71-014f-48aa-aa7b-a1803ce45f52 ] Request (TrunkTestJSON:_run_cleanups): 204 DELETE http://172.30.9.28:9696/v2.0/ports/67b117fe-2d87-49c9-841a-992716e9377b 0.383s
2018-11-14 19:16:52.481 17911 DEBUG tempest.lib.common.rest_client [req-c2e99a71-014f-48aa-aa7b-a1803ce45f52 ] Request - Headers: {'Content-Type': 'application/json', 'Accept': 'application/json', 'X-Auth-Token': ''} Body: None Response - Headers: {'status': '204', u'content-length': '0', 'content-location': 'http://172.30.9.28:9696/v2.0/ports/67b117fe-2d87-49c9-841a-992716e9377b', u'date': 'Wed, 14 Nov 2018 19:16:52 GMT', u'connection': 'close', u'x-openstack-request-id': 'req-c2e99a71-014f-48aa-aa7b-a1803ce45f52'} Body: _log_request_full /root/.rally/verification/verifier-9b2f7aab-e452-4a2f-9c61-d1ee3235ef58/repo/tempest/lib/common/rest_client.py:434
2018-11-14 19:16:52.823 17915 INFO tempest.lib.common.rest_client [req-78a71d89-992d-4161-bb94-7c4eae06a329 ] Request (TrunkTestJSON:_run_cleanups): 204 DELETE http://172.30.9.28:9696/v2.0/networks/163658e1-e603-4bc7-9e44-c1ea67b5d703 0.594s
2018-11-14 19:16:52.824 17915 DEBUG tempest.lib.common.rest_client [req-78a71d89-992d-4161-bb94-7c4eae06a329 ] Request - Headers: {'Content-Type': 'application/json', 'Accept': 'application/json', 'X-Auth-Token': ''} Body: None Response - Headers: {'status': '204', u'content-length': '0', 'content-location': 'http://172.30.9.28:9696/v2.0/networks/163658e1-e603-4bc7-9e44-c1ea67b5d703', u'date': 'Wed, 14 Nov 2018 19:16:52 GMT', u'connection': 'close', u'x-openstack-request-id': 'req-78a71d89-992d-4161-bb94-7c4eae06a329'} Body: _log_request_full /root/.rally/verification/verifier-9b2f7aab-e452-4a2f-9c61-d1ee3235ef58/repo/tempest/lib/common/rest_client.py:434
2018-11-14 19:16:52.862 17911 INFO tempest.lib.common.rest_client [req-4daf512a-cda2-48d1-bc84-4cfb7c9cd001 ] Request (TrunkTestJSON:_run_cleanups): 204 DELETE http://172.30.9.28:9696/v2.0/ports/c037b486-65fe-4d36-bc68-8d9578e3ab7c 0.380s
2018-11-14 19:16:52.862 17911 DEBUG tempest.lib.common.rest_client [req-4daf512a-cda2-48d1-bc84-4cfb7c9cd001 ] Request - Headers: {'Content-Type': 'application/json', 'Accept': 'application/json', 'X-Auth-Token': ''} Body: None Response - Headers: {'status': '204', u'content-length': '0', 'content-location': 'http://172.30.9.28:9696/v2.0/ports/c037b486-65fe-4d36-bc68-8d9578e3ab7c', u'date': 'Wed, 14 Nov 2018 19:16:52 GMT', u'connection': 'close', u'x-openstack-request-id': 'req-4daf512a-cda2-48d1-bc84-4cfb7c9cd001'} Body: _log_request_full /root/.rally/verification/verifier-9b2f7aab-e452-4a2f-9c61-d1ee3235ef58/repo/tempest/lib/common/rest_client.py:434
2018-11-14 19:16:52.887 17911 INFO tempest.lib.common.rest_client [req-b97f8eb3-cbda-4508-8a2c-f225bbe13702 ] Request (TrunkTestJSON:_run_cleanups): 404 DELETE http://172.30.9.28:9696/v2.0/networks/a9058c7d-82f9-4c4e-a948-7dbfe3138366 0.024s
2018-11-14 19:16:52.888 17911 DEBUG tempest.lib.common.rest_client [req-b97f8eb3-cbda-4508-8a2c-f225bbe13702 ] Request - Headers: {'Content-Type': 'application/json', 'Accept': 'application/json', 'X-Auth-Token': ''} Body: None Response - Headers: {'status': '404', u'content-length': '138', 'content-location': 'http://172.30.9.28:9696/v2.0/networks/a9058c7d-82f9-4c4e-a948-7dbfe3138366', u'date': 'Wed, 14 Nov 2018 19:16:52 GMT', u'content-type': 'application/json', u'connection': 'close', u'x-openstack-request-id': 'req-b97f8eb3-cbda-4508-8a2c-f225bbe13702'} Body: {"NeutronError": {"message": "Network a9058c7d-82f9-4c4e-a948-7dbfe3138366 could not be found.", "type": "NetworkNotFound", "detail": ""}} _log_request_full /root/.rally/verification/verifier-9b2f7aab-e452-4a2f-9c61-d1ee3235ef58/repo/tempest/lib/common/rest_client.py:434
2018-11-14 19:16:52.909 17911 INFO tempest.lib.common.rest_client [req-ab88b50b-27ae-4b39-af3b-bc98efd3531e ] Request (TrunkTestJSON:_run_cleanups): 404 DELETE http://172.30.9.28:9696/v2.0/networks/0b6c76b1-176b-4dd9-94d6-61aa4ceb5238 0.020s
2018-11-14 19:16:52.909 17911 DEBUG tempest.lib.common.rest_client [req-ab88b50b-27ae-4b39-af3b-bc98efd3531e ] Request - Headers: {'Content-Type': 'application/json', 'Accept': 'application/json', 'X-Auth-Token': ''} Body: None Response - Headers: {'status': '404', u'content-length': '138', 'content-location': 'http://172.30.9.28:9696/v2.0/networks/0b6c76b1-176b-4dd9-94d6-61aa4ceb5238', u'date': 'Wed, 14 Nov 2018 19:16:52 GMT', u'content-type': 'application/json', u'connection': 'close', u'x-openstack-request-id': 'req-ab88b50b-27ae-4b39-af3b-bc98efd3531e'} Body: {"NeutronError": {"message": "Network 0b6c76b1-176b-4dd9-94d6-61aa4ceb5238 could not be found.", "type": "NetworkNotFound", "detail": ""}} _log_request_full /root/.rally/verification/verifier-9b2f7aab-e452-4a2f-9c61-d1ee3235ef58/repo/tempest/lib/common/rest_client.py:434
2018-11-14 19:16:52.933 17911 INFO tempest.lib.common.rest_client [req-4f3d0a8b-f948-4ae1-913d-0e6e4c5f90d9 ] Request (TrunkTestJSON:_run_cleanups): 404 DELETE http://172.30.9.28:9696/v2.0/networks/38663957-a77d-4b4d-8b28-99e09232f8c3 0.022s
2018-11-14 19:16:52.933 17911 DEBUG tempest.lib.common.rest_client [req-4f3d0a8b-f948-4ae1-913d-0e6e4c5f90d9 ] Request - Headers: {'Content-Type': 'application/json', 'Accept': 'application/json', 'X-Auth-Token': ''} Body: None Response - Headers: {'status': '404', u'content-length': '138', 'content-location': 'http://172.30.9.28:9696/v2.0/networks/38663957-a77d-4b4d-8b28-99e09232f8c3', u'date': 'Wed, 14 Nov 2018 19:16:52 GMT', u'content-type': 'application/json', u'connection': 'close', u'x-openstack-request-id': 'req-4f3d0a8b-f948-4ae1-913d-0e6e4c5f90d9'} Body: {"NeutronError": {"message": "Network 38663957-a77d-4b4d-8b28-99e09232f8c3 could not be found.", "type": "NetworkNotFound", "detail": ""}} _log_request_full /root/.rally/verification/verifier-9b2f7aab-e452-4a2f-9c61-d1ee3235ef58/repo/tempest/lib/common/rest_client.py:434
2018-11-14 19:16:52.957 17911 INFO tempest.lib.common.rest_client [req-350d8d14-f6b1-4b92-8d5f-a18c4594cc11 ] Request (TrunkTestJSON:_run_cleanups): 404 DELETE http://172.30.9.28:9696/v2.0/networks/c7546eec-7928-469e-8ece-119bd1b11813 0.023s
2018-11-14 19:16:52.957 17911 DEBUG tempest.lib.common.rest_client [req-350d8d14-f6b1-4b92-8d5f-a18c4594cc11 ] Request - Headers: {'Content-Type': 'application/json', 'Accept': 'application/json', 'X-Auth-Token': ''} Body: None Response - Headers: {'status': '404', u'content-length': '138', 'content-location': 'http://172.30.9.28:9696/v2.0/networks/c7546eec-7928-469e-8ece-119bd1b11813', u'date': 'Wed, 14 Nov 2018 19:16:52 GMT', u'content-type': 'application/json', u'connection': 'close', u'x-openstack-request-id': 'req-350d8d14-f6b1-4b92-8d5f-a18c4594cc11'} Body: {"NeutronError": {"message": "Network c7546eec-7928-469e-8ece-119bd1b11813 could not be found.", "type": "NetworkNotFound", "detail": ""}} _log_request_full /root/.rally/verification/verifier-9b2f7aab-e452-4a2f-9c61-d1ee3235ef58/repo/tempest/lib/common/rest_client.py:434
2018-11-14 19:16:52.980 17911 INFO tempest.lib.common.rest_client [req-3fa71978-f338-43b0-97fb-1f4a6c6bc676 ] Request (TrunkTestJSON:_run_cleanups): 404 DELETE http://172.30.9.28:9696/v2.0/networks/809e27eb-87a5-4bd9-8c62-d69c7c7d1736 0.021s
