2018-11-13 15:46:52.866 17911 DEBUG tempest.lib.common.rest_client [req-4b05d1d3-240a-4e7f-8c93-5126e46eac86 ] Request - Headers: {'Content-Type': 'application/json', 'Accept': 'application/json', 'X-Auth-Token': ''} Body: None Response - Headers: {'status': '404', u'content-length': '134', 'content-location': 'http://172.30.9.31:9696/v2.0/trunks/dae0c25a-2e1f-472d-9ecd-b928169d0eeb', u'date': 'Tue, 13 Nov 2018 15:46:52 GMT', u'content-type': 'application/json', u'connection': 'close', u'x-openstack-request-id': 'req-4b05d1d3-240a-4e7f-8c93-5126e46eac86'} Body: {"NeutronError": {"message": "Trunk dae0c25a-2e1f-472d-9ecd-b928169d0eeb could not be found.", "type": "TrunkNotFound", "detail": ""}} _log_request_full /root/.rally/verification/verifier-0fb88f29-8f40-4d48-94b5-00c89e1ba694/repo/tempest/lib/common/rest_client.py:434
2018-11-13 15:46:52.881 17911 INFO tempest.lib.common.rest_client [req-aebe9911-f4b1-4faf-9323-29490abc827d ] Request (TrunkTestJSON:_run_cleanups): 404 GET http://172.30.9.31:9696/v2.0/trunks/fabdf661-63ee-4d0e-8a6e-f5643635ceb0 0.014s
2018-11-13 15:46:52.881 17911 DEBUG tempest.lib.common.rest_client [req-aebe9911-f4b1-4faf-9323-29490abc827d ] Request - Headers: {'Content-Type': 'application/json', 'Accept': 'application/json', 'X-Auth-Token': ''} Body: None Response - Headers: {'status': '404', u'content-length': '134', 'content-location': 'http://172.30.9.31:9696/v2.0/trunks/fabdf661-63ee-4d0e-8a6e-f5643635ceb0', u'date': 'Tue, 13 Nov 2018 15:46:52 GMT', u'content-type': 'application/json', u'connection': 'close', u'x-openstack-request-id': 'req-aebe9911-f4b1-4faf-9323-29490abc827d'} Body: {"NeutronError": {"message": "Trunk fabdf661-63ee-4d0e-8a6e-f5643635ceb0 could not be found.", "type": "TrunkNotFound", "detail": ""}} _log_request_full /root/.rally/verification/verifier-0fb88f29-8f40-4d48-94b5-00c89e1ba694/repo/tempest/lib/common/rest_client.py:434
2018-11-13 15:46:52.894 17911 INFO tempest.lib.common.rest_client [req-c98e4f98-4970-4545-a212-6defee634624 ] Request (TrunkTestJSON:_run_cleanups): 404 GET http://172.30.9.31:9696/v2.0/trunks/afc2df42-e160-4046-b449-254b02df6ff2 0.012s
2018-11-13 15:46:52.895 17911 DEBUG tempest.lib.common.rest_client [req-c98e4f98-4970-4545-a212-6defee634624 ] Request - Headers: {'Content-Type': 'application/json', 'Accept': 'application/json', 'X-Auth-Token': ''} Body: None Response - Headers: {'status': '404', u'content-length': '134', 'content-location': 'http://172.30.9.31:9696/v2.0/trunks/afc2df42-e160-4046-b449-254b02df6ff2', u'date': 'Tue, 13 Nov 2018 15:46:52 GMT', u'content-type': 'application/json', u'connection': 'close', u'x-openstack-request-id': 'req-c98e4f98-4970-4545-a212-6defee634624'} Body: {"NeutronError": {"message": "Trunk afc2df42-e160-4046-b449-254b02df6ff2 could not be found.", "type": "TrunkNotFound", "detail": ""}} _log_request_full /root/.rally/verification/verifier-0fb88f29-8f40-4d48-94b5-00c89e1ba694/repo/tempest/lib/common/rest_client.py:434
2018-11-13 15:46:52.909 17911 INFO tempest.lib.common.rest_client [req-80c2f9bb-f0d7-4b8b-81a5-4cc08136e973 ] Request (TrunkTestJSON:_run_cleanups): 404 GET http://172.30.9.31:9696/v2.0/trunks/ab75e303-0d87-44e7-9dc6-0865b2dc6968 0.014s
2018-11-13 15:46:52.910 17911 DEBUG tempest.lib.common.rest_client [req-80c2f9bb-f0d7-4b8b-81a5-4cc08136e973 ] Request - Headers: {'Content-Type': 'application/json', 'Accept': 'application/json', 'X-Auth-Token': ''} Body: None Response - Headers: {'status': '404', u'content-length': '134', 'content-location': 'http://172.30.9.31:9696/v2.0/trunks/ab75e303-0d87-44e7-9dc6-0865b2dc6968', u'date': 'Tue, 13 Nov 2018 15:46:52 GMT', u'content-type': 'application/json', u'connection': 'close', u'x-openstack-request-id': 'req-80c2f9bb-f0d7-4b8b-81a5-4cc08136e973'} Body: {"NeutronError": {"message": "Trunk ab75e303-0d87-44e7-9dc6-0865b2dc6968 could not be found.", "type": "TrunkNotFound", "detail": ""}} _log_request_full /root/.rally/verification/verifier-0fb88f29-8f40-4d48-94b5-00c89e1ba694/repo/tempest/lib/common/rest_client.py:434
2018-11-13 15:46:52.941 17911 INFO tempest.lib.common.rest_client [req-29e7da28-e4ca-4674-86be-cce9a0c5e2a9 ] Request (TrunkTestJSON:_run_cleanups): 404 DELETE http://172.30.9.31:9696/v2.0/ports/5459576d-cf55-414c-9414-49eb798e3b3c 0.031s
2018-11-13 15:46:52.942 17911 DEBUG tempest.lib.common.rest_client [req-29e7da28-e4ca-4674-86be-cce9a0c5e2a9 ] Request - Headers: {'Content-Type': 'application/json', 'Accept': 'application/json', 'X-Auth-Token': ''} Body: None Response - Headers: {'status': '404', u'content-length': '132', 'content-location': 'http://172.30.9.31:9696/v2.0/ports/5459576d-cf55-414c-9414-49eb798e3b3c', u'date': 'Tue, 13 Nov 2018 15:46:52 GMT', u'content-type': 'application/json', u'connection': 'close', u'x-openstack-request-id': 'req-29e7da28-e4ca-4674-86be-cce9a0c5e2a9'} Body: {"NeutronError": {"message": "Port 5459576d-cf55-414c-9414-49eb798e3b3c could not be found.", "type": "PortNotFound", "detail": ""}} _log_request_full /root/.rally/verification/verifier-0fb88f29-8f40-4d48-94b5-00c89e1ba694/repo/tempest/lib/common/rest_client.py:434
2018-11-13 15:46:52.975 17911 INFO tempest.lib.common.rest_client [req-c9e8f09c-5ab7-4b5c-b061-fd0a246e563d ] Request (TrunkTestJSON:_run_cleanups): 404 DELETE http://172.30.9.31:9696/v2.0/ports/e537a24b-509c-43e5-a2b1-d38b57a1ecf3 0.032s
2018-11-13 15:46:52.975 17911 DEBUG tempest.lib.common.rest_client [req-c9e8f09c-5ab7-4b5c-b061-fd0a246e563d ] Request - Headers: {'Content-Type': 'application/json', 'Accept': 'application/json', 'X-Auth-Token': ''} Body: None Response - Headers: {'status': '404', u'content-length': '132', 'content-location': 'http://172.30.9.31:9696/v2.0/ports/e537a24b-509c-43e5-a2b1-d38b57a1ecf3', u'date': 'Tue, 13 Nov 2018 15:46:52 GMT', u'content-type': 'application/json', u'connection': 'close', u'x-openstack-request-id': 'req-c9e8f09c-5ab7-4b5c-b061-fd0a246e563d'} Body: {"NeutronError": {"message": "Port e537a24b-509c-43e5-a2b1-d38b57a1ecf3 could not be found.", "type": "PortNotFound", "detail": ""}} _log_request_full /root/.rally/verification/verifier-0fb88f29-8f40-4d48-94b5-00c89e1ba694/repo/tempest/lib/common/rest_client.py:434
2018-11-13 15:46:53.006 17911 INFO tempest.lib.common.rest_client [req-26132fd7-a12b-4c33-b4c7-2a470066e1ad ] Request (TrunkTestJSON:_run_cleanups): 404 DELETE http://172.30.9.31:9696/v2.0/ports/dbb66158-20b1-4f71-a075-69d07e6cbe90 0.030s
2018-11-13 15:46:53.007 17911 DEBUG tempest.lib.common.rest_client [req-26132fd7-a12b-4c33-b4c7-2a470066e1ad ] Request - Headers: {'Content-Type': 'application/json', 'Accept': 'application/json', 'X-Auth-Token': ''} Body: None Response - Headers: {'status': '404', u'content-length': '132', 'content-location': 'http://172.30.9.31:9696/v2.0/ports/dbb66158-20b1-4f71-a075-69d07e6cbe90', u'date': 'Tue, 13 Nov 2018 15:46:53 GMT', u'content-type': 'application/json', u'connection': 'close', u'x-openstack-request-id': 'req-26132fd7-a12b-4c33-b4c7-2a470066e1ad'} Body: {"NeutronError": {"message": "Port dbb66158-20b1-4f71-a075-69d07e6cbe90 could not be found.", "type": "PortNotFound", "detail": ""}} _log_request_full /root/.rally/verification/verifier-0fb88f29-8f40-4d48-94b5-00c89e1ba694/repo/tempest/lib/common/rest_client.py:434
2018-11-13 15:46:53.085 17908 INFO tempest.lib.common.rest_client [req-f0416feb-f104-466a-bfb6-d4c051afd0fe ] Request (TrunkTest:test_trunk_subport_lifecycle): 200 GET http://172.30.9.31:9696/v2.0/trunks/595eb27e-6af3-4666-a33e-cd5ff6e9e80c 0.018s
2018-11-13 15:46:53.085 17908 DEBUG tempest.lib.common.rest_client [req-f0416feb-f104-466a-bfb6-d4c051afd0fe ] Request - Headers: {'Content-Type': 'application/json', 'Accept': 'application/json', 'X-Auth-Token': ''} Body: None Response - Headers: {'status': '200', u'content-length': '822', 'content-location': 'http://172.30.9.31:9696/v2.0/trunks/595eb27e-6af3-4666-a33e-cd5ff6e9e80c', u'date': 'Tue, 13 Nov 2018 15:46:53 GMT', u'content-type': 'application/json', u'connection': 'close', u'x-openstack-request-id': 'req-f0416feb-f104-466a-bfb6-d4c051afd0fe'} Body: {"trunk": {"status": "BUILD", "sub_ports": [{"segmentation_type": "vlan", "port_id": "6e45d0dd-46fc-47c5-93ad-178a44697079", "segmentation_id": 3}, {"segmentation_type": "vlan", "port_id": "1cf16102-d31d-457e-a028-fece38238fc1", "segmentation_id": 4}, {"segmentation_type": "vlan", "port_id": "7e1aa194-2dac-481f-b30b-c04fc4cc3595", "segmentation_id": 5}, {"segmentation_type": "vlan", "port_id": "2b4f1436-c2d3-4be1-9075-c0c927dd9e1d", "segmentation_id": 6}], "name": "", "admin_state_up": true, "tenant_id": "ebebe6bca96e464088ccb2832934d04e", "created_at": "2018-11-13T15:46:15Z", "tags": [], "updated_at": "2018-11-13T15:46:50Z", "revision_number": 3, "project_id": "ebebe6bca96e464088ccb2832934d04e", "port_id": "c7aec7ae-5904-4780-883b-1b5bcb168742", "id": "595eb27e-6af3-4666-a33e-cd5ff6e9e80c", "description": ""}} _log_request_full /root/.rally/verification/verifier-0fb88f29-8f40-4d48-94b5-00c89e1ba694/repo/tempest/lib/common/rest_client.py:434
2018-11-13 15:46:53.217 17911 INFO tempest.lib.common.rest_client [req-84455c50-8c4a-46ef-b8ea-25f60c4ce7a1 ] Request (TrunkTestJSON:_run_cleanups): 404 DELETE http://172.30.9.31:9696/v2.0/ports/5a2ebaa0-db04-4e8d-8f4a-ace2369437b1 0.209s
2018-11-13 15:46:53.218 17911 DEBUG tempest.lib.common.rest_client [req-84455c50-8c4a-46ef-b8ea-25f60c4ce7a1 ] Request - Headers: {'Content-Type': 'application/json', 'Accept': 'application/json', 'X-Auth-Token': ''} Body: None Response - Headers: {'status': '404', u'content-length': '132', 'content-location': 'http://172.30.9.31:9696/v2.0/ports/5a2ebaa0-db04-4e8d-8f4a-ace2369437b1', u'date': 'Tue, 13 Nov 2018 15:46:53 GMT', u'content-type': 'application/json', u'connection': 'close', u'x-openstack-request-id': 'req-84455c50-8c4a-46ef-b8ea-25f60c4ce7a1'} Body: {"NeutronError": {"message": "Port 5a2ebaa0-db04-4e8d-8f4a-ace2369437b1 could not be found.", "type": "PortNotFound", "detail": ""}} _log_request_full /root/.rally/verification/verifier-0fb88f29-8f40-4d48-94b5-00c89e1ba694/repo/tempest/lib/common/rest_client.py:434
2018-11-13 15:46:53.261 17911 INFO tempest.lib.common.rest_client [req-8992e284-67ab-4848-8625-83b9bf32580b ] Request (TrunkTestJSON:_run_cleanups): 404 DELETE http://172.30.9.31:9696/v2.0/ports/3902c7fc-b049-4a1d-9160-8f36e36eb50f 0.042s
2018-11-13 15:46:53.262 17911 DEBUG tempest.lib.common.rest_client [req-8992e284-67ab-4848-8625-83b9bf32580b ] Request - Headers: {'Content-Type': 'application/json', 'Accept': 'application/json', 'X-Auth-Token': ''} Body: None Response - Headers: {'status': '404', u'content-length': '132', 'content-location': 'http://172.30.9.31:9696/v2.0/ports/3902c7fc-b049-4a1d-9160-8f36e36eb50f', u'date': 'Tue, 13 Nov 2018 15:46:53 GMT', u'content-type': 'application/json', u'connection': 'close', u'x-openstack-request-id': 'req-8992e284-67ab-4848-8625-83b9bf32580b'} Body: {"NeutronError": {"message": "Port 3902c7fc-b049-4a1d-9160-8f36e36eb50f could not be found.", "type": "PortNotFound", "detail": ""}} _log_request_full /root/.rally/verification/verifier-0fb88f29-8f40-4d48-94b5-00c89e1ba694/repo/tempest/lib/common/rest_client.py:434
2018-11-13 15:46:53.294 17911 INFO tempest.lib.common.rest_client [req-87269162-6d65-45e7-99e0-17ff34b6d595 ] Request (TrunkTestJSON:_run_cleanups): 404 DELETE http://172.30.9.31:9696/v2.0/ports/ef2942de-7591-40fe-8256-a49e2d976010 0.032s
2018-11-13 15:46:53.295 17911 DEBUG tempest.lib.common.rest_client [req-87269162-6d65-45e7-99e0-17ff34b6d595 ] Request - Headers: {'Content-Type': 'application/json', 'Accept': 'application/json', 'X-Auth-Token': ''} Body: None Response - Headers: {'status': '404', u'content-length': '132', 'content-location': 'http://172.30.9.31:9696/v2.0/ports/ef2942de-7591-40fe-8256-a49e2d976010', u'date': 'Tue, 13 Nov 2018 15:46:53 GMT', u'content-type': 'application/json', u'connection': 'close', u'x-openstack-request-id': 'req-87269162-6d65-45e7-99e0-17ff34b6d595'} Body: {"NeutronError": {"message": "Port ef2942de-7591-40fe-8256-a49e2d976010 could not be found.", "type": "PortNotFound", "detail": ""}} _log_request_full /root/.rally/verification/verifier-0fb88f29-8f40-4d48-94b5-00c89e1ba694/repo/tempest/lib/common/rest_client.py:434
2018-11-13 15:46:53.328 17911 INFO tempest.lib.common.rest_client [req-8d2f9ffb-8ae1-499a-924f-7cfc9f07531f ] Request (TrunkTestJSON:_run_cleanups): 404 DELETE http://172.30.9.31:9696/v2.0/ports/6ad2acde-95c8-43bd-8606-c11f1cb25b37 0.033s
2018-11-13 15:46:53.329 17911 DEBUG tempest.lib.common.rest_client [req-8d2f9ffb-8ae1-499a-924f-7cfc9f07531f ] Request - Headers: {'Content-Type': 'application/json', 'Accept': 'application/json', 'X-Auth-Token': ''} Body: None Response - Headers: {'status': '404', u'content-length': '132', 'content-location': 'http://172.30.9.31:9696/v2.0/ports/6ad2acde-95c8-43bd-8606-c11f1cb25b37', u'date': 'Tue, 13 Nov 2018 15:46:53 GMT', u'content-type': 'application/json', u'connection': 'close', u'x-openstack-request-id': 'req-8d2f9ffb-8ae1-499a-924f-7cfc9f07531f'} Body: {"NeutronError": {"message": "Port 6ad2acde-95c8-43bd-8606-c11f1cb25b37 could not be found.", "type": "PortNotFound", "detail": ""}} _log_request_full /root/.rally/verification/verifier-0fb88f29-8f40-4d48-94b5-00c89e1ba694/repo/tempest/lib/common/rest_client.py:434
2018-11-13 15:46:53.361 17911 INFO tempest.lib.common.rest_client [req-312d8a3d-06d5-4230-b6f7-db28b92beac7 ] Request (TrunkTestJSON:_run_cleanups): 404 DELETE http://172.30.9.31:9696/v2.0/ports/0de40fea-5237-4fb4-8dca-dece9efb0557 0.031s
2018-11-13 15:46:53.362 17911 DEBUG tempest.lib.common.rest_client [req-312d8a3d-06d5-4230-b6f7-db28b92beac7 ] Request - Headers: {'Content-Type': 'application/json', 'Accept': 'application/json', 'X-Auth-Token': ''} Body: None Response - Headers: {'status': '404', u'content-length': '132', 'content-location': 'http://172.30.9.31:9696/v2.0/ports/0de40fea-5237-4fb4-8dca-dece9efb0557', u'date': 'Tue, 13 Nov 2018 15:46:53 GMT', u'content-type': 'application/json', u'connection': 'close', u'x-openstack-request-id': 'req-312d8a3d-06d5-4230-b6f7-db28b92beac7'} Body: {"NeutronError": {"message": "Port 0de40fea-5237-4fb4-8dca-dece9efb0557 could not be found.", "type": "PortNotFound", "detail": ""}} _log_request_full /root/.rally/verification/verifier-0fb88f29-8f40-4d48-94b5-00c89e1ba694/repo/tempest/lib/common/rest_client.py:434
2018-11-13 15:46:53.393 17911 INFO tempest.lib.common.rest_client [req-bd724cd5-821f-4e6f-82a9-38b11722ce08 ] Request (TrunkTestJSON:_run_cleanups): 404 DELETE http://172.30.9.31:9696/v2.0/ports/5e9b43bd-cf0e-4f28-89a2-c930547b7ca8 0.030s
2018-11-13 15:46:53.393 17911 DEBUG tempest.lib.common.rest_client [req-bd724cd5-821f-4e6f-82a9-38b11722ce08 ] Request - Headers: {'Content-Type': 'application/json', 'Accept': 'application/json', 'X-Auth-Token': ''} Body: None Response - Headers: {'status': '404', u'content-length': '132', 'content-location': 'http://172.30.9.31:9696/v2.0/ports/5e9b43bd-cf0e-4f28-89a2-c930547b7ca8', u'date': 'Tue, 13 Nov 2018 15:46:53 GMT', u'content-type': 'application/json', u'connection': 'close', u'x-openstack-request-id': 'req-bd724cd5-821f-4e6f-82a9-38b11722ce08'} Body: {"NeutronError": {"message": "Port 5e9b43bd-cf0e-4f28-89a2-c930547b7ca8 could not be found.", "type": "PortNotFound", "detail": ""}} _log_request_full /root/.rally/verification/verifier-0fb88f29-8f40-4d48-94b5-00c89e1ba694/repo/tempest/lib/common/rest_client.py:434
2018-11-13 15:46:53.434 17911 INFO tempest.lib.common.rest_client [req-d5fa3d52-3645-4ed0-895d-c981d2fff279 ] Request (TrunkTestJSON:_run_cleanups): 404 DELETE http://172.30.9.31:9696/v2.0/ports/06509dae-e224-4049-b7df-6f3c52b252d8 0.040s
2018-11-13 15:46:53.434 17911 DEBUG tempest.lib.common.rest_client [req-d5fa3d52-3645-4ed0-895d-c981d2fff279 ] Request - Headers: {'Content-Type': 'application/json', 'Accept': 'application/json', 'X-Auth-Token': ''} Body: None Response - Headers: {'status': '404', u'content-length': '132', 'content-location': 'http://172.30.9.31:9696/v2.0/ports/06509dae-e224-4049-b7df-6f3c52b252d8', u'date': 'Tue, 13 Nov 2018 15:46:53 GMT', u'content-type': 'application/json', u'connection': 'close', u'x-openstack-request-id': 'req-d5fa3d52-3645-4ed0-895d-c981d2fff279'} Body: {"NeutronError": {"message": "Port 06509dae-e224-4049-b7df-6f3c52b252d8 could not be found.", "type": "PortNotFound", "detail": ""}} _log_request_full /root/.rally/verification/verifier-0fb88f29-8f40-4d48-94b5-00c89e1ba694/repo/tempest/lib/common/rest_client.py:434
2018-11-13 15:46:53.469 17911 INFO tempest.lib.common.rest_client [req-a801b5df-4ca6-4992-bf83-4538d3b55ac1 ] Request (TrunkTestJSON:_run_cleanups): 404 DELETE http://172.30.9.31:9696/v2.0/ports/3503392a-17b1-4e12-aca1-73ec7d23f3f4 0.034s
2018-11-13 15:46:53.470 17911 DEBUG tempest.lib.common.rest_client [req-a801b5df-4ca6-4992-bf83-4538d3b55ac1 ] Request - Headers: {'Content-Type': 'application/json', 'Accept': 'application/json', 'X-Auth-Token': ''} Body: None Response - Headers: {'status': '404', u'content-length': '132', 'content-location': 'http://172.30.9.31:9696/v2.0/ports/3503392a-17b1-4e12-aca1-73ec7d23f3f4', u'date': 'Tue, 13 Nov 2018 15:46:53 GMT', u'content-type': 'application/json', u'connection': 'close', u'x-openstack-request-id': 'req-a801b5df-4ca6-4992-bf83-4538d3b55ac1'} Body: {"NeutronError": {"message": "Port 3503392a-17b1-4e12-aca1-73ec7d23f3f4 could not be found.", "type": "PortNotFound", "detail": ""}} _log_request_full /root/.rally/verification/verifier-0fb88f29-8f40-4d48-94b5-00c89e1ba694/repo/tempest/lib/common/rest_client.py:434
2018-11-13 15:46:53.500 17911 INFO tempest.lib.common.rest_client [req-15e08c31-0d18-4e66-b032-3f27ba2f6d81 ] Request (TrunkTestJSON:_run_cleanups): 404 DELETE http://172.30.9.31:9696/v2.0/ports/26c419f4-07fe-486b-838f-e36ce75308ab 0.029s
2018-11-13 15:46:53.500 17911 DEBUG tempest.lib.common.rest_client [req-15e08c31-0d18-4e66-b032-3f27ba2f6d81 ] Request - Headers: {'Content-Type': 'application/json', 'Accept': 'application/json', 'X-Auth-Token': ''} Body: None Response - Headers: {'status': '404', u'content-length': '132', 'content-location': 'http://172.30.9.31:9696/v2.0/ports/26c419f4-07fe-486b-838f-e36ce75308ab', u'date': 'Tue, 13 Nov 2018 15:46:53 GMT', u'content-type': 'application/json', u'connection': 'close', u'x-openstack-request-id': 'req-15e08c31-0d18-4e66-b032-3f27ba2f6d81'} Body: {"NeutronError": {"message": "Port 26c419f4-07fe-486b-838f-e36ce75308ab could not be found.", "type": "PortNotFound", "detail": ""}} _log_request_full /root/.rally/verification/verifier-0fb88f29-8f40-4d48-94b5-00c89e1ba694/repo/tempest/lib/common/rest_client.py:434
2018-11-13 15:46:53.535 17911 INFO tempest.lib.common.rest_client [req-b6d84931-3bb2-4cf6-8949-64b4e2d8d720 ] Request (TrunkTestJSON:_run_cleanups): 404 DELETE http://172.30.9.31:9696/v2.0/ports/9c2fd7a3-ade8-4a57-a243-44475fc55873 0.034s
2018-11-13 15:46:53.535 17911 DEBUG tempest.lib.common.rest_client [req-b6d84931-3bb2-4cf6-8949-64b4e2d8d720 ] Request - Headers: {'Content-Type': 'application/json', 'Accept': 'application/json', 'X-Auth-Token': ''} Body: None Response - Headers: {'status': '404', u'content-length': '132', 'content-location': 'http://172.30.9.31:9696/v2.0/ports/9c2fd7a3-ade8-4a57-a243-44475fc55873', u'date': 'Tue, 13 Nov 2018 15:46:53 GMT', u'content-type': 'application/json', u'connection': 'close', u'x-openstack-request-id': 'req-b6d84931-3bb2-4cf6-8949-64b4e2d8d720'} Body: {"NeutronError": {"message": "Port 9c2fd7a3-ade8-4a57-a243-44475fc55873 could not be found.", "type": "PortNotFound", "detail": ""}} _log_request_full /root/.rally/verification/verifier-0fb88f29-8f40-4d48-94b5-00c89e1ba694/repo/tempest/lib/common/rest_client.py:434
2018-11-13 15:46:53.567 17911 INFO tempest.lib.common.rest_client [req-5b180a3f-a335-4666-9b4a-8fe1b64ae767 ] Request (TrunkTestJSON:_run_cleanups): 404 DELETE http://172.30.9.31:9696/v2.0/ports/601bb9fd-5558-40b6-a385-88f1c1f3ecc6 0.031s
2018-11-13 15:46:53.568 17911 DEBUG tempest.lib.common.rest_client [req-5b180a3f-a335-4666-9b4a-8fe1b64ae767 ] Request - Headers: {'Content-Type': 'application/json', 'Accept': 'application/json', 'X-Auth-Token': ''} Body: None Response - Headers: {'status': '404', u'content-length': '132', 'content-location': 'http://172.30.9.31:9696/v2.0/ports/601bb9fd-5558-40b6-a385-88f1c1f3ecc6', u'date': 'Tue, 13 Nov 2018 15:46:53 GMT', u'content-type': 'application/json', u'connection': 'close', u'x-openstack-request-id': 'req-5b180a3f-a335-4666-9b4a-8fe1b64ae767'} Body: {"NeutronError": {"message": "Port 601bb9fd-5558-40b6-a385-88f1c1f3ecc6 could not be found.", "type": "PortNotFound", "detail": ""}} _log_request_full /root/.rally/verification/verifier-0fb88f29-8f40-4d48-94b5-00c89e1ba694/repo/tempest/lib/common/rest_client.py:434
2018-11-13 15:46:53.599 17911 INFO tempest.lib.common.rest_client [req-48e37953-6ce9-4952-ad55-4a9a9deeb427 ] Request (TrunkTestJSON:_run_cleanups): 404 DELETE http://172.30.9.31:9696/v2.0/ports/fe1cbebb-5af7-43f6-8593-9c8a69e56111 0.030s
2018-11-13 15:46:53.599 17911 DEBUG tempest.lib.common.rest_client [req-48e37953-6ce9-4952-ad55-4a9a9deeb427 ] Request - Headers: {'Content-Type': 'application/json', 'Accept': 'application/json', 'X-Auth-Token': ''} Body: None Response - Headers: {'status': '404', u'content-length': '132', 'content-location': 'http://172.30.9.31:9696/v2.0/ports/fe1cbebb-5af7-43f6-8593-9c8a69e56111', u'date': 'Tue, 13 Nov 2018 15:46:53 GMT', u'content-type': 'application/json', u'connection': 'close', u'x-openstack-request-id': 'req-48e37953-6ce9-4952-ad55-4a9a9deeb427'} Body: {"NeutronError": {"message": "Port fe1cbebb-5af7-43f6-8593-9c8a69e56111 could not be found.", "type": "PortNotFound", "detail": ""}} _log_request_full /root/.rally/verification/verifier-0fb88f29-8f40-4d48-94b5-00c89e1ba694/repo/tempest/lib/common/rest_client.py:434
2018-11-13 15:46:53.787 17907 INFO tempest.lib.common.rest_client [req-f2452d1a-a7f4-47e0-bdfe-ff1411f6d04e ] Request (TrunkTestJSON:test_show_trunk_has_project_id): 201 POST http://172.30.9.31:9696/v2.0/ports 0.926s
2018-11-13 15:46:53.788 17907 DEBUG tempest.lib.common.rest_client [req-f2452d1a-a7f4-47e0-bdfe-ff1411f6d04e ] Request - Headers: {'Content-Type': 'application/json', 'Accept': 'application/json', 'X-Auth-Token': ''} Body: {"port": {"network_id": "13dc61a3-443f-4283-b7f0-b2f93a044835"}} Response - Headers: {'status': '201', u'content-length': '664', 'content-location': 'http://172.30.9.31:9696/v2.0/ports', u'date': 'Tue, 13 Nov 2018 15:46:53 GMT', u'content-type': 'application/json', u'connection': 'close', u'x-openstack-request-id': 'req-f2452d1a-a7f4-47e0-bdfe-ff1411f6d04e'} Body: {"port":{"allowed_address_pairs":[],"extra_dhcp_opts":[],"updated_at":"2018-11-13T15:46:53Z","device_owner":"","revision_number":5,"port_security_enabled":true,"fixed_ips":[],"id":"2e088f09-de14-446e-bd91-ed4971e8f7e2","security_groups":["3483c05b-c7f5-4b3d-89fb-deb2292f828d"],"mac_address":"fa:16:3e:89:10:80","device_id":"","status":"DOWN","description":"","tags":[],"name":"","project_id":"dcce025310e64a0c99c25bfaf51d21b9","qos_policy_id":null,"admin_state_up":true,"network_id":"13dc61a3-443f-4283-b7f0-b2f93a044835","tenant_id":"dcce025310e64a0c99c25bfaf51d21b9","created_at":"2018-11-13T15:46:53Z","binding:vnic_type":"normal","ip_allocation":"immediate"}} _log_request_full /root/.rally/verification/verifier-0fb88f29-8f40-4d48-94b5-00c89e1ba694/repo/tempest/lib/common/rest_client.py:434
2018-11-13 15:46:54.000 17911 INFO tempest.lib.common.rest_client [req-2233097d-1e9f-4382-b98a-51f3a929e98a ] Request (TrunkTestJSON:_run_cleanups): 204 DELETE http://172.30.9.31:9696/v2.0/ports/39d1554c-b91a-4721-96bf-082816abf433 0.400s
2018-11-13 15:46:54.000 17911 DEBUG tempest.lib.common.rest_client [req-2233097d-1e9f-4382-b98a-51f3a929e98a ] Request - Headers: {'Content-Type': 'application/json', 'Accept': 'application/json', 'X-Auth-Token': ''} Body: None Response - Headers: {'status': '204', u'content-length': '0', 'content-location': 'http://172.30.9.31:9696/v2.0/ports/39d1554c-b91a-4721-96bf-082816abf433', u'date': 'Tue, 13 Nov 2018 15:46:54 GMT', u'connection': 'close', u'x-openstack-request-id': 'req-2233097d-1e9f-4382-b98a-51f3a929e98a'} Body: _log_request_full /root/.rally/verification/verifier-0fb88f29-8f40-4d48-94b5-00c89e1ba694/repo/tempest/lib/common/rest_client.py:434
2018-11-13 15:46:54.024 17911 INFO tempest.lib.common.rest_client [req-68182d4b-52b5-4889-8f55-be8bfd8dd9d6 ] Request (TrunkTestJSON:_run_cleanups): 404 DELETE http://172.30.9.31:9696/v2.0/networks/5ec62d74-de2d-41d0-aff3-3cc1ef167670 0.023s
2018-11-13 15:46:54.025 17911 DEBUG tempest.lib.common.rest_client [req-68182d4b-52b5-4889-8f55-be8bfd8dd9d6 ] Request - Headers: {'Content-Type': 'application/json', 'Accept': 'application/json', 'X-Auth-Token': ''} Body: None Response - Headers: {'status': '404', u'content-length': '138', 'content-location': 'http://172.30.9.31:9696/v2.0/networks/5ec62d74-de2d-41d0-aff3-3cc1ef167670', u'date': 'Tue, 13 Nov 2018 15:46:54 GMT', u'content-type': 'application/json', u'connection': 'close', u'x-openstack-request-id': 'req-68182d4b-52b5-4889-8f55-be8bfd8dd9d6'} Body: {"NeutronError": {"message": "Network 5ec62d74-de2d-41d0-aff3-3cc1ef167670 could not be found.", "type": "NetworkNotFound", "detail": ""}} _log_request_full /root/.rally/verification/verifier-0fb88f29-8f40-4d48-94b5-00c89e1ba694/repo/tempest/lib/common/rest_client.py:434
2018-11-13 15:46:54.047 17911 INFO tempest.lib.common.rest_client [req-c7a70421-87c6-4399-b161-80c4e3312ad6 ] Request (TrunkTestJSON:_run_cleanups): 404 DELETE http://172.30.9.31:9696/v2.0/networks/d757b86c-686d-4ace-b61c-6402cd45ffb6 0.021s
2018-11-13 15:46:54.047 17911 DEBUG tempest.lib.common.rest_client [req-c7a70421-87c6-4399-b161-80c4e3312ad6 ] Request - Headers: {'Content-Type': 'application/json', 'Accept': 'application/json', 'X-Auth-Token': ''} Body: None Response - Headers: {'status': '404', u'content-length': '138', 'content-location': 'http://172.30.9.31:9696/v2.0/networks/d757b86c-686d-4ace-b61c-6402cd45ffb6', u'date': 'Tue, 13 Nov 2018 15:46:54 GMT', u'content-type': 'application/json', u'connection': 'close', u'x-openstack-request-id': 'req-c7a70421-87c6-4399-b161-80c4e3312ad6'} Body: {"NeutronError": {"message": "Network d757b86c-686d-4ace-b61c-6402cd45ffb6 could not be found.", "type": "NetworkNotFound", "detail": ""}} _log_request_full /root/.rally/verification/verifier-0fb88f29-8f40-4d48-94b5-00c89e1ba694/repo/tempest/lib/common/rest_client.py:434
2018-11-13 15:46:54.072 17911 INFO tempest.lib.common.rest_client [req-ec011e64-1ffc-461d-97bf-8cecf350bcef ] Request (TrunkTestJSON:_run_cleanups): 404 DELETE http://172.30.9.31:9696/v2.0/networks/2fa1bddd-d77d-433f-bfb6-9818159f9835 0.023s
2018-11-13 15:46:54.072 17911 DEBUG tempest.lib.common.rest_client [req-ec011e64-1ffc-461d-97bf-8cecf350bcef ] Request - Headers: {'Content-Type': 'application/json', 'Accept': 'application/json', 'X-Auth-Token': ''} Body: None Response - Headers: {'status': '404', u'content-length': '138', 'content-location': 'http://172.30.9.31:9696/v2.0/networks/2fa1bddd-d77d-433f-bfb6-9818159f9835', u'date': 'Tue, 13 Nov 2018 15:46:54 GMT', u'content-type': 'application/json', u'connection': 'close', u'x-openstack-request-id': 'req-ec011e64-1ffc-461d-97bf-8cecf350bcef'} Body: {"NeutronError": {"message": "Network 2fa1bddd-d77d-433f-bfb6-9818159f9835 could not be found.", "type": "NetworkNotFound", "detail": ""}} _log_request_full /root/.rally/verification/verifier-0fb88f29-8f40-4d48-94b5-00c89e1ba694/repo/tempest/lib/common/rest_client.py:434
2018-11-13 15:46:54.089 17907 INFO tempest.lib.common.rest_client [req-d3e0f43f-eb37-4a3c-8214-da53f1fb172c ] Request (TrunkTestJSON:test_show_trunk_has_project_id): 201 POST http://172.30.9.31:9696/v2.0/trunks 0.300s
2018-11-13 15:46:54.090 17907 DEBUG tempest.lib.common.rest_client [req-d3e0f43f-eb37-4a3c-8214-da53f1fb172c ] Request - Headers: {'Content-Type': 'application/json', 'Accept': 'application/json', 'X-Auth-Token': ''} Body: {"trunk": {"port_id": "2e088f09-de14-446e-bd91-ed4971e8f7e2"}} Response - Headers: {'status': '201', u'content-length': '407', 'content-location': 'http://172.30.9.31:9696/v2.0/trunks', u'date': 'Tue, 13 Nov 2018 15:46:54 GMT', u'content-type': 'application/json', u'connection': 'close', u'x-openstack-request-id': 'req-d3e0f43f-eb37-4a3c-8214-da53f1fb172c'} Body: {"trunk": {"status": "DOWN", "sub_ports": [], "name": "", "admin_state_up": true, "tenant_id": "dcce025310e64a0c99c25bfaf51d21b9", "created_at": "2018-11-13T15:46:54Z", "tags": [], "updated_at": "2018-11-13T15:46:54Z", "revision_number": 0, "project_id": "dcce025310e64a0c99c25bfaf51d21b9", "port_id": "2e088f09-de14-446e-bd91-ed4971e8f7e2", "id": "c55359a6-2d0f-4e1f-88c5-f8e52a1f8a9b", "description": ""}} _log_request_full /root/.rally/verification/verifier-0fb88f29-8f40-4d48-94b5-00c89e1ba694/repo/tempest/lib/common/rest_client.py:434
2018-11-13 15:46:54.096 17911 INFO tempest.lib.common.rest_client [req-b974fd89-4897-404e-a337-7ce7991404c4 ] Request (TrunkTestJSON:_run_cleanups): 404 DELETE http://172.30.9.31:9696/v2.0/networks/bb4fa403-0c31-4c0b-9bad-faa2978297e3 0.023s
2018-11-13 15:46:54.097 17911 DEBUG tempest.lib.common.rest_client [req-b974fd89-4897-404e-a337-7ce7991404c4 ] Request - Headers: {'Content-Type': 'application/json', 'Accept': 'application/json', 'X-Auth-Token': ''} Body: None Response - Headers: {'status': '404', u'content-length': '138', 'content-location': 'http://172.30.9.31:9696/v2.0/networks/bb4fa403-0c31-4c0b-9bad-faa2978297e3', u'date': 'Tue, 13 Nov 2018 15:46:54 GMT', u'content-type': 'application/json', u'connection': 'close', u'x-openstack-request-id': 'req-b974fd89-4897-404e-a337-7ce7991404c4'} Body: {"NeutronError": {"message": "Network bb4fa403-0c31-4c0b-9bad-faa2978297e3 could not be found.", "type": "NetworkNotFound", "detail": ""}} _log_request_full /root/.rally/verification/verifier-0fb88f29-8f40-4d48-94b5-00c89e1ba694/repo/tempest/lib/common/rest_client.py:434
2018-11-13 15:46:54.110 17907 INFO tempest.lib.common.rest_client [req-696684d8-f2c3-4e13-8bf3-812bfd0dc756 ] Request (TrunkTestJSON:test_show_trunk_has_project_id): 200 GET http://172.30.9.31:9696/v2.0/trunks/c55359a6-2d0f-4e1f-88c5-f8e52a1f8a9b 0.019s
2018-11-13 15:46:54.110 17907 DEBUG tempest.lib.common.rest_client [req-696684d8-f2c3-4e13-8bf3-812bfd0dc756 ] Request - Headers: {'Content-Type': 'application/json', 'Accept': 'application/json', 'X-Auth-Token': ''} Body: None Response - Headers: {'status': '200', u'content-length': '407', 'content-location': 'http://172.30.9.31:9696/v2.0/trunks/c55359a6-2d0f-4e1f-88c5-f8e52a1f8a9b', u'date': 'Tue, 13 Nov 2018 15:46:54 GMT', u'content-type': 'application/json', u'connection': 'close', u'x-openstack-request-id': 'req-696684d8-f2c3-4e13-8bf3-812bfd0dc756'} Body: {"trunk": {"status": "DOWN", "sub_ports": [], "name": "", "admin_state_up": true, "tenant_id": "dcce025310e64a0c99c25bfaf51d21b9", "created_at": "2018-11-13T15:46:54Z", "tags": [], "updated_at": "2018-11-13T15:46:54Z", "revision_number": 0, "project_id": "dcce025310e64a0c99c25bfaf51d21b9", "port_id": "2e088f09-de14-446e-bd91-ed4971e8f7e2", "id": "c55359a6-2d0f-4e1f-88c5-f8e52a1f8a9b", "description": ""}} _log_request_full /root/.rally/verification/verifier-0fb88f29-8f40-4d48-94b5-00c89e1ba694/repo/tempest/lib/common/rest_client.py:434
2018-11-13 15:46:54.119 17911 INFO tempest.lib.common.rest_client [req-10e9ab95-ccbb-4f15-a2de-6c29e7e572f8 ] Request (TrunkTestJSON:_run_cleanups): 404 DELETE http://172.30.9.31:9696/v2.0/networks/7a299e1a-4091-407b-bd6a-72301b1bc90f 0.021s
2018-11-13 15:46:54.119 17911 DEBUG tempest.lib.common.rest_client [req-10e9ab95-ccbb-4f15-a2de-6c29e7e572f8 ] Request - Headers: {'Content-Type': 'application/json', 'Accept': 'application/json', 'X-Auth-Token': ''} Body: None Response - Headers: {'status': '404', u'content-length': '138', 'content-location': 'http://172.30.9.31:9696/v2.0/networks/7a299e1a-4091-407b-bd6a-72301b1bc90f', u'date': 'Tue, 13 Nov 2018 15:46:54 GMT', u'content-type': 'application/json', u'connection': 'close', u'x-openstack-request-id': 'req-10e9ab95-ccbb-4f15-a2de-6c29e7e572f8'} Body: {"NeutronError": {"message": "Network 7a299e1a-4091-407b-bd6a-72301b1bc90f could not be found.", "type": "NetworkNotFound", "detail": ""}} _log_request_full /root/.rally/verification/verifier-0fb88f29-8f40-4d48-94b5-00c89e1ba694/repo/tempest/lib/common/rest_client.py:434
2018-11-13 15:46:54.125 17907 INFO tempest.lib.common.rest_client [req-98455178-23db-40b7-ab1e-c693f50301f7 ] Request (TrunkTestJSON:_run_cleanups): 404 GET http://172.30.9.31:9696/v2.0/trunks/e51a5f88-ab41-445e-a8bc-a2dc082e1c4a/get_subports 0.014s
2018-11-13 15:46:54.125 17907 DEBUG tempest.lib.common.rest_client [req-98455178-23db-40b7-ab1e-c693f50301f7 ] Request - Headers: {'Content-Type': 'application/json', 'Accept': 'application/json', 'X-Auth-Token': ''} Body: None Response - Headers: {'status': '404', u'content-length': '134', 'content-location': 'http://172.30.9.31:9696/v2.0/trunks/e51a5f88-ab41-445e-a8bc-a2dc082e1c4a/get_subports', u'date': 'Tue, 13 Nov 2018 15:46:54 GMT', u'content-type': 'application/json', u'connection': 'close', u'x-openstack-request-id': 'req-98455178-23db-40b7-ab1e-c693f50301f7'} Body: {"NeutronError": {"message": "Trunk e51a5f88-ab41-445e-a8bc-a2dc082e1c4a could not be found.", "type": "TrunkNotFound", "detail": ""}} _log_request_full /root/.rally/verification/verifier-0fb88f29-8f40-4d48-94b5-00c89e1ba694/repo/tempest/lib/common/rest_client.py:434
2018-11-13 15:46:54.142 17907 INFO tempest.lib.common.rest_client [req-3c42eef3-e1f3-4501-b25d-145ebecfbe53 ] Request (TrunkTestJSON:_run_cleanups): 404 DELETE http://172.30.9.31:9696/v2.0/trunks/e51a5f88-ab41-445e-a8bc-a2dc082e1c4a 0.016s
2018-11-13 15:46:54.142 17907 DEBUG tempest.lib.common.rest_client [req-3c42eef3-e1f3-4501-b25d-145ebecfbe53 ] Request - Headers: {'Content-Type': 'application/json', 'Accept': 'application/json', 'X-Auth-Token': ''} Body: None Response - Headers: {'status': '404', u'content-length': '134', 'content-location': 'http://172.30.9.31:9696/v2.0/trunks/e51a5f88-ab41-445e-a8bc-a2dc082e1c4a', u'date': 'Tue, 13 Nov 2018 15:46:54 GMT', u'content-type': 'application/json', u'connection': 'close', u'x-openstack-request-id': 'req-3c42eef3-e1f3-4501-b25d-145ebecfbe53'} Body: {"NeutronError": {"message": "Trunk e51a5f88-ab41-445e-a8bc-a2dc082e1c4a could not be found.", "type": "TrunkNotFound", "detail": ""}} _log_request_full /root/.rally/verification/verifier-0fb88f29-8f40-4d48-94b5-00c89e1ba694/repo/tempest/lib/common/rest_client.py:434
2018-11-13 15:46:54.145 17911 INFO tempest.lib.common.rest_client [req-4582ddbb-4d50-4f6e-af3e-de2ee2fa77e7 ] Request (TrunkTestJSON:_run_cleanups): 404 DELETE http://172.30.9.31:9696/v2.0/networks/d375dfac-ebc2-491b-9f64-65752e54171c 0.025s
2018-11-13 15:46:54.146 17911 DEBUG tempest.lib.common.rest_client [req-4582ddbb-4d50-4f6e-af3e-de2ee2fa77e7 ] Request - Headers: {'Content-Type': 'application/json', 'Accept': 'application/json', 'X-Auth-Token': ''} Body: None Response - Headers: {'status': '404', u'content-length': '138', 'content-location': 'http://172.30.9.31:9696/v2.0/networks/d375dfac-ebc2-491b-9f64-65752e54171c', u'date': 'Tue, 13 Nov 2018 15:46:54 GMT', u'content-type': 'application/json', u'connection': 'close', u'x-openstack-request-id': 'req-4582ddbb-4d50-4f6e-af3e-de2ee2fa77e7'} Body: {"NeutronError": {"message": "Network d375dfac-ebc2-491b-9f64-65752e54171c could not be found.", "type": "NetworkNotFound", "detail": ""}} _log_request_full /root/.rally/verification/verifier-0fb88f29-8f40-4d48-94b5-00c89e1ba694/repo/tempest/lib/common/rest_client.py:434
2018-11-13 15:46:54.156 17907 INFO tempest.lib.common.rest_client [req-b8de2483-cf81-4c24-abff-6a2b4a3cf8e0 ] Request (TrunkTestJSON:_run_cleanups): 404 GET http://172.30.9.31:9696/v2.0/trunks/e94ce579-6e09-4d3a-8f85-ebdcea270da3/get_subports 0.013s
2018-11-13 15:46:54.157 17907 DEBUG tempest.lib.common.rest_client [req-b8de2483-cf81-4c24-abff-6a2b4a3cf8e0 ] Request - Headers: {'Content-Type': 'application/json', 'Accept': 'application/json', 'X-Auth-Token': ''} Body: None Response - Headers: {'status': '404', u'content-length': '134', 'content-location': 'http://172.30.9.31:9696/v2.0/trunks/e94ce579-6e09-4d3a-8f85-ebdcea270da3/get_subports', u'date': 'Tue, 13 Nov 2018 15:46:54 GMT', u'content-type': 'application/json', u'connection': 'close', u'x-openstack-request-id': 'req-b8de2483-cf81-4c24-abff-6a2b4a3cf8e0'} Body: {"NeutronError": {"message": "Trunk e94ce579-6e09-4d3a-8f85-ebdcea270da3 could not be found.", "type": "TrunkNotFound", "detail": ""}} _log_request_full /root/.rally/verification/verifier-0fb88f29-8f40-4d48-94b5-00c89e1ba694/repo/tempest/lib/common/rest_client.py:434
2018-11-13 15:46:54.168 17911 INFO tempest.lib.common.rest_client [req-b1b3a34f-a718-4caf-b391-5d25c6f5852d ] Request (TrunkTestJSON:_run_cleanups): 404 DELETE http://172.30.9.31:9696/v2.0/networks/755cef1c-46d5-4ca3-aed4-3586f534b8c6 0.022s
2018-11-13 15:46:54.169 17911 DEBUG tempest.lib.common.rest_client [req-b1b3a34f-a718-4caf-b391-5d25c6f5852d ] Request - Headers: {'Content-Type': 'application/json', 'Accept': 'application/json', 'X-Auth-Token': ''} Body: None Response - Headers: {'status': '404', u'content-length': '138', 'content-location': 'http://172.30.9.31:9696/v2.0/networks/755cef1c-46d5-4ca3-aed4-3586f534b8c6', u'date': 'Tue, 13 Nov 2018 15:46:54 GMT', u'content-type': 'application/json', u'connection': 'close', u'x-openstack-request-id': 'req-b1b3a34f-a718-4caf-b391-5d25c6f5852d'} Body: {"NeutronError": {"message": "Network 755cef1c-46d5-4ca3-aed4-3586f534b8c6 could not be found.", "type": "NetworkNotFound", "detail": ""}} _log_request_full /root/.rally/verification/verifier-0fb88f29-8f40-4d48-94b5-00c89e1ba694/repo/tempest/lib/common/rest_client.py:434
2018-11-13 15:46:54.175 17907 INFO tempest.lib.common.rest_client [req-4235be72-d728-492a-a1f1-b1cf74b1cea1 ] Request (TrunkTestJSON:_run_cleanups): 404 DELETE http://172.30.9.31:9696/v2.0/trunks/e94ce579-6e09-4d3a-8f85-ebdcea270da3 0.018s
2018-11-13 15:46:54.176 17907 DEBUG tempest.lib.common.rest_client [req-4235be72-d728-492a-a1f1-b1cf74b1cea1 ] Request - Headers: {'Content-Type': 'application/json', 'Accept': 'application/json', 'X-Auth-Token': ''} Body: None Response - Headers: {'status': '404', u'content-length': '134', 'content-location': 'http://172.30.9.31:9696/v2.0/trunks/e94ce579-6e09-4d3a-8f85-ebdcea270da3', u'date': 'Tue, 13 Nov 2018 15:46:54 GMT', u'content-type': 'application/json', u'connection': 'close', u'x-openstack-request-id': 'req-4235be72-d728-492a-a1f1-b1cf74b1cea1'} Body: {"NeutronError": {"message": "Trunk e94ce579-6e09-4d3a-8f85-ebdcea270da3 could not be found.", "type": "TrunkNotFound", "detail": ""}} _log_request_full /root/.rally/verification/verifier-0fb88f29-8f40-4d48-94b5-00c89e1ba694/repo/tempest/lib/common/rest_client.py:434
2018-11-13 15:46:54.189 17907 INFO tempest.lib.common.rest_client [req-93c92e35-0ce8-4b79-bb86-b93a4ea50b23 ] Request (TrunkTestJSON:_run_cleanups): 404 GET http://172.30.9.31:9696/v2.0/trunks/b3d6d0a6-7231-4caf-b014-fc9d7b38da2b/get_subports 0.013s
2018-11-13 15:46:54.190 17907 DEBUG tempest.lib.common.rest_client [req-93c92e35-0ce8-4b79-bb86-b93a4ea50b23 ] Request - Headers: {'Content-Type': 'application/json', 'Accept': 'application/json', 'X-Auth-Token': ''} Body: None Response - Headers: {'status': '404', u'content-length': '134', 'content-location': 'http://172.30.9.31:9696/v2.0/trunks/b3d6d0a6-7231-4caf-b014-fc9d7b38da2b/get_subports', u'date': 'Tue, 13 Nov 2018 15:46:54 GMT', u'content-type': 'application/json', u'connection': 'close', u'x-openstack-request-id': 'req-93c92e35-0ce8-4b79-bb86-b93a4ea50b23'} Body: {"NeutronError": {"message": "Trunk b3d6d0a6-7231-4caf-b014-fc9d7b38da2b could not be found.", "type": "TrunkNotFound", "detail": ""}} _log_request_full /root/.rally/verification/verifier-0fb88f29-8f40-4d48-94b5-00c89e1ba694/repo/tempest/lib/common/rest_client.py:434
2018-11-13 15:46:54.192 17911 INFO tempest.lib.common.rest_client [req-cb072efa-2f56-4b51-89f2-5dba01876648 ] Request (TrunkTestJSON:_run_cleanups): 404 DELETE http://172.30.9.31:9696/v2.0/networks/64b7973c-0332-4a2f-b733-4e1515d2c6d8 0.023s
2018-11-13 15:46:54.192 17911 DEBUG tempest.lib.common.rest_client [req-cb072efa-2f56-4b51-89f2-5dba01876648 ] Request - Headers: {'Content-Type': 'application/json', 'Accept': 'application/json', 'X-Auth-Token': ''} Body: None Response - Headers: {'status': '404', u'content-length': '138', 'content-location': 'http://172.30.9.31:9696/v2.0/networks/64b7973c-0332-4a2f-b733-4e1515d2c6d8', u'date': 'Tue, 13 Nov 2018 15:46:54 GMT', u'content-type': 'application/json', u'connection': 'close', u'x-openstack-request-id': 'req-cb072efa-2f56-4b51-89f2-5dba01876648'} Body: {"NeutronError": {"message": "Network 64b7973c-0332-4a2f-b733-4e1515d2c6d8 could not be found.", "type": "NetworkNotFound", "detail": ""}} _log_request_full /root/.rally/verification/verifier-0fb88f29-8f40-4d48-94b5-00c89e1ba694/repo/tempest/lib/common/rest_client.py:434
2018-11-13 15:46:54.205 17907 INFO tempest.lib.common.rest_client [req-062c2d12-89ba-4238-9c1c-41a81b440a54 ] Request (TrunkTestJSON:_run_cleanups): 404 DELETE http://172.30.9.31:9696/v2.0/trunks/b3d6d0a6-7231-4caf-b014-fc9d7b38da2b 0.015s
2018-11-13 15:46:54.206 17907 DEBUG tempest.lib.common.rest_client [req-062c2d12-89ba-4238-9c1c-41a81b440a54 ] Request - Headers: {'Content-Type': 'application/json', 'Accept': 'application/json', 'X-Auth-Token': ''} Body: None Response - Headers: {'status': '404', u'content-length': '134', 'content-location': 'http://172.30.9.31:9696/v2.0/trunks/b3d6d0a6-7231-4caf-b014-fc9d7b38da2b', u'date': 'Tue, 13 Nov 2018 15:46:54 GMT', u'content-type': 'application/json', u'connection': 'close', u'x-openstack-request-id': 'req-062c2d12-89ba-4238-9c1c-41a81b440a54'} Body: {"NeutronError": {"message": "Trunk b3d6d0a6-7231-4caf-b014-fc9d7b38da2b could not be found.", "type": "TrunkNotFound", "detail": ""}} _log_request_full /root/.rally/verification/verifier-0fb88f29-8f40-4d48-94b5-00c89e1ba694/repo/tempest/lib/common/rest_client.py:434
2018-11-13 15:46:54.217 17911 INFO tempest.lib.common.rest_client [req-24eb5ea3-fa14-4fcb-9d2a-0bfaf51ac3f6 ] Request (TrunkTestJSON:_run_cleanups): 404 DELETE http://172.30.9.31:9696/v2.0/networks/bf298d16-edbe-40fd-9a3d-2898d71a88ea 0.024s
2018-11-13 15:46:54.217 17911 DEBUG tempest.lib.common.rest_client [req-24eb5ea3-fa14-4fcb-9d2a-0bfaf51ac3f6 ] Request - Headers: {'Content-Type': 'application/json', 'Accept': 'application/json', 'X-Auth-Token': ''} Body: None Response - Headers: {'status': '404', u'content-length': '138', 'content-location': 'http://172.30.9.31:9696/v2.0/networks/bf298d16-edbe-40fd-9a3d-2898d71a88ea', u'date': 'Tue, 13 Nov 2018 15:46:54 GMT', u'content-type': 'application/json', u'connection': 'close', u'x-openstack-request-id': 'req-24eb5ea3-fa14-4fcb-9d2a-0bfaf51ac3f6'} Body: {"NeutronError": {"message": "Network bf298d16-edbe-40fd-9a3d-2898d71a88ea could not be found.", "type": "NetworkNotFound", "detail": ""}} _log_request_full /root/.rally/verification/verifier-0fb88f29-8f40-4d48-94b5-00c89e1ba694/repo/tempest/lib/common/rest_client.py:434
2018-11-13 15:46:54.219 17907 INFO tempest.lib.common.rest_client [req-0d80cbea-0e24-4d2d-94fd-6178d3d1cab2 ] Request (TrunkTestJSON:_run_cleanups): 404 GET http://172.30.9.31:9696/v2.0/trunks/41c1ab0d-7bfc-4471-be84-988b63c473be/get_subports 0.013s
2018-11-13 15:46:54.220 17907 DEBUG tempest.lib.common.rest_client [req-0d80cbea-0e24-4d2d-94fd-6178d3d1cab2 ] Request - Headers: {'Content-Type': 'application/json', 'Accept': 'application/json', 'X-Auth-Token': ''} Body: None Response - Headers: {'status': '404', u'content-length': '134', 'content-location': 'http://172.30.9.31:9696/v2.0/trunks/41c1ab0d-7bfc-4471-be84-988b63c473be/get_subports', u'date': 'Tue, 13 Nov 2018 15:46:54 GMT', u'content-type': 'application/json', u'connection': 'close', u'x-openstack-request-id': 'req-0d80cbea-0e24-4d2d-94fd-6178d3d1cab2'} Body: {"NeutronError": {"message": "Trunk 41c1ab0d-7bfc-4471-be84-988b63c473be could not be found.", "type": "TrunkNotFound", "detail": ""}} _log_request_full /root/.rally/verification/verifier-0fb88f29-8f40-4d48-94b5-00c89e1ba694/repo/tempest/lib/common/rest_client.py:434
2018-11-13 15:46:54.235 17907 INFO tempest.lib.common.rest_client [req-7551c8d7-ce10-405a-bbae-4408974d2451 ] Request (TrunkTestJSON:_run_cleanups): 404 DELETE http://172.30.9.31:9696/v2.0/trunks/41c1ab0d-7bfc-4471-be84-988b63c473be 0.014s
2018-11-13 15:46:54.235 17907 DEBUG tempest.lib.common.rest_client [req-7551c8d7-ce10-405a-bbae-4408974d2451 ] Request - Headers: {'Content-Type': 'application/json', 'Accept': 'application/json', 'X-Auth-Token': ''} Body: None Response - Headers: {'status': '404', u'content-length': '134', 'content-location': 'http://172.30.9.31:9696/v2.0/trunks/41c1ab0d-7bfc-4471-be84-988b63c473be', u'date': 'Tue, 13 Nov 2018 15:46:54 GMT', u'content-type': 'application/json', u'connection': 'close', u'x-openstack-request-id': 'req-7551c8d7-ce10-405a-bbae-4408974d2451'} Body: {"NeutronError": {"message": "Trunk 41c1ab0d-7bfc-4471-be84-988b63c473be could not be found.", "type": "TrunkNotFound", "detail": ""}} _log_request_full /root/.rally/verification/verifier-0fb88f29-8f40-4d48-94b5-00c89e1ba694/repo/tempest/lib/common/rest_client.py:434
2018-11-13 15:46:54.240 17911 INFO tempest.lib.common.rest_client [req-edf51c17-417d-4ae9-9b77-73033321df5d ] Request (TrunkTestJSON:_run_cleanups): 404 DELETE http://172.30.9.31:9696/v2.0/networks/19b4d6d3-cfd7-4640-b4ee-70df2dc91b4a 0.021s
2018-11-13 15:46:54.240 17911 DEBUG tempest.lib.common.rest_client [req-edf51c17-417d-4ae9-9b77-73033321df5d ] Request - Headers: {'Content-Type': 'application/json', 'Accept': 'application/json', 'X-Auth-Token': ''} Body: None Response - Headers: {'status': '404', u'content-length': '138', 'content-location': 'http://172.30.9.31:9696/v2.0/networks/19b4d6d3-cfd7-4640-b4ee-70df2dc91b4a', u'date': 'Tue, 13 Nov 2018 15:46:54 GMT', u'content-type': 'application/json', u'connection': 'close', u'x-openstack-request-id': 'req-edf51c17-417d-4ae9-9b77-73033321df5d'} Body: {"NeutronError": {"message": "Network 19b4d6d3-cfd7-4640-b4ee-70df2dc91b4a could not be found.", "type": "NetworkNotFound", "detail": ""}} _log_request_full /root/.rally/verification/verifier-0fb88f29-8f40-4d48-94b5-00c89e1ba694/repo/tempest/lib/common/rest_client.py:434
2018-11-13 15:46:54.253 17907 INFO tempest.lib.common.rest_client [req-2a3dabdb-2e7e-40ce-a426-5999711534b8 ] Request (TrunkTestJSON:_run_cleanups): 404 GET http://172.30.9.31:9696/v2.0/trunks/8fdd4bd6-f6d5-4b52-b45e-f6f66fe253f4/get_subports 0.016s
2018-11-13 15:46:54.253 17907 DEBUG tempest.lib.common.rest_client [req-2a3dabdb-2e7e-40ce-a426-5999711534b8 ] Request - Headers: {'Content-Type': 'application/json', 'Accept': 'application/json', 'X-Auth-Token': ''} Body: None Response - Headers: {'status': '404', u'content-length': '134', 'content-location': 'http://172.30.9.31:9696/v2.0/trunks/8fdd4bd6-f6d5-4b52-b45e-f6f66fe253f4/get_subports', u'date': 'Tue, 13 Nov 2018 15:46:54 GMT', u'content-type': 'application/json', u'connection': 'close', u'x-openstack-request-id': 'req-2a3dabdb-2e7e-40ce-a426-5999711534b8'} Body: {"NeutronError": {"message": "Trunk 8fdd4bd6-f6d5-4b52-b45e-f6f66fe253f4 could not be found.", "type": "TrunkNotFound", "detail": ""}} _log_request_full /root/.rally/verification/verifier-0fb88f29-8f40-4d48-94b5-00c89e1ba694/repo/tempest/lib/common/rest_client.py:434
2018-11-13 15:46:54.261 17911 INFO tempest.lib.common.rest_client [req-b3889afe-513d-40bc-8906-8269957672c4 ] Request (TrunkTestJSON:_run_cleanups): 404 DELETE http://172.30.9.31:9696/v2.0/networks/d6257a67-a8c2-4f90-a72c-b45ac0b071c5 0.020s
2018-11-13 15:46:54.261 17911 DEBUG tempest.lib.common.rest_client [req-b3889afe-513d-40bc-8906-8269957672c4 ] Request - Headers: {'Content-Type': 'application/json', 'Accept': 'application/json', 'X-Auth-Token': ''} Body: None Response - Headers: {'status': '404', u'content-length': '138', 'content-location': 'http://172.30.9.31:9696/v2.0/networks/d6257a67-a8c2-4f90-a72c-b45ac0b071c5', u'date': 'Tue, 13 Nov 2018 15:46:54 GMT', u'content-type': 'application/json', u'connection': 'close', u'x-openstack-request-id': 'req-b3889afe-513d-40bc-8906-8269957672c4'} Body: {"NeutronError": {"message": "Network d6257a67-a8c2-4f90-a72c-b45ac0b071c5 could not be found.", "type": "NetworkNotFound", "detail": ""}} _log_request_full /root/.rally/verification/verifier-0fb88f29-8f40-4d48-94b5-00c89e1ba694/repo/tempest/lib/common/rest_client.py:434
2018-11-13 15:46:54.269 17907 INFO tempest.lib.common.rest_client [req-fff9d02c-9ed9-4d65-9702-9ef10d5f6651 ] Request (TrunkTestJSON:_run_cleanups): 404 DELETE http://172.30.9.31:9696/v2.0/trunks/8fdd4bd6-f6d5-4b52-b45e-f6f66fe253f4 0.014s
2018-11-13 15:46:54.269 17907 DEBUG tempest.lib.common.rest_client [req-fff9d02c-9ed9-4d65-9702-9ef10d5f6651 ] Request - Headers: {'Content-Type': 'application/json', 'Accept': 'application/json', 'X-Auth-Token': ''} Body: None Response - Headers: {'status': '404', u'content-length': '134', 'content-location': 'http://172.30.9.31:9696/v2.0/trunks/8fdd4bd6-f6d5-4b52-b45e-f6f66fe253f4', u'date': 'Tue, 13 Nov 2018 15:46:54 GMT', u'content-type': 'application/json', u'connection': 'close', u'x-openstack-request-id': 'req-fff9d02c-9ed9-4d65-9702-9ef10d5f6651'} Body: {"NeutronError": {"message": "Trunk 8fdd4bd6-f6d5-4b52-b45e-f6f66fe253f4 could not be found.", "type": "TrunkNotFound", "detail": ""}} _log_request_full /root/.rally/verification/verifier-0fb88f29-8f40-4d48-94b5-00c89e1ba694/repo/tempest/lib/common/rest_client.py:434
