2018-11-07 06:15:44.015 17924 DEBUG tempest.lib.common.rest_client [req-b6965e34-be9c-4494-8d20-531bcac9604d ] Request - Headers: {'Content-Type': 'application/json', 'Accept': 'application/json', 'X-Auth-Token': ''} Body: None Response - Headers: {'status': '404', u'content-length': '132', 'content-location': 'http://172.30.9.45:9696/v2.0/ports/48cc0506-e207-44a3-9149-0ea1709843c2', u'date': 'Wed, 07 Nov 2018 06:15:44 GMT', u'content-type': 'application/json', u'connection': 'close', u'x-openstack-request-id': 'req-b6965e34-be9c-4494-8d20-531bcac9604d'} Body: {"NeutronError": {"message": "Port 48cc0506-e207-44a3-9149-0ea1709843c2 could not be found.", "type": "PortNotFound", "detail": ""}} _log_request_full /root/.rally/verification/verifier-28f9f35e-8d23-4419-b369-6f1c5e00d265/repo/tempest/lib/common/rest_client.py:434
2018-11-07 06:15:44.045 17924 INFO tempest.lib.common.rest_client [req-3080eac0-d762-4d0f-acfc-4dfdce0d5790 ] Request (TrunkTestJSON:_run_cleanups): 404 DELETE http://172.30.9.45:9696/v2.0/ports/58545a1c-24b6-460a-a208-1c3f39bc9497 0.030s
2018-11-07 06:15:44.045 17924 DEBUG tempest.lib.common.rest_client [req-3080eac0-d762-4d0f-acfc-4dfdce0d5790 ] Request - Headers: {'Content-Type': 'application/json', 'Accept': 'application/json', 'X-Auth-Token': ''} Body: None Response - Headers: {'status': '404', u'content-length': '132', 'content-location': 'http://172.30.9.45:9696/v2.0/ports/58545a1c-24b6-460a-a208-1c3f39bc9497', u'date': 'Wed, 07 Nov 2018 06:15:44 GMT', u'content-type': 'application/json', u'connection': 'close', u'x-openstack-request-id': 'req-3080eac0-d762-4d0f-acfc-4dfdce0d5790'} Body: {"NeutronError": {"message": "Port 58545a1c-24b6-460a-a208-1c3f39bc9497 could not be found.", "type": "PortNotFound", "detail": ""}} _log_request_full /root/.rally/verification/verifier-28f9f35e-8d23-4419-b369-6f1c5e00d265/repo/tempest/lib/common/rest_client.py:434
2018-11-07 06:15:44.072 17924 INFO tempest.lib.common.rest_client [req-d45eb20b-67fe-434a-9cb0-e80b135dd590 ] Request (TrunkTestJSON:_run_cleanups): 404 DELETE http://172.30.9.45:9696/v2.0/ports/a18dd100-3ff9-4bc4-b567-e3425752c1a4 0.026s
2018-11-07 06:15:44.072 17924 DEBUG tempest.lib.common.rest_client [req-d45eb20b-67fe-434a-9cb0-e80b135dd590 ] Request - Headers: {'Content-Type': 'application/json', 'Accept': 'application/json', 'X-Auth-Token': ''} Body: None Response - Headers: {'status': '404', u'content-length': '132', 'content-location': 'http://172.30.9.45:9696/v2.0/ports/a18dd100-3ff9-4bc4-b567-e3425752c1a4', u'date': 'Wed, 07 Nov 2018 06:15:44 GMT', u'content-type': 'application/json', u'connection': 'close', u'x-openstack-request-id': 'req-d45eb20b-67fe-434a-9cb0-e80b135dd590'} Body: {"NeutronError": {"message": "Port a18dd100-3ff9-4bc4-b567-e3425752c1a4 could not be found.", "type": "PortNotFound", "detail": ""}} _log_request_full /root/.rally/verification/verifier-28f9f35e-8d23-4419-b369-6f1c5e00d265/repo/tempest/lib/common/rest_client.py:434
2018-11-07 06:15:44.299 17925 INFO tempest.lib.common.rest_client [req-2cfff80d-ccd4-4969-a8ca-8613930cac84 ] Request (TrunkTest:test_trunk_subport_lifecycle): 200 GET http://172.30.9.45:9696/v2.0/ports/f7b2c76f-6c08-4b40-8874-0082f86a5747 0.041s
2018-11-07 06:15:44.299 17925 DEBUG tempest.lib.common.rest_client [req-2cfff80d-ccd4-4969-a8ca-8613930cac84 ] Request - Headers: {'Content-Type': 'application/json', 'Accept': 'application/json', 'X-Auth-Token': ''} Body: None Response - Headers: {'status': '200', u'content-length': '680', 'content-location': 'http://172.30.9.45:9696/v2.0/ports/f7b2c76f-6c08-4b40-8874-0082f86a5747', u'date': 'Wed, 07 Nov 2018 06:15:44 GMT', u'content-type': 'application/json', u'connection': 'close', u'x-openstack-request-id': 'req-2cfff80d-ccd4-4969-a8ca-8613930cac84'} Body: {"port":{"allowed_address_pairs":[],"extra_dhcp_opts":[],"updated_at":"2018-11-07T06:15:43Z","device_owner":"trunk:subport","revision_number":14,"port_security_enabled":true,"fixed_ips":[],"id":"f7b2c76f-6c08-4b40-8874-0082f86a5747","security_groups":["bb67006f-6839-4187-ab97-d2be04aee4f8"],"mac_address":"fa:16:3e:28:18:7a","device_id":"","status":"ACTIVE","description":"","tags":[],"name":"","project_id":"ec6f3d661b4544e2a651899fdd7540a6","qos_policy_id":null,"admin_state_up":true,"network_id":"8a34de6e-2021-43dc-bd36-85d6cb1b5fcf","tenant_id":"ec6f3d661b4544e2a651899fdd7540a6","created_at":"2018-11-07T06:15:23Z","binding:vnic_type":"normal","ip_allocation":"immediate"}} _log_request_full /root/.rally/verification/verifier-28f9f35e-8d23-4419-b369-6f1c5e00d265/repo/tempest/lib/common/rest_client.py:434
2018-11-07 06:15:44.333 17924 INFO tempest.lib.common.rest_client [req-c83a27c6-6912-48b5-835d-aa8e4b7b9189 ] Request (TrunkTestJSON:_run_cleanups): 404 DELETE http://172.30.9.45:9696/v2.0/ports/025d30ca-41df-4439-a45a-4ad15ed4b3cc 0.260s
2018-11-07 06:15:44.333 17924 DEBUG tempest.lib.common.rest_client [req-c83a27c6-6912-48b5-835d-aa8e4b7b9189 ] Request - Headers: {'Content-Type': 'application/json', 'Accept': 'application/json', 'X-Auth-Token': ''} Body: None Response - Headers: {'status': '404', u'content-length': '132', 'content-location': 'http://172.30.9.45:9696/v2.0/ports/025d30ca-41df-4439-a45a-4ad15ed4b3cc', u'date': 'Wed, 07 Nov 2018 06:15:44 GMT', u'content-type': 'application/json', u'connection': 'close', u'x-openstack-request-id': 'req-c83a27c6-6912-48b5-835d-aa8e4b7b9189'} Body: {"NeutronError": {"message": "Port 025d30ca-41df-4439-a45a-4ad15ed4b3cc could not be found.", "type": "PortNotFound", "detail": ""}} _log_request_full /root/.rally/verification/verifier-28f9f35e-8d23-4419-b369-6f1c5e00d265/repo/tempest/lib/common/rest_client.py:434
2018-11-07 06:15:44.336 17925 INFO tempest.lib.common.rest_client [req-ce57148e-c28f-4a1d-a132-1559ec3af34b ] Request (TrunkTest:test_trunk_subport_lifecycle): 200 GET http://172.30.9.45:9696/v2.0/ports/40abd30f-147e-4d7a-a7cb-0ca6065000ad 0.036s
2018-11-07 06:15:44.336 17925 DEBUG tempest.lib.common.rest_client [req-ce57148e-c28f-4a1d-a132-1559ec3af34b ] Request - Headers: {'Content-Type': 'application/json', 'Accept': 'application/json', 'X-Auth-Token': ''} Body: None Response - Headers: {'status': '200', u'content-length': '680', 'content-location': 'http://172.30.9.45:9696/v2.0/ports/40abd30f-147e-4d7a-a7cb-0ca6065000ad', u'date': 'Wed, 07 Nov 2018 06:15:44 GMT', u'content-type': 'application/json', u'connection': 'close', u'x-openstack-request-id': 'req-ce57148e-c28f-4a1d-a132-1559ec3af34b'} Body: {"port":{"allowed_address_pairs":[],"extra_dhcp_opts":[],"updated_at":"2018-11-07T06:15:44Z","device_owner":"trunk:subport","revision_number":14,"port_security_enabled":true,"fixed_ips":[],"id":"40abd30f-147e-4d7a-a7cb-0ca6065000ad","security_groups":["bb67006f-6839-4187-ab97-d2be04aee4f8"],"mac_address":"fa:16:3e:8a:74:3e","device_id":"","status":"ACTIVE","description":"","tags":[],"name":"","project_id":"ec6f3d661b4544e2a651899fdd7540a6","qos_policy_id":null,"admin_state_up":true,"network_id":"c7526541-9203-4aa0-8fda-06a002c8ebb6","tenant_id":"ec6f3d661b4544e2a651899fdd7540a6","created_at":"2018-11-07T06:15:24Z","binding:vnic_type":"normal","ip_allocation":"immediate"}} _log_request_full /root/.rally/verification/verifier-28f9f35e-8d23-4419-b369-6f1c5e00d265/repo/tempest/lib/common/rest_client.py:434
2018-11-07 06:15:44.361 17924 INFO tempest.lib.common.rest_client [req-145bef68-68ad-405f-a59f-b0783a9bfda9 ] Request (TrunkTestJSON:_run_cleanups): 404 DELETE http://172.30.9.45:9696/v2.0/ports/6b8cfb1d-c44c-4c19-ad31-ffed7634ae6f 0.027s
2018-11-07 06:15:44.361 17924 DEBUG tempest.lib.common.rest_client [req-145bef68-68ad-405f-a59f-b0783a9bfda9 ] Request - Headers: {'Content-Type': 'application/json', 'Accept': 'application/json', 'X-Auth-Token': ''} Body: None Response - Headers: {'status': '404', u'content-length': '132', 'content-location': 'http://172.30.9.45:9696/v2.0/ports/6b8cfb1d-c44c-4c19-ad31-ffed7634ae6f', u'date': 'Wed, 07 Nov 2018 06:15:44 GMT', u'content-type': 'application/json', u'connection': 'close', u'x-openstack-request-id': 'req-145bef68-68ad-405f-a59f-b0783a9bfda9'} Body: {"NeutronError": {"message": "Port 6b8cfb1d-c44c-4c19-ad31-ffed7634ae6f could not be found.", "type": "PortNotFound", "detail": ""}} _log_request_full /root/.rally/verification/verifier-28f9f35e-8d23-4419-b369-6f1c5e00d265/repo/tempest/lib/common/rest_client.py:434
2018-11-07 06:15:44.374 17925 INFO tempest.lib.common.rest_client [req-426e06da-4ead-4f81-8eeb-c22eea167b0e ] Request (TrunkTest:test_trunk_subport_lifecycle): 200 GET http://172.30.9.45:9696/v2.0/ports/67b2ba55-a589-4d97-b710-cfa3f15df703 0.038s
2018-11-07 06:15:44.375 17925 DEBUG tempest.lib.common.rest_client [req-426e06da-4ead-4f81-8eeb-c22eea167b0e ] Request - Headers: {'Content-Type': 'application/json', 'Accept': 'application/json', 'X-Auth-Token': ''} Body: None Response - Headers: {'status': '200', u'content-length': '680', 'content-location': 'http://172.30.9.45:9696/v2.0/ports/67b2ba55-a589-4d97-b710-cfa3f15df703', u'date': 'Wed, 07 Nov 2018 06:15:44 GMT', u'content-type': 'application/json', u'connection': 'close', u'x-openstack-request-id': 'req-426e06da-4ead-4f81-8eeb-c22eea167b0e'} Body: {"port":{"allowed_address_pairs":[],"extra_dhcp_opts":[],"updated_at":"2018-11-07T06:15:43Z","device_owner":"trunk:subport","revision_number":14,"port_security_enabled":true,"fixed_ips":[],"id":"67b2ba55-a589-4d97-b710-cfa3f15df703","security_groups":["bb67006f-6839-4187-ab97-d2be04aee4f8"],"mac_address":"fa:16:3e:92:de:79","device_id":"","status":"ACTIVE","description":"","tags":[],"name":"","project_id":"ec6f3d661b4544e2a651899fdd7540a6","qos_policy_id":null,"admin_state_up":true,"network_id":"983df2a7-0cf3-4b2e-9f08-06f84c44fa48","tenant_id":"ec6f3d661b4544e2a651899fdd7540a6","created_at":"2018-11-07T06:15:26Z","binding:vnic_type":"normal","ip_allocation":"immediate"}} _log_request_full /root/.rally/verification/verifier-28f9f35e-8d23-4419-b369-6f1c5e00d265/repo/tempest/lib/common/rest_client.py:434
2018-11-07 06:15:44.445 17925 INFO tempest.lib.common.rest_client [req-3ef6e00d-043e-47af-8976-4b4c2e76b20d ] Request (TrunkTest:test_trunk_subport_lifecycle): 200 GET http://172.30.9.45:9696/v2.0/ports/0c759d31-db2f-4cd2-ae9e-6bcf4cb8f7ec 0.070s
2018-11-07 06:15:44.446 17925 DEBUG tempest.lib.common.rest_client [req-3ef6e00d-043e-47af-8976-4b4c2e76b20d ] Request - Headers: {'Content-Type': 'application/json', 'Accept': 'application/json', 'X-Auth-Token': ''} Body: None Response - Headers: {'status': '200', u'content-length': '680', 'content-location': 'http://172.30.9.45:9696/v2.0/ports/0c759d31-db2f-4cd2-ae9e-6bcf4cb8f7ec', u'date': 'Wed, 07 Nov 2018 06:15:44 GMT', u'content-type': 'application/json', u'connection': 'close', u'x-openstack-request-id': 'req-3ef6e00d-043e-47af-8976-4b4c2e76b20d'} Body: {"port":{"allowed_address_pairs":[],"extra_dhcp_opts":[],"updated_at":"2018-11-07T06:15:43Z","device_owner":"trunk:subport","revision_number":14,"port_security_enabled":true,"fixed_ips":[],"id":"0c759d31-db2f-4cd2-ae9e-6bcf4cb8f7ec","security_groups":["bb67006f-6839-4187-ab97-d2be04aee4f8"],"mac_address":"fa:16:3e:25:72:44","device_id":"","status":"ACTIVE","description":"","tags":[],"name":"","project_id":"ec6f3d661b4544e2a651899fdd7540a6","qos_policy_id":null,"admin_state_up":true,"network_id":"b6f98008-5737-47f8-9fdd-5b90e1ea4250","tenant_id":"ec6f3d661b4544e2a651899fdd7540a6","created_at":"2018-11-07T06:15:27Z","binding:vnic_type":"normal","ip_allocation":"immediate"}} _log_request_full /root/.rally/verification/verifier-28f9f35e-8d23-4419-b369-6f1c5e00d265/repo/tempest/lib/common/rest_client.py:434
2018-11-07 06:15:44.446 17925 INFO tempest.lib.common.ssh [-] Creating ssh connection to '172.30.9.209:22' as 'cirros' with public key authentication
2018-11-07 06:15:44.448 17925 INFO paramiko.transport [-] Connected (version 2.0, client dropbear_2015.67)
2018-11-07 06:15:44.506 17925 INFO paramiko.transport [-] Authentication (publickey) successful!
2018-11-07 06:15:44.512 17925 INFO tempest.lib.common.ssh [-] ssh connection to cirros@172.30.9.209 successfully created
2018-11-07 06:15:44.627 17925 INFO tempest.lib.common.ssh [-] Creating ssh connection to '172.30.9.206:22' as 'cirros' with public key authentication
2018-11-07 06:15:44.631 17925 INFO paramiko.transport [-] Connected (version 2.0, client dropbear_2015.67)
2018-11-07 06:15:44.696 17928 INFO tempest.lib.common.rest_client [req-e77a3976-8ab0-42e9-8d62-4beae523ec6a ] Request (TrunkTestJSON:test_create_trunk_with_subport_missing_port_id): 201 POST http://172.30.9.45:9696/v2.0/ports 0.929s
2018-11-07 06:15:44.696 17928 DEBUG tempest.lib.common.rest_client [req-e77a3976-8ab0-42e9-8d62-4beae523ec6a ] Request - Headers: {'Content-Type': 'application/json', 'Accept': 'application/json', 'X-Auth-Token': ''} Body: {"port": {"network_id": "f9e9c62b-f6e2-4eda-9a44-81c238224f20"}} Response - Headers: {'status': '201', u'content-length': '664', 'content-location': 'http://172.30.9.45:9696/v2.0/ports', u'date': 'Wed, 07 Nov 2018 06:15:44 GMT', u'content-type': 'application/json', u'connection': 'close', u'x-openstack-request-id': 'req-e77a3976-8ab0-42e9-8d62-4beae523ec6a'} Body: {"port":{"allowed_address_pairs":[],"extra_dhcp_opts":[],"updated_at":"2018-11-07T06:15:44Z","device_owner":"","revision_number":5,"port_security_enabled":true,"fixed_ips":[],"id":"4298bb4b-4e11-4d06-8ea3-2a787aa9cbd3","security_groups":["aca6842e-5542-4d3e-a174-d3a014afc9b9"],"mac_address":"fa:16:3e:27:fb:0e","device_id":"","status":"DOWN","description":"","tags":[],"name":"","project_id":"7e06e3ee579b41b8a3db592c9c922e74","qos_policy_id":null,"admin_state_up":true,"network_id":"f9e9c62b-f6e2-4eda-9a44-81c238224f20","tenant_id":"7e06e3ee579b41b8a3db592c9c922e74","created_at":"2018-11-07T06:15:44Z","binding:vnic_type":"normal","ip_allocation":"immediate"}} _log_request_full /root/.rally/verification/verifier-28f9f35e-8d23-4419-b369-6f1c5e00d265/repo/tempest/lib/common/rest_client.py:434
2018-11-07 06:15:44.703 17924 INFO tempest.lib.common.rest_client [req-a1433db9-2727-4471-8a95-d69dd9f1f38c ] Request (TrunkTestJSON:_run_cleanups): 204 DELETE http://172.30.9.45:9696/v2.0/ports/01987edb-0a96-47f2-9dda-1bd52e537231 0.341s
2018-11-07 06:15:44.703 17924 DEBUG tempest.lib.common.rest_client [req-a1433db9-2727-4471-8a95-d69dd9f1f38c ] Request - Headers: {'Content-Type': 'application/json', 'Accept': 'application/json', 'X-Auth-Token': ''} Body: None Response - Headers: {'status': '204', u'content-length': '0', 'content-location': 'http://172.30.9.45:9696/v2.0/ports/01987edb-0a96-47f2-9dda-1bd52e537231', u'date': 'Wed, 07 Nov 2018 06:15:44 GMT', u'connection': 'close', u'x-openstack-request-id': 'req-a1433db9-2727-4471-8a95-d69dd9f1f38c'} Body: _log_request_full /root/.rally/verification/verifier-28f9f35e-8d23-4419-b369-6f1c5e00d265/repo/tempest/lib/common/rest_client.py:434
2018-11-07 06:15:44.704 17928 INFO tempest.lib.common.rest_client [req-1d26a203-82bf-49c8-8cef-527072de45e9 ] Request (TrunkTestJSON:test_create_trunk_with_subport_missing_port_id): 400 POST http://172.30.9.45:9696/v2.0/trunks 0.007s
2018-11-07 06:15:44.704 17928 DEBUG tempest.lib.common.rest_client [req-1d26a203-82bf-49c8-8cef-527072de45e9 ] Request - Headers: {'Content-Type': 'application/json', 'Accept': 'application/json', 'X-Auth-Token': ''} Body: {"trunk": {"sub_ports": [{"segmentation_id": 3, "segmentation_type": "vlan"}], "port_id": "4298bb4b-4e11-4d06-8ea3-2a787aa9cbd3"}} Response - Headers: {'status': '400', u'content-length': '146', 'content-location': 'http://172.30.9.45:9696/v2.0/trunks', u'date': 'Wed, 07 Nov 2018 06:15:44 GMT', u'content-type': 'application/json', u'connection': 'close', u'x-openstack-request-id': 'req-1d26a203-82bf-49c8-8cef-527072de45e9'} Body: {"NeutronError": {"message": "Invalid input for sub_ports. Reason: A valid port UUID must be specified.", "type": "HTTPBadRequest", "detail": ""}} _log_request_full /root/.rally/verification/verifier-28f9f35e-8d23-4419-b369-6f1c5e00d265/repo/tempest/lib/common/rest_client.py:434
2018-11-07 06:15:44.723 17928 INFO tempest.lib.common.rest_client [req-52d40e6f-a113-40bc-b70d-7a530b600c8a ] Request (TrunkTestJSON:_run_cleanups): 404 GET http://172.30.9.45:9696/v2.0/trunks/175dd861-0a28-4a35-9d70-52f92e3af967/get_subports 0.018s
2018-11-07 06:15:44.723 17928 DEBUG tempest.lib.common.rest_client [req-52d40e6f-a113-40bc-b70d-7a530b600c8a ] Request - Headers: {'Content-Type': 'application/json', 'Accept': 'application/json', 'X-Auth-Token': ''} Body: None Response - Headers: {'status': '404', u'content-length': '134', 'content-location': 'http://172.30.9.45:9696/v2.0/trunks/175dd861-0a28-4a35-9d70-52f92e3af967/get_subports', u'date': 'Wed, 07 Nov 2018 06:15:44 GMT', u'content-type': 'application/json', u'connection': 'close', u'x-openstack-request-id': 'req-52d40e6f-a113-40bc-b70d-7a530b600c8a'} Body: {"NeutronError": {"message": "Trunk 175dd861-0a28-4a35-9d70-52f92e3af967 could not be found.", "type": "TrunkNotFound", "detail": ""}} _log_request_full /root/.rally/verification/verifier-28f9f35e-8d23-4419-b369-6f1c5e00d265/repo/tempest/lib/common/rest_client.py:434
2018-11-07 06:15:44.728 17925 INFO paramiko.transport [-] Authentication (publickey) successful!
2018-11-07 06:15:44.742 17928 INFO tempest.lib.common.rest_client [req-91c35cc3-05f2-48bd-93c7-c78dc32703a4 ] Request (TrunkTestJSON:_run_cleanups): 404 DELETE http://172.30.9.45:9696/v2.0/trunks/175dd861-0a28-4a35-9d70-52f92e3af967 0.018s
2018-11-07 06:15:44.742 17928 DEBUG tempest.lib.common.rest_client [req-91c35cc3-05f2-48bd-93c7-c78dc32703a4 ] Request - Headers: {'Content-Type': 'application/json', 'Accept': 'application/json', 'X-Auth-Token': ''} Body: None Response - Headers: {'status': '404', u'content-length': '134', 'content-location': 'http://172.30.9.45:9696/v2.0/trunks/175dd861-0a28-4a35-9d70-52f92e3af967', u'date': 'Wed, 07 Nov 2018 06:15:44 GMT', u'content-type': 'application/json', u'connection': 'close', u'x-openstack-request-id': 'req-91c35cc3-05f2-48bd-93c7-c78dc32703a4'} Body: {"NeutronError": {"message": "Trunk 175dd861-0a28-4a35-9d70-52f92e3af967 could not be found.", "type": "TrunkNotFound", "detail": ""}} _log_request_full /root/.rally/verification/verifier-28f9f35e-8d23-4419-b369-6f1c5e00d265/repo/tempest/lib/common/rest_client.py:434
2018-11-07 06:15:44.758 17928 INFO tempest.lib.common.rest_client [req-1dab156d-f413-4be2-b207-c7d160717a1e ] Request (TrunkTestJSON:_run_cleanups): 404 GET http://172.30.9.45:9696/v2.0/trunks/e6d7c4be-6373-4cb3-be01-043d21f0dd89/get_subports 0.015s
2018-11-07 06:15:44.758 17928 DEBUG tempest.lib.common.rest_client [req-1dab156d-f413-4be2-b207-c7d160717a1e ] Request - Headers: {'Content-Type': 'application/json', 'Accept': 'application/json', 'X-Auth-Token': ''} Body: None Response - Headers: {'status': '404', u'content-length': '134', 'content-location': 'http://172.30.9.45:9696/v2.0/trunks/e6d7c4be-6373-4cb3-be01-043d21f0dd89/get_subports', u'date': 'Wed, 07 Nov 2018 06:15:44 GMT', u'content-type': 'application/json', u'connection': 'close', u'x-openstack-request-id': 'req-1dab156d-f413-4be2-b207-c7d160717a1e'} Body: {"NeutronError": {"message": "Trunk e6d7c4be-6373-4cb3-be01-043d21f0dd89 could not be found.", "type": "TrunkNotFound", "detail": ""}} _log_request_full /root/.rally/verification/verifier-28f9f35e-8d23-4419-b369-6f1c5e00d265/repo/tempest/lib/common/rest_client.py:434
2018-11-07 06:15:44.758 17925 INFO tempest.lib.common.ssh [-] ssh connection to cirros@172.30.9.206 successfully created
2018-11-07 06:15:44.771 17928 INFO tempest.lib.common.rest_client [req-74d91223-57e9-4cc0-8a57-06ab6981cd21 ] Request (TrunkTestJSON:_run_cleanups): 404 DELETE http://172.30.9.45:9696/v2.0/trunks/e6d7c4be-6373-4cb3-be01-043d21f0dd89 0.013s
2018-11-07 06:15:44.772 17928 DEBUG tempest.lib.common.rest_client [req-74d91223-57e9-4cc0-8a57-06ab6981cd21 ] Request - Headers: {'Content-Type': 'application/json', 'Accept': 'application/json', 'X-Auth-Token': ''} Body: None Response - Headers: {'status': '404', u'content-length': '134', 'content-location': 'http://172.30.9.45:9696/v2.0/trunks/e6d7c4be-6373-4cb3-be01-043d21f0dd89', u'date': 'Wed, 07 Nov 2018 06:15:44 GMT', u'content-type': 'application/json', u'connection': 'close', u'x-openstack-request-id': 'req-74d91223-57e9-4cc0-8a57-06ab6981cd21'} Body: {"NeutronError": {"message": "Trunk e6d7c4be-6373-4cb3-be01-043d21f0dd89 could not be found.", "type": "TrunkNotFound", "detail": ""}} _log_request_full /root/.rally/verification/verifier-28f9f35e-8d23-4419-b369-6f1c5e00d265/repo/tempest/lib/common/rest_client.py:434
2018-11-07 06:15:44.783 17928 INFO tempest.lib.common.rest_client [req-196e9812-d3f1-440c-9575-db30d11f651f ] Request (TrunkTestJSON:_run_cleanups): 404 GET http://172.30.9.45:9696/v2.0/trunks/28d5fd3d-9c02-4936-9ea1-62c0fa5bac7f/get_subports 0.011s
2018-11-07 06:15:44.783 17928 DEBUG tempest.lib.common.rest_client [req-196e9812-d3f1-440c-9575-db30d11f651f ] Request - Headers: {'Content-Type': 'application/json', 'Accept': 'application/json', 'X-Auth-Token': ''} Body: None Response - Headers: {'status': '404', u'content-length': '134', 'content-location': 'http://172.30.9.45:9696/v2.0/trunks/28d5fd3d-9c02-4936-9ea1-62c0fa5bac7f/get_subports', u'date': 'Wed, 07 Nov 2018 06:15:44 GMT', u'content-type': 'application/json', u'connection': 'close', u'x-openstack-request-id': 'req-196e9812-d3f1-440c-9575-db30d11f651f'} Body: {"NeutronError": {"message": "Trunk 28d5fd3d-9c02-4936-9ea1-62c0fa5bac7f could not be found.", "type": "TrunkNotFound", "detail": ""}} _log_request_full /root/.rally/verification/verifier-28f9f35e-8d23-4419-b369-6f1c5e00d265/repo/tempest/lib/common/rest_client.py:434
2018-11-07 06:15:44.803 17928 INFO tempest.lib.common.rest_client [req-83737a9c-cd2e-46f2-a2f7-ae499d1100d2 ] Request (TrunkTestJSON:_run_cleanups): 404 DELETE http://172.30.9.45:9696/v2.0/trunks/28d5fd3d-9c02-4936-9ea1-62c0fa5bac7f 0.020s
2018-11-07 06:15:44.803 17928 DEBUG tempest.lib.common.rest_client [req-83737a9c-cd2e-46f2-a2f7-ae499d1100d2 ] Request - Headers: {'Content-Type': 'application/json', 'Accept': 'application/json', 'X-Auth-Token': ''} Body: None Response - Headers: {'status': '404', u'content-length': '134', 'content-location': 'http://172.30.9.45:9696/v2.0/trunks/28d5fd3d-9c02-4936-9ea1-62c0fa5bac7f', u'date': 'Wed, 07 Nov 2018 06:15:44 GMT', u'content-type': 'application/json', u'connection': 'close', u'x-openstack-request-id': 'req-83737a9c-cd2e-46f2-a2f7-ae499d1100d2'} Body: {"NeutronError": {"message": "Trunk 28d5fd3d-9c02-4936-9ea1-62c0fa5bac7f could not be found.", "type": "TrunkNotFound", "detail": ""}} _log_request_full /root/.rally/verification/verifier-28f9f35e-8d23-4419-b369-6f1c5e00d265/repo/tempest/lib/common/rest_client.py:434
2018-11-07 06:15:44.818 17928 INFO tempest.lib.common.rest_client [req-02b095d1-1c0b-4fc4-8060-5f23e218a959 ] Request (TrunkTestJSON:_run_cleanups): 404 GET http://172.30.9.45:9696/v2.0/trunks/f9954de3-2a34-4a32-be65-57158fa395ae/get_subports 0.014s
2018-11-07 06:15:44.818 17928 DEBUG tempest.lib.common.rest_client [req-02b095d1-1c0b-4fc4-8060-5f23e218a959 ] Request - Headers: {'Content-Type': 'application/json', 'Accept': 'application/json', 'X-Auth-Token': ''} Body: None Response - Headers: {'status': '404', u'content-length': '134', 'content-location': 'http://172.30.9.45:9696/v2.0/trunks/f9954de3-2a34-4a32-be65-57158fa395ae/get_subports', u'date': 'Wed, 07 Nov 2018 06:15:44 GMT', u'content-type': 'application/json', u'connection': 'close', u'x-openstack-request-id': 'req-02b095d1-1c0b-4fc4-8060-5f23e218a959'} Body: {"NeutronError": {"message": "Trunk f9954de3-2a34-4a32-be65-57158fa395ae could not be found.", "type": "TrunkNotFound", "detail": ""}} _log_request_full /root/.rally/verification/verifier-28f9f35e-8d23-4419-b369-6f1c5e00d265/repo/tempest/lib/common/rest_client.py:434
2018-11-07 06:15:44.831 17928 INFO tempest.lib.common.rest_client [req-5e5c01e3-4229-4231-9683-0da2c9769559 ] Request (TrunkTestJSON:_run_cleanups): 404 DELETE http://172.30.9.45:9696/v2.0/trunks/f9954de3-2a34-4a32-be65-57158fa395ae 0.013s
2018-11-07 06:15:44.831 17928 DEBUG tempest.lib.common.rest_client [req-5e5c01e3-4229-4231-9683-0da2c9769559 ] Request - Headers: {'Content-Type': 'application/json', 'Accept': 'application/json', 'X-Auth-Token': ''} Body: None Response - Headers: {'status': '404', u'content-length': '134', 'content-location': 'http://172.30.9.45:9696/v2.0/trunks/f9954de3-2a34-4a32-be65-57158fa395ae', u'date': 'Wed, 07 Nov 2018 06:15:44 GMT', u'content-type': 'application/json', u'connection': 'close', u'x-openstack-request-id': 'req-5e5c01e3-4229-4231-9683-0da2c9769559'} Body: {"NeutronError": {"message": "Trunk f9954de3-2a34-4a32-be65-57158fa395ae could not be found.", "type": "TrunkNotFound", "detail": ""}} _log_request_full /root/.rally/verification/verifier-28f9f35e-8d23-4419-b369-6f1c5e00d265/repo/tempest/lib/common/rest_client.py:434
2018-11-07 06:15:44.842 17928 INFO tempest.lib.common.rest_client [req-f84b26f6-deca-41fa-99df-4a51be595778 ] Request (TrunkTestJSON:_run_cleanups): 404 GET http://172.30.9.45:9696/v2.0/trunks/b2031f05-9f4d-4347-8aba-dc302096aab6/get_subports 0.011s
2018-11-07 06:15:44.842 17928 DEBUG tempest.lib.common.rest_client [req-f84b26f6-deca-41fa-99df-4a51be595778 ] Request - Headers: {'Content-Type': 'application/json', 'Accept': 'application/json', 'X-Auth-Token': ''} Body: None Response - Headers: {'status': '404', u'content-length': '134', 'content-location': 'http://172.30.9.45:9696/v2.0/trunks/b2031f05-9f4d-4347-8aba-dc302096aab6/get_subports', u'date': 'Wed, 07 Nov 2018 06:15:44 GMT', u'content-type': 'application/json', u'connection': 'close', u'x-openstack-request-id': 'req-f84b26f6-deca-41fa-99df-4a51be595778'} Body: {"NeutronError": {"message": "Trunk b2031f05-9f4d-4347-8aba-dc302096aab6 could not be found.", "type": "TrunkNotFound", "detail": ""}} _log_request_full /root/.rally/verification/verifier-28f9f35e-8d23-4419-b369-6f1c5e00d265/repo/tempest/lib/common/rest_client.py:434
2018-11-07 06:15:44.859 17928 INFO tempest.lib.common.rest_client [req-eef681f7-8cae-4e9e-85f0-f1c2867e4123 ] Request (TrunkTestJSON:_run_cleanups): 404 DELETE http://172.30.9.45:9696/v2.0/trunks/b2031f05-9f4d-4347-8aba-dc302096aab6 0.016s
2018-11-07 06:15:44.859 17928 DEBUG tempest.lib.common.rest_client [req-eef681f7-8cae-4e9e-85f0-f1c2867e4123 ] Request - Headers: {'Content-Type': 'application/json', 'Accept': 'application/json', 'X-Auth-Token': ''} Body: None Response - Headers: {'status': '404', u'content-length': '134', 'content-location': 'http://172.30.9.45:9696/v2.0/trunks/b2031f05-9f4d-4347-8aba-dc302096aab6', u'date': 'Wed, 07 Nov 2018 06:15:44 GMT', u'content-type': 'application/json', u'connection': 'close', u'x-openstack-request-id': 'req-eef681f7-8cae-4e9e-85f0-f1c2867e4123'} Body: {"NeutronError": {"message": "Trunk b2031f05-9f4d-4347-8aba-dc302096aab6 could not be found.", "type": "TrunkNotFound", "detail": ""}} _log_request_full /root/.rally/verification/verifier-28f9f35e-8d23-4419-b369-6f1c5e00d265/repo/tempest/lib/common/rest_client.py:434
2018-11-07 06:15:44.870 17928 INFO tempest.lib.common.rest_client [req-8accce97-34bc-407c-a9e6-2a305641a964 ] Request (TrunkTestJSON:_run_cleanups): 404 GET http://172.30.9.45:9696/v2.0/trunks/715ccb76-c30a-4e08-bb24-7a620a9b60fc/get_subports 0.011s
2018-11-07 06:15:44.871 17928 DEBUG tempest.lib.common.rest_client [req-8accce97-34bc-407c-a9e6-2a305641a964 ] Request - Headers: {'Content-Type': 'application/json', 'Accept': 'application/json', 'X-Auth-Token': ''} Body: None Response - Headers: {'status': '404', u'content-length': '134', 'content-location': 'http://172.30.9.45:9696/v2.0/trunks/715ccb76-c30a-4e08-bb24-7a620a9b60fc/get_subports', u'date': 'Wed, 07 Nov 2018 06:15:44 GMT', u'content-type': 'application/json', u'connection': 'close', u'x-openstack-request-id': 'req-8accce97-34bc-407c-a9e6-2a305641a964'} Body: {"NeutronError": {"message": "Trunk 715ccb76-c30a-4e08-bb24-7a620a9b60fc could not be found.", "type": "TrunkNotFound", "detail": ""}} _log_request_full /root/.rally/verification/verifier-28f9f35e-8d23-4419-b369-6f1c5e00d265/repo/tempest/lib/common/rest_client.py:434
2018-11-07 06:15:44.884 17928 INFO tempest.lib.common.rest_client [req-009e5aed-ec40-4334-b728-0696fa7f8bc9 ] Request (TrunkTestJSON:_run_cleanups): 404 DELETE http://172.30.9.45:9696/v2.0/trunks/715ccb76-c30a-4e08-bb24-7a620a9b60fc 0.013s
2018-11-07 06:15:44.884 17928 DEBUG tempest.lib.common.rest_client [req-009e5aed-ec40-4334-b728-0696fa7f8bc9 ] Request - Headers: {'Content-Type': 'application/json', 'Accept': 'application/json', 'X-Auth-Token': ''} Body: None Response - Headers: {'status': '404', u'content-length': '134', 'content-location': 'http://172.30.9.45:9696/v2.0/trunks/715ccb76-c30a-4e08-bb24-7a620a9b60fc', u'date': 'Wed, 07 Nov 2018 06:15:44 GMT', u'content-type': 'application/json', u'connection': 'close', u'x-openstack-request-id': 'req-009e5aed-ec40-4334-b728-0696fa7f8bc9'} Body: {"NeutronError": {"message": "Trunk 715ccb76-c30a-4e08-bb24-7a620a9b60fc could not be found.", "type": "TrunkNotFound", "detail": ""}} _log_request_full /root/.rally/verification/verifier-28f9f35e-8d23-4419-b369-6f1c5e00d265/repo/tempest/lib/common/rest_client.py:434
2018-11-07 06:15:44.896 17928 INFO tempest.lib.common.rest_client [req-53d4a743-f01e-4baa-be2a-2addd85861a8 ] Request (TrunkTestJSON:_run_cleanups): 404 GET http://172.30.9.45:9696/v2.0/trunks/d6e682a6-7eff-4200-8448-f9f36e053ef4/get_subports 0.012s
2018-11-07 06:15:44.896 17928 DEBUG tempest.lib.common.rest_client [req-53d4a743-f01e-4baa-be2a-2addd85861a8 ] Request - Headers: {'Content-Type': 'application/json', 'Accept': 'application/json', 'X-Auth-Token': ''} Body: None Response - Headers: {'status': '404', u'content-length': '134', 'content-location': 'http://172.30.9.45:9696/v2.0/trunks/d6e682a6-7eff-4200-8448-f9f36e053ef4/get_subports', u'date': 'Wed, 07 Nov 2018 06:15:44 GMT', u'content-type': 'application/json', u'connection': 'close', u'x-openstack-request-id': 'req-53d4a743-f01e-4baa-be2a-2addd85861a8'} Body: {"NeutronError": {"message": "Trunk d6e682a6-7eff-4200-8448-f9f36e053ef4 could not be found.", "type": "TrunkNotFound", "detail": ""}} _log_request_full /root/.rally/verification/verifier-28f9f35e-8d23-4419-b369-6f1c5e00d265/repo/tempest/lib/common/rest_client.py:434
2018-11-07 06:15:44.910 17928 INFO tempest.lib.common.rest_client [req-16cb90c2-a131-44ba-abbe-2065c5038eff ] Request (TrunkTestJSON:_run_cleanups): 404 DELETE http://172.30.9.45:9696/v2.0/trunks/d6e682a6-7eff-4200-8448-f9f36e053ef4 0.013s
2018-11-07 06:15:44.910 17928 DEBUG tempest.lib.common.rest_client [req-16cb90c2-a131-44ba-abbe-2065c5038eff ] Request - Headers: {'Content-Type': 'application/json', 'Accept': 'application/json', 'X-Auth-Token': ''} Body: None Response - Headers: {'status': '404', u'content-length': '134', 'content-location': 'http://172.30.9.45:9696/v2.0/trunks/d6e682a6-7eff-4200-8448-f9f36e053ef4', u'date': 'Wed, 07 Nov 2018 06:15:44 GMT', u'content-type': 'application/json', u'connection': 'close', u'x-openstack-request-id': 'req-16cb90c2-a131-44ba-abbe-2065c5038eff'} Body: {"NeutronError": {"message": "Trunk d6e682a6-7eff-4200-8448-f9f36e053ef4 could not be found.", "type": "TrunkNotFound", "detail": ""}} _log_request_full /root/.rally/verification/verifier-28f9f35e-8d23-4419-b369-6f1c5e00d265/repo/tempest/lib/common/rest_client.py:434
2018-11-07 06:15:44.921 17928 INFO tempest.lib.common.rest_client [req-313ddbe4-dc44-46fc-a791-80b5742e8fe5 ] Request (TrunkTestJSON:_run_cleanups): 404 GET http://172.30.9.45:9696/v2.0/trunks/175dd861-0a28-4a35-9d70-52f92e3af967 0.011s
2018-11-07 06:15:44.921 17928 DEBUG tempest.lib.common.rest_client [req-313ddbe4-dc44-46fc-a791-80b5742e8fe5 ] Request - Headers: {'Content-Type': 'application/json', 'Accept': 'application/json', 'X-Auth-Token': ''} Body: None Response - Headers: {'status': '404', u'content-length': '134', 'content-location': 'http://172.30.9.45:9696/v2.0/trunks/175dd861-0a28-4a35-9d70-52f92e3af967', u'date': 'Wed, 07 Nov 2018 06:15:44 GMT', u'content-type': 'application/json', u'connection': 'close', u'x-openstack-request-id': 'req-313ddbe4-dc44-46fc-a791-80b5742e8fe5'} Body: {"NeutronError": {"message": "Trunk 175dd861-0a28-4a35-9d70-52f92e3af967 could not be found.", "type": "TrunkNotFound", "detail": ""}} _log_request_full /root/.rally/verification/verifier-28f9f35e-8d23-4419-b369-6f1c5e00d265/repo/tempest/lib/common/rest_client.py:434
2018-11-07 06:15:44.934 17925 INFO tempest.lib.common.rest_client [req-85ec0695-e146-44e3-8443-837a4c231f4d ] Request (TrunkTest:_run_cleanups): 202 DELETE http://172.30.9.45:8774/v2.1/servers/12481e1c-7019-4aee-8f64-c3ada07991cc/os-interface/034e4c6c-19c3-4ca5-b039-02df96a3a52b 0.060s
2018-11-07 06:15:44.934 17925 DEBUG tempest.lib.common.rest_client [req-85ec0695-e146-44e3-8443-837a4c231f4d ] Request - Headers: {'Content-Type': 'application/json', 'Accept': 'application/json', 'X-Auth-Token': ''} Body: None Response - Headers: {'status': '202', u'content-length': '0', 'content-location': 'http://172.30.9.45:8774/v2.1/servers/12481e1c-7019-4aee-8f64-c3ada07991cc/os-interface/034e4c6c-19c3-4ca5-b039-02df96a3a52b', u'x-compute-request-id': 'req-85ec0695-e146-44e3-8443-837a4c231f4d', u'vary': 'OpenStack-API-Version,X-OpenStack-Nova-API-Version', u'server': 'Apache', u'openstack-api-version': 'compute 2.1', u'connection': 'close', u'x-openstack-nova-api-version': '2.1', u'date': 'Wed, 07 Nov 2018 06:15:44 GMT', u'content-type': 'application/json', u'x-openstack-request-id': 'req-85ec0695-e146-44e3-8443-837a4c231f4d'} Body: _log_request_full /root/.rally/verification/verifier-28f9f35e-8d23-4419-b369-6f1c5e00d265/repo/tempest/lib/common/rest_client.py:434
2018-11-07 06:15:44.935 17928 INFO tempest.lib.common.rest_client [req-9c00c968-f7bf-4f07-8680-a4b8fc9b3d85 ] Request (TrunkTestJSON:_run_cleanups): 404 GET http://172.30.9.45:9696/v2.0/trunks/e6d7c4be-6373-4cb3-be01-043d21f0dd89 0.013s
2018-11-07 06:15:44.935 17928 DEBUG tempest.lib.common.rest_client [req-9c00c968-f7bf-4f07-8680-a4b8fc9b3d85 ] Request - Headers: {'Content-Type': 'application/json', 'Accept': 'application/json', 'X-Auth-Token': ''} Body: None Response - Headers: {'status': '404', u'content-length': '134', 'content-location': 'http://172.30.9.45:9696/v2.0/trunks/e6d7c4be-6373-4cb3-be01-043d21f0dd89', u'date': 'Wed, 07 Nov 2018 06:15:44 GMT', u'content-type': 'application/json', u'connection': 'close', u'x-openstack-request-id': 'req-9c00c968-f7bf-4f07-8680-a4b8fc9b3d85'} Body: {"NeutronError": {"message": "Trunk e6d7c4be-6373-4cb3-be01-043d21f0dd89 could not be found.", "type": "TrunkNotFound", "detail": ""}} _log_request_full /root/.rally/verification/verifier-28f9f35e-8d23-4419-b369-6f1c5e00d265/repo/tempest/lib/common/rest_client.py:434
2018-11-07 06:15:44.948 17928 INFO tempest.lib.common.rest_client [req-ebf8becf-aeaf-40c8-844e-23e632d453ad ] Request (TrunkTestJSON:_run_cleanups): 404 GET http://172.30.9.45:9696/v2.0/trunks/28d5fd3d-9c02-4936-9ea1-62c0fa5bac7f 0.012s
2018-11-07 06:15:44.948 17928 DEBUG tempest.lib.common.rest_client [req-ebf8becf-aeaf-40c8-844e-23e632d453ad ] Request - Headers: {'Content-Type': 'application/json', 'Accept': 'application/json', 'X-Auth-Token': ''} Body: None Response - Headers: {'status': '404', u'content-length': '134', 'content-location': 'http://172.30.9.45:9696/v2.0/trunks/28d5fd3d-9c02-4936-9ea1-62c0fa5bac7f', u'date': 'Wed, 07 Nov 2018 06:15:44 GMT', u'content-type': 'application/json', u'connection': 'close', u'x-openstack-request-id': 'req-ebf8becf-aeaf-40c8-844e-23e632d453ad'} Body: {"NeutronError": {"message": "Trunk 28d5fd3d-9c02-4936-9ea1-62c0fa5bac7f could not be found.", "type": "TrunkNotFound", "detail": ""}} _log_request_full /root/.rally/verification/verifier-28f9f35e-8d23-4419-b369-6f1c5e00d265/repo/tempest/lib/common/rest_client.py:434
2018-11-07 06:15:44.960 17928 INFO tempest.lib.common.rest_client [req-22cb209c-4845-4a2b-a5e5-41c722cdbcd5 ] Request (TrunkTestJSON:_run_cleanups): 404 GET http://172.30.9.45:9696/v2.0/trunks/f9954de3-2a34-4a32-be65-57158fa395ae 0.012s
2018-11-07 06:15:44.960 17928 DEBUG tempest.lib.common.rest_client [req-22cb209c-4845-4a2b-a5e5-41c722cdbcd5 ] Request - Headers: {'Content-Type': 'application/json', 'Accept': 'application/json', 'X-Auth-Token': ''} Body: None Response - Headers: {'status': '404', u'content-length': '134', 'content-location': 'http://172.30.9.45:9696/v2.0/trunks/f9954de3-2a34-4a32-be65-57158fa395ae', u'date': 'Wed, 07 Nov 2018 06:15:44 GMT', u'content-type': 'application/json', u'connection': 'close', u'x-openstack-request-id': 'req-22cb209c-4845-4a2b-a5e5-41c722cdbcd5'} Body: {"NeutronError": {"message": "Trunk f9954de3-2a34-4a32-be65-57158fa395ae could not be found.", "type": "TrunkNotFound", "detail": ""}} _log_request_full /root/.rally/verification/verifier-28f9f35e-8d23-4419-b369-6f1c5e00d265/repo/tempest/lib/common/rest_client.py:434
2018-11-07 06:15:44.972 17928 INFO tempest.lib.common.rest_client [req-13fdfc05-d212-40cf-919e-dc0ab08c3edb ] Request (TrunkTestJSON:_run_cleanups): 404 GET http://172.30.9.45:9696/v2.0/trunks/b2031f05-9f4d-4347-8aba-dc302096aab6 0.012s
2018-11-07 06:15:44.972 17928 DEBUG tempest.lib.common.rest_client [req-13fdfc05-d212-40cf-919e-dc0ab08c3edb ] Request - Headers: {'Content-Type': 'application/json', 'Accept': 'application/json', 'X-Auth-Token': ''} Body: None Response - Headers: {'status': '404', u'content-length': '134', 'content-location': 'http://172.30.9.45:9696/v2.0/trunks/b2031f05-9f4d-4347-8aba-dc302096aab6', u'date': 'Wed, 07 Nov 2018 06:15:44 GMT', u'content-type': 'application/json', u'connection': 'close', u'x-openstack-request-id': 'req-13fdfc05-d212-40cf-919e-dc0ab08c3edb'} Body: {"NeutronError": {"message": "Trunk b2031f05-9f4d-4347-8aba-dc302096aab6 could not be found.", "type": "TrunkNotFound", "detail": ""}} _log_request_full /root/.rally/verification/verifier-28f9f35e-8d23-4419-b369-6f1c5e00d265/repo/tempest/lib/common/rest_client.py:434
2018-11-07 06:15:44.985 17928 INFO tempest.lib.common.rest_client [req-c3ec00d3-d5cf-4ee5-ac60-5103150fd7c9 ] Request (TrunkTestJSON:_run_cleanups): 404 GET http://172.30.9.45:9696/v2.0/trunks/715ccb76-c30a-4e08-bb24-7a620a9b60fc 0.012s
2018-11-07 06:15:44.985 17928 DEBUG tempest.lib.common.rest_client [req-c3ec00d3-d5cf-4ee5-ac60-5103150fd7c9 ] Request - Headers: {'Content-Type': 'application/json', 'Accept': 'application/json', 'X-Auth-Token': ''} Body: None Response - Headers: {'status': '404', u'content-length': '134', 'content-location': 'http://172.30.9.45:9696/v2.0/trunks/715ccb76-c30a-4e08-bb24-7a620a9b60fc', u'date': 'Wed, 07 Nov 2018 06:15:45 GMT', u'content-type': 'application/json', u'connection': 'close', u'x-openstack-request-id': 'req-c3ec00d3-d5cf-4ee5-ac60-5103150fd7c9'} Body: {"NeutronError": {"message": "Trunk 715ccb76-c30a-4e08-bb24-7a620a9b60fc could not be found.", "type": "TrunkNotFound", "detail": ""}} _log_request_full /root/.rally/verification/verifier-28f9f35e-8d23-4419-b369-6f1c5e00d265/repo/tempest/lib/common/rest_client.py:434
2018-11-07 06:15:44.997 17928 INFO tempest.lib.common.rest_client [req-8c734133-4152-4396-9e0b-b7738e182989 ] Request (TrunkTestJSON:_run_cleanups): 404 GET http://172.30.9.45:9696/v2.0/trunks/d6e682a6-7eff-4200-8448-f9f36e053ef4 0.012s
2018-11-07 06:15:44.998 17928 DEBUG tempest.lib.common.rest_client [req-8c734133-4152-4396-9e0b-b7738e182989 ] Request - Headers: {'Content-Type': 'application/json', 'Accept': 'application/json', 'X-Auth-Token': ''} Body: None Response - Headers: {'status': '404', u'content-length': '134', 'content-location': 'http://172.30.9.45:9696/v2.0/trunks/d6e682a6-7eff-4200-8448-f9f36e053ef4', u'date': 'Wed, 07 Nov 2018 06:15:45 GMT', u'content-type': 'application/json', u'connection': 'close', u'x-openstack-request-id': 'req-8c734133-4152-4396-9e0b-b7738e182989'} Body: {"NeutronError": {"message": "Trunk d6e682a6-7eff-4200-8448-f9f36e053ef4 could not be found.", "type": "TrunkNotFound", "detail": ""}} _log_request_full /root/.rally/verification/verifier-28f9f35e-8d23-4419-b369-6f1c5e00d265/repo/tempest/lib/common/rest_client.py:434
2018-11-07 06:15:45.018 17925 INFO tempest.lib.common.rest_client [req-fdb924cc-079d-4c8f-8879-e131b44b000f ] Request (TrunkTest:_run_cleanups): 200 GET http://172.30.9.45:9696/v2.0/ports/034e4c6c-19c3-4ca5-b039-02df96a3a52b 0.084s
2018-11-07 06:15:45.019 17925 DEBUG tempest.lib.common.rest_client [req-fdb924cc-079d-4c8f-8879-e131b44b000f ] Request - Headers: {'Content-Type': 'application/json', 'Accept': 'application/json', 'X-Auth-Token': ''} Body: None Response - Headers: {'status': '200', u'content-length': '1406', 'content-location': 'http://172.30.9.45:9696/v2.0/ports/034e4c6c-19c3-4ca5-b039-02df96a3a52b', u'date': 'Wed, 07 Nov 2018 06:15:45 GMT', u'content-type': 'application/json', u'connection': 'close', u'x-openstack-request-id': 'req-fdb924cc-079d-4c8f-8879-e131b44b000f'} Body: {"port":{"allowed_address_pairs":[],"extra_dhcp_opts":[],"updated_at":"2018-11-07T06:15:17Z","device_owner":"compute:nova","revision_number":10,"port_security_enabled":true,"fixed_ips":[{"subnet_id":"ce03cfae-7a5a-4c11-9cf0-c55c9d22248d","ip_address":"192.168.120.3"}],"id":"034e4c6c-19c3-4ca5-b039-02df96a3a52b","security_groups":["325c4400-f005-4f4c-a1b3-25333ca351d0"],"mac_address":"fa:16:3e:5b:e7:14","device_id":"12481e1c-7019-4aee-8f64-c3ada07991cc","status":"ACTIVE","description":"","tags":[],"trunk_details":{"trunk_id":"64700bc8-4957-41bb-b7f4-85a5c3464c0d","sub_ports":[{"segmentation_id":6,"port_id":"0c759d31-db2f-4cd2-ae9e-6bcf4cb8f7ec","segmentation_type":"vlan","mac_address":"fa:16:3e:25:72:44"},{"segmentation_id":3,"port_id":"f7b2c76f-6c08-4b40-8874-0082f86a5747","segmentation_type":"vlan","mac_address":"fa:16:3e:28:18:7a"},{"segmentation_id":5,"port_id":"67b2ba55-a589-4d97-b710-cfa3f15df703","segmentation_type":"vlan","mac_address":"fa:16:3e:92:de:79"},{"segmentation_id":4,"port_id":"40abd30f-147e-4d7a-a7cb-0ca6065000ad","segmentation_type":"vlan","mac_address":"fa:16:3e:8a:74:3e"}]},"name":"","project_id":"ec6f3d661b4544e2a651899fdd7540a6","qos_policy_id":null,"admin_state_up":true,"network_id":"ef828dd7-1c6d-4941-a125-84b069a3d79b","tenant_id":"ec6f3d661b4544e2a651899fdd7540a6","created_at":"2018-11-07T06:15:05Z","binding:vnic_type":"normal","ip_allocation":"immediate"}} _log_request_full /root/.rally/verification/verifier-28f9f35e-8d23-4419-b369-6f1c5e00d265/repo/tempest/lib/common/rest_client.py:434
2018-11-07 06:15:45.024 17928 INFO tempest.lib.common.rest_client [req-5aa71c50-8e63-495b-afe3-eecddfdafaab ] Request (TrunkTestJSON:_run_cleanups): 404 DELETE http://172.30.9.45:9696/v2.0/ports/2aba64cd-f2b6-49d7-8942-20a520d9fee6 0.026s
2018-11-07 06:15:45.024 17928 DEBUG tempest.lib.common.rest_client [req-5aa71c50-8e63-495b-afe3-eecddfdafaab ] Request - Headers: {'Content-Type': 'application/json', 'Accept': 'application/json', 'X-Auth-Token': ''} Body: None Response - Headers: {'status': '404', u'content-length': '132', 'content-location': 'http://172.30.9.45:9696/v2.0/ports/2aba64cd-f2b6-49d7-8942-20a520d9fee6', u'date': 'Wed, 07 Nov 2018 06:15:45 GMT', u'content-type': 'application/json', u'connection': 'close', u'x-openstack-request-id': 'req-5aa71c50-8e63-495b-afe3-eecddfdafaab'} Body: {"NeutronError": {"message": "Port 2aba64cd-f2b6-49d7-8942-20a520d9fee6 could not be found.", "type": "PortNotFound", "detail": ""}} _log_request_full /root/.rally/verification/verifier-28f9f35e-8d23-4419-b369-6f1c5e00d265/repo/tempest/lib/common/rest_client.py:434
2018-11-07 06:15:45.052 17928 INFO tempest.lib.common.rest_client [req-b38ea31a-0383-4348-95b2-86ca91c9b564 ] Request (TrunkTestJSON:_run_cleanups): 404 DELETE http://172.30.9.45:9696/v2.0/ports/1399f38f-42fa-4ee7-bcf9-44c56f7ca288 0.027s
2018-11-07 06:15:45.052 17928 DEBUG tempest.lib.common.rest_client [req-b38ea31a-0383-4348-95b2-86ca91c9b564 ] Request - Headers: {'Content-Type': 'application/json', 'Accept': 'application/json', 'X-Auth-Token': ''} Body: None Response - Headers: {'status': '404', u'content-length': '132', 'content-location': 'http://172.30.9.45:9696/v2.0/ports/1399f38f-42fa-4ee7-bcf9-44c56f7ca288', u'date': 'Wed, 07 Nov 2018 06:15:45 GMT', u'content-type': 'application/json', u'connection': 'close', u'x-openstack-request-id': 'req-b38ea31a-0383-4348-95b2-86ca91c9b564'} Body: {"NeutronError": {"message": "Port 1399f38f-42fa-4ee7-bcf9-44c56f7ca288 could not be found.", "type": "PortNotFound", "detail": ""}} _log_request_full /root/.rally/verification/verifier-28f9f35e-8d23-4419-b369-6f1c5e00d265/repo/tempest/lib/common/rest_client.py:434
2018-11-07 06:15:45.056 17924 INFO tempest.lib.common.rest_client [req-2f7b3e1f-7bea-44f7-aa03-10d74e833337 ] Request (TrunkTestJSON:_run_cleanups): 204 DELETE http://172.30.9.45:9696/v2.0/ports/565a445d-b051-4f54-ab6c-5f450f784d24 0.353s
2018-11-07 06:15:45.057 17924 DEBUG tempest.lib.common.rest_client [req-2f7b3e1f-7bea-44f7-aa03-10d74e833337 ] Request - Headers: {'Content-Type': 'application/json', 'Accept': 'application/json', 'X-Auth-Token': ''} Body: None Response - Headers: {'status': '204', u'content-length': '0', 'content-location': 'http://172.30.9.45:9696/v2.0/ports/565a445d-b051-4f54-ab6c-5f450f784d24', u'date': 'Wed, 07 Nov 2018 06:15:45 GMT', u'connection': 'close', u'x-openstack-request-id': 'req-2f7b3e1f-7bea-44f7-aa03-10d74e833337'} Body: _log_request_full /root/.rally/verification/verifier-28f9f35e-8d23-4419-b369-6f1c5e00d265/repo/tempest/lib/common/rest_client.py:434
2018-11-07 06:15:45.079 17928 INFO tempest.lib.common.rest_client [req-84075a34-5bc4-4665-b978-cd1a6ff87429 ] Request (TrunkTestJSON:_run_cleanups): 404 DELETE http://172.30.9.45:9696/v2.0/ports/186c73f4-4296-4a90-b89f-1964baccfe0d 0.027s
2018-11-07 06:15:45.080 17928 DEBUG tempest.lib.common.rest_client [req-84075a34-5bc4-4665-b978-cd1a6ff87429 ] Request - Headers: {'Content-Type': 'application/json', 'Accept': 'application/json', 'X-Auth-Token': ''} Body: None Response - Headers: {'status': '404', u'content-length': '132', 'content-location': 'http://172.30.9.45:9696/v2.0/ports/186c73f4-4296-4a90-b89f-1964baccfe0d', u'date': 'Wed, 07 Nov 2018 06:15:45 GMT', u'content-type': 'application/json', u'connection': 'close', u'x-openstack-request-id': 'req-84075a34-5bc4-4665-b978-cd1a6ff87429'} Body: {"NeutronError": {"message": "Port 186c73f4-4296-4a90-b89f-1964baccfe0d could not be found.", "type": "PortNotFound", "detail": ""}} _log_request_full /root/.rally/verification/verifier-28f9f35e-8d23-4419-b369-6f1c5e00d265/repo/tempest/lib/common/rest_client.py:434
2018-11-07 06:15:45.111 17928 INFO tempest.lib.common.rest_client [req-8838950c-509e-48a0-8687-9cb72d046d0c ] Request (TrunkTestJSON:_run_cleanups): 404 DELETE http://172.30.9.45:9696/v2.0/ports/56e66a96-7370-47fc-b287-07b05d86d53a 0.031s
2018-11-07 06:15:45.111 17928 DEBUG tempest.lib.common.rest_client [req-8838950c-509e-48a0-8687-9cb72d046d0c ] Request - Headers: {'Content-Type': 'application/json', 'Accept': 'application/json', 'X-Auth-Token': ''} Body: None Response - Headers: {'status': '404', u'content-length': '132', 'content-location': 'http://172.30.9.45:9696/v2.0/ports/56e66a96-7370-47fc-b287-07b05d86d53a', u'date': 'Wed, 07 Nov 2018 06:15:45 GMT', u'content-type': 'application/json', u'connection': 'close', u'x-openstack-request-id': 'req-8838950c-509e-48a0-8687-9cb72d046d0c'} Body: {"NeutronError": {"message": "Port 56e66a96-7370-47fc-b287-07b05d86d53a could not be found.", "type": "PortNotFound", "detail": ""}} _log_request_full /root/.rally/verification/verifier-28f9f35e-8d23-4419-b369-6f1c5e00d265/repo/tempest/lib/common/rest_client.py:434
2018-11-07 06:15:45.139 17928 INFO tempest.lib.common.rest_client [req-6bf5b297-d164-4b1c-9124-6fd8e74bb444 ] Request (TrunkTestJSON:_run_cleanups): 404 DELETE http://172.30.9.45:9696/v2.0/ports/ae023760-88d6-4f9b-b6b9-935960be09d0 0.028s
2018-11-07 06:15:45.139 17928 DEBUG tempest.lib.common.rest_client [req-6bf5b297-d164-4b1c-9124-6fd8e74bb444 ] Request - Headers: {'Content-Type': 'application/json', 'Accept': 'application/json', 'X-Auth-Token': ''} Body: None Response - Headers: {'status': '404', u'content-length': '132', 'content-location': 'http://172.30.9.45:9696/v2.0/ports/ae023760-88d6-4f9b-b6b9-935960be09d0', u'date': 'Wed, 07 Nov 2018 06:15:45 GMT', u'content-type': 'application/json', u'connection': 'close', u'x-openstack-request-id': 'req-6bf5b297-d164-4b1c-9124-6fd8e74bb444'} Body: {"NeutronError": {"message": "Port ae023760-88d6-4f9b-b6b9-935960be09d0 could not be found.", "type": "PortNotFound", "detail": ""}} _log_request_full /root/.rally/verification/verifier-28f9f35e-8d23-4419-b369-6f1c5e00d265/repo/tempest/lib/common/rest_client.py:434
2018-11-07 06:15:45.170 17928 INFO tempest.lib.common.rest_client [req-41273937-f0bc-465c-bf7a-e1debe0e8fa6 ] Request (TrunkTestJSON:_run_cleanups): 404 DELETE http://172.30.9.45:9696/v2.0/ports/1217b646-4b86-43fa-8e1c-7316c03be4a4 0.030s
2018-11-07 06:15:45.170 17928 DEBUG tempest.lib.common.rest_client [req-41273937-f0bc-465c-bf7a-e1debe0e8fa6 ] Request - Headers: {'Content-Type': 'application/json', 'Accept': 'application/json', 'X-Auth-Token': ''} Body: None Response - Headers: {'status': '404', u'content-length': '132', 'content-location': 'http://172.30.9.45:9696/v2.0/ports/1217b646-4b86-43fa-8e1c-7316c03be4a4', u'date': 'Wed, 07 Nov 2018 06:15:45 GMT', u'content-type': 'application/json', u'connection': 'close', u'x-openstack-request-id': 'req-41273937-f0bc-465c-bf7a-e1debe0e8fa6'} Body: {"NeutronError": {"message": "Port 1217b646-4b86-43fa-8e1c-7316c03be4a4 could not be found.", "type": "PortNotFound", "detail": ""}} _log_request_full /root/.rally/verification/verifier-28f9f35e-8d23-4419-b369-6f1c5e00d265/repo/tempest/lib/common/rest_client.py:434
