2019-01-20 13:49:24.566 11603 INFO tempest.lib.common.rest_client [req-18a2ed2a-9c0c-4fd1-94d7-ebd406d3aeef ] Request (TrunkTestJSON:_run_cleanups): 404 DELETE http://172.30.9.22:9696/v2.0/networks/ac00db0a-9442-476d-8c10-c4cc7ccb45a2 0.029s
2019-01-20 13:49:24.567 11603 DEBUG tempest.lib.common.rest_client [req-18a2ed2a-9c0c-4fd1-94d7-ebd406d3aeef ] Request - Headers: {'Content-Type': 'application/json', 'Accept': 'application/json', 'X-Auth-Token': ''} Body: None Response - Headers: {'status': '404', u'content-length': '138', 'content-location': 'http://172.30.9.22:9696/v2.0/networks/ac00db0a-9442-476d-8c10-c4cc7ccb45a2', u'date': 'Sun, 20 Jan 2019 13:49:24 GMT', u'content-type': 'application/json', u'connection': 'close', u'x-openstack-request-id': 'req-18a2ed2a-9c0c-4fd1-94d7-ebd406d3aeef'} Body: {"NeutronError": {"message": "Network ac00db0a-9442-476d-8c10-c4cc7ccb45a2 could not be found.", "type": "NetworkNotFound", "detail": ""}} _log_request_full /root/.rally/verification/verifier-83872e43-5f74-47eb-8a2c-b624b4c157e6/repo/tempest/lib/common/rest_client.py:434
2019-01-20 13:49:24.592 11603 INFO tempest.lib.common.rest_client [req-d11aa61d-323d-4dec-a868-26e2c5e8d782 ] Request (TrunkTestJSON:_run_cleanups): 404 DELETE http://172.30.9.22:9696/v2.0/networks/891aef45-f458-47cf-82fa-1acb0ae22e84 0.025s
2019-01-20 13:49:24.593 11603 DEBUG tempest.lib.common.rest_client [req-d11aa61d-323d-4dec-a868-26e2c5e8d782 ] Request - Headers: {'Content-Type': 'application/json', 'Accept': 'application/json', 'X-Auth-Token': ''} Body: None Response - Headers: {'status': '404', u'content-length': '138', 'content-location': 'http://172.30.9.22:9696/v2.0/networks/891aef45-f458-47cf-82fa-1acb0ae22e84', u'date': 'Sun, 20 Jan 2019 13:49:24 GMT', u'content-type': 'application/json', u'connection': 'close', u'x-openstack-request-id': 'req-d11aa61d-323d-4dec-a868-26e2c5e8d782'} Body: {"NeutronError": {"message": "Network 891aef45-f458-47cf-82fa-1acb0ae22e84 could not be found.", "type": "NetworkNotFound", "detail": ""}} _log_request_full /root/.rally/verification/verifier-83872e43-5f74-47eb-8a2c-b624b4c157e6/repo/tempest/lib/common/rest_client.py:434
2019-01-20 13:49:24.759 11623 INFO tempest.lib.common.rest_client [req-9f90fab8-adb0-4df7-a286-ebef74a90a5f ] Request (TrunkTestJSON:_run_cleanups): 200 PUT http://172.30.9.22:9696/v2.0/trunks/ff76553d-b4f9-4aae-9bec-41523fc5cb94/remove_subports 0.284s
2019-01-20 13:49:24.760 11623 DEBUG tempest.lib.common.rest_client [req-9f90fab8-adb0-4df7-a286-ebef74a90a5f ] Request - Headers: {'Content-Type': 'application/json', 'Accept': 'application/json', 'X-Auth-Token': ''} Body: {"sub_ports": [{"port_id": "62270bbd-04fe-4ae6-9fef-bf9c2e2e8774", "segmentation_type": "vlan", "segmentation_id": 4}]} Response - Headers: {'status': '200', u'content-length': '396', 'content-location': 'http://172.30.9.22:9696/v2.0/trunks/ff76553d-b4f9-4aae-9bec-41523fc5cb94/remove_subports', u'date': 'Sun, 20 Jan 2019 13:49:24 GMT', u'content-type': 'application/json', u'connection': 'close', u'x-openstack-request-id': 'req-9f90fab8-adb0-4df7-a286-ebef74a90a5f'} Body: {"status": "DOWN", "sub_ports": [], "name": "", "admin_state_up": true, "tenant_id": "647acace99bd4d1b8dcae0cc1d648b33", "created_at": "2019-01-20T13:49:23Z", "tags": [], "updated_at": "2019-01-20T13:49:24Z", "revision_number": 2, "project_id": "647acace99bd4d1b8dcae0cc1d648b33", "port_id": "25aa2563-83a5-441c-b0c1-86542f748d2f", "id": "ff76553d-b4f9-4aae-9bec-41523fc5cb94", "description": ""} _log_request_full /root/.rally/verification/verifier-83872e43-5f74-47eb-8a2c-b624b4c157e6/repo/tempest/lib/common/rest_client.py:434
2019-01-20 13:49:24.880 11623 INFO tempest.lib.common.rest_client [req-106ec5d2-58f5-48b5-abd9-0f6abe0d7a6d ] Request (TrunkTestJSON:_run_cleanups): 204 DELETE http://172.30.9.22:9696/v2.0/trunks/ff76553d-b4f9-4aae-9bec-41523fc5cb94 0.119s
2019-01-20 13:49:24.880 11623 DEBUG tempest.lib.common.rest_client [req-106ec5d2-58f5-48b5-abd9-0f6abe0d7a6d ] Request - Headers: {'Content-Type': 'application/json', 'Accept': 'application/json', 'X-Auth-Token': ''} Body: None Response - Headers: {'status': '204', u'content-length': '0', 'content-location': 'http://172.30.9.22:9696/v2.0/trunks/ff76553d-b4f9-4aae-9bec-41523fc5cb94', u'date': 'Sun, 20 Jan 2019 13:49:24 GMT', u'connection': 'close', u'x-openstack-request-id': 'req-106ec5d2-58f5-48b5-abd9-0f6abe0d7a6d'} Body: _log_request_full /root/.rally/verification/verifier-83872e43-5f74-47eb-8a2c-b624b4c157e6/repo/tempest/lib/common/rest_client.py:434
2019-01-20 13:49:24.913 11623 INFO tempest.lib.common.rest_client [req-bfa41084-8cae-451a-855b-d56c4ec3604a ] Request (TrunkTestJSON:_run_cleanups): 404 DELETE http://172.30.9.22:9696/v2.0/ports/fb32df4a-d6e2-434c-8e31-79c0a0fddb11 0.032s
2019-01-20 13:49:24.914 11623 DEBUG tempest.lib.common.rest_client [req-bfa41084-8cae-451a-855b-d56c4ec3604a ] Request - Headers: {'Content-Type': 'application/json', 'Accept': 'application/json', 'X-Auth-Token': ''} Body: None Response - Headers: {'status': '404', u'content-length': '132', 'content-location': 'http://172.30.9.22:9696/v2.0/ports/fb32df4a-d6e2-434c-8e31-79c0a0fddb11', u'date': 'Sun, 20 Jan 2019 13:49:24 GMT', u'content-type': 'application/json', u'connection': 'close', u'x-openstack-request-id': 'req-bfa41084-8cae-451a-855b-d56c4ec3604a'} Body: {"NeutronError": {"message": "Port fb32df4a-d6e2-434c-8e31-79c0a0fddb11 could not be found.", "type": "PortNotFound", "detail": ""}} _log_request_full /root/.rally/verification/verifier-83872e43-5f74-47eb-8a2c-b624b4c157e6/repo/tempest/lib/common/rest_client.py:434
2019-01-20 13:49:24.956 11623 INFO tempest.lib.common.rest_client [req-36490420-2407-430c-b6a4-e9fd49ab737e ] Request (TrunkTestJSON:_run_cleanups): 404 DELETE http://172.30.9.22:9696/v2.0/ports/d4203107-4a6b-4c14-9fff-38e5c965f0a2 0.041s
2019-01-20 13:49:24.956 11623 DEBUG tempest.lib.common.rest_client [req-36490420-2407-430c-b6a4-e9fd49ab737e ] Request - Headers: {'Content-Type': 'application/json', 'Accept': 'application/json', 'X-Auth-Token': ''} Body: None Response - Headers: {'status': '404', u'content-length': '132', 'content-location': 'http://172.30.9.22:9696/v2.0/ports/d4203107-4a6b-4c14-9fff-38e5c965f0a2', u'date': 'Sun, 20 Jan 2019 13:49:24 GMT', u'content-type': 'application/json', u'connection': 'close', u'x-openstack-request-id': 'req-36490420-2407-430c-b6a4-e9fd49ab737e'} Body: {"NeutronError": {"message": "Port d4203107-4a6b-4c14-9fff-38e5c965f0a2 could not be found.", "type": "PortNotFound", "detail": ""}} _log_request_full /root/.rally/verification/verifier-83872e43-5f74-47eb-8a2c-b624b4c157e6/repo/tempest/lib/common/rest_client.py:434
2019-01-20 13:49:24.991 11623 INFO tempest.lib.common.rest_client [req-44b2ae78-7f46-4c89-afb6-b0176d04b966 ] Request (TrunkTestJSON:_run_cleanups): 404 DELETE http://172.30.9.22:9696/v2.0/ports/0ea05f87-4673-45df-8edf-5b105de6c0d1 0.034s
2019-01-20 13:49:24.992 11623 DEBUG tempest.lib.common.rest_client [req-44b2ae78-7f46-4c89-afb6-b0176d04b966 ] Request - Headers: {'Content-Type': 'application/json', 'Accept': 'application/json', 'X-Auth-Token': ''} Body: None Response - Headers: {'status': '404', u'content-length': '132', 'content-location': 'http://172.30.9.22:9696/v2.0/ports/0ea05f87-4673-45df-8edf-5b105de6c0d1', u'date': 'Sun, 20 Jan 2019 13:49:24 GMT', u'content-type': 'application/json', u'connection': 'close', u'x-openstack-request-id': 'req-44b2ae78-7f46-4c89-afb6-b0176d04b966'} Body: {"NeutronError": {"message": "Port 0ea05f87-4673-45df-8edf-5b105de6c0d1 could not be found.", "type": "PortNotFound", "detail": ""}} _log_request_full /root/.rally/verification/verifier-83872e43-5f74-47eb-8a2c-b624b4c157e6/repo/tempest/lib/common/rest_client.py:434
2019-01-20 13:49:25.027 11623 INFO tempest.lib.common.rest_client [req-15efda9d-b1cb-49af-9b18-07a20e0d1074 ] Request (TrunkTestJSON:_run_cleanups): 404 DELETE http://172.30.9.22:9696/v2.0/ports/1df64df2-7e6a-4acf-8e7a-b1eca8203212 0.034s
2019-01-20 13:49:25.028 11623 DEBUG tempest.lib.common.rest_client [req-15efda9d-b1cb-49af-9b18-07a20e0d1074 ] Request - Headers: {'Content-Type': 'application/json', 'Accept': 'application/json', 'X-Auth-Token': ''} Body: None Response - Headers: {'status': '404', u'content-length': '132', 'content-location': 'http://172.30.9.22:9696/v2.0/ports/1df64df2-7e6a-4acf-8e7a-b1eca8203212', u'date': 'Sun, 20 Jan 2019 13:49:25 GMT', u'content-type': 'application/json', u'connection': 'close', u'x-openstack-request-id': 'req-15efda9d-b1cb-49af-9b18-07a20e0d1074'} Body: {"NeutronError": {"message": "Port 1df64df2-7e6a-4acf-8e7a-b1eca8203212 could not be found.", "type": "PortNotFound", "detail": ""}} _log_request_full /root/.rally/verification/verifier-83872e43-5f74-47eb-8a2c-b624b4c157e6/repo/tempest/lib/common/rest_client.py:434
2019-01-20 13:49:25.030 11621 INFO tempest.lib.common.rest_client [req-29d064b2-e753-44d4-b2c9-6da9958a0740 ] Request (TrunkTest:test_trunk_subport_lifecycle): 200 GET http://172.30.9.22:9696/v2.0/trunks/8b542b6d-85d0-468a-841e-8a803cc53f9b 0.021s
2019-01-20 13:49:25.031 11621 DEBUG tempest.lib.common.rest_client [req-29d064b2-e753-44d4-b2c9-6da9958a0740 ] Request - Headers: {'Content-Type': 'application/json', 'Accept': 'application/json', 'X-Auth-Token': ''} Body: None Response - Headers: {'status': '200', u'content-length': '822', 'content-location': 'http://172.30.9.22:9696/v2.0/trunks/8b542b6d-85d0-468a-841e-8a803cc53f9b', u'date': 'Sun, 20 Jan 2019 13:49:25 GMT', u'content-type': 'application/json', u'connection': 'close', u'x-openstack-request-id': 'req-29d064b2-e753-44d4-b2c9-6da9958a0740'} Body: {"trunk": {"status": "BUILD", "sub_ports": [{"segmentation_type": "vlan", "port_id": "85695a28-ce01-4b05-88ed-ab34abd525b6", "segmentation_id": 3}, {"segmentation_type": "vlan", "port_id": "a5d403e6-08f2-4448-a6a4-82309da6bc36", "segmentation_id": 4}, {"segmentation_type": "vlan", "port_id": "3d3cdcb3-4cd5-4dbe-a431-28156adf8042", "segmentation_id": 5}, {"segmentation_type": "vlan", "port_id": "c9ffe5ed-69fa-4755-b0b3-3b98a07ddeb6", "segmentation_id": 6}], "name": "", "admin_state_up": true, "tenant_id": "2646439b233c4f8f93d18524ce1b0b28", "created_at": "2019-01-20T13:48:49Z", "tags": [], "updated_at": "2019-01-20T13:49:24Z", "revision_number": 3, "project_id": "2646439b233c4f8f93d18524ce1b0b28", "port_id": "13057889-fae7-44e1-8d7a-55875086fd27", "id": "8b542b6d-85d0-468a-841e-8a803cc53f9b", "description": ""}} _log_request_full /root/.rally/verification/verifier-83872e43-5f74-47eb-8a2c-b624b4c157e6/repo/tempest/lib/common/rest_client.py:434
2019-01-20 13:49:25.061 11623 INFO tempest.lib.common.rest_client [req-afb0f9b2-8181-41e3-a127-941909097996 ] Request (TrunkTestJSON:_run_cleanups): 404 DELETE http://172.30.9.22:9696/v2.0/ports/28f96865-8380-42e4-887e-ad8052f2c360 0.033s
2019-01-20 13:49:25.062 11623 DEBUG tempest.lib.common.rest_client [req-afb0f9b2-8181-41e3-a127-941909097996 ] Request - Headers: {'Content-Type': 'application/json', 'Accept': 'application/json', 'X-Auth-Token': ''} Body: None Response - Headers: {'status': '404', u'content-length': '132', 'content-location': 'http://172.30.9.22:9696/v2.0/ports/28f96865-8380-42e4-887e-ad8052f2c360', u'date': 'Sun, 20 Jan 2019 13:49:25 GMT', u'content-type': 'application/json', u'connection': 'close', u'x-openstack-request-id': 'req-afb0f9b2-8181-41e3-a127-941909097996'} Body: {"NeutronError": {"message": "Port 28f96865-8380-42e4-887e-ad8052f2c360 could not be found.", "type": "PortNotFound", "detail": ""}} _log_request_full /root/.rally/verification/verifier-83872e43-5f74-47eb-8a2c-b624b4c157e6/repo/tempest/lib/common/rest_client.py:434
2019-01-20 13:49:25.094 11623 INFO tempest.lib.common.rest_client [req-d658796d-852f-4bd2-88ca-8f7d3abc8ae3 ] Request (TrunkTestJSON:_run_cleanups): 404 DELETE http://172.30.9.22:9696/v2.0/ports/4abadf71-6d71-4b42-bcad-4a48b32490ec 0.031s
2019-01-20 13:49:25.094 11623 DEBUG tempest.lib.common.rest_client [req-d658796d-852f-4bd2-88ca-8f7d3abc8ae3 ] Request - Headers: {'Content-Type': 'application/json', 'Accept': 'application/json', 'X-Auth-Token': ''} Body: None Response - Headers: {'status': '404', u'content-length': '132', 'content-location': 'http://172.30.9.22:9696/v2.0/ports/4abadf71-6d71-4b42-bcad-4a48b32490ec', u'date': 'Sun, 20 Jan 2019 13:49:25 GMT', u'content-type': 'application/json', u'connection': 'close', u'x-openstack-request-id': 'req-d658796d-852f-4bd2-88ca-8f7d3abc8ae3'} Body: {"NeutronError": {"message": "Port 4abadf71-6d71-4b42-bcad-4a48b32490ec could not be found.", "type": "PortNotFound", "detail": ""}} _log_request_full /root/.rally/verification/verifier-83872e43-5f74-47eb-8a2c-b624b4c157e6/repo/tempest/lib/common/rest_client.py:434
2019-01-20 13:49:25.128 11623 INFO tempest.lib.common.rest_client [req-0272b3cf-6897-476c-acb3-dc9b4d6adf16 ] Request (TrunkTestJSON:_run_cleanups): 404 DELETE http://172.30.9.22:9696/v2.0/ports/8f00f2dd-dc0d-4f61-a5d0-de0e7d78f32b 0.033s
2019-01-20 13:49:25.128 11623 DEBUG tempest.lib.common.rest_client [req-0272b3cf-6897-476c-acb3-dc9b4d6adf16 ] Request - Headers: {'Content-Type': 'application/json', 'Accept': 'application/json', 'X-Auth-Token': ''} Body: None Response - Headers: {'status': '404', u'content-length': '132', 'content-location': 'http://172.30.9.22:9696/v2.0/ports/8f00f2dd-dc0d-4f61-a5d0-de0e7d78f32b', u'date': 'Sun, 20 Jan 2019 13:49:25 GMT', u'content-type': 'application/json', u'connection': 'close', u'x-openstack-request-id': 'req-0272b3cf-6897-476c-acb3-dc9b4d6adf16'} Body: {"NeutronError": {"message": "Port 8f00f2dd-dc0d-4f61-a5d0-de0e7d78f32b could not be found.", "type": "PortNotFound", "detail": ""}} _log_request_full /root/.rally/verification/verifier-83872e43-5f74-47eb-8a2c-b624b4c157e6/repo/tempest/lib/common/rest_client.py:434
2019-01-20 13:49:25.161 11623 INFO tempest.lib.common.rest_client [req-667142e1-cc73-4231-b7d5-7c10f2e83b81 ] Request (TrunkTestJSON:_run_cleanups): 404 DELETE http://172.30.9.22:9696/v2.0/ports/b8b9a1e3-a686-42f2-bcbf-744a534b7e39 0.032s
2019-01-20 13:49:25.161 11623 DEBUG tempest.lib.common.rest_client [req-667142e1-cc73-4231-b7d5-7c10f2e83b81 ] Request - Headers: {'Content-Type': 'application/json', 'Accept': 'application/json', 'X-Auth-Token': ''} Body: None Response - Headers: {'status': '404', u'content-length': '132', 'content-location': 'http://172.30.9.22:9696/v2.0/ports/b8b9a1e3-a686-42f2-bcbf-744a534b7e39', u'date': 'Sun, 20 Jan 2019 13:49:25 GMT', u'content-type': 'application/json', u'connection': 'close', u'x-openstack-request-id': 'req-667142e1-cc73-4231-b7d5-7c10f2e83b81'} Body: {"NeutronError": {"message": "Port b8b9a1e3-a686-42f2-bcbf-744a534b7e39 could not be found.", "type": "PortNotFound", "detail": ""}} _log_request_full /root/.rally/verification/verifier-83872e43-5f74-47eb-8a2c-b624b4c157e6/repo/tempest/lib/common/rest_client.py:434
2019-01-20 13:49:25.198 11623 INFO tempest.lib.common.rest_client [req-0fe975a1-c383-4c59-8bcd-9025b7253a1b ] Request (TrunkTestJSON:_run_cleanups): 404 DELETE http://172.30.9.22:9696/v2.0/ports/13b938c7-d998-4e07-a4b0-42dbed6e8898 0.036s
2019-01-20 13:49:25.198 11623 DEBUG tempest.lib.common.rest_client [req-0fe975a1-c383-4c59-8bcd-9025b7253a1b ] Request - Headers: {'Content-Type': 'application/json', 'Accept': 'application/json', 'X-Auth-Token': ''} Body: None Response - Headers: {'status': '404', u'content-length': '132', 'content-location': 'http://172.30.9.22:9696/v2.0/ports/13b938c7-d998-4e07-a4b0-42dbed6e8898', u'date': 'Sun, 20 Jan 2019 13:49:25 GMT', u'content-type': 'application/json', u'connection': 'close', u'x-openstack-request-id': 'req-0fe975a1-c383-4c59-8bcd-9025b7253a1b'} Body: {"NeutronError": {"message": "Port 13b938c7-d998-4e07-a4b0-42dbed6e8898 could not be found.", "type": "PortNotFound", "detail": ""}} _log_request_full /root/.rally/verification/verifier-83872e43-5f74-47eb-8a2c-b624b4c157e6/repo/tempest/lib/common/rest_client.py:434
2019-01-20 13:49:25.236 11623 INFO tempest.lib.common.rest_client [req-b29a83b1-c981-466e-942a-4dadfca7c775 ] Request (TrunkTestJSON:_run_cleanups): 404 DELETE http://172.30.9.22:9696/v2.0/ports/47a1a5e8-83a0-4d09-bdc7-e58b032cfe16 0.037s
2019-01-20 13:49:25.237 11623 DEBUG tempest.lib.common.rest_client [req-b29a83b1-c981-466e-942a-4dadfca7c775 ] Request - Headers: {'Content-Type': 'application/json', 'Accept': 'application/json', 'X-Auth-Token': ''} Body: None Response - Headers: {'status': '404', u'content-length': '132', 'content-location': 'http://172.30.9.22:9696/v2.0/ports/47a1a5e8-83a0-4d09-bdc7-e58b032cfe16', u'date': 'Sun, 20 Jan 2019 13:49:25 GMT', u'content-type': 'application/json', u'connection': 'close', u'x-openstack-request-id': 'req-b29a83b1-c981-466e-942a-4dadfca7c775'} Body: {"NeutronError": {"message": "Port 47a1a5e8-83a0-4d09-bdc7-e58b032cfe16 could not be found.", "type": "PortNotFound", "detail": ""}} _log_request_full /root/.rally/verification/verifier-83872e43-5f74-47eb-8a2c-b624b4c157e6/repo/tempest/lib/common/rest_client.py:434
2019-01-20 13:49:25.274 11623 INFO tempest.lib.common.rest_client [req-520eeb78-29f5-4055-8f8a-9cac7fdda8d9 ] Request (TrunkTestJSON:_run_cleanups): 404 DELETE http://172.30.9.22:9696/v2.0/ports/d0858218-eb94-43c3-8760-a8c94df36721 0.036s
2019-01-20 13:49:25.274 11623 DEBUG tempest.lib.common.rest_client [req-520eeb78-29f5-4055-8f8a-9cac7fdda8d9 ] Request - Headers: {'Content-Type': 'application/json', 'Accept': 'application/json', 'X-Auth-Token': ''} Body: None Response - Headers: {'status': '404', u'content-length': '132', 'content-location': 'http://172.30.9.22:9696/v2.0/ports/d0858218-eb94-43c3-8760-a8c94df36721', u'date': 'Sun, 20 Jan 2019 13:49:25 GMT', u'content-type': 'application/json', u'connection': 'close', u'x-openstack-request-id': 'req-520eeb78-29f5-4055-8f8a-9cac7fdda8d9'} Body: {"NeutronError": {"message": "Port d0858218-eb94-43c3-8760-a8c94df36721 could not be found.", "type": "PortNotFound", "detail": ""}} _log_request_full /root/.rally/verification/verifier-83872e43-5f74-47eb-8a2c-b624b4c157e6/repo/tempest/lib/common/rest_client.py:434
2019-01-20 13:49:25.302 11603 INFO tempest.lib.common.rest_client [req-f5622086-62a2-4e18-a6ed-7ccf6131b755 ] Request (TrunkTestJSON:_run_cleanups): 204 DELETE http://172.30.9.22:9696/v2.0/networks/e4da3836-c9a2-49b3-92a8-09ba3ed29634 0.708s
2019-01-20 13:49:25.302 11603 DEBUG tempest.lib.common.rest_client [req-f5622086-62a2-4e18-a6ed-7ccf6131b755 ] Request - Headers: {'Content-Type': 'application/json', 'Accept': 'application/json', 'X-Auth-Token': ''} Body: None Response - Headers: {'status': '204', u'content-length': '0', 'content-location': 'http://172.30.9.22:9696/v2.0/networks/e4da3836-c9a2-49b3-92a8-09ba3ed29634', u'date': 'Sun, 20 Jan 2019 13:49:25 GMT', u'connection': 'close', u'x-openstack-request-id': 'req-f5622086-62a2-4e18-a6ed-7ccf6131b755'} Body: _log_request_full /root/.rally/verification/verifier-83872e43-5f74-47eb-8a2c-b624b4c157e6/repo/tempest/lib/common/rest_client.py:434
2019-01-20 13:49:25.308 11623 INFO tempest.lib.common.rest_client [req-06e69ee9-96af-4860-97b3-a1f2a82e1034 ] Request (TrunkTestJSON:_run_cleanups): 404 DELETE http://172.30.9.22:9696/v2.0/ports/b4ddf444-ec04-4f0c-88ea-911a83ce2907 0.033s
2019-01-20 13:49:25.308 11623 DEBUG tempest.lib.common.rest_client [req-06e69ee9-96af-4860-97b3-a1f2a82e1034 ] Request - Headers: {'Content-Type': 'application/json', 'Accept': 'application/json', 'X-Auth-Token': ''} Body: None Response - Headers: {'status': '404', u'content-length': '132', 'content-location': 'http://172.30.9.22:9696/v2.0/ports/b4ddf444-ec04-4f0c-88ea-911a83ce2907', u'date': 'Sun, 20 Jan 2019 13:49:25 GMT', u'content-type': 'application/json', u'connection': 'close', u'x-openstack-request-id': 'req-06e69ee9-96af-4860-97b3-a1f2a82e1034'} Body: {"NeutronError": {"message": "Port b4ddf444-ec04-4f0c-88ea-911a83ce2907 could not be found.", "type": "PortNotFound", "detail": ""}} _log_request_full /root/.rally/verification/verifier-83872e43-5f74-47eb-8a2c-b624b4c157e6/repo/tempest/lib/common/rest_client.py:434
2019-01-20 13:49:25.342 11623 INFO tempest.lib.common.rest_client [req-29107d96-b958-48ec-b099-083c8f5c6c8a ] Request (TrunkTestJSON:_run_cleanups): 404 DELETE http://172.30.9.22:9696/v2.0/ports/0b9b3bf8-c47d-4c44-beda-3da62ba06554 0.033s
2019-01-20 13:49:25.343 11623 DEBUG tempest.lib.common.rest_client [req-29107d96-b958-48ec-b099-083c8f5c6c8a ] Request - Headers: {'Content-Type': 'application/json', 'Accept': 'application/json', 'X-Auth-Token': ''} Body: None Response - Headers: {'status': '404', u'content-length': '132', 'content-location': 'http://172.30.9.22:9696/v2.0/ports/0b9b3bf8-c47d-4c44-beda-3da62ba06554', u'date': 'Sun, 20 Jan 2019 13:49:25 GMT', u'content-type': 'application/json', u'connection': 'close', u'x-openstack-request-id': 'req-29107d96-b958-48ec-b099-083c8f5c6c8a'} Body: {"NeutronError": {"message": "Port 0b9b3bf8-c47d-4c44-beda-3da62ba06554 could not be found.", "type": "PortNotFound", "detail": ""}} _log_request_full /root/.rally/verification/verifier-83872e43-5f74-47eb-8a2c-b624b4c157e6/repo/tempest/lib/common/rest_client.py:434
2019-01-20 13:49:25.545 11603 INFO tempest.lib.common.rest_client [req-10018473-6c15-4a7c-816e-d148afa3216c ] Request (TrunkTestJSON:test_create_trunk_with_subport_missing_segmentation_id): 201 POST http://172.30.9.22:9696/v2.0/networks 0.239s
2019-01-20 13:49:25.545 11603 DEBUG tempest.lib.common.rest_client [req-10018473-6c15-4a7c-816e-d148afa3216c ] Request - Headers: {'Content-Type': 'application/json', 'Accept': 'application/json', 'X-Auth-Token': ''} Body: {"network": {"name": "tempest-test-network--760662521"}} Response - Headers: {'status': '201', u'content-length': '589', 'content-location': 'http://172.30.9.22:9696/v2.0/networks', u'date': 'Sun, 20 Jan 2019 13:49:25 GMT', u'content-type': 'application/json', u'connection': 'close', u'x-openstack-request-id': 'req-10018473-6c15-4a7c-816e-d148afa3216c'} Body: {"network":{"ipv6_address_scope":null,"revision_number":3,"port_security_enabled":true,"id":"dfdcb8ba-a0df-417f-b8e0-a981b6bb2a94","router:external":false,"availability_zone_hints":[],"availability_zones":[],"ipv4_address_scope":null,"shared":false,"project_id":"4fc7e83cf5544effbff07436d787065d","status":"ACTIVE","subnets":[],"description":"","tags":[],"updated_at":"2019-01-20T13:49:25Z","is_default":false,"name":"tempest-test-network--760662521","qos_policy_id":null,"admin_state_up":true,"tenant_id":"4fc7e83cf5544effbff07436d787065d","created_at":"2019-01-20T13:49:25Z","mtu":1450}} _log_request_full /root/.rally/verification/verifier-83872e43-5f74-47eb-8a2c-b624b4c157e6/repo/tempest/lib/common/rest_client.py:434
2019-01-20 13:49:25.676 11623 INFO tempest.lib.common.rest_client [req-38bc46ac-fddd-4997-b80d-81428ea9d886 ] Request (TrunkTestJSON:_run_cleanups): 204 DELETE http://172.30.9.22:9696/v2.0/ports/17453152-9d1d-4953-b8bd-87dcb4679bc4 0.332s
2019-01-20 13:49:25.676 11623 DEBUG tempest.lib.common.rest_client [req-38bc46ac-fddd-4997-b80d-81428ea9d886 ] Request - Headers: {'Content-Type': 'application/json', 'Accept': 'application/json', 'X-Auth-Token': ''} Body: None Response - Headers: {'status': '204', u'content-length': '0', 'content-location': 'http://172.30.9.22:9696/v2.0/ports/17453152-9d1d-4953-b8bd-87dcb4679bc4', u'date': 'Sun, 20 Jan 2019 13:49:25 GMT', u'connection': 'close', u'x-openstack-request-id': 'req-38bc46ac-fddd-4997-b80d-81428ea9d886'} Body: _log_request_full /root/.rally/verification/verifier-83872e43-5f74-47eb-8a2c-b624b4c157e6/repo/tempest/lib/common/rest_client.py:434
2019-01-20 13:49:26.000 11623 INFO tempest.lib.common.rest_client [req-dd0a729c-5629-477a-be3e-5ae01f7751ff ] Request (TrunkTestJSON:_run_cleanups): 204 DELETE http://172.30.9.22:9696/v2.0/ports/62270bbd-04fe-4ae6-9fef-bf9c2e2e8774 0.323s
2019-01-20 13:49:26.000 11623 DEBUG tempest.lib.common.rest_client [req-dd0a729c-5629-477a-be3e-5ae01f7751ff ] Request - Headers: {'Content-Type': 'application/json', 'Accept': 'application/json', 'X-Auth-Token': ''} Body: None Response - Headers: {'status': '204', u'content-length': '0', 'content-location': 'http://172.30.9.22:9696/v2.0/ports/62270bbd-04fe-4ae6-9fef-bf9c2e2e8774', u'date': 'Sun, 20 Jan 2019 13:49:25 GMT', u'connection': 'close', u'x-openstack-request-id': 'req-dd0a729c-5629-477a-be3e-5ae01f7751ff'} Body: _log_request_full /root/.rally/verification/verifier-83872e43-5f74-47eb-8a2c-b624b4c157e6/repo/tempest/lib/common/rest_client.py:434
2019-01-20 13:49:26.061 11621 INFO tempest.lib.common.rest_client [req-a3f89915-4474-44a8-a997-0b488c351d9f ] Request (TrunkTest:test_trunk_subport_lifecycle): 200 GET http://172.30.9.22:9696/v2.0/trunks/8b542b6d-85d0-468a-841e-8a803cc53f9b 0.028s
2019-01-20 13:49:26.062 11621 DEBUG tempest.lib.common.rest_client [req-a3f89915-4474-44a8-a997-0b488c351d9f ] Request - Headers: {'Content-Type': 'application/json', 'Accept': 'application/json', 'X-Auth-Token': ''} Body: None Response - Headers: {'status': '200', u'content-length': '822', 'content-location': 'http://172.30.9.22:9696/v2.0/trunks/8b542b6d-85d0-468a-841e-8a803cc53f9b', u'date': 'Sun, 20 Jan 2019 13:49:26 GMT', u'content-type': 'application/json', u'connection': 'close', u'x-openstack-request-id': 'req-a3f89915-4474-44a8-a997-0b488c351d9f'} Body: {"trunk": {"status": "BUILD", "sub_ports": [{"segmentation_type": "vlan", "port_id": "85695a28-ce01-4b05-88ed-ab34abd525b6", "segmentation_id": 3}, {"segmentation_type": "vlan", "port_id": "a5d403e6-08f2-4448-a6a4-82309da6bc36", "segmentation_id": 4}, {"segmentation_type": "vlan", "port_id": "3d3cdcb3-4cd5-4dbe-a431-28156adf8042", "segmentation_id": 5}, {"segmentation_type": "vlan", "port_id": "c9ffe5ed-69fa-4755-b0b3-3b98a07ddeb6", "segmentation_id": 6}], "name": "", "admin_state_up": true, "tenant_id": "2646439b233c4f8f93d18524ce1b0b28", "created_at": "2019-01-20T13:48:49Z", "tags": [], "updated_at": "2019-01-20T13:49:24Z", "revision_number": 3, "project_id": "2646439b233c4f8f93d18524ce1b0b28", "port_id": "13057889-fae7-44e1-8d7a-55875086fd27", "id": "8b542b6d-85d0-468a-841e-8a803cc53f9b", "description": ""}} _log_request_full /root/.rally/verification/verifier-83872e43-5f74-47eb-8a2c-b624b4c157e6/repo/tempest/lib/common/rest_client.py:434
2019-01-20 13:49:26.395 11603 INFO tempest.lib.common.rest_client [req-641f7653-c20b-4aff-ae97-f36349ac9ff6 ] Request (TrunkTestJSON:test_create_trunk_with_subport_missing_segmentation_id): 201 POST http://172.30.9.22:9696/v2.0/ports 0.849s
2019-01-20 13:49:26.396 11603 DEBUG tempest.lib.common.rest_client [req-641f7653-c20b-4aff-ae97-f36349ac9ff6 ] Request - Headers: {'Content-Type': 'application/json', 'Accept': 'application/json', 'X-Auth-Token': ''} Body: {"port": {"network_id": "dfdcb8ba-a0df-417f-b8e0-a981b6bb2a94"}} Response - Headers: {'status': '201', u'content-length': '636', 'content-location': 'http://172.30.9.22:9696/v2.0/ports', u'date': 'Sun, 20 Jan 2019 13:49:26 GMT', u'content-type': 'application/json', u'connection': 'close', u'x-openstack-request-id': 'req-641f7653-c20b-4aff-ae97-f36349ac9ff6'} Body: {"port":{"allowed_address_pairs":[],"extra_dhcp_opts":[],"updated_at":"2019-01-20T13:49:25Z","device_owner":"","revision_number":3,"port_security_enabled":true,"fixed_ips":[],"id":"80ca75bf-1db5-4aa3-96ba-ed4b36ce7e50","security_groups":["3f7df47f-0935-4a22-b398-ef9ce7952d2b"],"mac_address":"fa:16:3e:d8:f5:ab","device_id":"","status":"DOWN","description":"","tags":[],"name":"","project_id":"4fc7e83cf5544effbff07436d787065d","qos_policy_id":null,"admin_state_up":true,"network_id":"dfdcb8ba-a0df-417f-b8e0-a981b6bb2a94","tenant_id":"4fc7e83cf5544effbff07436d787065d","created_at":"2019-01-20T13:49:25Z","binding:vnic_type":"normal"}} _log_request_full /root/.rally/verification/verifier-83872e43-5f74-47eb-8a2c-b624b4c157e6/repo/tempest/lib/common/rest_client.py:434
2019-01-20 13:49:26.412 11603 INFO tempest.lib.common.rest_client [req-0f076a0c-beec-4035-b45c-552fdcf4c5b8 ] Request (TrunkTestJSON:test_create_trunk_with_subport_missing_segmentation_id): 400 POST http://172.30.9.22:9696/v2.0/trunks 0.014s
2019-01-20 13:49:26.412 11603 DEBUG tempest.lib.common.rest_client [req-0f076a0c-beec-4035-b45c-552fdcf4c5b8 ] Request - Headers: {'Content-Type': 'application/json', 'Accept': 'application/json', 'X-Auth-Token': ''} Body: {"trunk": {"sub_ports": [{"segmentation_type": "vlan", "port_id": "b879cc56-3825-4f3f-9a7b-dd81992bbfdb"}], "port_id": "80ca75bf-1db5-4aa3-96ba-ed4b36ce7e50"}} Response - Headers: {'status': '400', u'content-length': '312', 'content-location': 'http://172.30.9.22:9696/v2.0/trunks', u'date': 'Sun, 20 Jan 2019 13:49:26 GMT', u'content-type': 'application/json', u'connection': 'close', u'x-openstack-request-id': 'req-0f076a0c-beec-4035-b45c-552fdcf4c5b8'} Body: {"NeutronError": {"message": "Invalid input for sub_ports. Reason: Invalid subport details '{u'segmentation_type': u'vlan', u'port_id': u'b879cc56-3825-4f3f-9a7b-dd81992bbfdb'}': missing segmentation information. Must specify both segmentation_id and segmentation_type.", "type": "HTTPBadRequest", "detail": ""}} _log_request_full /root/.rally/verification/verifier-83872e43-5f74-47eb-8a2c-b624b4c157e6/repo/tempest/lib/common/rest_client.py:434
2019-01-20 13:49:26.435 11603 INFO tempest.lib.common.rest_client [req-390f8902-60dc-4104-9969-a0ac9b4831fa ] Request (TrunkTestJSON:_run_cleanups): 404 GET http://172.30.9.22:9696/v2.0/trunks/0e2a509d-3ace-409f-9255-6141478a95af/get_subports 0.021s
2019-01-20 13:49:26.435 11603 DEBUG tempest.lib.common.rest_client [req-390f8902-60dc-4104-9969-a0ac9b4831fa ] Request - Headers: {'Content-Type': 'application/json', 'Accept': 'application/json', 'X-Auth-Token': ''} Body: None Response - Headers: {'status': '404', u'content-length': '134', 'content-location': 'http://172.30.9.22:9696/v2.0/trunks/0e2a509d-3ace-409f-9255-6141478a95af/get_subports', u'date': 'Sun, 20 Jan 2019 13:49:26 GMT', u'content-type': 'application/json', u'connection': 'close', u'x-openstack-request-id': 'req-390f8902-60dc-4104-9969-a0ac9b4831fa'} Body: {"NeutronError": {"message": "Trunk 0e2a509d-3ace-409f-9255-6141478a95af could not be found.", "type": "TrunkNotFound", "detail": ""}} _log_request_full /root/.rally/verification/verifier-83872e43-5f74-47eb-8a2c-b624b4c157e6/repo/tempest/lib/common/rest_client.py:434
2019-01-20 13:49:26.464 11603 INFO tempest.lib.common.rest_client [req-19d93ab0-bcad-41af-8f89-c852318c6fe2 ] Request (TrunkTestJSON:_run_cleanups): 404 DELETE http://172.30.9.22:9696/v2.0/trunks/0e2a509d-3ace-409f-9255-6141478a95af 0.027s
2019-01-20 13:49:26.464 11603 DEBUG tempest.lib.common.rest_client [req-19d93ab0-bcad-41af-8f89-c852318c6fe2 ] Request - Headers: {'Content-Type': 'application/json', 'Accept': 'application/json', 'X-Auth-Token': ''} Body: None Response - Headers: {'status': '404', u'content-length': '134', 'content-location': 'http://172.30.9.22:9696/v2.0/trunks/0e2a509d-3ace-409f-9255-6141478a95af', u'date': 'Sun, 20 Jan 2019 13:49:26 GMT', u'content-type': 'application/json', u'connection': 'close', u'x-openstack-request-id': 'req-19d93ab0-bcad-41af-8f89-c852318c6fe2'} Body: {"NeutronError": {"message": "Trunk 0e2a509d-3ace-409f-9255-6141478a95af could not be found.", "type": "TrunkNotFound", "detail": ""}} _log_request_full /root/.rally/verification/verifier-83872e43-5f74-47eb-8a2c-b624b4c157e6/repo/tempest/lib/common/rest_client.py:434
2019-01-20 13:49:26.479 11623 INFO tempest.lib.common.rest_client [req-e126af1c-8f8f-4dd1-a5e9-2ee2072bc5f7 ] Request (TrunkTestJSON:_run_cleanups): 204 DELETE http://172.30.9.22:9696/v2.0/ports/25aa2563-83a5-441c-b0c1-86542f748d2f 0.478s
2019-01-20 13:49:26.480 11623 DEBUG tempest.lib.common.rest_client [req-e126af1c-8f8f-4dd1-a5e9-2ee2072bc5f7 ] Request - Headers: {'Content-Type': 'application/json', 'Accept': 'application/json', 'X-Auth-Token': ''} Body: None Response - Headers: {'status': '204', u'content-length': '0', 'content-location': 'http://172.30.9.22:9696/v2.0/ports/25aa2563-83a5-441c-b0c1-86542f748d2f', u'date': 'Sun, 20 Jan 2019 13:49:26 GMT', u'connection': 'close', u'x-openstack-request-id': 'req-e126af1c-8f8f-4dd1-a5e9-2ee2072bc5f7'} Body: _log_request_full /root/.rally/verification/verifier-83872e43-5f74-47eb-8a2c-b624b4c157e6/repo/tempest/lib/common/rest_client.py:434
2019-01-20 13:49:26.483 11603 INFO tempest.lib.common.rest_client [req-19658ba8-7b75-4a30-b72c-d28da659da1c ] Request (TrunkTestJSON:_run_cleanups): 404 GET http://172.30.9.22:9696/v2.0/trunks/b4e2d5fc-c9b6-48ff-ab0c-722846aca05d/get_subports 0.018s
2019-01-20 13:49:26.483 11603 DEBUG tempest.lib.common.rest_client [req-19658ba8-7b75-4a30-b72c-d28da659da1c ] Request - Headers: {'Content-Type': 'application/json', 'Accept': 'application/json', 'X-Auth-Token': ''} Body: None Response - Headers: {'status': '404', u'content-length': '134', 'content-location': 'http://172.30.9.22:9696/v2.0/trunks/b4e2d5fc-c9b6-48ff-ab0c-722846aca05d/get_subports', u'date': 'Sun, 20 Jan 2019 13:49:26 GMT', u'content-type': 'application/json', u'connection': 'close', u'x-openstack-request-id': 'req-19658ba8-7b75-4a30-b72c-d28da659da1c'} Body: {"NeutronError": {"message": "Trunk b4e2d5fc-c9b6-48ff-ab0c-722846aca05d could not be found.", "type": "TrunkNotFound", "detail": ""}} _log_request_full /root/.rally/verification/verifier-83872e43-5f74-47eb-8a2c-b624b4c157e6/repo/tempest/lib/common/rest_client.py:434
2019-01-20 13:49:26.504 11603 INFO tempest.lib.common.rest_client [req-425180e7-b998-42d4-9619-44a86ed05e66 ] Request (TrunkTestJSON:_run_cleanups): 404 DELETE http://172.30.9.22:9696/v2.0/trunks/b4e2d5fc-c9b6-48ff-ab0c-722846aca05d 0.020s
2019-01-20 13:49:26.504 11603 DEBUG tempest.lib.common.rest_client [req-425180e7-b998-42d4-9619-44a86ed05e66 ] Request - Headers: {'Content-Type': 'application/json', 'Accept': 'application/json', 'X-Auth-Token': ''} Body: None Response - Headers: {'status': '404', u'content-length': '134', 'content-location': 'http://172.30.9.22:9696/v2.0/trunks/b4e2d5fc-c9b6-48ff-ab0c-722846aca05d', u'date': 'Sun, 20 Jan 2019 13:49:26 GMT', u'content-type': 'application/json', u'connection': 'close', u'x-openstack-request-id': 'req-425180e7-b998-42d4-9619-44a86ed05e66'} Body: {"NeutronError": {"message": "Trunk b4e2d5fc-c9b6-48ff-ab0c-722846aca05d could not be found.", "type": "TrunkNotFound", "detail": ""}} _log_request_full /root/.rally/verification/verifier-83872e43-5f74-47eb-8a2c-b624b4c157e6/repo/tempest/lib/common/rest_client.py:434
2019-01-20 13:49:26.511 11623 INFO tempest.lib.common.rest_client [req-426fb6a7-3198-41a2-8ca0-3c76c6250611 ] Request (TrunkTestJSON:_run_cleanups): 404 DELETE http://172.30.9.22:9696/v2.0/networks/c6f5bf8c-a2c0-4518-a45e-d4987fc794cb 0.030s
2019-01-20 13:49:26.511 11623 DEBUG tempest.lib.common.rest_client [req-426fb6a7-3198-41a2-8ca0-3c76c6250611 ] Request - Headers: {'Content-Type': 'application/json', 'Accept': 'application/json', 'X-Auth-Token': ''} Body: None Response - Headers: {'status': '404', u'content-length': '138', 'content-location': 'http://172.30.9.22:9696/v2.0/networks/c6f5bf8c-a2c0-4518-a45e-d4987fc794cb', u'date': 'Sun, 20 Jan 2019 13:49:26 GMT', u'content-type': 'application/json', u'connection': 'close', u'x-openstack-request-id': 'req-426fb6a7-3198-41a2-8ca0-3c76c6250611'} Body: {"NeutronError": {"message": "Network c6f5bf8c-a2c0-4518-a45e-d4987fc794cb could not be found.", "type": "NetworkNotFound", "detail": ""}} _log_request_full /root/.rally/verification/verifier-83872e43-5f74-47eb-8a2c-b624b4c157e6/repo/tempest/lib/common/rest_client.py:434
2019-01-20 13:49:26.524 11603 INFO tempest.lib.common.rest_client [req-d3da1989-5f51-49f2-bf61-ac4e124ac9b5 ] Request (TrunkTestJSON:_run_cleanups): 404 GET http://172.30.9.22:9696/v2.0/trunks/0c4d81e0-701f-4670-916b-6ace9c2c7022/get_subports 0.018s
2019-01-20 13:49:26.524 11603 DEBUG tempest.lib.common.rest_client [req-d3da1989-5f51-49f2-bf61-ac4e124ac9b5 ] Request - Headers: {'Content-Type': 'application/json', 'Accept': 'application/json', 'X-Auth-Token': ''} Body: None Response - Headers: {'status': '404', u'content-length': '134', 'content-location': 'http://172.30.9.22:9696/v2.0/trunks/0c4d81e0-701f-4670-916b-6ace9c2c7022/get_subports', u'date': 'Sun, 20 Jan 2019 13:49:26 GMT', u'content-type': 'application/json', u'connection': 'close', u'x-openstack-request-id': 'req-d3da1989-5f51-49f2-bf61-ac4e124ac9b5'} Body: {"NeutronError": {"message": "Trunk 0c4d81e0-701f-4670-916b-6ace9c2c7022 could not be found.", "type": "TrunkNotFound", "detail": ""}} _log_request_full /root/.rally/verification/verifier-83872e43-5f74-47eb-8a2c-b624b4c157e6/repo/tempest/lib/common/rest_client.py:434
2019-01-20 13:49:26.536 11623 INFO tempest.lib.common.rest_client [req-305c049a-ae0a-4fee-b87a-d93a1bc4e27e ] Request (TrunkTestJSON:_run_cleanups): 404 DELETE http://172.30.9.22:9696/v2.0/networks/1537f7bd-46f7-4d7f-81d2-d73b14003a17 0.024s
2019-01-20 13:49:26.536 11623 DEBUG tempest.lib.common.rest_client [req-305c049a-ae0a-4fee-b87a-d93a1bc4e27e ] Request - Headers: {'Content-Type': 'application/json', 'Accept': 'application/json', 'X-Auth-Token': ''} Body: None Response - Headers: {'status': '404', u'content-length': '138', 'content-location': 'http://172.30.9.22:9696/v2.0/networks/1537f7bd-46f7-4d7f-81d2-d73b14003a17', u'date': 'Sun, 20 Jan 2019 13:49:26 GMT', u'content-type': 'application/json', u'connection': 'close', u'x-openstack-request-id': 'req-305c049a-ae0a-4fee-b87a-d93a1bc4e27e'} Body: {"NeutronError": {"message": "Network 1537f7bd-46f7-4d7f-81d2-d73b14003a17 could not be found.", "type": "NetworkNotFound", "detail": ""}} _log_request_full /root/.rally/verification/verifier-83872e43-5f74-47eb-8a2c-b624b4c157e6/repo/tempest/lib/common/rest_client.py:434
2019-01-20 13:49:26.547 11603 INFO tempest.lib.common.rest_client [req-5353f196-79f9-4828-b6d9-f150d601964a ] Request (TrunkTestJSON:_run_cleanups): 404 DELETE http://172.30.9.22:9696/v2.0/trunks/0c4d81e0-701f-4670-916b-6ace9c2c7022 0.023s
2019-01-20 13:49:26.548 11603 DEBUG tempest.lib.common.rest_client [req-5353f196-79f9-4828-b6d9-f150d601964a ] Request - Headers: {'Content-Type': 'application/json', 'Accept': 'application/json', 'X-Auth-Token': ''} Body: None Response - Headers: {'status': '404', u'content-length': '134', 'content-location': 'http://172.30.9.22:9696/v2.0/trunks/0c4d81e0-701f-4670-916b-6ace9c2c7022', u'date': 'Sun, 20 Jan 2019 13:49:26 GMT', u'content-type': 'application/json', u'connection': 'close', u'x-openstack-request-id': 'req-5353f196-79f9-4828-b6d9-f150d601964a'} Body: {"NeutronError": {"message": "Trunk 0c4d81e0-701f-4670-916b-6ace9c2c7022 could not be found.", "type": "TrunkNotFound", "detail": ""}} _log_request_full /root/.rally/verification/verifier-83872e43-5f74-47eb-8a2c-b624b4c157e6/repo/tempest/lib/common/rest_client.py:434
2019-01-20 13:49:26.562 11603 INFO tempest.lib.common.rest_client [req-eb66bc41-dab9-423f-a3ca-b8a8a4b5f9c8 ] Request (TrunkTestJSON:_run_cleanups): 404 GET http://172.30.9.22:9696/v2.0/trunks/8b3ceb51-a35e-4273-afd8-f9aedff84a83/get_subports 0.014s
2019-01-20 13:49:26.563 11603 DEBUG tempest.lib.common.rest_client [req-eb66bc41-dab9-423f-a3ca-b8a8a4b5f9c8 ] Request - Headers: {'Content-Type': 'application/json', 'Accept': 'application/json', 'X-Auth-Token': ''} Body: None Response - Headers: {'status': '404', u'content-length': '134', 'content-location': 'http://172.30.9.22:9696/v2.0/trunks/8b3ceb51-a35e-4273-afd8-f9aedff84a83/get_subports', u'date': 'Sun, 20 Jan 2019 13:49:26 GMT', u'content-type': 'application/json', u'connection': 'close', u'x-openstack-request-id': 'req-eb66bc41-dab9-423f-a3ca-b8a8a4b5f9c8'} Body: {"NeutronError": {"message": "Trunk 8b3ceb51-a35e-4273-afd8-f9aedff84a83 could not be found.", "type": "TrunkNotFound", "detail": ""}} _log_request_full /root/.rally/verification/verifier-83872e43-5f74-47eb-8a2c-b624b4c157e6/repo/tempest/lib/common/rest_client.py:434
2019-01-20 13:49:26.565 11623 INFO tempest.lib.common.rest_client [req-4fd332af-6553-4a12-9860-d7f596a1f43f ] Request (TrunkTestJSON:_run_cleanups): 404 DELETE http://172.30.9.22:9696/v2.0/networks/65110ae5-7162-4271-aff2-9b46475bba5b 0.027s
2019-01-20 13:49:26.565 11623 DEBUG tempest.lib.common.rest_client [req-4fd332af-6553-4a12-9860-d7f596a1f43f ] Request - Headers: {'Content-Type': 'application/json', 'Accept': 'application/json', 'X-Auth-Token': ''} Body: None Response - Headers: {'status': '404', u'content-length': '138', 'content-location': 'http://172.30.9.22:9696/v2.0/networks/65110ae5-7162-4271-aff2-9b46475bba5b', u'date': 'Sun, 20 Jan 2019 13:49:26 GMT', u'content-type': 'application/json', u'connection': 'close', u'x-openstack-request-id': 'req-4fd332af-6553-4a12-9860-d7f596a1f43f'} Body: {"NeutronError": {"message": "Network 65110ae5-7162-4271-aff2-9b46475bba5b could not be found.", "type": "NetworkNotFound", "detail": ""}} _log_request_full /root/.rally/verification/verifier-83872e43-5f74-47eb-8a2c-b624b4c157e6/repo/tempest/lib/common/rest_client.py:434
2019-01-20 13:49:26.582 11603 INFO tempest.lib.common.rest_client [req-6fd9bf85-7883-4759-8a50-c830849f8f9d ] Request (TrunkTestJSON:_run_cleanups): 404 DELETE http://172.30.9.22:9696/v2.0/trunks/8b3ceb51-a35e-4273-afd8-f9aedff84a83 0.018s
2019-01-20 13:49:26.582 11603 DEBUG tempest.lib.common.rest_client [req-6fd9bf85-7883-4759-8a50-c830849f8f9d ] Request - Headers: {'Content-Type': 'application/json', 'Accept': 'application/json', 'X-Auth-Token': ''} Body: None Response - Headers: {'status': '404', u'content-length': '134', 'content-location': 'http://172.30.9.22:9696/v2.0/trunks/8b3ceb51-a35e-4273-afd8-f9aedff84a83', u'date': 'Sun, 20 Jan 2019 13:49:26 GMT', u'content-type': 'application/json', u'connection': 'close', u'x-openstack-request-id': 'req-6fd9bf85-7883-4759-8a50-c830849f8f9d'} Body: {"NeutronError": {"message": "Trunk 8b3ceb51-a35e-4273-afd8-f9aedff84a83 could not be found.", "type": "TrunkNotFound", "detail": ""}} _log_request_full /root/.rally/verification/verifier-83872e43-5f74-47eb-8a2c-b624b4c157e6/repo/tempest/lib/common/rest_client.py:434
2019-01-20 13:49:26.596 11623 INFO tempest.lib.common.rest_client [req-697b5603-6879-4999-af94-b88e10286d7b ] Request (TrunkTestJSON:_run_cleanups): 404 DELETE http://172.30.9.22:9696/v2.0/networks/d0749810-a9fe-4d94-a1a1-71fb1a61e9c9 0.030s
2019-01-20 13:49:26.597 11623 DEBUG tempest.lib.common.rest_client [req-697b5603-6879-4999-af94-b88e10286d7b ] Request - Headers: {'Content-Type': 'application/json', 'Accept': 'application/json', 'X-Auth-Token': ''} Body: None Response - Headers: {'status': '404', u'content-length': '138', 'content-location': 'http://172.30.9.22:9696/v2.0/networks/d0749810-a9fe-4d94-a1a1-71fb1a61e9c9', u'date': 'Sun, 20 Jan 2019 13:49:26 GMT', u'content-type': 'application/json', u'connection': 'close', u'x-openstack-request-id': 'req-697b5603-6879-4999-af94-b88e10286d7b'} Body: {"NeutronError": {"message": "Network d0749810-a9fe-4d94-a1a1-71fb1a61e9c9 could not be found.", "type": "NetworkNotFound", "detail": ""}} _log_request_full /root/.rally/verification/verifier-83872e43-5f74-47eb-8a2c-b624b4c157e6/repo/tempest/lib/common/rest_client.py:434
2019-01-20 13:49:26.597 11603 INFO tempest.lib.common.rest_client [req-5f878824-183a-4097-a7b4-b0da4d174a1f ] Request (TrunkTestJSON:_run_cleanups): 404 GET http://172.30.9.22:9696/v2.0/trunks/906011a6-5aa4-4d50-83ed-333625c45283/get_subports 0.014s
2019-01-20 13:49:26.598 11603 DEBUG tempest.lib.common.rest_client [req-5f878824-183a-4097-a7b4-b0da4d174a1f ] Request - Headers: {'Content-Type': 'application/json', 'Accept': 'application/json', 'X-Auth-Token': ''} Body: None Response - Headers: {'status': '404', u'content-length': '134', 'content-location': 'http://172.30.9.22:9696/v2.0/trunks/906011a6-5aa4-4d50-83ed-333625c45283/get_subports', u'date': 'Sun, 20 Jan 2019 13:49:26 GMT', u'content-type': 'application/json', u'connection': 'close', u'x-openstack-request-id': 'req-5f878824-183a-4097-a7b4-b0da4d174a1f'} Body: {"NeutronError": {"message": "Trunk 906011a6-5aa4-4d50-83ed-333625c45283 could not be found.", "type": "TrunkNotFound", "detail": ""}} _log_request_full /root/.rally/verification/verifier-83872e43-5f74-47eb-8a2c-b624b4c157e6/repo/tempest/lib/common/rest_client.py:434
2019-01-20 13:49:26.617 11603 INFO tempest.lib.common.rest_client [req-5c9c6d73-9c7a-4c8f-8863-084b89a8e354 ] Request (TrunkTestJSON:_run_cleanups): 404 DELETE http://172.30.9.22:9696/v2.0/trunks/906011a6-5aa4-4d50-83ed-333625c45283 0.018s
2019-01-20 13:49:26.617 11603 DEBUG tempest.lib.common.rest_client [req-5c9c6d73-9c7a-4c8f-8863-084b89a8e354 ] Request - Headers: {'Content-Type': 'application/json', 'Accept': 'application/json', 'X-Auth-Token': ''} Body: None Response - Headers: {'status': '404', u'content-length': '134', 'content-location': 'http://172.30.9.22:9696/v2.0/trunks/906011a6-5aa4-4d50-83ed-333625c45283', u'date': 'Sun, 20 Jan 2019 13:49:26 GMT', u'content-type': 'application/json', u'connection': 'close', u'x-openstack-request-id': 'req-5c9c6d73-9c7a-4c8f-8863-084b89a8e354'} Body: {"NeutronError": {"message": "Trunk 906011a6-5aa4-4d50-83ed-333625c45283 could not be found.", "type": "TrunkNotFound", "detail": ""}} _log_request_full /root/.rally/verification/verifier-83872e43-5f74-47eb-8a2c-b624b4c157e6/repo/tempest/lib/common/rest_client.py:434
2019-01-20 13:49:26.623 11623 INFO tempest.lib.common.rest_client [req-74136160-4e94-44ac-94b1-087557fd1f5c ] Request (TrunkTestJSON:_run_cleanups): 404 DELETE http://172.30.9.22:9696/v2.0/networks/7f63b2d0-fd7c-45c4-bf6b-744ab4af0122 0.026s
2019-01-20 13:49:26.624 11623 DEBUG tempest.lib.common.rest_client [req-74136160-4e94-44ac-94b1-087557fd1f5c ] Request - Headers: {'Content-Type': 'application/json', 'Accept': 'application/json', 'X-Auth-Token': ''} Body: None Response - Headers: {'status': '404', u'content-length': '138', 'content-location': 'http://172.30.9.22:9696/v2.0/networks/7f63b2d0-fd7c-45c4-bf6b-744ab4af0122', u'date': 'Sun, 20 Jan 2019 13:49:26 GMT', u'content-type': 'application/json', u'connection': 'close', u'x-openstack-request-id': 'req-74136160-4e94-44ac-94b1-087557fd1f5c'} Body: {"NeutronError": {"message": "Network 7f63b2d0-fd7c-45c4-bf6b-744ab4af0122 could not be found.", "type": "NetworkNotFound", "detail": ""}} _log_request_full /root/.rally/verification/verifier-83872e43-5f74-47eb-8a2c-b624b4c157e6/repo/tempest/lib/common/rest_client.py:434
2019-01-20 13:49:26.634 11603 INFO tempest.lib.common.rest_client [req-2c251cff-0937-47fd-b3aa-7098d6eb3e78 ] Request (TrunkTestJSON:_run_cleanups): 404 GET http://172.30.9.22:9696/v2.0/trunks/adc42562-72ed-4ecd-b819-b9ed14dbc31f/get_subports 0.016s
2019-01-20 13:49:26.634 11603 DEBUG tempest.lib.common.rest_client [req-2c251cff-0937-47fd-b3aa-7098d6eb3e78 ] Request - Headers: {'Content-Type': 'application/json', 'Accept': 'application/json', 'X-Auth-Token': ''} Body: None Response - Headers: {'status': '404', u'content-length': '134', 'content-location': 'http://172.30.9.22:9696/v2.0/trunks/adc42562-72ed-4ecd-b819-b9ed14dbc31f/get_subports', u'date': 'Sun, 20 Jan 2019 13:49:26 GMT', u'content-type': 'application/json', u'connection': 'close', u'x-openstack-request-id': 'req-2c251cff-0937-47fd-b3aa-7098d6eb3e78'} Body: {"NeutronError": {"message": "Trunk adc42562-72ed-4ecd-b819-b9ed14dbc31f could not be found.", "type": "TrunkNotFound", "detail": ""}} _log_request_full /root/.rally/verification/verifier-83872e43-5f74-47eb-8a2c-b624b4c157e6/repo/tempest/lib/common/rest_client.py:434
2019-01-20 13:49:26.647 11623 INFO tempest.lib.common.rest_client [req-5b45359f-ab15-4bc6-bddc-fa1ba041e884 ] Request (TrunkTestJSON:_run_cleanups): 404 DELETE http://172.30.9.22:9696/v2.0/networks/e57950a1-7da4-4b61-bf20-76beaa1a9191 0.022s
2019-01-20 13:49:26.647 11623 DEBUG tempest.lib.common.rest_client [req-5b45359f-ab15-4bc6-bddc-fa1ba041e884 ] Request - Headers: {'Content-Type': 'application/json', 'Accept': 'application/json', 'X-Auth-Token': ''} Body: None Response - Headers: {'status': '404', u'content-length': '138', 'content-location': 'http://172.30.9.22:9696/v2.0/networks/e57950a1-7da4-4b61-bf20-76beaa1a9191', u'date': 'Sun, 20 Jan 2019 13:49:26 GMT', u'content-type': 'application/json', u'connection': 'close', u'x-openstack-request-id': 'req-5b45359f-ab15-4bc6-bddc-fa1ba041e884'} Body: {"NeutronError": {"message": "Network e57950a1-7da4-4b61-bf20-76beaa1a9191 could not be found.", "type": "NetworkNotFound", "detail": ""}} _log_request_full /root/.rally/verification/verifier-83872e43-5f74-47eb-8a2c-b624b4c157e6/repo/tempest/lib/common/rest_client.py:434
2019-01-20 13:49:26.655 11603 INFO tempest.lib.common.rest_client [req-800fb8e8-8cff-44f9-bb96-e2e857166e08 ] Request (TrunkTestJSON:_run_cleanups): 404 DELETE http://172.30.9.22:9696/v2.0/trunks/adc42562-72ed-4ecd-b819-b9ed14dbc31f 0.019s
2019-01-20 13:49:26.655 11603 DEBUG tempest.lib.common.rest_client [req-800fb8e8-8cff-44f9-bb96-e2e857166e08 ] Request - Headers: {'Content-Type': 'application/json', 'Accept': 'application/json', 'X-Auth-Token': ''} Body: None Response - Headers: {'status': '404', u'content-length': '134', 'content-location': 'http://172.30.9.22:9696/v2.0/trunks/adc42562-72ed-4ecd-b819-b9ed14dbc31f', u'date': 'Sun, 20 Jan 2019 13:49:26 GMT', u'content-type': 'application/json', u'connection': 'close', u'x-openstack-request-id': 'req-800fb8e8-8cff-44f9-bb96-e2e857166e08'} Body: {"NeutronError": {"message": "Trunk adc42562-72ed-4ecd-b819-b9ed14dbc31f could not be found.", "type": "TrunkNotFound", "detail": ""}} _log_request_full /root/.rally/verification/verifier-83872e43-5f74-47eb-8a2c-b624b4c157e6/repo/tempest/lib/common/rest_client.py:434
2019-01-20 13:49:26.670 11623 INFO tempest.lib.common.rest_client [req-b42589a8-50cb-414d-8a02-ef19e6c4e87c ] Request (TrunkTestJSON:_run_cleanups): 404 DELETE http://172.30.9.22:9696/v2.0/networks/9756440c-ba74-462c-a421-881b9d42206a 0.023s
