2019-01-18 06:58:46.053 11589 INFO tempest.lib.common.rest_client [req-95ffeb49-3fe3-4e50-b048-f01ac99712de ] Request (TrunkTestJSON:_run_cleanups): 404 GET http://172.30.9.23:9696/v2.0/trunks/2fa6b7f6-2976-45fa-883d-9d01b6c5e327/get_subports 0.016s
2019-01-18 06:58:46.053 11589 DEBUG tempest.lib.common.rest_client [req-95ffeb49-3fe3-4e50-b048-f01ac99712de ] Request - Headers: {'Content-Type': 'application/json', 'Accept': 'application/json', 'X-Auth-Token': ''} Body: None Response - Headers: {'status': '404', u'content-length': '134', 'content-location': 'http://172.30.9.23:9696/v2.0/trunks/2fa6b7f6-2976-45fa-883d-9d01b6c5e327/get_subports', u'date': 'Fri, 18 Jan 2019 06:58:46 GMT', u'content-type': 'application/json', u'connection': 'close', u'x-openstack-request-id': 'req-95ffeb49-3fe3-4e50-b048-f01ac99712de'} Body: {"NeutronError": {"message": "Trunk 2fa6b7f6-2976-45fa-883d-9d01b6c5e327 could not be found.", "type": "TrunkNotFound", "detail": ""}} _log_request_full /root/.rally/verification/verifier-73e0e1cd-5947-43d0-b9d4-a73b75e1c38e/repo/tempest/lib/common/rest_client.py:434
2019-01-18 06:58:46.073 11589 INFO tempest.lib.common.rest_client [req-80009c16-5657-457a-8be9-ee4b7d94240b ] Request (TrunkTestJSON:_run_cleanups): 404 DELETE http://172.30.9.23:9696/v2.0/trunks/2fa6b7f6-2976-45fa-883d-9d01b6c5e327 0.019s
2019-01-18 06:58:46.074 11589 DEBUG tempest.lib.common.rest_client [req-80009c16-5657-457a-8be9-ee4b7d94240b ] Request - Headers: {'Content-Type': 'application/json', 'Accept': 'application/json', 'X-Auth-Token': ''} Body: None Response - Headers: {'status': '404', u'content-length': '134', 'content-location': 'http://172.30.9.23:9696/v2.0/trunks/2fa6b7f6-2976-45fa-883d-9d01b6c5e327', u'date': 'Fri, 18 Jan 2019 06:58:46 GMT', u'content-type': 'application/json', u'connection': 'close', u'x-openstack-request-id': 'req-80009c16-5657-457a-8be9-ee4b7d94240b'} Body: {"NeutronError": {"message": "Trunk 2fa6b7f6-2976-45fa-883d-9d01b6c5e327 could not be found.", "type": "TrunkNotFound", "detail": ""}} _log_request_full /root/.rally/verification/verifier-73e0e1cd-5947-43d0-b9d4-a73b75e1c38e/repo/tempest/lib/common/rest_client.py:434
2019-01-18 06:58:46.077 11609 INFO tempest.lib.common.rest_client [req-d75acdf1-bd85-42a0-b3d2-bb2597c237e6 ] Request (TrunkTestJSON:_run_cleanups): 404 DELETE http://172.30.9.23:9696/v2.0/ports/56252a2c-eaf7-4c31-b413-a01d3628b64e 0.030s
2019-01-18 06:58:46.077 11609 DEBUG tempest.lib.common.rest_client [req-d75acdf1-bd85-42a0-b3d2-bb2597c237e6 ] Request - Headers: {'Content-Type': 'application/json', 'Accept': 'application/json', 'X-Auth-Token': ''} Body: None Response - Headers: {'status': '404', u'content-length': '132', 'content-location': 'http://172.30.9.23:9696/v2.0/ports/56252a2c-eaf7-4c31-b413-a01d3628b64e', u'date': 'Fri, 18 Jan 2019 06:58:46 GMT', u'content-type': 'application/json', u'connection': 'close', u'x-openstack-request-id': 'req-d75acdf1-bd85-42a0-b3d2-bb2597c237e6'} Body: {"NeutronError": {"message": "Port 56252a2c-eaf7-4c31-b413-a01d3628b64e could not be found.", "type": "PortNotFound", "detail": ""}} _log_request_full /root/.rally/verification/verifier-73e0e1cd-5947-43d0-b9d4-a73b75e1c38e/repo/tempest/lib/common/rest_client.py:434
2019-01-18 06:58:46.093 11589 INFO tempest.lib.common.rest_client [req-3bb288fc-75ab-4ca1-bc18-528e09d11f87 ] Request (TrunkTestJSON:_run_cleanups): 404 GET http://172.30.9.23:9696/v2.0/trunks/137b0c37-608a-4149-858a-821f0afd6e06/get_subports 0.018s
2019-01-18 06:58:46.093 11589 DEBUG tempest.lib.common.rest_client [req-3bb288fc-75ab-4ca1-bc18-528e09d11f87 ] Request - Headers: {'Content-Type': 'application/json', 'Accept': 'application/json', 'X-Auth-Token': ''} Body: None Response - Headers: {'status': '404', u'content-length': '134', 'content-location': 'http://172.30.9.23:9696/v2.0/trunks/137b0c37-608a-4149-858a-821f0afd6e06/get_subports', u'date': 'Fri, 18 Jan 2019 06:58:46 GMT', u'content-type': 'application/json', u'connection': 'close', u'x-openstack-request-id': 'req-3bb288fc-75ab-4ca1-bc18-528e09d11f87'} Body: {"NeutronError": {"message": "Trunk 137b0c37-608a-4149-858a-821f0afd6e06 could not be found.", "type": "TrunkNotFound", "detail": ""}} _log_request_full /root/.rally/verification/verifier-73e0e1cd-5947-43d0-b9d4-a73b75e1c38e/repo/tempest/lib/common/rest_client.py:434
2019-01-18 06:58:46.111 11589 INFO tempest.lib.common.rest_client [req-7bcebc18-66fc-4ef7-8474-e3621a163128 ] Request (TrunkTestJSON:_run_cleanups): 404 DELETE http://172.30.9.23:9696/v2.0/trunks/137b0c37-608a-4149-858a-821f0afd6e06 0.017s
2019-01-18 06:58:46.111 11609 INFO tempest.lib.common.rest_client [req-48e170db-7a74-4a5f-a9db-268d50357b17 ] Request (TrunkTestJSON:_run_cleanups): 404 DELETE http://172.30.9.23:9696/v2.0/ports/ce7e0ca6-6d94-40c8-93db-7463aed8f24e 0.033s
2019-01-18 06:58:46.111 11589 DEBUG tempest.lib.common.rest_client [req-7bcebc18-66fc-4ef7-8474-e3621a163128 ] Request - Headers: {'Content-Type': 'application/json', 'Accept': 'application/json', 'X-Auth-Token': ''} Body: None Response - Headers: {'status': '404', u'content-length': '134', 'content-location': 'http://172.30.9.23:9696/v2.0/trunks/137b0c37-608a-4149-858a-821f0afd6e06', u'date': 'Fri, 18 Jan 2019 06:58:46 GMT', u'content-type': 'application/json', u'connection': 'close', u'x-openstack-request-id': 'req-7bcebc18-66fc-4ef7-8474-e3621a163128'} Body: {"NeutronError": {"message": "Trunk 137b0c37-608a-4149-858a-821f0afd6e06 could not be found.", "type": "TrunkNotFound", "detail": ""}} _log_request_full /root/.rally/verification/verifier-73e0e1cd-5947-43d0-b9d4-a73b75e1c38e/repo/tempest/lib/common/rest_client.py:434
2019-01-18 06:58:46.111 11609 DEBUG tempest.lib.common.rest_client [req-48e170db-7a74-4a5f-a9db-268d50357b17 ] Request - Headers: {'Content-Type': 'application/json', 'Accept': 'application/json', 'X-Auth-Token': ''} Body: None Response - Headers: {'status': '404', u'content-length': '132', 'content-location': 'http://172.30.9.23:9696/v2.0/ports/ce7e0ca6-6d94-40c8-93db-7463aed8f24e', u'date': 'Fri, 18 Jan 2019 06:58:46 GMT', u'content-type': 'application/json', u'connection': 'close', u'x-openstack-request-id': 'req-48e170db-7a74-4a5f-a9db-268d50357b17'} Body: {"NeutronError": {"message": "Port ce7e0ca6-6d94-40c8-93db-7463aed8f24e could not be found.", "type": "PortNotFound", "detail": ""}} _log_request_full /root/.rally/verification/verifier-73e0e1cd-5947-43d0-b9d4-a73b75e1c38e/repo/tempest/lib/common/rest_client.py:434
2019-01-18 06:58:46.132 11589 INFO tempest.lib.common.rest_client [req-58a77ea3-c9c3-41ae-badd-c52fda6bb519 ] Request (TrunkTestJSON:_run_cleanups): 404 GET http://172.30.9.23:9696/v2.0/trunks/9a92661f-d14f-4d1b-a982-ea8c7e65bfd0/get_subports 0.019s
2019-01-18 06:58:46.132 11589 DEBUG tempest.lib.common.rest_client [req-58a77ea3-c9c3-41ae-badd-c52fda6bb519 ] Request - Headers: {'Content-Type': 'application/json', 'Accept': 'application/json', 'X-Auth-Token': ''} Body: None Response - Headers: {'status': '404', u'content-length': '134', 'content-location': 'http://172.30.9.23:9696/v2.0/trunks/9a92661f-d14f-4d1b-a982-ea8c7e65bfd0/get_subports', u'date': 'Fri, 18 Jan 2019 06:58:46 GMT', u'content-type': 'application/json', u'connection': 'close', u'x-openstack-request-id': 'req-58a77ea3-c9c3-41ae-badd-c52fda6bb519'} Body: {"NeutronError": {"message": "Trunk 9a92661f-d14f-4d1b-a982-ea8c7e65bfd0 could not be found.", "type": "TrunkNotFound", "detail": ""}} _log_request_full /root/.rally/verification/verifier-73e0e1cd-5947-43d0-b9d4-a73b75e1c38e/repo/tempest/lib/common/rest_client.py:434
2019-01-18 06:58:46.145 11609 INFO tempest.lib.common.rest_client [req-bd9560e1-8a74-423b-8c2a-7559f79ca772 ] Request (TrunkTestJSON:_run_cleanups): 404 DELETE http://172.30.9.23:9696/v2.0/ports/351d755d-5f8c-4026-814e-8f063321e044 0.033s
2019-01-18 06:58:46.145 11609 DEBUG tempest.lib.common.rest_client [req-bd9560e1-8a74-423b-8c2a-7559f79ca772 ] Request - Headers: {'Content-Type': 'application/json', 'Accept': 'application/json', 'X-Auth-Token': ''} Body: None Response - Headers: {'status': '404', u'content-length': '132', 'content-location': 'http://172.30.9.23:9696/v2.0/ports/351d755d-5f8c-4026-814e-8f063321e044', u'date': 'Fri, 18 Jan 2019 06:58:46 GMT', u'content-type': 'application/json', u'connection': 'close', u'x-openstack-request-id': 'req-bd9560e1-8a74-423b-8c2a-7559f79ca772'} Body: {"NeutronError": {"message": "Port 351d755d-5f8c-4026-814e-8f063321e044 could not be found.", "type": "PortNotFound", "detail": ""}} _log_request_full /root/.rally/verification/verifier-73e0e1cd-5947-43d0-b9d4-a73b75e1c38e/repo/tempest/lib/common/rest_client.py:434
2019-01-18 06:58:46.151 11589 INFO tempest.lib.common.rest_client [req-aacd375b-e499-44f3-9794-de0dc4aaecd0 ] Request (TrunkTestJSON:_run_cleanups): 404 DELETE http://172.30.9.23:9696/v2.0/trunks/9a92661f-d14f-4d1b-a982-ea8c7e65bfd0 0.018s
2019-01-18 06:58:46.152 11589 DEBUG tempest.lib.common.rest_client [req-aacd375b-e499-44f3-9794-de0dc4aaecd0 ] Request - Headers: {'Content-Type': 'application/json', 'Accept': 'application/json', 'X-Auth-Token': ''} Body: None Response - Headers: {'status': '404', u'content-length': '134', 'content-location': 'http://172.30.9.23:9696/v2.0/trunks/9a92661f-d14f-4d1b-a982-ea8c7e65bfd0', u'date': 'Fri, 18 Jan 2019 06:58:46 GMT', u'content-type': 'application/json', u'connection': 'close', u'x-openstack-request-id': 'req-aacd375b-e499-44f3-9794-de0dc4aaecd0'} Body: {"NeutronError": {"message": "Trunk 9a92661f-d14f-4d1b-a982-ea8c7e65bfd0 could not be found.", "type": "TrunkNotFound", "detail": ""}} _log_request_full /root/.rally/verification/verifier-73e0e1cd-5947-43d0-b9d4-a73b75e1c38e/repo/tempest/lib/common/rest_client.py:434
2019-01-18 06:58:46.167 11589 INFO tempest.lib.common.rest_client [req-5b55d371-cb04-4610-936f-1881c7b6b110 ] Request (TrunkTestJSON:_run_cleanups): 404 GET http://172.30.9.23:9696/v2.0/trunks/ea25b276-34a9-463d-a180-4176c3d2d33f/get_subports 0.015s
2019-01-18 06:58:46.168 11589 DEBUG tempest.lib.common.rest_client [req-5b55d371-cb04-4610-936f-1881c7b6b110 ] Request - Headers: {'Content-Type': 'application/json', 'Accept': 'application/json', 'X-Auth-Token': ''} Body: None Response - Headers: {'status': '404', u'content-length': '134', 'content-location': 'http://172.30.9.23:9696/v2.0/trunks/ea25b276-34a9-463d-a180-4176c3d2d33f/get_subports', u'date': 'Fri, 18 Jan 2019 06:58:46 GMT', u'content-type': 'application/json', u'connection': 'close', u'x-openstack-request-id': 'req-5b55d371-cb04-4610-936f-1881c7b6b110'} Body: {"NeutronError": {"message": "Trunk ea25b276-34a9-463d-a180-4176c3d2d33f could not be found.", "type": "TrunkNotFound", "detail": ""}} _log_request_full /root/.rally/verification/verifier-73e0e1cd-5947-43d0-b9d4-a73b75e1c38e/repo/tempest/lib/common/rest_client.py:434
2019-01-18 06:58:46.177 11609 INFO tempest.lib.common.rest_client [req-3990a24c-97b3-4203-bcbd-d775fe067227 ] Request (TrunkTestJSON:_run_cleanups): 404 DELETE http://172.30.9.23:9696/v2.0/ports/5e8f3ff4-5610-4f7c-a41b-1bfe3e75a079 0.031s
2019-01-18 06:58:46.177 11609 DEBUG tempest.lib.common.rest_client [req-3990a24c-97b3-4203-bcbd-d775fe067227 ] Request - Headers: {'Content-Type': 'application/json', 'Accept': 'application/json', 'X-Auth-Token': ''} Body: None Response - Headers: {'status': '404', u'content-length': '132', 'content-location': 'http://172.30.9.23:9696/v2.0/ports/5e8f3ff4-5610-4f7c-a41b-1bfe3e75a079', u'date': 'Fri, 18 Jan 2019 06:58:46 GMT', u'content-type': 'application/json', u'connection': 'close', u'x-openstack-request-id': 'req-3990a24c-97b3-4203-bcbd-d775fe067227'} Body: {"NeutronError": {"message": "Port 5e8f3ff4-5610-4f7c-a41b-1bfe3e75a079 could not be found.", "type": "PortNotFound", "detail": ""}} _log_request_full /root/.rally/verification/verifier-73e0e1cd-5947-43d0-b9d4-a73b75e1c38e/repo/tempest/lib/common/rest_client.py:434
2019-01-18 06:58:46.186 11589 INFO tempest.lib.common.rest_client [req-70ce74f3-673b-447a-93ba-ec2268d368c7 ] Request (TrunkTestJSON:_run_cleanups): 404 DELETE http://172.30.9.23:9696/v2.0/trunks/ea25b276-34a9-463d-a180-4176c3d2d33f 0.018s
2019-01-18 06:58:46.186 11589 DEBUG tempest.lib.common.rest_client [req-70ce74f3-673b-447a-93ba-ec2268d368c7 ] Request - Headers: {'Content-Type': 'application/json', 'Accept': 'application/json', 'X-Auth-Token': ''} Body: None Response - Headers: {'status': '404', u'content-length': '134', 'content-location': 'http://172.30.9.23:9696/v2.0/trunks/ea25b276-34a9-463d-a180-4176c3d2d33f', u'date': 'Fri, 18 Jan 2019 06:58:46 GMT', u'content-type': 'application/json', u'connection': 'close', u'x-openstack-request-id': 'req-70ce74f3-673b-447a-93ba-ec2268d368c7'} Body: {"NeutronError": {"message": "Trunk ea25b276-34a9-463d-a180-4176c3d2d33f could not be found.", "type": "TrunkNotFound", "detail": ""}} _log_request_full /root/.rally/verification/verifier-73e0e1cd-5947-43d0-b9d4-a73b75e1c38e/repo/tempest/lib/common/rest_client.py:434
2019-01-18 06:58:46.203 11589 INFO tempest.lib.common.rest_client [req-ef4ff602-a43d-4463-ba5e-61fc2b7de3b9 ] Request (TrunkTestJSON:_run_cleanups): 404 GET http://172.30.9.23:9696/v2.0/trunks/66e0b1ca-d195-445b-98ed-fde75935af20/get_subports 0.016s
2019-01-18 06:58:46.203 11589 DEBUG tempest.lib.common.rest_client [req-ef4ff602-a43d-4463-ba5e-61fc2b7de3b9 ] Request - Headers: {'Content-Type': 'application/json', 'Accept': 'application/json', 'X-Auth-Token': ''} Body: None Response - Headers: {'status': '404', u'content-length': '134', 'content-location': 'http://172.30.9.23:9696/v2.0/trunks/66e0b1ca-d195-445b-98ed-fde75935af20/get_subports', u'date': 'Fri, 18 Jan 2019 06:58:46 GMT', u'content-type': 'application/json', u'connection': 'close', u'x-openstack-request-id': 'req-ef4ff602-a43d-4463-ba5e-61fc2b7de3b9'} Body: {"NeutronError": {"message": "Trunk 66e0b1ca-d195-445b-98ed-fde75935af20 could not be found.", "type": "TrunkNotFound", "detail": ""}} _log_request_full /root/.rally/verification/verifier-73e0e1cd-5947-43d0-b9d4-a73b75e1c38e/repo/tempest/lib/common/rest_client.py:434
2019-01-18 06:58:46.212 11609 INFO tempest.lib.common.rest_client [req-40702e45-0fd4-4788-9bec-89a6ff424ef1 ] Request (TrunkTestJSON:_run_cleanups): 404 DELETE http://172.30.9.23:9696/v2.0/ports/5bdc667b-3feb-4edb-8bb4-b036fb39e162 0.033s
2019-01-18 06:58:46.212 11609 DEBUG tempest.lib.common.rest_client [req-40702e45-0fd4-4788-9bec-89a6ff424ef1 ] Request - Headers: {'Content-Type': 'application/json', 'Accept': 'application/json', 'X-Auth-Token': ''} Body: None Response - Headers: {'status': '404', u'content-length': '132', 'content-location': 'http://172.30.9.23:9696/v2.0/ports/5bdc667b-3feb-4edb-8bb4-b036fb39e162', u'date': 'Fri, 18 Jan 2019 06:58:46 GMT', u'content-type': 'application/json', u'connection': 'close', u'x-openstack-request-id': 'req-40702e45-0fd4-4788-9bec-89a6ff424ef1'} Body: {"NeutronError": {"message": "Port 5bdc667b-3feb-4edb-8bb4-b036fb39e162 could not be found.", "type": "PortNotFound", "detail": ""}} _log_request_full /root/.rally/verification/verifier-73e0e1cd-5947-43d0-b9d4-a73b75e1c38e/repo/tempest/lib/common/rest_client.py:434
2019-01-18 06:58:46.221 11589 INFO tempest.lib.common.rest_client [req-724a8149-7ac9-447a-8608-63b4f9349fe0 ] Request (TrunkTestJSON:_run_cleanups): 404 DELETE http://172.30.9.23:9696/v2.0/trunks/66e0b1ca-d195-445b-98ed-fde75935af20 0.018s
2019-01-18 06:58:46.222 11589 DEBUG tempest.lib.common.rest_client [req-724a8149-7ac9-447a-8608-63b4f9349fe0 ] Request - Headers: {'Content-Type': 'application/json', 'Accept': 'application/json', 'X-Auth-Token': ''} Body: None Response - Headers: {'status': '404', u'content-length': '134', 'content-location': 'http://172.30.9.23:9696/v2.0/trunks/66e0b1ca-d195-445b-98ed-fde75935af20', u'date': 'Fri, 18 Jan 2019 06:58:46 GMT', u'content-type': 'application/json', u'connection': 'close', u'x-openstack-request-id': 'req-724a8149-7ac9-447a-8608-63b4f9349fe0'} Body: {"NeutronError": {"message": "Trunk 66e0b1ca-d195-445b-98ed-fde75935af20 could not be found.", "type": "TrunkNotFound", "detail": ""}} _log_request_full /root/.rally/verification/verifier-73e0e1cd-5947-43d0-b9d4-a73b75e1c38e/repo/tempest/lib/common/rest_client.py:434
2019-01-18 06:58:46.239 11589 INFO tempest.lib.common.rest_client [req-940020c7-57d6-4238-bb00-5df5e6b7ec0e ] Request (TrunkTestJSON:_run_cleanups): 404 GET http://172.30.9.23:9696/v2.0/trunks/d358d954-135d-459a-a9bb-b22f40b97afa/get_subports 0.016s
2019-01-18 06:58:46.239 11589 DEBUG tempest.lib.common.rest_client [req-940020c7-57d6-4238-bb00-5df5e6b7ec0e ] Request - Headers: {'Content-Type': 'application/json', 'Accept': 'application/json', 'X-Auth-Token': ''} Body: None Response - Headers: {'status': '404', u'content-length': '134', 'content-location': 'http://172.30.9.23:9696/v2.0/trunks/d358d954-135d-459a-a9bb-b22f40b97afa/get_subports', u'date': 'Fri, 18 Jan 2019 06:58:46 GMT', u'content-type': 'application/json', u'connection': 'close', u'x-openstack-request-id': 'req-940020c7-57d6-4238-bb00-5df5e6b7ec0e'} Body: {"NeutronError": {"message": "Trunk d358d954-135d-459a-a9bb-b22f40b97afa could not be found.", "type": "TrunkNotFound", "detail": ""}} _log_request_full /root/.rally/verification/verifier-73e0e1cd-5947-43d0-b9d4-a73b75e1c38e/repo/tempest/lib/common/rest_client.py:434
2019-01-18 06:58:46.245 11609 INFO tempest.lib.common.rest_client [req-bb5809bf-b551-4561-a312-4d70fad10a18 ] Request (TrunkTestJSON:_run_cleanups): 404 DELETE http://172.30.9.23:9696/v2.0/ports/f481a04f-761b-412f-b853-5b9e0ba1add2 0.032s
2019-01-18 06:58:46.246 11609 DEBUG tempest.lib.common.rest_client [req-bb5809bf-b551-4561-a312-4d70fad10a18 ] Request - Headers: {'Content-Type': 'application/json', 'Accept': 'application/json', 'X-Auth-Token': ''} Body: None Response - Headers: {'status': '404', u'content-length': '132', 'content-location': 'http://172.30.9.23:9696/v2.0/ports/f481a04f-761b-412f-b853-5b9e0ba1add2', u'date': 'Fri, 18 Jan 2019 06:58:46 GMT', u'content-type': 'application/json', u'connection': 'close', u'x-openstack-request-id': 'req-bb5809bf-b551-4561-a312-4d70fad10a18'} Body: {"NeutronError": {"message": "Port f481a04f-761b-412f-b853-5b9e0ba1add2 could not be found.", "type": "PortNotFound", "detail": ""}} _log_request_full /root/.rally/verification/verifier-73e0e1cd-5947-43d0-b9d4-a73b75e1c38e/repo/tempest/lib/common/rest_client.py:434
2019-01-18 06:58:46.262 11589 INFO tempest.lib.common.rest_client [req-f6dfec16-faa7-4706-8fb4-13e4f9e33483 ] Request (TrunkTestJSON:_run_cleanups): 404 DELETE http://172.30.9.23:9696/v2.0/trunks/d358d954-135d-459a-a9bb-b22f40b97afa 0.022s
2019-01-18 06:58:46.262 11589 DEBUG tempest.lib.common.rest_client [req-f6dfec16-faa7-4706-8fb4-13e4f9e33483 ] Request - Headers: {'Content-Type': 'application/json', 'Accept': 'application/json', 'X-Auth-Token': ''} Body: None Response - Headers: {'status': '404', u'content-length': '134', 'content-location': 'http://172.30.9.23:9696/v2.0/trunks/d358d954-135d-459a-a9bb-b22f40b97afa', u'date': 'Fri, 18 Jan 2019 06:58:46 GMT', u'content-type': 'application/json', u'connection': 'close', u'x-openstack-request-id': 'req-f6dfec16-faa7-4706-8fb4-13e4f9e33483'} Body: {"NeutronError": {"message": "Trunk d358d954-135d-459a-a9bb-b22f40b97afa could not be found.", "type": "TrunkNotFound", "detail": ""}} _log_request_full /root/.rally/verification/verifier-73e0e1cd-5947-43d0-b9d4-a73b75e1c38e/repo/tempest/lib/common/rest_client.py:434
2019-01-18 06:58:46.278 11589 INFO tempest.lib.common.rest_client [req-5632ea52-30fb-43d8-86f2-048f5819df4c ] Request (TrunkTestJSON:_run_cleanups): 404 GET http://172.30.9.23:9696/v2.0/trunks/2c8e9ed3-1007-4ae3-8a1b-b0bb43f6c4ae/get_subports 0.015s
2019-01-18 06:58:46.279 11589 DEBUG tempest.lib.common.rest_client [req-5632ea52-30fb-43d8-86f2-048f5819df4c ] Request - Headers: {'Content-Type': 'application/json', 'Accept': 'application/json', 'X-Auth-Token': ''} Body: None Response - Headers: {'status': '404', u'content-length': '134', 'content-location': 'http://172.30.9.23:9696/v2.0/trunks/2c8e9ed3-1007-4ae3-8a1b-b0bb43f6c4ae/get_subports', u'date': 'Fri, 18 Jan 2019 06:58:46 GMT', u'content-type': 'application/json', u'connection': 'close', u'x-openstack-request-id': 'req-5632ea52-30fb-43d8-86f2-048f5819df4c'} Body: {"NeutronError": {"message": "Trunk 2c8e9ed3-1007-4ae3-8a1b-b0bb43f6c4ae could not be found.", "type": "TrunkNotFound", "detail": ""}} _log_request_full /root/.rally/verification/verifier-73e0e1cd-5947-43d0-b9d4-a73b75e1c38e/repo/tempest/lib/common/rest_client.py:434
2019-01-18 06:58:46.279 11609 INFO tempest.lib.common.rest_client [req-9fb4ee66-7bfa-4e1f-8cd9-cb779bef1a43 ] Request (TrunkTestJSON:_run_cleanups): 404 DELETE http://172.30.9.23:9696/v2.0/ports/33f66bd7-4ab7-4b20-9073-25c82ad1805d 0.033s
2019-01-18 06:58:46.279 11609 DEBUG tempest.lib.common.rest_client [req-9fb4ee66-7bfa-4e1f-8cd9-cb779bef1a43 ] Request - Headers: {'Content-Type': 'application/json', 'Accept': 'application/json', 'X-Auth-Token': ''} Body: None Response - Headers: {'status': '404', u'content-length': '132', 'content-location': 'http://172.30.9.23:9696/v2.0/ports/33f66bd7-4ab7-4b20-9073-25c82ad1805d', u'date': 'Fri, 18 Jan 2019 06:58:46 GMT', u'content-type': 'application/json', u'connection': 'close', u'x-openstack-request-id': 'req-9fb4ee66-7bfa-4e1f-8cd9-cb779bef1a43'} Body: {"NeutronError": {"message": "Port 33f66bd7-4ab7-4b20-9073-25c82ad1805d could not be found.", "type": "PortNotFound", "detail": ""}} _log_request_full /root/.rally/verification/verifier-73e0e1cd-5947-43d0-b9d4-a73b75e1c38e/repo/tempest/lib/common/rest_client.py:434
2019-01-18 06:58:46.298 11589 INFO tempest.lib.common.rest_client [req-283a5e44-bd08-42a4-828b-072960191ce4 ] Request (TrunkTestJSON:_run_cleanups): 404 DELETE http://172.30.9.23:9696/v2.0/trunks/2c8e9ed3-1007-4ae3-8a1b-b0bb43f6c4ae 0.018s
2019-01-18 06:58:46.298 11589 DEBUG tempest.lib.common.rest_client [req-283a5e44-bd08-42a4-828b-072960191ce4 ] Request - Headers: {'Content-Type': 'application/json', 'Accept': 'application/json', 'X-Auth-Token': ''} Body: None Response - Headers: {'status': '404', u'content-length': '134', 'content-location': 'http://172.30.9.23:9696/v2.0/trunks/2c8e9ed3-1007-4ae3-8a1b-b0bb43f6c4ae', u'date': 'Fri, 18 Jan 2019 06:58:46 GMT', u'content-type': 'application/json', u'connection': 'close', u'x-openstack-request-id': 'req-283a5e44-bd08-42a4-828b-072960191ce4'} Body: {"NeutronError": {"message": "Trunk 2c8e9ed3-1007-4ae3-8a1b-b0bb43f6c4ae could not be found.", "type": "TrunkNotFound", "detail": ""}} _log_request_full /root/.rally/verification/verifier-73e0e1cd-5947-43d0-b9d4-a73b75e1c38e/repo/tempest/lib/common/rest_client.py:434
2019-01-18 06:58:46.309 11609 INFO tempest.lib.common.rest_client [req-4bb41f71-9829-4a3c-98af-ae188b585f19 ] Request (TrunkTestJSON:_run_cleanups): 404 DELETE http://172.30.9.23:9696/v2.0/ports/e3be9632-cd35-4499-be4e-f361165bcc8d 0.029s
2019-01-18 06:58:46.310 11609 DEBUG tempest.lib.common.rest_client [req-4bb41f71-9829-4a3c-98af-ae188b585f19 ] Request - Headers: {'Content-Type': 'application/json', 'Accept': 'application/json', 'X-Auth-Token': ''} Body: None Response - Headers: {'status': '404', u'content-length': '132', 'content-location': 'http://172.30.9.23:9696/v2.0/ports/e3be9632-cd35-4499-be4e-f361165bcc8d', u'date': 'Fri, 18 Jan 2019 06:58:46 GMT', u'content-type': 'application/json', u'connection': 'close', u'x-openstack-request-id': 'req-4bb41f71-9829-4a3c-98af-ae188b585f19'} Body: {"NeutronError": {"message": "Port e3be9632-cd35-4499-be4e-f361165bcc8d could not be found.", "type": "PortNotFound", "detail": ""}} _log_request_full /root/.rally/verification/verifier-73e0e1cd-5947-43d0-b9d4-a73b75e1c38e/repo/tempest/lib/common/rest_client.py:434
2019-01-18 06:58:46.333 11589 INFO tempest.lib.common.rest_client [req-53b84553-ef69-47fc-9429-3625b1176733 ] Request (TrunkTestJSON:_run_cleanups): 404 DELETE http://172.30.9.23:9696/v2.0/ports/57fec54c-7566-454f-b04e-b900bf6964ca 0.033s
2019-01-18 06:58:46.333 11589 DEBUG tempest.lib.common.rest_client [req-53b84553-ef69-47fc-9429-3625b1176733 ] Request - Headers: {'Content-Type': 'application/json', 'Accept': 'application/json', 'X-Auth-Token': ''} Body: None Response - Headers: {'status': '404', u'content-length': '132', 'content-location': 'http://172.30.9.23:9696/v2.0/ports/57fec54c-7566-454f-b04e-b900bf6964ca', u'date': 'Fri, 18 Jan 2019 06:58:46 GMT', u'content-type': 'application/json', u'connection': 'close', u'x-openstack-request-id': 'req-53b84553-ef69-47fc-9429-3625b1176733'} Body: {"NeutronError": {"message": "Port 57fec54c-7566-454f-b04e-b900bf6964ca could not be found.", "type": "PortNotFound", "detail": ""}} _log_request_full /root/.rally/verification/verifier-73e0e1cd-5947-43d0-b9d4-a73b75e1c38e/repo/tempest/lib/common/rest_client.py:434
2019-01-18 06:58:46.344 11609 INFO tempest.lib.common.rest_client [req-e294bb01-beb9-44e5-bc73-69cee0119112 ] Request (TrunkTestJSON:_run_cleanups): 404 DELETE http://172.30.9.23:9696/v2.0/ports/9beff6eb-e4c7-4202-a748-07c3aa67ccf6 0.033s
2019-01-18 06:58:46.344 11609 DEBUG tempest.lib.common.rest_client [req-e294bb01-beb9-44e5-bc73-69cee0119112 ] Request - Headers: {'Content-Type': 'application/json', 'Accept': 'application/json', 'X-Auth-Token': ''} Body: None Response - Headers: {'status': '404', u'content-length': '132', 'content-location': 'http://172.30.9.23:9696/v2.0/ports/9beff6eb-e4c7-4202-a748-07c3aa67ccf6', u'date': 'Fri, 18 Jan 2019 06:58:46 GMT', u'content-type': 'application/json', u'connection': 'close', u'x-openstack-request-id': 'req-e294bb01-beb9-44e5-bc73-69cee0119112'} Body: {"NeutronError": {"message": "Port 9beff6eb-e4c7-4202-a748-07c3aa67ccf6 could not be found.", "type": "PortNotFound", "detail": ""}} _log_request_full /root/.rally/verification/verifier-73e0e1cd-5947-43d0-b9d4-a73b75e1c38e/repo/tempest/lib/common/rest_client.py:434
2019-01-18 06:58:46.365 11589 INFO tempest.lib.common.rest_client [req-781a2523-c991-4878-ac7f-bed5869cdea3 ] Request (TrunkTestJSON:_run_cleanups): 404 DELETE http://172.30.9.23:9696/v2.0/ports/8f11558f-fc05-4039-9d3d-c7c7924d277e 0.031s
2019-01-18 06:58:46.365 11589 DEBUG tempest.lib.common.rest_client [req-781a2523-c991-4878-ac7f-bed5869cdea3 ] Request - Headers: {'Content-Type': 'application/json', 'Accept': 'application/json', 'X-Auth-Token': ''} Body: None Response - Headers: {'status': '404', u'content-length': '132', 'content-location': 'http://172.30.9.23:9696/v2.0/ports/8f11558f-fc05-4039-9d3d-c7c7924d277e', u'date': 'Fri, 18 Jan 2019 06:58:46 GMT', u'content-type': 'application/json', u'connection': 'close', u'x-openstack-request-id': 'req-781a2523-c991-4878-ac7f-bed5869cdea3'} Body: {"NeutronError": {"message": "Port 8f11558f-fc05-4039-9d3d-c7c7924d277e could not be found.", "type": "PortNotFound", "detail": ""}} _log_request_full /root/.rally/verification/verifier-73e0e1cd-5947-43d0-b9d4-a73b75e1c38e/repo/tempest/lib/common/rest_client.py:434
2019-01-18 06:58:46.377 11609 INFO tempest.lib.common.rest_client [req-0c8d3004-2004-4b02-97c1-4047e33f9b62 ] Request (TrunkTestJSON:_run_cleanups): 404 DELETE http://172.30.9.23:9696/v2.0/ports/5c9e0246-5d70-41b7-a3c1-3e82c9a98596 0.032s
2019-01-18 06:58:46.378 11609 DEBUG tempest.lib.common.rest_client [req-0c8d3004-2004-4b02-97c1-4047e33f9b62 ] Request - Headers: {'Content-Type': 'application/json', 'Accept': 'application/json', 'X-Auth-Token': ''} Body: None Response - Headers: {'status': '404', u'content-length': '132', 'content-location': 'http://172.30.9.23:9696/v2.0/ports/5c9e0246-5d70-41b7-a3c1-3e82c9a98596', u'date': 'Fri, 18 Jan 2019 06:58:46 GMT', u'content-type': 'application/json', u'connection': 'close', u'x-openstack-request-id': 'req-0c8d3004-2004-4b02-97c1-4047e33f9b62'} Body: {"NeutronError": {"message": "Port 5c9e0246-5d70-41b7-a3c1-3e82c9a98596 could not be found.", "type": "PortNotFound", "detail": ""}} _log_request_full /root/.rally/verification/verifier-73e0e1cd-5947-43d0-b9d4-a73b75e1c38e/repo/tempest/lib/common/rest_client.py:434
2019-01-18 06:58:46.397 11589 INFO tempest.lib.common.rest_client [req-fc7bc7ae-ad32-40e6-b3f8-0c86f4a5c6fd ] Request (TrunkTestJSON:_run_cleanups): 404 DELETE http://172.30.9.23:9696/v2.0/ports/e4f6b408-3099-402e-b428-a6dd215ae2b7 0.031s
2019-01-18 06:58:46.397 11589 DEBUG tempest.lib.common.rest_client [req-fc7bc7ae-ad32-40e6-b3f8-0c86f4a5c6fd ] Request - Headers: {'Content-Type': 'application/json', 'Accept': 'application/json', 'X-Auth-Token': ''} Body: None Response - Headers: {'status': '404', u'content-length': '132', 'content-location': 'http://172.30.9.23:9696/v2.0/ports/e4f6b408-3099-402e-b428-a6dd215ae2b7', u'date': 'Fri, 18 Jan 2019 06:58:46 GMT', u'content-type': 'application/json', u'connection': 'close', u'x-openstack-request-id': 'req-fc7bc7ae-ad32-40e6-b3f8-0c86f4a5c6fd'} Body: {"NeutronError": {"message": "Port e4f6b408-3099-402e-b428-a6dd215ae2b7 could not be found.", "type": "PortNotFound", "detail": ""}} _log_request_full /root/.rally/verification/verifier-73e0e1cd-5947-43d0-b9d4-a73b75e1c38e/repo/tempest/lib/common/rest_client.py:434
2019-01-18 06:58:46.410 11609 INFO tempest.lib.common.rest_client [req-8c278051-f316-4532-b4b2-bc0e1e0c54a8 ] Request (TrunkTestJSON:_run_cleanups): 404 DELETE http://172.30.9.23:9696/v2.0/ports/ace6161c-4eaa-47d5-823b-9dada55e8d4f 0.032s
2019-01-18 06:58:46.411 11609 DEBUG tempest.lib.common.rest_client [req-8c278051-f316-4532-b4b2-bc0e1e0c54a8 ] Request - Headers: {'Content-Type': 'application/json', 'Accept': 'application/json', 'X-Auth-Token': ''} Body: None Response - Headers: {'status': '404', u'content-length': '132', 'content-location': 'http://172.30.9.23:9696/v2.0/ports/ace6161c-4eaa-47d5-823b-9dada55e8d4f', u'date': 'Fri, 18 Jan 2019 06:58:46 GMT', u'content-type': 'application/json', u'connection': 'close', u'x-openstack-request-id': 'req-8c278051-f316-4532-b4b2-bc0e1e0c54a8'} Body: {"NeutronError": {"message": "Port ace6161c-4eaa-47d5-823b-9dada55e8d4f could not be found.", "type": "PortNotFound", "detail": ""}} _log_request_full /root/.rally/verification/verifier-73e0e1cd-5947-43d0-b9d4-a73b75e1c38e/repo/tempest/lib/common/rest_client.py:434
2019-01-18 06:58:46.431 11589 INFO tempest.lib.common.rest_client [req-bc2bf370-efab-420f-83ab-f4e70fc1c237 ] Request (TrunkTestJSON:_run_cleanups): 404 DELETE http://172.30.9.23:9696/v2.0/ports/28b28df1-3ddb-4c40-9b55-46d9e7900298 0.033s
2019-01-18 06:58:46.432 11589 DEBUG tempest.lib.common.rest_client [req-bc2bf370-efab-420f-83ab-f4e70fc1c237 ] Request - Headers: {'Content-Type': 'application/json', 'Accept': 'application/json', 'X-Auth-Token': ''} Body: None Response - Headers: {'status': '404', u'content-length': '132', 'content-location': 'http://172.30.9.23:9696/v2.0/ports/28b28df1-3ddb-4c40-9b55-46d9e7900298', u'date': 'Fri, 18 Jan 2019 06:58:46 GMT', u'content-type': 'application/json', u'connection': 'close', u'x-openstack-request-id': 'req-bc2bf370-efab-420f-83ab-f4e70fc1c237'} Body: {"NeutronError": {"message": "Port 28b28df1-3ddb-4c40-9b55-46d9e7900298 could not be found.", "type": "PortNotFound", "detail": ""}} _log_request_full /root/.rally/verification/verifier-73e0e1cd-5947-43d0-b9d4-a73b75e1c38e/repo/tempest/lib/common/rest_client.py:434
2019-01-18 06:58:46.445 11609 INFO tempest.lib.common.rest_client [req-d7e3d73f-6ec0-40bf-bab7-24629e0c43d0 ] Request (TrunkTestJSON:_run_cleanups): 404 DELETE http://172.30.9.23:9696/v2.0/ports/75d43a33-fb72-4e09-85c3-cf6e6bff575d 0.033s
2019-01-18 06:58:46.445 11609 DEBUG tempest.lib.common.rest_client [req-d7e3d73f-6ec0-40bf-bab7-24629e0c43d0 ] Request - Headers: {'Content-Type': 'application/json', 'Accept': 'application/json', 'X-Auth-Token': ''} Body: None Response - Headers: {'status': '404', u'content-length': '132', 'content-location': 'http://172.30.9.23:9696/v2.0/ports/75d43a33-fb72-4e09-85c3-cf6e6bff575d', u'date': 'Fri, 18 Jan 2019 06:58:46 GMT', u'content-type': 'application/json', u'connection': 'close', u'x-openstack-request-id': 'req-d7e3d73f-6ec0-40bf-bab7-24629e0c43d0'} Body: {"NeutronError": {"message": "Port 75d43a33-fb72-4e09-85c3-cf6e6bff575d could not be found.", "type": "PortNotFound", "detail": ""}} _log_request_full /root/.rally/verification/verifier-73e0e1cd-5947-43d0-b9d4-a73b75e1c38e/repo/tempest/lib/common/rest_client.py:434
2019-01-18 06:58:46.467 11589 INFO tempest.lib.common.rest_client [req-bc73207b-5291-446b-a452-1f16c74cc6a2 ] Request (TrunkTestJSON:_run_cleanups): 404 DELETE http://172.30.9.23:9696/v2.0/ports/b7bb3ac1-0403-4267-b205-72c599a866a1 0.035s
2019-01-18 06:58:46.468 11589 DEBUG tempest.lib.common.rest_client [req-bc73207b-5291-446b-a452-1f16c74cc6a2 ] Request - Headers: {'Content-Type': 'application/json', 'Accept': 'application/json', 'X-Auth-Token': ''} Body: None Response - Headers: {'status': '404', u'content-length': '132', 'content-location': 'http://172.30.9.23:9696/v2.0/ports/b7bb3ac1-0403-4267-b205-72c599a866a1', u'date': 'Fri, 18 Jan 2019 06:58:46 GMT', u'content-type': 'application/json', u'connection': 'close', u'x-openstack-request-id': 'req-bc73207b-5291-446b-a452-1f16c74cc6a2'} Body: {"NeutronError": {"message": "Port b7bb3ac1-0403-4267-b205-72c599a866a1 could not be found.", "type": "PortNotFound", "detail": ""}} _log_request_full /root/.rally/verification/verifier-73e0e1cd-5947-43d0-b9d4-a73b75e1c38e/repo/tempest/lib/common/rest_client.py:434
2019-01-18 06:58:46.498 11589 INFO tempest.lib.common.rest_client [req-b1eb1fab-fcf5-4845-b306-9541ce5455cc ] Request (TrunkTestJSON:_run_cleanups): 404 DELETE http://172.30.9.23:9696/v2.0/ports/d40dde3d-6a38-4da2-a3cc-71920c6ab2d8 0.029s
2019-01-18 06:58:46.498 11589 DEBUG tempest.lib.common.rest_client [req-b1eb1fab-fcf5-4845-b306-9541ce5455cc ] Request - Headers: {'Content-Type': 'application/json', 'Accept': 'application/json', 'X-Auth-Token': ''} Body: None Response - Headers: {'status': '404', u'content-length': '132', 'content-location': 'http://172.30.9.23:9696/v2.0/ports/d40dde3d-6a38-4da2-a3cc-71920c6ab2d8', u'date': 'Fri, 18 Jan 2019 06:58:46 GMT', u'content-type': 'application/json', u'connection': 'close', u'x-openstack-request-id': 'req-b1eb1fab-fcf5-4845-b306-9541ce5455cc'} Body: {"NeutronError": {"message": "Port d40dde3d-6a38-4da2-a3cc-71920c6ab2d8 could not be found.", "type": "PortNotFound", "detail": ""}} _log_request_full /root/.rally/verification/verifier-73e0e1cd-5947-43d0-b9d4-a73b75e1c38e/repo/tempest/lib/common/rest_client.py:434
2019-01-18 06:58:46.531 11589 INFO tempest.lib.common.rest_client [req-7cea9669-1456-4f3e-9ebd-e1dd2feaa721 ] Request (TrunkTestJSON:_run_cleanups): 404 DELETE http://172.30.9.23:9696/v2.0/ports/df84b035-594d-4f5b-ae5c-8736a64cbcec 0.032s
2019-01-18 06:58:46.531 11589 DEBUG tempest.lib.common.rest_client [req-7cea9669-1456-4f3e-9ebd-e1dd2feaa721 ] Request - Headers: {'Content-Type': 'application/json', 'Accept': 'application/json', 'X-Auth-Token': ''} Body: None Response - Headers: {'status': '404', u'content-length': '132', 'content-location': 'http://172.30.9.23:9696/v2.0/ports/df84b035-594d-4f5b-ae5c-8736a64cbcec', u'date': 'Fri, 18 Jan 2019 06:58:46 GMT', u'content-type': 'application/json', u'connection': 'close', u'x-openstack-request-id': 'req-7cea9669-1456-4f3e-9ebd-e1dd2feaa721'} Body: {"NeutronError": {"message": "Port df84b035-594d-4f5b-ae5c-8736a64cbcec could not be found.", "type": "PortNotFound", "detail": ""}} _log_request_full /root/.rally/verification/verifier-73e0e1cd-5947-43d0-b9d4-a73b75e1c38e/repo/tempest/lib/common/rest_client.py:434
2019-01-18 06:58:46.569 11589 INFO tempest.lib.common.rest_client [req-c64ca2b5-545b-4439-bccf-ecf908f6c30d ] Request (TrunkTestJSON:_run_cleanups): 404 DELETE http://172.30.9.23:9696/v2.0/ports/35a018f0-2e03-4777-b00a-cb5abaf7cacf 0.037s
2019-01-18 06:58:46.569 11589 DEBUG tempest.lib.common.rest_client [req-c64ca2b5-545b-4439-bccf-ecf908f6c30d ] Request - Headers: {'Content-Type': 'application/json', 'Accept': 'application/json', 'X-Auth-Token': ''} Body: None Response - Headers: {'status': '404', u'content-length': '132', 'content-location': 'http://172.30.9.23:9696/v2.0/ports/35a018f0-2e03-4777-b00a-cb5abaf7cacf', u'date': 'Fri, 18 Jan 2019 06:58:46 GMT', u'content-type': 'application/json', u'connection': 'close', u'x-openstack-request-id': 'req-c64ca2b5-545b-4439-bccf-ecf908f6c30d'} Body: {"NeutronError": {"message": "Port 35a018f0-2e03-4777-b00a-cb5abaf7cacf could not be found.", "type": "PortNotFound", "detail": ""}} _log_request_full /root/.rally/verification/verifier-73e0e1cd-5947-43d0-b9d4-a73b75e1c38e/repo/tempest/lib/common/rest_client.py:434
2019-01-18 06:58:46.610 11589 INFO tempest.lib.common.rest_client [req-64700e10-c9c8-44bc-a0fc-359f54f8a240 ] Request (TrunkTestJSON:_run_cleanups): 404 DELETE http://172.30.9.23:9696/v2.0/ports/27e9de4d-ef2c-4f1a-8f3b-37bbf6dd15e5 0.040s
2019-01-18 06:58:46.611 11589 DEBUG tempest.lib.common.rest_client [req-64700e10-c9c8-44bc-a0fc-359f54f8a240 ] Request - Headers: {'Content-Type': 'application/json', 'Accept': 'application/json', 'X-Auth-Token': ''} Body: None Response - Headers: {'status': '404', u'content-length': '132', 'content-location': 'http://172.30.9.23:9696/v2.0/ports/27e9de4d-ef2c-4f1a-8f3b-37bbf6dd15e5', u'date': 'Fri, 18 Jan 2019 06:58:46 GMT', u'content-type': 'application/json', u'connection': 'close', u'x-openstack-request-id': 'req-64700e10-c9c8-44bc-a0fc-359f54f8a240'} Body: {"NeutronError": {"message": "Port 27e9de4d-ef2c-4f1a-8f3b-37bbf6dd15e5 could not be found.", "type": "PortNotFound", "detail": ""}} _log_request_full /root/.rally/verification/verifier-73e0e1cd-5947-43d0-b9d4-a73b75e1c38e/repo/tempest/lib/common/rest_client.py:434
2019-01-18 06:58:46.652 11589 INFO tempest.lib.common.rest_client [req-7ed83b59-bd6a-47a8-97d9-d3b109626127 ] Request (TrunkTestJSON:_run_cleanups): 404 DELETE http://172.30.9.23:9696/v2.0/ports/c736df7c-6df0-4cf1-a0fd-1531fc3213d9 0.040s
2019-01-18 06:58:46.653 11589 DEBUG tempest.lib.common.rest_client [req-7ed83b59-bd6a-47a8-97d9-d3b109626127 ] Request - Headers: {'Content-Type': 'application/json', 'Accept': 'application/json', 'X-Auth-Token': ''} Body: None Response - Headers: {'status': '404', u'content-length': '132', 'content-location': 'http://172.30.9.23:9696/v2.0/ports/c736df7c-6df0-4cf1-a0fd-1531fc3213d9', u'date': 'Fri, 18 Jan 2019 06:58:46 GMT', u'content-type': 'application/json', u'connection': 'close', u'x-openstack-request-id': 'req-7ed83b59-bd6a-47a8-97d9-d3b109626127'} Body: {"NeutronError": {"message": "Port c736df7c-6df0-4cf1-a0fd-1531fc3213d9 could not be found.", "type": "PortNotFound", "detail": ""}} _log_request_full /root/.rally/verification/verifier-73e0e1cd-5947-43d0-b9d4-a73b75e1c38e/repo/tempest/lib/common/rest_client.py:434
2019-01-18 06:58:46.704 11589 INFO tempest.lib.common.rest_client [req-f6e6b756-097e-456b-922e-b57a6373a109 ] Request (TrunkTestJSON:_run_cleanups): 404 DELETE http://172.30.9.23:9696/v2.0/ports/f6008d1e-eade-4e03-815c-c93ac360d874 0.050s
2019-01-18 06:58:46.704 11589 DEBUG tempest.lib.common.rest_client [req-f6e6b756-097e-456b-922e-b57a6373a109 ] Request - Headers: {'Content-Type': 'application/json', 'Accept': 'application/json', 'X-Auth-Token': ''} Body: None Response - Headers: {'status': '404', u'content-length': '132', 'content-location': 'http://172.30.9.23:9696/v2.0/ports/f6008d1e-eade-4e03-815c-c93ac360d874', u'date': 'Fri, 18 Jan 2019 06:58:46 GMT', u'content-type': 'application/json', u'connection': 'close', u'x-openstack-request-id': 'req-f6e6b756-097e-456b-922e-b57a6373a109'} Body: {"NeutronError": {"message": "Port f6008d1e-eade-4e03-815c-c93ac360d874 could not be found.", "type": "PortNotFound", "detail": ""}} _log_request_full /root/.rally/verification/verifier-73e0e1cd-5947-43d0-b9d4-a73b75e1c38e/repo/tempest/lib/common/rest_client.py:434
2019-01-18 06:58:46.739 11589 INFO tempest.lib.common.rest_client [req-a456c6e3-92b8-4b7d-96fa-e402ebbe302b ] Request (TrunkTestJSON:_run_cleanups): 404 DELETE http://172.30.9.23:9696/v2.0/ports/f04137e8-ba09-47e3-88bf-84a5b9f156f5 0.034s
2019-01-18 06:58:46.740 11589 DEBUG tempest.lib.common.rest_client [req-a456c6e3-92b8-4b7d-96fa-e402ebbe302b ] Request - Headers: {'Content-Type': 'application/json', 'Accept': 'application/json', 'X-Auth-Token': ''} Body: None Response - Headers: {'status': '404', u'content-length': '132', 'content-location': 'http://172.30.9.23:9696/v2.0/ports/f04137e8-ba09-47e3-88bf-84a5b9f156f5', u'date': 'Fri, 18 Jan 2019 06:58:46 GMT', u'content-type': 'application/json', u'connection': 'close', u'x-openstack-request-id': 'req-a456c6e3-92b8-4b7d-96fa-e402ebbe302b'} Body: {"NeutronError": {"message": "Port f04137e8-ba09-47e3-88bf-84a5b9f156f5 could not be found.", "type": "PortNotFound", "detail": ""}} _log_request_full /root/.rally/verification/verifier-73e0e1cd-5947-43d0-b9d4-a73b75e1c38e/repo/tempest/lib/common/rest_client.py:434
2019-01-18 06:58:46.772 11589 INFO tempest.lib.common.rest_client [req-4b88d3ae-05a5-4582-a8bc-9df34fa5e18a ] Request (TrunkTestJSON:_run_cleanups): 404 DELETE http://172.30.9.23:9696/v2.0/ports/80db7b1b-f696-483b-ac4a-9013f4b8bfc7 0.031s
2019-01-18 06:58:46.772 11589 DEBUG tempest.lib.common.rest_client [req-4b88d3ae-05a5-4582-a8bc-9df34fa5e18a ] Request - Headers: {'Content-Type': 'application/json', 'Accept': 'application/json', 'X-Auth-Token': ''} Body: None Response - Headers: {'status': '404', u'content-length': '132', 'content-location': 'http://172.30.9.23:9696/v2.0/ports/80db7b1b-f696-483b-ac4a-9013f4b8bfc7', u'date': 'Fri, 18 Jan 2019 06:58:46 GMT', u'content-type': 'application/json', u'connection': 'close', u'x-openstack-request-id': 'req-4b88d3ae-05a5-4582-a8bc-9df34fa5e18a'} Body: {"NeutronError": {"message": "Port 80db7b1b-f696-483b-ac4a-9013f4b8bfc7 could not be found.", "type": "PortNotFound", "detail": ""}} _log_request_full /root/.rally/verification/verifier-73e0e1cd-5947-43d0-b9d4-a73b75e1c38e/repo/tempest/lib/common/rest_client.py:434
2019-01-18 06:58:46.818 11589 INFO tempest.lib.common.rest_client [req-eed639ee-c92c-4d9a-a103-a3ccadbb5d16 ] Request (TrunkTestJSON:_run_cleanups): 404 DELETE http://172.30.9.23:9696/v2.0/ports/9608c417-9425-4f61-835f-48fedddf0397 0.045s
2019-01-18 06:58:46.819 11589 DEBUG tempest.lib.common.rest_client [req-eed639ee-c92c-4d9a-a103-a3ccadbb5d16 ] Request - Headers: {'Content-Type': 'application/json', 'Accept': 'application/json', 'X-Auth-Token': ''} Body: None Response - Headers: {'status': '404', u'content-length': '132', 'content-location': 'http://172.30.9.23:9696/v2.0/ports/9608c417-9425-4f61-835f-48fedddf0397', u'date': 'Fri, 18 Jan 2019 06:58:46 GMT', u'content-type': 'application/json', u'connection': 'close', u'x-openstack-request-id': 'req-eed639ee-c92c-4d9a-a103-a3ccadbb5d16'} Body: {"NeutronError": {"message": "Port 9608c417-9425-4f61-835f-48fedddf0397 could not be found.", "type": "PortNotFound", "detail": ""}} _log_request_full /root/.rally/verification/verifier-73e0e1cd-5947-43d0-b9d4-a73b75e1c38e/repo/tempest/lib/common/rest_client.py:434
2019-01-18 06:58:46.957 11607 INFO tempest.lib.common.rest_client [req-e67dd6d5-c3f3-432f-8f1b-61c27e8b5758 ] Request (TrunkTest:test_trunk_subport_lifecycle): 200 GET http://172.30.9.23:8774/v2.1/servers/e5d70097-b8a9-4505-9a39-6e8d67a221f9 0.494s
2019-01-18 06:58:46.957 11607 DEBUG tempest.lib.common.rest_client [req-e67dd6d5-c3f3-432f-8f1b-61c27e8b5758 ] Request - Headers: {'Content-Type': 'application/json', 'Accept': 'application/json', 'X-Auth-Token': ''} Body: None Response - Headers: {'status': '200', u'content-length': '1402', 'content-location': 'http://172.30.9.23:8774/v2.1/servers/e5d70097-b8a9-4505-9a39-6e8d67a221f9', u'x-compute-request-id': 'req-e67dd6d5-c3f3-432f-8f1b-61c27e8b5758', u'vary': 'OpenStack-API-Version,X-OpenStack-Nova-API-Version,Accept-Encoding', u'server': 'Apache', u'openstack-api-version': 'compute 2.1', u'connection': 'close', u'x-openstack-nova-api-version': '2.1', u'date': 'Fri, 18 Jan 2019 06:58:46 GMT', u'content-type': 'application/json', u'x-openstack-request-id': 'req-e67dd6d5-c3f3-432f-8f1b-61c27e8b5758'} Body: {"server": {"OS-EXT-STS:task_state": "spawning", "addresses": {}, "links": [{"href": "http://172.30.9.23:8774/v2.1/servers/e5d70097-b8a9-4505-9a39-6e8d67a221f9", "rel": "self"}, {"href": "http://172.30.9.23:8774/servers/e5d70097-b8a9-4505-9a39-6e8d67a221f9", "rel": "bookmark"}], "image": {"id": "b3917954-b2a6-4e3b-b219-9c169d8da65f", "links": [{"href": "http://172.30.9.23:8774/images/b3917954-b2a6-4e3b-b219-9c169d8da65f", "rel": "bookmark"}]}, "OS-EXT-STS:vm_state": "building", "OS-SRV-USG:launched_at": null, "flavor": {"id": "a14e2235-d047-4ca1-b3b0-f19bf0d775d6", "links": [{"href": "http://172.30.9.23:8774/flavors/a14e2235-d047-4ca1-b3b0-f19bf0d775d6", "rel": "bookmark"}]}, "id": "e5d70097-b8a9-4505-9a39-6e8d67a221f9", "security_groups": [{"name": "tempest-secgroup--1080945649"}], "user_id": "add0b6d0c858411390d210716ab44098", "OS-DCF:diskConfig": "MANUAL", "accessIPv4": "", "accessIPv6": "", "progress": 0, "OS-EXT-STS:power_state": 0, "OS-EXT-AZ:availability_zone": "nova", "config_drive": "", "status": "BUILD", "updated": "2019-01-18T06:58:13Z", "hostId": "669ed48551a8d48de63a43c3b56c64d631dcf9212c6060559cd15293", "OS-SRV-USG:terminated_at": null, "key_name": "tempest-keypair-test-1897898828", "name": "tempest-server-test-1669674747", "created": "2019-01-18T06:58:12Z", "tenant_id": "c3d49d10c5474004aacd81c812cc3ada", "os-extended-volumes:volumes_attached": [], "metadata": {}}} _log_request_full /root/.rally/verification/verifier-73e0e1cd-5947-43d0-b9d4-a73b75e1c38e/repo/tempest/lib/common/rest_client.py:434
2019-01-18 06:58:46.983 11609 INFO tempest.lib.common.rest_client [req-36ac59c5-008c-4bc2-8514-f81d8f9ed0f8 ] Request (TrunkTestJSON:_run_cleanups): 204 DELETE http://172.30.9.23:9696/v2.0/ports/b1dbfb71-812a-4999-99b4-b809ae70daf5 0.537s
2019-01-18 06:58:46.983 11609 DEBUG tempest.lib.common.rest_client [req-36ac59c5-008c-4bc2-8514-f81d8f9ed0f8 ] Request - Headers: {'Content-Type': 'application/json', 'Accept': 'application/json', 'X-Auth-Token': ''} Body: None Response - Headers: {'status': '204', u'content-length': '0', 'content-location': 'http://172.30.9.23:9696/v2.0/ports/b1dbfb71-812a-4999-99b4-b809ae70daf5', u'date': 'Fri, 18 Jan 2019 06:58:46 GMT', u'connection': 'close', u'x-openstack-request-id': 'req-36ac59c5-008c-4bc2-8514-f81d8f9ed0f8'} Body: _log_request_full /root/.rally/verification/verifier-73e0e1cd-5947-43d0-b9d4-a73b75e1c38e/repo/tempest/lib/common/rest_client.py:434
2019-01-18 06:58:47.170 11589 INFO tempest.lib.common.rest_client [req-dfc4e705-0d41-4936-9bb8-29302179c822 ] Request (TrunkTestJSON:_run_cleanups): 204 DELETE http://172.30.9.23:9696/v2.0/ports/3897db02-f113-4886-918d-fe6bf4a447c4 0.350s
2019-01-18 06:58:47.170 11589 DEBUG tempest.lib.common.rest_client [req-dfc4e705-0d41-4936-9bb8-29302179c822 ] Request - Headers: {'Content-Type': 'application/json', 'Accept': 'application/json', 'X-Auth-Token': ''} Body: None Response - Headers: {'status': '204', u'content-length': '0', 'content-location': 'http://172.30.9.23:9696/v2.0/ports/3897db02-f113-4886-918d-fe6bf4a447c4', u'date': 'Fri, 18 Jan 2019 06:58:47 GMT', u'connection': 'close', u'x-openstack-request-id': 'req-dfc4e705-0d41-4936-9bb8-29302179c822'} Body: _log_request_full /root/.rally/verification/verifier-73e0e1cd-5947-43d0-b9d4-a73b75e1c38e/repo/tempest/lib/common/rest_client.py:434
2019-01-18 06:58:47.199 11589 INFO tempest.lib.common.rest_client [req-933d17c7-810d-4633-84ca-5f370a2911c9 ] Request (TrunkTestJSON:_run_cleanups): 404 DELETE http://172.30.9.23:9696/v2.0/networks/2000112c-8cb7-4a9b-b955-7d077037721b 0.028s
2019-01-18 06:58:47.199 11589 DEBUG tempest.lib.common.rest_client [req-933d17c7-810d-4633-84ca-5f370a2911c9 ] Request - Headers: {'Content-Type': 'application/json', 'Accept': 'application/json', 'X-Auth-Token': ''} Body: None Response - Headers: {'status': '404', u'content-length': '138', 'content-location': 'http://172.30.9.23:9696/v2.0/networks/2000112c-8cb7-4a9b-b955-7d077037721b', u'date': 'Fri, 18 Jan 2019 06:58:47 GMT', u'content-type': 'application/json', u'connection': 'close', u'x-openstack-request-id': 'req-933d17c7-810d-4633-84ca-5f370a2911c9'} Body: {"NeutronError": {"message": "Network 2000112c-8cb7-4a9b-b955-7d077037721b could not be found.", "type": "NetworkNotFound", "detail": ""}} _log_request_full /root/.rally/verification/verifier-73e0e1cd-5947-43d0-b9d4-a73b75e1c38e/repo/tempest/lib/common/rest_client.py:434
2019-01-18 06:58:47.228 11589 INFO tempest.lib.common.rest_client [req-7e9ba02e-3793-4d50-a331-3129000c8b17 ] Request (TrunkTestJSON:_run_cleanups): 404 DELETE http://172.30.9.23:9696/v2.0/networks/e2242894-562b-4c80-85c6-a4098d4848f7 0.028s
2019-01-18 06:58:47.228 11589 DEBUG tempest.lib.common.rest_client [req-7e9ba02e-3793-4d50-a331-3129000c8b17 ] Request - Headers: {'Content-Type': 'application/json', 'Accept': 'application/json', 'X-Auth-Token': ''} Body: None Response - Headers: {'status': '404', u'content-length': '138', 'content-location': 'http://172.30.9.23:9696/v2.0/networks/e2242894-562b-4c80-85c6-a4098d4848f7', u'date': 'Fri, 18 Jan 2019 06:58:47 GMT', u'content-type': 'application/json', u'connection': 'close', u'x-openstack-request-id': 'req-7e9ba02e-3793-4d50-a331-3129000c8b17'} Body: {"NeutronError": {"message": "Network e2242894-562b-4c80-85c6-a4098d4848f7 could not be found.", "type": "NetworkNotFound", "detail": ""}} _log_request_full /root/.rally/verification/verifier-73e0e1cd-5947-43d0-b9d4-a73b75e1c38e/repo/tempest/lib/common/rest_client.py:434
2019-01-18 06:58:47.264 11589 INFO tempest.lib.common.rest_client [req-f96cc7aa-a5bb-4749-bbb5-fccd0ea4bea1 ] Request (TrunkTestJSON:_run_cleanups): 404 DELETE http://172.30.9.23:9696/v2.0/networks/16dfd0f9-6810-4ca0-b938-007989ec3f05 0.035s
