2019-01-03 12:11:41.487 11625 DEBUG tempest.lib.common.rest_client [req-c4dacd3e-cdcb-4f54-b74b-652504d2cc87 ] Request - Headers: {'Content-Type': 'application/json', 'Accept': 'application/json', 'X-Auth-Token': ''} Body: None Response - Headers: {'status': '404', u'content-length': '134', 'content-location': 'http://172.30.9.28:9696/v2.0/trunks/dae7cfb6-281a-452c-8ccf-03d2071ba92b', u'date': 'Thu, 03 Jan 2019 12:11:41 GMT', u'content-type': 'application/json', u'connection': 'close', u'x-openstack-request-id': 'req-c4dacd3e-cdcb-4f54-b74b-652504d2cc87'} Body: {"NeutronError": {"message": "Trunk dae7cfb6-281a-452c-8ccf-03d2071ba92b could not be found.", "type": "TrunkNotFound", "detail": ""}} _log_request_full /root/.rally/verification/verifier-67aa996e-f561-4aa3-b579-039f746bb89a/repo/tempest/lib/common/rest_client.py:434
2019-01-03 12:11:41.504 11625 INFO tempest.lib.common.rest_client [req-d1314933-9e81-46ab-97bb-1f81f32d5284 ] Request (TrunkTestJSON:_run_cleanups): 404 GET http://172.30.9.28:9696/v2.0/trunks/80cb3f3b-8f5d-45d9-9e46-ae20854c922b/get_subports 0.016s
2019-01-03 12:11:41.504 11625 DEBUG tempest.lib.common.rest_client [req-d1314933-9e81-46ab-97bb-1f81f32d5284 ] Request - Headers: {'Content-Type': 'application/json', 'Accept': 'application/json', 'X-Auth-Token': ''} Body: None Response - Headers: {'status': '404', u'content-length': '134', 'content-location': 'http://172.30.9.28:9696/v2.0/trunks/80cb3f3b-8f5d-45d9-9e46-ae20854c922b/get_subports', u'date': 'Thu, 03 Jan 2019 12:11:41 GMT', u'content-type': 'application/json', u'connection': 'close', u'x-openstack-request-id': 'req-d1314933-9e81-46ab-97bb-1f81f32d5284'} Body: {"NeutronError": {"message": "Trunk 80cb3f3b-8f5d-45d9-9e46-ae20854c922b could not be found.", "type": "TrunkNotFound", "detail": ""}} _log_request_full /root/.rally/verification/verifier-67aa996e-f561-4aa3-b579-039f746bb89a/repo/tempest/lib/common/rest_client.py:434
2019-01-03 12:11:41.508 11605 INFO tempest.lib.common.rest_client [req-28d9f8c1-4b06-45c3-a2be-60ace1436120 ] Request (TrunkTestJSON:_run_cleanups): 404 DELETE http://172.30.9.28:9696/v2.0/trunks/033f036e-8c01-40a3-9a13-23e1c1705427 0.020s
2019-01-03 12:11:41.508 11605 DEBUG tempest.lib.common.rest_client [req-28d9f8c1-4b06-45c3-a2be-60ace1436120 ] Request - Headers: {'Content-Type': 'application/json', 'Accept': 'application/json', 'X-Auth-Token': ''} Body: None Response - Headers: {'status': '404', u'content-length': '134', 'content-location': 'http://172.30.9.28:9696/v2.0/trunks/033f036e-8c01-40a3-9a13-23e1c1705427', u'date': 'Thu, 03 Jan 2019 12:11:41 GMT', u'content-type': 'application/json', u'connection': 'close', u'x-openstack-request-id': 'req-28d9f8c1-4b06-45c3-a2be-60ace1436120'} Body: {"NeutronError": {"message": "Trunk 033f036e-8c01-40a3-9a13-23e1c1705427 could not be found.", "type": "TrunkNotFound", "detail": ""}} _log_request_full /root/.rally/verification/verifier-67aa996e-f561-4aa3-b579-039f746bb89a/repo/tempest/lib/common/rest_client.py:434
2019-01-03 12:11:41.523 11625 INFO tempest.lib.common.rest_client [req-7da4b307-c621-466f-8d43-bbb5a809cc3c ] Request (TrunkTestJSON:_run_cleanups): 404 DELETE http://172.30.9.28:9696/v2.0/trunks/80cb3f3b-8f5d-45d9-9e46-ae20854c922b 0.018s
2019-01-03 12:11:41.523 11625 DEBUG tempest.lib.common.rest_client [req-7da4b307-c621-466f-8d43-bbb5a809cc3c ] Request - Headers: {'Content-Type': 'application/json', 'Accept': 'application/json', 'X-Auth-Token': ''} Body: None Response - Headers: {'status': '404', u'content-length': '134', 'content-location': 'http://172.30.9.28:9696/v2.0/trunks/80cb3f3b-8f5d-45d9-9e46-ae20854c922b', u'date': 'Thu, 03 Jan 2019 12:11:41 GMT', u'content-type': 'application/json', u'connection': 'close', u'x-openstack-request-id': 'req-7da4b307-c621-466f-8d43-bbb5a809cc3c'} Body: {"NeutronError": {"message": "Trunk 80cb3f3b-8f5d-45d9-9e46-ae20854c922b could not be found.", "type": "TrunkNotFound", "detail": ""}} _log_request_full /root/.rally/verification/verifier-67aa996e-f561-4aa3-b579-039f746bb89a/repo/tempest/lib/common/rest_client.py:434
2019-01-03 12:11:41.524 11605 INFO tempest.lib.common.rest_client [req-26bccd8d-5aa9-432c-9f46-01e12a4b8020 ] Request (TrunkTestJSON:_run_cleanups): 404 GET http://172.30.9.28:9696/v2.0/trunks/b05b17d6-007e-4908-9765-a3ce695b4625/get_subports 0.015s
2019-01-03 12:11:41.524 11605 DEBUG tempest.lib.common.rest_client [req-26bccd8d-5aa9-432c-9f46-01e12a4b8020 ] Request - Headers: {'Content-Type': 'application/json', 'Accept': 'application/json', 'X-Auth-Token': ''} Body: None Response - Headers: {'status': '404', u'content-length': '134', 'content-location': 'http://172.30.9.28:9696/v2.0/trunks/b05b17d6-007e-4908-9765-a3ce695b4625/get_subports', u'date': 'Thu, 03 Jan 2019 12:11:41 GMT', u'content-type': 'application/json', u'connection': 'close', u'x-openstack-request-id': 'req-26bccd8d-5aa9-432c-9f46-01e12a4b8020'} Body: {"NeutronError": {"message": "Trunk b05b17d6-007e-4908-9765-a3ce695b4625 could not be found.", "type": "TrunkNotFound", "detail": ""}} _log_request_full /root/.rally/verification/verifier-67aa996e-f561-4aa3-b579-039f746bb89a/repo/tempest/lib/common/rest_client.py:434
2019-01-03 12:11:41.543 11605 INFO tempest.lib.common.rest_client [req-7b503095-bf98-418f-a537-a64290a590f7 ] Request (TrunkTestJSON:_run_cleanups): 404 DELETE http://172.30.9.28:9696/v2.0/trunks/b05b17d6-007e-4908-9765-a3ce695b4625 0.018s
2019-01-03 12:11:41.543 11605 DEBUG tempest.lib.common.rest_client [req-7b503095-bf98-418f-a537-a64290a590f7 ] Request - Headers: {'Content-Type': 'application/json', 'Accept': 'application/json', 'X-Auth-Token': ''} Body: None Response - Headers: {'status': '404', u'content-length': '134', 'content-location': 'http://172.30.9.28:9696/v2.0/trunks/b05b17d6-007e-4908-9765-a3ce695b4625', u'date': 'Thu, 03 Jan 2019 12:11:41 GMT', u'content-type': 'application/json', u'connection': 'close', u'x-openstack-request-id': 'req-7b503095-bf98-418f-a537-a64290a590f7'} Body: {"NeutronError": {"message": "Trunk b05b17d6-007e-4908-9765-a3ce695b4625 could not be found.", "type": "TrunkNotFound", "detail": ""}} _log_request_full /root/.rally/verification/verifier-67aa996e-f561-4aa3-b579-039f746bb89a/repo/tempest/lib/common/rest_client.py:434
2019-01-03 12:11:41.556 11625 INFO tempest.lib.common.rest_client [req-73bfb4df-22a2-40cf-909f-5f2bad7b8cce ] Request (TrunkTestJSON:_run_cleanups): 200 GET http://172.30.9.28:9696/v2.0/trunks/1faa5911-7a7b-4446-b92b-b3bc6534791e/get_subports 0.032s
2019-01-03 12:11:41.556 11625 DEBUG tempest.lib.common.rest_client [req-73bfb4df-22a2-40cf-909f-5f2bad7b8cce ] Request - Headers: {'Content-Type': 'application/json', 'Accept': 'application/json', 'X-Auth-Token': ''} Body: None Response - Headers: {'status': '200', u'content-length': '119', 'content-location': 'http://172.30.9.28:9696/v2.0/trunks/1faa5911-7a7b-4446-b92b-b3bc6534791e/get_subports', u'date': 'Thu, 03 Jan 2019 12:11:41 GMT', u'content-type': 'application/json', u'connection': 'close', u'x-openstack-request-id': 'req-73bfb4df-22a2-40cf-909f-5f2bad7b8cce'} Body: {"sub_ports": [{"segmentation_type": "vlan", "port_id": "31f72e34-b174-4485-bdf2-8363368cf8a5", "segmentation_id": 4}]} _log_request_full /root/.rally/verification/verifier-67aa996e-f561-4aa3-b579-039f746bb89a/repo/tempest/lib/common/rest_client.py:434
2019-01-03 12:11:41.559 11605 INFO tempest.lib.common.rest_client [req-2f44e2f6-f2ba-4f46-bd14-bd4e8ad84b76 ] Request (TrunkTestJSON:_run_cleanups): 404 GET http://172.30.9.28:9696/v2.0/trunks/cc2a78be-ec08-4437-b45f-5c6c26bc01fc/get_subports 0.015s
2019-01-03 12:11:41.559 11605 DEBUG tempest.lib.common.rest_client [req-2f44e2f6-f2ba-4f46-bd14-bd4e8ad84b76 ] Request - Headers: {'Content-Type': 'application/json', 'Accept': 'application/json', 'X-Auth-Token': ''} Body: None Response - Headers: {'status': '404', u'content-length': '134', 'content-location': 'http://172.30.9.28:9696/v2.0/trunks/cc2a78be-ec08-4437-b45f-5c6c26bc01fc/get_subports', u'date': 'Thu, 03 Jan 2019 12:11:41 GMT', u'content-type': 'application/json', u'connection': 'close', u'x-openstack-request-id': 'req-2f44e2f6-f2ba-4f46-bd14-bd4e8ad84b76'} Body: {"NeutronError": {"message": "Trunk cc2a78be-ec08-4437-b45f-5c6c26bc01fc could not be found.", "type": "TrunkNotFound", "detail": ""}} _log_request_full /root/.rally/verification/verifier-67aa996e-f561-4aa3-b579-039f746bb89a/repo/tempest/lib/common/rest_client.py:434
2019-01-03 12:11:41.578 11605 INFO tempest.lib.common.rest_client [req-d9348cb9-ebee-4eae-98ba-8a237ea9349f ] Request (TrunkTestJSON:_run_cleanups): 404 DELETE http://172.30.9.28:9696/v2.0/trunks/cc2a78be-ec08-4437-b45f-5c6c26bc01fc 0.017s
2019-01-03 12:11:41.578 11605 DEBUG tempest.lib.common.rest_client [req-d9348cb9-ebee-4eae-98ba-8a237ea9349f ] Request - Headers: {'Content-Type': 'application/json', 'Accept': 'application/json', 'X-Auth-Token': ''} Body: None Response - Headers: {'status': '404', u'content-length': '134', 'content-location': 'http://172.30.9.28:9696/v2.0/trunks/cc2a78be-ec08-4437-b45f-5c6c26bc01fc', u'date': 'Thu, 03 Jan 2019 12:11:41 GMT', u'content-type': 'application/json', u'connection': 'close', u'x-openstack-request-id': 'req-d9348cb9-ebee-4eae-98ba-8a237ea9349f'} Body: {"NeutronError": {"message": "Trunk cc2a78be-ec08-4437-b45f-5c6c26bc01fc could not be found.", "type": "TrunkNotFound", "detail": ""}} _log_request_full /root/.rally/verification/verifier-67aa996e-f561-4aa3-b579-039f746bb89a/repo/tempest/lib/common/rest_client.py:434
2019-01-03 12:11:41.597 11605 INFO tempest.lib.common.rest_client [req-4f80b29c-157a-4637-b053-e67b5de7d346 ] Request (TrunkTestJSON:_run_cleanups): 404 GET http://172.30.9.28:9696/v2.0/trunks/c47933af-9c8b-4f3c-9dfd-0837b661a1ba/get_subports 0.019s
2019-01-03 12:11:41.598 11605 DEBUG tempest.lib.common.rest_client [req-4f80b29c-157a-4637-b053-e67b5de7d346 ] Request - Headers: {'Content-Type': 'application/json', 'Accept': 'application/json', 'X-Auth-Token': ''} Body: None Response - Headers: {'status': '404', u'content-length': '134', 'content-location': 'http://172.30.9.28:9696/v2.0/trunks/c47933af-9c8b-4f3c-9dfd-0837b661a1ba/get_subports', u'date': 'Thu, 03 Jan 2019 12:11:41 GMT', u'content-type': 'application/json', u'connection': 'close', u'x-openstack-request-id': 'req-4f80b29c-157a-4637-b053-e67b5de7d346'} Body: {"NeutronError": {"message": "Trunk c47933af-9c8b-4f3c-9dfd-0837b661a1ba could not be found.", "type": "TrunkNotFound", "detail": ""}} _log_request_full /root/.rally/verification/verifier-67aa996e-f561-4aa3-b579-039f746bb89a/repo/tempest/lib/common/rest_client.py:434
2019-01-03 12:11:41.618 11605 INFO tempest.lib.common.rest_client [req-d2eed927-9233-4f77-b366-9637146649b1 ] Request (TrunkTestJSON:_run_cleanups): 404 DELETE http://172.30.9.28:9696/v2.0/trunks/c47933af-9c8b-4f3c-9dfd-0837b661a1ba 0.019s
2019-01-03 12:11:41.618 11605 DEBUG tempest.lib.common.rest_client [req-d2eed927-9233-4f77-b366-9637146649b1 ] Request - Headers: {'Content-Type': 'application/json', 'Accept': 'application/json', 'X-Auth-Token': ''} Body: None Response - Headers: {'status': '404', u'content-length': '134', 'content-location': 'http://172.30.9.28:9696/v2.0/trunks/c47933af-9c8b-4f3c-9dfd-0837b661a1ba', u'date': 'Thu, 03 Jan 2019 12:11:41 GMT', u'content-type': 'application/json', u'connection': 'close', u'x-openstack-request-id': 'req-d2eed927-9233-4f77-b366-9637146649b1'} Body: {"NeutronError": {"message": "Trunk c47933af-9c8b-4f3c-9dfd-0837b661a1ba could not be found.", "type": "TrunkNotFound", "detail": ""}} _log_request_full /root/.rally/verification/verifier-67aa996e-f561-4aa3-b579-039f746bb89a/repo/tempest/lib/common/rest_client.py:434
2019-01-03 12:11:41.625 11625 INFO tempest.lib.common.rest_client [req-c3002df4-a0f5-43a1-a4fd-6f3b5e2173ba ] Request (TrunkTestJSON:_run_cleanups): 200 PUT http://172.30.9.28:9696/v2.0/trunks/1faa5911-7a7b-4446-b92b-b3bc6534791e/remove_subports 0.067s
2019-01-03 12:11:41.625 11625 DEBUG tempest.lib.common.rest_client [req-c3002df4-a0f5-43a1-a4fd-6f3b5e2173ba ] Request - Headers: {'Content-Type': 'application/json', 'Accept': 'application/json', 'X-Auth-Token': ''} Body: {"sub_ports": [{"port_id": "31f72e34-b174-4485-bdf2-8363368cf8a5", "segmentation_type": "vlan", "segmentation_id": 4}]} Response - Headers: {'status': '200', u'content-length': '396', 'content-location': 'http://172.30.9.28:9696/v2.0/trunks/1faa5911-7a7b-4446-b92b-b3bc6534791e/remove_subports', u'date': 'Thu, 03 Jan 2019 12:11:41 GMT', u'content-type': 'application/json', u'connection': 'close', u'x-openstack-request-id': 'req-c3002df4-a0f5-43a1-a4fd-6f3b5e2173ba'} Body: {"status": "DOWN", "sub_ports": [], "name": "", "admin_state_up": true, "tenant_id": "dad0b96e1f9f400c8f1c758f85ddcbf0", "created_at": "2019-01-03T12:11:40Z", "tags": [], "updated_at": "2019-01-03T12:11:41Z", "revision_number": 2, "project_id": "dad0b96e1f9f400c8f1c758f85ddcbf0", "port_id": "752fc901-35ff-4f85-9cee-662a1fc72bd6", "id": "1faa5911-7a7b-4446-b92b-b3bc6534791e", "description": ""} _log_request_full /root/.rally/verification/verifier-67aa996e-f561-4aa3-b579-039f746bb89a/repo/tempest/lib/common/rest_client.py:434
2019-01-03 12:11:41.639 11605 INFO tempest.lib.common.rest_client [req-800ec528-871f-4a16-8f50-30f95f2a7bb7 ] Request (TrunkTestJSON:_run_cleanups): 404 GET http://172.30.9.28:9696/v2.0/trunks/de184707-210d-499b-91ad-cfec52c1d740/get_subports 0.020s
2019-01-03 12:11:41.640 11605 DEBUG tempest.lib.common.rest_client [req-800ec528-871f-4a16-8f50-30f95f2a7bb7 ] Request - Headers: {'Content-Type': 'application/json', 'Accept': 'application/json', 'X-Auth-Token': ''} Body: None Response - Headers: {'status': '404', u'content-length': '134', 'content-location': 'http://172.30.9.28:9696/v2.0/trunks/de184707-210d-499b-91ad-cfec52c1d740/get_subports', u'date': 'Thu, 03 Jan 2019 12:11:41 GMT', u'content-type': 'application/json', u'connection': 'close', u'x-openstack-request-id': 'req-800ec528-871f-4a16-8f50-30f95f2a7bb7'} Body: {"NeutronError": {"message": "Trunk de184707-210d-499b-91ad-cfec52c1d740 could not be found.", "type": "TrunkNotFound", "detail": ""}} _log_request_full /root/.rally/verification/verifier-67aa996e-f561-4aa3-b579-039f746bb89a/repo/tempest/lib/common/rest_client.py:434
2019-01-03 12:11:41.662 11605 INFO tempest.lib.common.rest_client [req-c74cd65d-e81d-431d-86b3-0943e9315e51 ] Request (TrunkTestJSON:_run_cleanups): 404 DELETE http://172.30.9.28:9696/v2.0/trunks/de184707-210d-499b-91ad-cfec52c1d740 0.021s
2019-01-03 12:11:41.663 11605 DEBUG tempest.lib.common.rest_client [req-c74cd65d-e81d-431d-86b3-0943e9315e51 ] Request - Headers: {'Content-Type': 'application/json', 'Accept': 'application/json', 'X-Auth-Token': ''} Body: None Response - Headers: {'status': '404', u'content-length': '134', 'content-location': 'http://172.30.9.28:9696/v2.0/trunks/de184707-210d-499b-91ad-cfec52c1d740', u'date': 'Thu, 03 Jan 2019 12:11:41 GMT', u'content-type': 'application/json', u'connection': 'close', u'x-openstack-request-id': 'req-c74cd65d-e81d-431d-86b3-0943e9315e51'} Body: {"NeutronError": {"message": "Trunk de184707-210d-499b-91ad-cfec52c1d740 could not be found.", "type": "TrunkNotFound", "detail": ""}} _log_request_full /root/.rally/verification/verifier-67aa996e-f561-4aa3-b579-039f746bb89a/repo/tempest/lib/common/rest_client.py:434
2019-01-03 12:11:41.679 11605 INFO tempest.lib.common.rest_client [req-d7fd525a-83d3-4243-9268-82ff615d42f4 ] Request (TrunkTestJSON:_run_cleanups): 404 GET http://172.30.9.28:9696/v2.0/trunks/606f8aaf-9059-494c-ab7a-f30c7d4b3254/get_subports 0.015s
2019-01-03 12:11:41.679 11605 DEBUG tempest.lib.common.rest_client [req-d7fd525a-83d3-4243-9268-82ff615d42f4 ] Request - Headers: {'Content-Type': 'application/json', 'Accept': 'application/json', 'X-Auth-Token': ''} Body: None Response - Headers: {'status': '404', u'content-length': '134', 'content-location': 'http://172.30.9.28:9696/v2.0/trunks/606f8aaf-9059-494c-ab7a-f30c7d4b3254/get_subports', u'date': 'Thu, 03 Jan 2019 12:11:41 GMT', u'content-type': 'application/json', u'connection': 'close', u'x-openstack-request-id': 'req-d7fd525a-83d3-4243-9268-82ff615d42f4'} Body: {"NeutronError": {"message": "Trunk 606f8aaf-9059-494c-ab7a-f30c7d4b3254 could not be found.", "type": "TrunkNotFound", "detail": ""}} _log_request_full /root/.rally/verification/verifier-67aa996e-f561-4aa3-b579-039f746bb89a/repo/tempest/lib/common/rest_client.py:434
2019-01-03 12:11:41.702 11605 INFO tempest.lib.common.rest_client [req-70e75515-a5fa-49b6-afaa-78df1bdc90a6 ] Request (TrunkTestJSON:_run_cleanups): 404 DELETE http://172.30.9.28:9696/v2.0/trunks/606f8aaf-9059-494c-ab7a-f30c7d4b3254 0.022s
2019-01-03 12:11:41.702 11605 DEBUG tempest.lib.common.rest_client [req-70e75515-a5fa-49b6-afaa-78df1bdc90a6 ] Request - Headers: {'Content-Type': 'application/json', 'Accept': 'application/json', 'X-Auth-Token': ''} Body: None Response - Headers: {'status': '404', u'content-length': '134', 'content-location': 'http://172.30.9.28:9696/v2.0/trunks/606f8aaf-9059-494c-ab7a-f30c7d4b3254', u'date': 'Thu, 03 Jan 2019 12:11:41 GMT', u'content-type': 'application/json', u'connection': 'close', u'x-openstack-request-id': 'req-70e75515-a5fa-49b6-afaa-78df1bdc90a6'} Body: {"NeutronError": {"message": "Trunk 606f8aaf-9059-494c-ab7a-f30c7d4b3254 could not be found.", "type": "TrunkNotFound", "detail": ""}} _log_request_full /root/.rally/verification/verifier-67aa996e-f561-4aa3-b579-039f746bb89a/repo/tempest/lib/common/rest_client.py:434
2019-01-03 12:11:41.719 11605 INFO tempest.lib.common.rest_client [req-f908d7b5-41c2-47f0-8f46-25a4376db952 ] Request (TrunkTestJSON:_run_cleanups): 404 GET http://172.30.9.28:9696/v2.0/trunks/4184f122-0591-4a7b-8b35-dcf478d950b3/get_subports 0.016s
2019-01-03 12:11:41.719 11605 DEBUG tempest.lib.common.rest_client [req-f908d7b5-41c2-47f0-8f46-25a4376db952 ] Request - Headers: {'Content-Type': 'application/json', 'Accept': 'application/json', 'X-Auth-Token': ''} Body: None Response - Headers: {'status': '404', u'content-length': '134', 'content-location': 'http://172.30.9.28:9696/v2.0/trunks/4184f122-0591-4a7b-8b35-dcf478d950b3/get_subports', u'date': 'Thu, 03 Jan 2019 12:11:41 GMT', u'content-type': 'application/json', u'connection': 'close', u'x-openstack-request-id': 'req-f908d7b5-41c2-47f0-8f46-25a4376db952'} Body: {"NeutronError": {"message": "Trunk 4184f122-0591-4a7b-8b35-dcf478d950b3 could not be found.", "type": "TrunkNotFound", "detail": ""}} _log_request_full /root/.rally/verification/verifier-67aa996e-f561-4aa3-b579-039f746bb89a/repo/tempest/lib/common/rest_client.py:434
2019-01-03 12:11:41.738 11605 INFO tempest.lib.common.rest_client [req-8d68bf2b-c875-4d1d-bf0f-f05d6d7cb617 ] Request (TrunkTestJSON:_run_cleanups): 404 DELETE http://172.30.9.28:9696/v2.0/trunks/4184f122-0591-4a7b-8b35-dcf478d950b3 0.018s
2019-01-03 12:11:41.739 11605 DEBUG tempest.lib.common.rest_client [req-8d68bf2b-c875-4d1d-bf0f-f05d6d7cb617 ] Request - Headers: {'Content-Type': 'application/json', 'Accept': 'application/json', 'X-Auth-Token': ''} Body: None Response - Headers: {'status': '404', u'content-length': '134', 'content-location': 'http://172.30.9.28:9696/v2.0/trunks/4184f122-0591-4a7b-8b35-dcf478d950b3', u'date': 'Thu, 03 Jan 2019 12:11:41 GMT', u'content-type': 'application/json', u'connection': 'close', u'x-openstack-request-id': 'req-8d68bf2b-c875-4d1d-bf0f-f05d6d7cb617'} Body: {"NeutronError": {"message": "Trunk 4184f122-0591-4a7b-8b35-dcf478d950b3 could not be found.", "type": "TrunkNotFound", "detail": ""}} _log_request_full /root/.rally/verification/verifier-67aa996e-f561-4aa3-b579-039f746bb89a/repo/tempest/lib/common/rest_client.py:434
2019-01-03 12:11:41.740 11625 INFO tempest.lib.common.rest_client [req-a4b351ea-2c35-42bf-a231-c7593ab02f45 ] Request (TrunkTestJSON:_run_cleanups): 204 DELETE http://172.30.9.28:9696/v2.0/trunks/1faa5911-7a7b-4446-b92b-b3bc6534791e 0.114s
2019-01-03 12:11:41.740 11625 DEBUG tempest.lib.common.rest_client [req-a4b351ea-2c35-42bf-a231-c7593ab02f45 ] Request - Headers: {'Content-Type': 'application/json', 'Accept': 'application/json', 'X-Auth-Token': ''} Body: None Response - Headers: {'status': '204', u'content-length': '0', 'content-location': 'http://172.30.9.28:9696/v2.0/trunks/1faa5911-7a7b-4446-b92b-b3bc6534791e', u'date': 'Thu, 03 Jan 2019 12:11:41 GMT', u'connection': 'close', u'x-openstack-request-id': 'req-a4b351ea-2c35-42bf-a231-c7593ab02f45'} Body: _log_request_full /root/.rally/verification/verifier-67aa996e-f561-4aa3-b579-039f746bb89a/repo/tempest/lib/common/rest_client.py:434
2019-01-03 12:11:41.771 11605 INFO tempest.lib.common.rest_client [req-64d36a5b-37e8-4f7a-898f-506a5962355d ] Request (TrunkTestJSON:_run_cleanups): 404 DELETE http://172.30.9.28:9696/v2.0/ports/13a687ab-b0a8-4358-8f0f-63e1de6f9720 0.031s
2019-01-03 12:11:41.771 11605 DEBUG tempest.lib.common.rest_client [req-64d36a5b-37e8-4f7a-898f-506a5962355d ] Request - Headers: {'Content-Type': 'application/json', 'Accept': 'application/json', 'X-Auth-Token': ''} Body: None Response - Headers: {'status': '404', u'content-length': '132', 'content-location': 'http://172.30.9.28:9696/v2.0/ports/13a687ab-b0a8-4358-8f0f-63e1de6f9720', u'date': 'Thu, 03 Jan 2019 12:11:41 GMT', u'content-type': 'application/json', u'connection': 'close', u'x-openstack-request-id': 'req-64d36a5b-37e8-4f7a-898f-506a5962355d'} Body: {"NeutronError": {"message": "Port 13a687ab-b0a8-4358-8f0f-63e1de6f9720 could not be found.", "type": "PortNotFound", "detail": ""}} _log_request_full /root/.rally/verification/verifier-67aa996e-f561-4aa3-b579-039f746bb89a/repo/tempest/lib/common/rest_client.py:434
2019-01-03 12:11:41.775 11625 INFO tempest.lib.common.rest_client [req-3834aebd-3e34-4bdf-ba1f-9a474d1833d3 ] Request (TrunkTestJSON:_run_cleanups): 404 DELETE http://172.30.9.28:9696/v2.0/ports/e3fa148e-fd57-4d48-8c2c-bd863a596e56 0.034s
2019-01-03 12:11:41.776 11625 DEBUG tempest.lib.common.rest_client [req-3834aebd-3e34-4bdf-ba1f-9a474d1833d3 ] Request - Headers: {'Content-Type': 'application/json', 'Accept': 'application/json', 'X-Auth-Token': ''} Body: None Response - Headers: {'status': '404', u'content-length': '132', 'content-location': 'http://172.30.9.28:9696/v2.0/ports/e3fa148e-fd57-4d48-8c2c-bd863a596e56', u'date': 'Thu, 03 Jan 2019 12:11:41 GMT', u'content-type': 'application/json', u'connection': 'close', u'x-openstack-request-id': 'req-3834aebd-3e34-4bdf-ba1f-9a474d1833d3'} Body: {"NeutronError": {"message": "Port e3fa148e-fd57-4d48-8c2c-bd863a596e56 could not be found.", "type": "PortNotFound", "detail": ""}} _log_request_full /root/.rally/verification/verifier-67aa996e-f561-4aa3-b579-039f746bb89a/repo/tempest/lib/common/rest_client.py:434
2019-01-03 12:11:41.805 11605 INFO tempest.lib.common.rest_client [req-09bf2a19-027b-4472-a4d9-662cd464f784 ] Request (TrunkTestJSON:_run_cleanups): 404 DELETE http://172.30.9.28:9696/v2.0/ports/855f769d-27d4-4279-ad8c-f8412d6951d0 0.032s
2019-01-03 12:11:41.805 11605 DEBUG tempest.lib.common.rest_client [req-09bf2a19-027b-4472-a4d9-662cd464f784 ] Request - Headers: {'Content-Type': 'application/json', 'Accept': 'application/json', 'X-Auth-Token': ''} Body: None Response - Headers: {'status': '404', u'content-length': '132', 'content-location': 'http://172.30.9.28:9696/v2.0/ports/855f769d-27d4-4279-ad8c-f8412d6951d0', u'date': 'Thu, 03 Jan 2019 12:11:41 GMT', u'content-type': 'application/json', u'connection': 'close', u'x-openstack-request-id': 'req-09bf2a19-027b-4472-a4d9-662cd464f784'} Body: {"NeutronError": {"message": "Port 855f769d-27d4-4279-ad8c-f8412d6951d0 could not be found.", "type": "PortNotFound", "detail": ""}} _log_request_full /root/.rally/verification/verifier-67aa996e-f561-4aa3-b579-039f746bb89a/repo/tempest/lib/common/rest_client.py:434
2019-01-03 12:11:41.809 11625 INFO tempest.lib.common.rest_client [req-eac36242-3a9c-4999-a48f-97edc917d048 ] Request (TrunkTestJSON:_run_cleanups): 404 DELETE http://172.30.9.28:9696/v2.0/ports/36be98b9-d0aa-4ce2-b119-ef6214104f0f 0.032s
2019-01-03 12:11:41.809 11625 DEBUG tempest.lib.common.rest_client [req-eac36242-3a9c-4999-a48f-97edc917d048 ] Request - Headers: {'Content-Type': 'application/json', 'Accept': 'application/json', 'X-Auth-Token': ''} Body: None Response - Headers: {'status': '404', u'content-length': '132', 'content-location': 'http://172.30.9.28:9696/v2.0/ports/36be98b9-d0aa-4ce2-b119-ef6214104f0f', u'date': 'Thu, 03 Jan 2019 12:11:41 GMT', u'content-type': 'application/json', u'connection': 'close', u'x-openstack-request-id': 'req-eac36242-3a9c-4999-a48f-97edc917d048'} Body: {"NeutronError": {"message": "Port 36be98b9-d0aa-4ce2-b119-ef6214104f0f could not be found.", "type": "PortNotFound", "detail": ""}} _log_request_full /root/.rally/verification/verifier-67aa996e-f561-4aa3-b579-039f746bb89a/repo/tempest/lib/common/rest_client.py:434
2019-01-03 12:11:41.842 11605 INFO tempest.lib.common.rest_client [req-43cfc335-af67-4b54-988c-854d116375da ] Request (TrunkTestJSON:_run_cleanups): 404 DELETE http://172.30.9.28:9696/v2.0/ports/336ee283-6caf-4dcc-8d2d-edf3b04e4419 0.036s
2019-01-03 12:11:41.842 11605 DEBUG tempest.lib.common.rest_client [req-43cfc335-af67-4b54-988c-854d116375da ] Request - Headers: {'Content-Type': 'application/json', 'Accept': 'application/json', 'X-Auth-Token': ''} Body: None Response - Headers: {'status': '404', u'content-length': '132', 'content-location': 'http://172.30.9.28:9696/v2.0/ports/336ee283-6caf-4dcc-8d2d-edf3b04e4419', u'date': 'Thu, 03 Jan 2019 12:11:41 GMT', u'content-type': 'application/json', u'connection': 'close', u'x-openstack-request-id': 'req-43cfc335-af67-4b54-988c-854d116375da'} Body: {"NeutronError": {"message": "Port 336ee283-6caf-4dcc-8d2d-edf3b04e4419 could not be found.", "type": "PortNotFound", "detail": ""}} _log_request_full /root/.rally/verification/verifier-67aa996e-f561-4aa3-b579-039f746bb89a/repo/tempest/lib/common/rest_client.py:434
2019-01-03 12:11:41.844 11625 INFO tempest.lib.common.rest_client [req-44c1db98-8c8d-4ccd-a0ea-3588196dcb3c ] Request (TrunkTestJSON:_run_cleanups): 404 DELETE http://172.30.9.28:9696/v2.0/ports/7fd97c7b-4786-4240-ab88-06e2f386d950 0.033s
2019-01-03 12:11:41.844 11625 DEBUG tempest.lib.common.rest_client [req-44c1db98-8c8d-4ccd-a0ea-3588196dcb3c ] Request - Headers: {'Content-Type': 'application/json', 'Accept': 'application/json', 'X-Auth-Token': ''} Body: None Response - Headers: {'status': '404', u'content-length': '132', 'content-location': 'http://172.30.9.28:9696/v2.0/ports/7fd97c7b-4786-4240-ab88-06e2f386d950', u'date': 'Thu, 03 Jan 2019 12:11:41 GMT', u'content-type': 'application/json', u'connection': 'close', u'x-openstack-request-id': 'req-44c1db98-8c8d-4ccd-a0ea-3588196dcb3c'} Body: {"NeutronError": {"message": "Port 7fd97c7b-4786-4240-ab88-06e2f386d950 could not be found.", "type": "PortNotFound", "detail": ""}} _log_request_full /root/.rally/verification/verifier-67aa996e-f561-4aa3-b579-039f746bb89a/repo/tempest/lib/common/rest_client.py:434
2019-01-03 12:11:41.875 11605 INFO tempest.lib.common.rest_client [req-f5803489-6ab5-4397-b632-8cbafddc50af ] Request (TrunkTestJSON:_run_cleanups): 404 DELETE http://172.30.9.28:9696/v2.0/ports/c23bea06-6658-4a27-aa07-c887dd41e455 0.031s
2019-01-03 12:11:41.875 11605 DEBUG tempest.lib.common.rest_client [req-f5803489-6ab5-4397-b632-8cbafddc50af ] Request - Headers: {'Content-Type': 'application/json', 'Accept': 'application/json', 'X-Auth-Token': ''} Body: None Response - Headers: {'status': '404', u'content-length': '132', 'content-location': 'http://172.30.9.28:9696/v2.0/ports/c23bea06-6658-4a27-aa07-c887dd41e455', u'date': 'Thu, 03 Jan 2019 12:11:41 GMT', u'content-type': 'application/json', u'connection': 'close', u'x-openstack-request-id': 'req-f5803489-6ab5-4397-b632-8cbafddc50af'} Body: {"NeutronError": {"message": "Port c23bea06-6658-4a27-aa07-c887dd41e455 could not be found.", "type": "PortNotFound", "detail": ""}} _log_request_full /root/.rally/verification/verifier-67aa996e-f561-4aa3-b579-039f746bb89a/repo/tempest/lib/common/rest_client.py:434
2019-01-03 12:11:41.877 11625 INFO tempest.lib.common.rest_client [req-d253b551-dad5-4e8c-82fa-ab370e1fb72f ] Request (TrunkTestJSON:_run_cleanups): 404 DELETE http://172.30.9.28:9696/v2.0/ports/7609fc35-a2e9-47dd-a7f9-058b36ef8e2c 0.032s
2019-01-03 12:11:41.878 11625 DEBUG tempest.lib.common.rest_client [req-d253b551-dad5-4e8c-82fa-ab370e1fb72f ] Request - Headers: {'Content-Type': 'application/json', 'Accept': 'application/json', 'X-Auth-Token': ''} Body: None Response - Headers: {'status': '404', u'content-length': '132', 'content-location': 'http://172.30.9.28:9696/v2.0/ports/7609fc35-a2e9-47dd-a7f9-058b36ef8e2c', u'date': 'Thu, 03 Jan 2019 12:11:41 GMT', u'content-type': 'application/json', u'connection': 'close', u'x-openstack-request-id': 'req-d253b551-dad5-4e8c-82fa-ab370e1fb72f'} Body: {"NeutronError": {"message": "Port 7609fc35-a2e9-47dd-a7f9-058b36ef8e2c could not be found.", "type": "PortNotFound", "detail": ""}} _log_request_full /root/.rally/verification/verifier-67aa996e-f561-4aa3-b579-039f746bb89a/repo/tempest/lib/common/rest_client.py:434
2019-01-03 12:11:41.910 11605 INFO tempest.lib.common.rest_client [req-963e25bf-aa72-4b1c-8f5c-edc1f1f3b29c ] Request (TrunkTestJSON:_run_cleanups): 404 DELETE http://172.30.9.28:9696/v2.0/ports/4bc84f49-50fd-4004-b12c-0d10b18ceb93 0.034s
2019-01-03 12:11:41.910 11625 INFO tempest.lib.common.rest_client [req-fec2e05d-72d6-47f6-8377-61d47abd975b ] Request (TrunkTestJSON:_run_cleanups): 404 DELETE http://172.30.9.28:9696/v2.0/ports/4d6f70d3-4dc4-43df-a724-11af79bafadd 0.032s
2019-01-03 12:11:41.911 11605 DEBUG tempest.lib.common.rest_client [req-963e25bf-aa72-4b1c-8f5c-edc1f1f3b29c ] Request - Headers: {'Content-Type': 'application/json', 'Accept': 'application/json', 'X-Auth-Token': ''} Body: None Response - Headers: {'status': '404', u'content-length': '132', 'content-location': 'http://172.30.9.28:9696/v2.0/ports/4bc84f49-50fd-4004-b12c-0d10b18ceb93', u'date': 'Thu, 03 Jan 2019 12:11:41 GMT', u'content-type': 'application/json', u'connection': 'close', u'x-openstack-request-id': 'req-963e25bf-aa72-4b1c-8f5c-edc1f1f3b29c'} Body: {"NeutronError": {"message": "Port 4bc84f49-50fd-4004-b12c-0d10b18ceb93 could not be found.", "type": "PortNotFound", "detail": ""}} _log_request_full /root/.rally/verification/verifier-67aa996e-f561-4aa3-b579-039f746bb89a/repo/tempest/lib/common/rest_client.py:434
2019-01-03 12:11:41.911 11625 DEBUG tempest.lib.common.rest_client [req-fec2e05d-72d6-47f6-8377-61d47abd975b ] Request - Headers: {'Content-Type': 'application/json', 'Accept': 'application/json', 'X-Auth-Token': ''} Body: None Response - Headers: {'status': '404', u'content-length': '132', 'content-location': 'http://172.30.9.28:9696/v2.0/ports/4d6f70d3-4dc4-43df-a724-11af79bafadd', u'date': 'Thu, 03 Jan 2019 12:11:41 GMT', u'content-type': 'application/json', u'connection': 'close', u'x-openstack-request-id': 'req-fec2e05d-72d6-47f6-8377-61d47abd975b'} Body: {"NeutronError": {"message": "Port 4d6f70d3-4dc4-43df-a724-11af79bafadd could not be found.", "type": "PortNotFound", "detail": ""}} _log_request_full /root/.rally/verification/verifier-67aa996e-f561-4aa3-b579-039f746bb89a/repo/tempest/lib/common/rest_client.py:434
2019-01-03 12:11:41.942 11625 INFO tempest.lib.common.rest_client [req-831f3b6f-b2b7-42c3-aab8-b1e7d454feee ] Request (TrunkTestJSON:_run_cleanups): 404 DELETE http://172.30.9.28:9696/v2.0/ports/a88cc3d5-7c65-49e7-9747-d0473e399a2b 0.030s
2019-01-03 12:11:41.942 11625 DEBUG tempest.lib.common.rest_client [req-831f3b6f-b2b7-42c3-aab8-b1e7d454feee ] Request - Headers: {'Content-Type': 'application/json', 'Accept': 'application/json', 'X-Auth-Token': ''} Body: None Response - Headers: {'status': '404', u'content-length': '132', 'content-location': 'http://172.30.9.28:9696/v2.0/ports/a88cc3d5-7c65-49e7-9747-d0473e399a2b', u'date': 'Thu, 03 Jan 2019 12:11:41 GMT', u'content-type': 'application/json', u'connection': 'close', u'x-openstack-request-id': 'req-831f3b6f-b2b7-42c3-aab8-b1e7d454feee'} Body: {"NeutronError": {"message": "Port a88cc3d5-7c65-49e7-9747-d0473e399a2b could not be found.", "type": "PortNotFound", "detail": ""}} _log_request_full /root/.rally/verification/verifier-67aa996e-f561-4aa3-b579-039f746bb89a/repo/tempest/lib/common/rest_client.py:434
2019-01-03 12:11:41.944 11605 INFO tempest.lib.common.rest_client [req-f8804851-fbc8-4e85-8684-951e07b54498 ] Request (TrunkTestJSON:_run_cleanups): 404 DELETE http://172.30.9.28:9696/v2.0/ports/100c7505-ce08-40d9-8402-3f1d9250b983 0.032s
2019-01-03 12:11:41.944 11605 DEBUG tempest.lib.common.rest_client [req-f8804851-fbc8-4e85-8684-951e07b54498 ] Request - Headers: {'Content-Type': 'application/json', 'Accept': 'application/json', 'X-Auth-Token': ''} Body: None Response - Headers: {'status': '404', u'content-length': '132', 'content-location': 'http://172.30.9.28:9696/v2.0/ports/100c7505-ce08-40d9-8402-3f1d9250b983', u'date': 'Thu, 03 Jan 2019 12:11:41 GMT', u'content-type': 'application/json', u'connection': 'close', u'x-openstack-request-id': 'req-f8804851-fbc8-4e85-8684-951e07b54498'} Body: {"NeutronError": {"message": "Port 100c7505-ce08-40d9-8402-3f1d9250b983 could not be found.", "type": "PortNotFound", "detail": ""}} _log_request_full /root/.rally/verification/verifier-67aa996e-f561-4aa3-b579-039f746bb89a/repo/tempest/lib/common/rest_client.py:434
2019-01-03 12:11:41.981 11605 INFO tempest.lib.common.rest_client [req-3452d209-f67e-4ac3-bffb-bda178135e02 ] Request (TrunkTestJSON:_run_cleanups): 404 DELETE http://172.30.9.28:9696/v2.0/ports/b3ab5a6e-b7df-4303-8a8d-e25af8d2e447 0.036s
2019-01-03 12:11:41.982 11605 DEBUG tempest.lib.common.rest_client [req-3452d209-f67e-4ac3-bffb-bda178135e02 ] Request - Headers: {'Content-Type': 'application/json', 'Accept': 'application/json', 'X-Auth-Token': ''} Body: None Response - Headers: {'status': '404', u'content-length': '132', 'content-location': 'http://172.30.9.28:9696/v2.0/ports/b3ab5a6e-b7df-4303-8a8d-e25af8d2e447', u'date': 'Thu, 03 Jan 2019 12:11:41 GMT', u'content-type': 'application/json', u'connection': 'close', u'x-openstack-request-id': 'req-3452d209-f67e-4ac3-bffb-bda178135e02'} Body: {"NeutronError": {"message": "Port b3ab5a6e-b7df-4303-8a8d-e25af8d2e447 could not be found.", "type": "PortNotFound", "detail": ""}} _log_request_full /root/.rally/verification/verifier-67aa996e-f561-4aa3-b579-039f746bb89a/repo/tempest/lib/common/rest_client.py:434
2019-01-03 12:11:42.015 11605 INFO tempest.lib.common.rest_client [req-2d16b0bf-9eeb-4512-ae6e-eb7b7f0b3102 ] Request (TrunkTestJSON:_run_cleanups): 404 DELETE http://172.30.9.28:9696/v2.0/ports/c3c3de03-046d-44a0-91c4-d10e55265c56 0.033s
2019-01-03 12:11:42.016 11605 DEBUG tempest.lib.common.rest_client [req-2d16b0bf-9eeb-4512-ae6e-eb7b7f0b3102 ] Request - Headers: {'Content-Type': 'application/json', 'Accept': 'application/json', 'X-Auth-Token': ''} Body: None Response - Headers: {'status': '404', u'content-length': '132', 'content-location': 'http://172.30.9.28:9696/v2.0/ports/c3c3de03-046d-44a0-91c4-d10e55265c56', u'date': 'Thu, 03 Jan 2019 12:11:42 GMT', u'content-type': 'application/json', u'connection': 'close', u'x-openstack-request-id': 'req-2d16b0bf-9eeb-4512-ae6e-eb7b7f0b3102'} Body: {"NeutronError": {"message": "Port c3c3de03-046d-44a0-91c4-d10e55265c56 could not be found.", "type": "PortNotFound", "detail": ""}} _log_request_full /root/.rally/verification/verifier-67aa996e-f561-4aa3-b579-039f746bb89a/repo/tempest/lib/common/rest_client.py:434
2019-01-03 12:11:42.052 11605 INFO tempest.lib.common.rest_client [req-6cc2fe4e-0f82-47a0-b493-87c6f1302797 ] Request (TrunkTestJSON:_run_cleanups): 404 DELETE http://172.30.9.28:9696/v2.0/ports/19ebdc43-372a-45c5-9117-909a04664387 0.035s
2019-01-03 12:11:42.052 11605 DEBUG tempest.lib.common.rest_client [req-6cc2fe4e-0f82-47a0-b493-87c6f1302797 ] Request - Headers: {'Content-Type': 'application/json', 'Accept': 'application/json', 'X-Auth-Token': ''} Body: None Response - Headers: {'status': '404', u'content-length': '132', 'content-location': 'http://172.30.9.28:9696/v2.0/ports/19ebdc43-372a-45c5-9117-909a04664387', u'date': 'Thu, 03 Jan 2019 12:11:42 GMT', u'content-type': 'application/json', u'connection': 'close', u'x-openstack-request-id': 'req-6cc2fe4e-0f82-47a0-b493-87c6f1302797'} Body: {"NeutronError": {"message": "Port 19ebdc43-372a-45c5-9117-909a04664387 could not be found.", "type": "PortNotFound", "detail": ""}} _log_request_full /root/.rally/verification/verifier-67aa996e-f561-4aa3-b579-039f746bb89a/repo/tempest/lib/common/rest_client.py:434
2019-01-03 12:11:42.088 11605 INFO tempest.lib.common.rest_client [req-31322411-342d-41ce-8797-84d9f0f56c48 ] Request (TrunkTestJSON:_run_cleanups): 404 DELETE http://172.30.9.28:9696/v2.0/ports/fb762c5d-2e16-461d-aa97-362b06d8846a 0.035s
2019-01-03 12:11:42.089 11605 DEBUG tempest.lib.common.rest_client [req-31322411-342d-41ce-8797-84d9f0f56c48 ] Request - Headers: {'Content-Type': 'application/json', 'Accept': 'application/json', 'X-Auth-Token': ''} Body: None Response - Headers: {'status': '404', u'content-length': '132', 'content-location': 'http://172.30.9.28:9696/v2.0/ports/fb762c5d-2e16-461d-aa97-362b06d8846a', u'date': 'Thu, 03 Jan 2019 12:11:42 GMT', u'content-type': 'application/json', u'connection': 'close', u'x-openstack-request-id': 'req-31322411-342d-41ce-8797-84d9f0f56c48'} Body: {"NeutronError": {"message": "Port fb762c5d-2e16-461d-aa97-362b06d8846a could not be found.", "type": "PortNotFound", "detail": ""}} _log_request_full /root/.rally/verification/verifier-67aa996e-f561-4aa3-b579-039f746bb89a/repo/tempest/lib/common/rest_client.py:434
2019-01-03 12:11:42.110 11625 INFO tempest.lib.common.rest_client [req-c49f7600-fdea-4a25-90f7-15346b780351 ] Request (TrunkTestJSON:_run_cleanups): 404 DELETE http://172.30.9.28:9696/v2.0/ports/39619c20-92be-470f-9172-6a37f490cf59 0.167s
2019-01-03 12:11:42.111 11625 DEBUG tempest.lib.common.rest_client [req-c49f7600-fdea-4a25-90f7-15346b780351 ] Request - Headers: {'Content-Type': 'application/json', 'Accept': 'application/json', 'X-Auth-Token': ''} Body: None Response - Headers: {'status': '404', u'content-length': '132', 'content-location': 'http://172.30.9.28:9696/v2.0/ports/39619c20-92be-470f-9172-6a37f490cf59', u'date': 'Thu, 03 Jan 2019 12:11:42 GMT', u'content-type': 'application/json', u'connection': 'close', u'x-openstack-request-id': 'req-c49f7600-fdea-4a25-90f7-15346b780351'} Body: {"NeutronError": {"message": "Port 39619c20-92be-470f-9172-6a37f490cf59 could not be found.", "type": "PortNotFound", "detail": ""}} _log_request_full /root/.rally/verification/verifier-67aa996e-f561-4aa3-b579-039f746bb89a/repo/tempest/lib/common/rest_client.py:434
2019-01-03 12:11:42.123 11605 INFO tempest.lib.common.rest_client [req-fe7bf1af-c963-4a2f-a8be-b8874aeaa626 ] Request (TrunkTestJSON:_run_cleanups): 404 DELETE http://172.30.9.28:9696/v2.0/ports/75b74422-51a7-4ebc-ae1f-dbdc60927c89 0.034s
2019-01-03 12:11:42.124 11605 DEBUG tempest.lib.common.rest_client [req-fe7bf1af-c963-4a2f-a8be-b8874aeaa626 ] Request - Headers: {'Content-Type': 'application/json', 'Accept': 'application/json', 'X-Auth-Token': ''} Body: None Response - Headers: {'status': '404', u'content-length': '132', 'content-location': 'http://172.30.9.28:9696/v2.0/ports/75b74422-51a7-4ebc-ae1f-dbdc60927c89', u'date': 'Thu, 03 Jan 2019 12:11:42 GMT', u'content-type': 'application/json', u'connection': 'close', u'x-openstack-request-id': 'req-fe7bf1af-c963-4a2f-a8be-b8874aeaa626'} Body: {"NeutronError": {"message": "Port 75b74422-51a7-4ebc-ae1f-dbdc60927c89 could not be found.", "type": "PortNotFound", "detail": ""}} _log_request_full /root/.rally/verification/verifier-67aa996e-f561-4aa3-b579-039f746bb89a/repo/tempest/lib/common/rest_client.py:434
2019-01-03 12:11:42.142 11625 INFO tempest.lib.common.rest_client [req-936180f5-35c8-4ff0-9454-88e90648b676 ] Request (TrunkTestJSON:_run_cleanups): 404 DELETE http://172.30.9.28:9696/v2.0/ports/f0bfe98e-14fc-4744-8c12-2d157efef2f3 0.030s
2019-01-03 12:11:42.142 11625 DEBUG tempest.lib.common.rest_client [req-936180f5-35c8-4ff0-9454-88e90648b676 ] Request - Headers: {'Content-Type': 'application/json', 'Accept': 'application/json', 'X-Auth-Token': ''} Body: None Response - Headers: {'status': '404', u'content-length': '132', 'content-location': 'http://172.30.9.28:9696/v2.0/ports/f0bfe98e-14fc-4744-8c12-2d157efef2f3', u'date': 'Thu, 03 Jan 2019 12:11:42 GMT', u'content-type': 'application/json', u'connection': 'close', u'x-openstack-request-id': 'req-936180f5-35c8-4ff0-9454-88e90648b676'} Body: {"NeutronError": {"message": "Port f0bfe98e-14fc-4744-8c12-2d157efef2f3 could not be found.", "type": "PortNotFound", "detail": ""}} _log_request_full /root/.rally/verification/verifier-67aa996e-f561-4aa3-b579-039f746bb89a/repo/tempest/lib/common/rest_client.py:434
2019-01-03 12:11:42.156 11605 INFO tempest.lib.common.rest_client [req-fa2f6532-514f-4a27-913b-c36fb4f9044f ] Request (TrunkTestJSON:_run_cleanups): 404 DELETE http://172.30.9.28:9696/v2.0/ports/6fa421bd-614c-4323-930d-02cc1d595912 0.031s
2019-01-03 12:11:42.156 11605 DEBUG tempest.lib.common.rest_client [req-fa2f6532-514f-4a27-913b-c36fb4f9044f ] Request - Headers: {'Content-Type': 'application/json', 'Accept': 'application/json', 'X-Auth-Token': ''} Body: None Response - Headers: {'status': '404', u'content-length': '132', 'content-location': 'http://172.30.9.28:9696/v2.0/ports/6fa421bd-614c-4323-930d-02cc1d595912', u'date': 'Thu, 03 Jan 2019 12:11:42 GMT', u'content-type': 'application/json', u'connection': 'close', u'x-openstack-request-id': 'req-fa2f6532-514f-4a27-913b-c36fb4f9044f'} Body: {"NeutronError": {"message": "Port 6fa421bd-614c-4323-930d-02cc1d595912 could not be found.", "type": "PortNotFound", "detail": ""}} _log_request_full /root/.rally/verification/verifier-67aa996e-f561-4aa3-b579-039f746bb89a/repo/tempest/lib/common/rest_client.py:434
2019-01-03 12:11:42.173 11625 INFO tempest.lib.common.rest_client [req-c099aa33-1ed3-4781-a331-ccd3ad772851 ] Request (TrunkTestJSON:_run_cleanups): 404 DELETE http://172.30.9.28:9696/v2.0/ports/6dde1d9a-24a0-4a6a-9fd9-8a2e7ec27a73 0.030s
2019-01-03 12:11:42.173 11625 DEBUG tempest.lib.common.rest_client [req-c099aa33-1ed3-4781-a331-ccd3ad772851 ] Request - Headers: {'Content-Type': 'application/json', 'Accept': 'application/json', 'X-Auth-Token': ''} Body: None Response - Headers: {'status': '404', u'content-length': '132', 'content-location': 'http://172.30.9.28:9696/v2.0/ports/6dde1d9a-24a0-4a6a-9fd9-8a2e7ec27a73', u'date': 'Thu, 03 Jan 2019 12:11:42 GMT', u'content-type': 'application/json', u'connection': 'close', u'x-openstack-request-id': 'req-c099aa33-1ed3-4781-a331-ccd3ad772851'} Body: {"NeutronError": {"message": "Port 6dde1d9a-24a0-4a6a-9fd9-8a2e7ec27a73 could not be found.", "type": "PortNotFound", "detail": ""}} _log_request_full /root/.rally/verification/verifier-67aa996e-f561-4aa3-b579-039f746bb89a/repo/tempest/lib/common/rest_client.py:434
2019-01-03 12:11:42.190 11605 INFO tempest.lib.common.rest_client [req-943031fd-1332-4d62-915a-8997ec24f4b5 ] Request (TrunkTestJSON:_run_cleanups): 404 DELETE http://172.30.9.28:9696/v2.0/ports/8da03b03-32b5-46f3-871f-a0b8cc696a0f 0.033s
2019-01-03 12:11:42.190 11605 DEBUG tempest.lib.common.rest_client [req-943031fd-1332-4d62-915a-8997ec24f4b5 ] Request - Headers: {'Content-Type': 'application/json', 'Accept': 'application/json', 'X-Auth-Token': ''} Body: None Response - Headers: {'status': '404', u'content-length': '132', 'content-location': 'http://172.30.9.28:9696/v2.0/ports/8da03b03-32b5-46f3-871f-a0b8cc696a0f', u'date': 'Thu, 03 Jan 2019 12:11:42 GMT', u'content-type': 'application/json', u'connection': 'close', u'x-openstack-request-id': 'req-943031fd-1332-4d62-915a-8997ec24f4b5'} Body: {"NeutronError": {"message": "Port 8da03b03-32b5-46f3-871f-a0b8cc696a0f could not be found.", "type": "PortNotFound", "detail": ""}} _log_request_full /root/.rally/verification/verifier-67aa996e-f561-4aa3-b579-039f746bb89a/repo/tempest/lib/common/rest_client.py:434
2019-01-03 12:11:42.211 11625 INFO tempest.lib.common.rest_client [req-2292d953-1aaa-442f-862a-8aee2f1743ab ] Request (TrunkTestJSON:_run_cleanups): 404 DELETE http://172.30.9.28:9696/v2.0/ports/13f7b518-13d8-476d-b45a-a80d9652c2fb 0.037s
2019-01-03 12:11:42.212 11625 DEBUG tempest.lib.common.rest_client [req-2292d953-1aaa-442f-862a-8aee2f1743ab ] Request - Headers: {'Content-Type': 'application/json', 'Accept': 'application/json', 'X-Auth-Token': ''} Body: None Response - Headers: {'status': '404', u'content-length': '132', 'content-location': 'http://172.30.9.28:9696/v2.0/ports/13f7b518-13d8-476d-b45a-a80d9652c2fb', u'date': 'Thu, 03 Jan 2019 12:11:42 GMT', u'content-type': 'application/json', u'connection': 'close', u'x-openstack-request-id': 'req-2292d953-1aaa-442f-862a-8aee2f1743ab'} Body: {"NeutronError": {"message": "Port 13f7b518-13d8-476d-b45a-a80d9652c2fb could not be found.", "type": "PortNotFound", "detail": ""}} _log_request_full /root/.rally/verification/verifier-67aa996e-f561-4aa3-b579-039f746bb89a/repo/tempest/lib/common/rest_client.py:434
2019-01-03 12:11:42.224 11605 INFO tempest.lib.common.rest_client [req-0a7e87a4-d3db-4e83-873c-a399c1ecd6ad ] Request (TrunkTestJSON:_run_cleanups): 404 DELETE http://172.30.9.28:9696/v2.0/ports/0f909f74-a7a5-4c20-9dc3-bfd78ba7eee7 0.033s
2019-01-03 12:11:42.224 11605 DEBUG tempest.lib.common.rest_client [req-0a7e87a4-d3db-4e83-873c-a399c1ecd6ad ] Request - Headers: {'Content-Type': 'application/json', 'Accept': 'application/json', 'X-Auth-Token': ''} Body: None Response - Headers: {'status': '404', u'content-length': '132', 'content-location': 'http://172.30.9.28:9696/v2.0/ports/0f909f74-a7a5-4c20-9dc3-bfd78ba7eee7', u'date': 'Thu, 03 Jan 2019 12:11:42 GMT', u'content-type': 'application/json', u'connection': 'close', u'x-openstack-request-id': 'req-0a7e87a4-d3db-4e83-873c-a399c1ecd6ad'} Body: {"NeutronError": {"message": "Port 0f909f74-a7a5-4c20-9dc3-bfd78ba7eee7 could not be found.", "type": "PortNotFound", "detail": ""}} _log_request_full /root/.rally/verification/verifier-67aa996e-f561-4aa3-b579-039f746bb89a/repo/tempest/lib/common/rest_client.py:434
2019-01-03 12:11:42.245 11625 INFO tempest.lib.common.rest_client [req-25f7c76f-eb41-48be-8405-66ec2bc0702a ] Request (TrunkTestJSON:_run_cleanups): 404 DELETE http://172.30.9.28:9696/v2.0/ports/7fc5425c-a4ac-4984-8d32-b5872fa1038a 0.032s
2019-01-03 12:11:42.246 11625 DEBUG tempest.lib.common.rest_client [req-25f7c76f-eb41-48be-8405-66ec2bc0702a ] Request - Headers: {'Content-Type': 'application/json', 'Accept': 'application/json', 'X-Auth-Token': ''} Body: None Response - Headers: {'status': '404', u'content-length': '132', 'content-location': 'http://172.30.9.28:9696/v2.0/ports/7fc5425c-a4ac-4984-8d32-b5872fa1038a', u'date': 'Thu, 03 Jan 2019 12:11:42 GMT', u'content-type': 'application/json', u'connection': 'close', u'x-openstack-request-id': 'req-25f7c76f-eb41-48be-8405-66ec2bc0702a'} Body: {"NeutronError": {"message": "Port 7fc5425c-a4ac-4984-8d32-b5872fa1038a could not be found.", "type": "PortNotFound", "detail": ""}} _log_request_full /root/.rally/verification/verifier-67aa996e-f561-4aa3-b579-039f746bb89a/repo/tempest/lib/common/rest_client.py:434
2019-01-03 12:11:42.277 11625 INFO tempest.lib.common.rest_client [req-d8e17648-91e7-458e-8e64-fbd4f2cef560 ] Request (TrunkTestJSON:_run_cleanups): 404 DELETE http://172.30.9.28:9696/v2.0/ports/54df0e78-c86e-46d5-889f-46271ad16dde 0.031s
2019-01-03 12:11:42.278 11625 DEBUG tempest.lib.common.rest_client [req-d8e17648-91e7-458e-8e64-fbd4f2cef560 ] Request - Headers: {'Content-Type': 'application/json', 'Accept': 'application/json', 'X-Auth-Token': ''} Body: None Response - Headers: {'status': '404', u'content-length': '132', 'content-location': 'http://172.30.9.28:9696/v2.0/ports/54df0e78-c86e-46d5-889f-46271ad16dde', u'date': 'Thu, 03 Jan 2019 12:11:42 GMT', u'content-type': 'application/json', u'connection': 'close', u'x-openstack-request-id': 'req-d8e17648-91e7-458e-8e64-fbd4f2cef560'} Body: {"NeutronError": {"message": "Port 54df0e78-c86e-46d5-889f-46271ad16dde could not be found.", "type": "PortNotFound", "detail": ""}} _log_request_full /root/.rally/verification/verifier-67aa996e-f561-4aa3-b579-039f746bb89a/repo/tempest/lib/common/rest_client.py:434
2019-01-03 12:11:42.309 11625 INFO tempest.lib.common.rest_client [req-1f3d6fe9-896c-482f-bbd6-4e384e833bd9 ] Request (TrunkTestJSON:_run_cleanups): 404 DELETE http://172.30.9.28:9696/v2.0/ports/7daacd2b-ae76-496c-9931-7f7e27cba86d 0.030s
2019-01-03 12:11:42.309 11625 DEBUG tempest.lib.common.rest_client [req-1f3d6fe9-896c-482f-bbd6-4e384e833bd9 ] Request - Headers: {'Content-Type': 'application/json', 'Accept': 'application/json', 'X-Auth-Token': ''} Body: None Response - Headers: {'status': '404', u'content-length': '132', 'content-location': 'http://172.30.9.28:9696/v2.0/ports/7daacd2b-ae76-496c-9931-7f7e27cba86d', u'date': 'Thu, 03 Jan 2019 12:11:42 GMT', u'content-type': 'application/json', u'connection': 'close', u'x-openstack-request-id': 'req-1f3d6fe9-896c-482f-bbd6-4e384e833bd9'} Body: {"NeutronError": {"message": "Port 7daacd2b-ae76-496c-9931-7f7e27cba86d could not be found.", "type": "PortNotFound", "detail": ""}} _log_request_full /root/.rally/verification/verifier-67aa996e-f561-4aa3-b579-039f746bb89a/repo/tempest/lib/common/rest_client.py:434
2019-01-03 12:11:42.361 11623 INFO tempest.lib.common.rest_client [req-e8fa9af4-5fa4-452b-9f7d-ec01f187f7de ] Request (TrunkTest:test_trunk_subport_lifecycle): 200 GET http://172.30.9.28:9696/v2.0/ports/990f94dc-a8e5-453f-b4ba-3ce24f197b7d 0.051s
