2018-11-25 16:12:37.982 11623 DEBUG tempest.lib.common.rest_client [req-f7f5e53b-0440-447b-add9-3b2508b273d9 ] Request - Headers: {'Content-Type': 'application/json', 'Accept': 'application/json', 'X-Auth-Token': ''} Body: None Response - Headers: {'status': '404', u'content-length': '134', 'content-location': 'http://172.30.9.29:9696/v2.0/trunks/05607b35-a7c5-40ad-9170-77a4c7188dd5/get_subports', u'date': 'Sun, 25 Nov 2018 16:12:37 GMT', u'content-type': 'application/json', u'connection': 'close', u'x-openstack-request-id': 'req-f7f5e53b-0440-447b-add9-3b2508b273d9'} Body: {"NeutronError": {"message": "Trunk 05607b35-a7c5-40ad-9170-77a4c7188dd5 could not be found.", "type": "TrunkNotFound", "detail": ""}} _log_request_full /root/.rally/verification/verifier-ce29c1c3-85c3-40db-8984-5a5e3f0bd9eb/repo/tempest/lib/common/rest_client.py:434
2018-11-25 16:12:38.006 11623 INFO tempest.lib.common.rest_client [req-9621de10-2998-40dc-a991-d81681b1773b ] Request (TrunkTestJSON:_run_cleanups): 404 DELETE http://172.30.9.29:9696/v2.0/trunks/05607b35-a7c5-40ad-9170-77a4c7188dd5 0.024s
2018-11-25 16:12:38.007 11623 DEBUG tempest.lib.common.rest_client [req-9621de10-2998-40dc-a991-d81681b1773b ] Request - Headers: {'Content-Type': 'application/json', 'Accept': 'application/json', 'X-Auth-Token': ''} Body: None Response - Headers: {'status': '404', u'content-length': '134', 'content-location': 'http://172.30.9.29:9696/v2.0/trunks/05607b35-a7c5-40ad-9170-77a4c7188dd5', u'date': 'Sun, 25 Nov 2018 16:12:38 GMT', u'content-type': 'application/json', u'connection': 'close', u'x-openstack-request-id': 'req-9621de10-2998-40dc-a991-d81681b1773b'} Body: {"NeutronError": {"message": "Trunk 05607b35-a7c5-40ad-9170-77a4c7188dd5 could not be found.", "type": "TrunkNotFound", "detail": ""}} _log_request_full /root/.rally/verification/verifier-ce29c1c3-85c3-40db-8984-5a5e3f0bd9eb/repo/tempest/lib/common/rest_client.py:434
2018-11-25 16:12:38.024 11623 INFO tempest.lib.common.rest_client [req-c195bbfc-a27d-4565-a4fa-5fdf9ce8eef0 ] Request (TrunkTestJSON:_run_cleanups): 404 GET http://172.30.9.29:9696/v2.0/trunks/a0f5feef-ca71-4e7b-b0c8-f108463a6eb3/get_subports 0.016s
2018-11-25 16:12:38.024 11623 DEBUG tempest.lib.common.rest_client [req-c195bbfc-a27d-4565-a4fa-5fdf9ce8eef0 ] Request - Headers: {'Content-Type': 'application/json', 'Accept': 'application/json', 'X-Auth-Token': ''} Body: None Response - Headers: {'status': '404', u'content-length': '134', 'content-location': 'http://172.30.9.29:9696/v2.0/trunks/a0f5feef-ca71-4e7b-b0c8-f108463a6eb3/get_subports', u'date': 'Sun, 25 Nov 2018 16:12:38 GMT', u'content-type': 'application/json', u'connection': 'close', u'x-openstack-request-id': 'req-c195bbfc-a27d-4565-a4fa-5fdf9ce8eef0'} Body: {"NeutronError": {"message": "Trunk a0f5feef-ca71-4e7b-b0c8-f108463a6eb3 could not be found.", "type": "TrunkNotFound", "detail": ""}} _log_request_full /root/.rally/verification/verifier-ce29c1c3-85c3-40db-8984-5a5e3f0bd9eb/repo/tempest/lib/common/rest_client.py:434
2018-11-25 16:12:38.043 11623 INFO tempest.lib.common.rest_client [req-e3e2abd0-511b-4f41-bcab-9d79d2d6a5ea ] Request (TrunkTestJSON:_run_cleanups): 404 DELETE http://172.30.9.29:9696/v2.0/trunks/a0f5feef-ca71-4e7b-b0c8-f108463a6eb3 0.018s
2018-11-25 16:12:38.044 11623 DEBUG tempest.lib.common.rest_client [req-e3e2abd0-511b-4f41-bcab-9d79d2d6a5ea ] Request - Headers: {'Content-Type': 'application/json', 'Accept': 'application/json', 'X-Auth-Token': ''} Body: None Response - Headers: {'status': '404', u'content-length': '134', 'content-location': 'http://172.30.9.29:9696/v2.0/trunks/a0f5feef-ca71-4e7b-b0c8-f108463a6eb3', u'date': 'Sun, 25 Nov 2018 16:12:38 GMT', u'content-type': 'application/json', u'connection': 'close', u'x-openstack-request-id': 'req-e3e2abd0-511b-4f41-bcab-9d79d2d6a5ea'} Body: {"NeutronError": {"message": "Trunk a0f5feef-ca71-4e7b-b0c8-f108463a6eb3 could not be found.", "type": "TrunkNotFound", "detail": ""}} _log_request_full /root/.rally/verification/verifier-ce29c1c3-85c3-40db-8984-5a5e3f0bd9eb/repo/tempest/lib/common/rest_client.py:434
2018-11-25 16:12:38.067 11623 INFO tempest.lib.common.rest_client [req-f3221245-54fd-4b7c-b258-c83688e78474 ] Request (TrunkTestJSON:_run_cleanups): 404 GET http://172.30.9.29:9696/v2.0/trunks/f688463f-4fa0-4548-84a1-36d252c9e195/get_subports 0.023s
2018-11-25 16:12:38.068 11623 DEBUG tempest.lib.common.rest_client [req-f3221245-54fd-4b7c-b258-c83688e78474 ] Request - Headers: {'Content-Type': 'application/json', 'Accept': 'application/json', 'X-Auth-Token': ''} Body: None Response - Headers: {'status': '404', u'content-length': '134', 'content-location': 'http://172.30.9.29:9696/v2.0/trunks/f688463f-4fa0-4548-84a1-36d252c9e195/get_subports', u'date': 'Sun, 25 Nov 2018 16:12:38 GMT', u'content-type': 'application/json', u'connection': 'close', u'x-openstack-request-id': 'req-f3221245-54fd-4b7c-b258-c83688e78474'} Body: {"NeutronError": {"message": "Trunk f688463f-4fa0-4548-84a1-36d252c9e195 could not be found.", "type": "TrunkNotFound", "detail": ""}} _log_request_full /root/.rally/verification/verifier-ce29c1c3-85c3-40db-8984-5a5e3f0bd9eb/repo/tempest/lib/common/rest_client.py:434
2018-11-25 16:12:38.107 11623 INFO tempest.lib.common.rest_client [req-4c5b7b64-bf60-409a-92d2-b534797b0ba7 ] Request (TrunkTestJSON:_run_cleanups): 404 DELETE http://172.30.9.29:9696/v2.0/trunks/f688463f-4fa0-4548-84a1-36d252c9e195 0.038s
2018-11-25 16:12:38.107 11623 DEBUG tempest.lib.common.rest_client [req-4c5b7b64-bf60-409a-92d2-b534797b0ba7 ] Request - Headers: {'Content-Type': 'application/json', 'Accept': 'application/json', 'X-Auth-Token': ''} Body: None Response - Headers: {'status': '404', u'content-length': '134', 'content-location': 'http://172.30.9.29:9696/v2.0/trunks/f688463f-4fa0-4548-84a1-36d252c9e195', u'date': 'Sun, 25 Nov 2018 16:12:38 GMT', u'content-type': 'application/json', u'connection': 'close', u'x-openstack-request-id': 'req-4c5b7b64-bf60-409a-92d2-b534797b0ba7'} Body: {"NeutronError": {"message": "Trunk f688463f-4fa0-4548-84a1-36d252c9e195 could not be found.", "type": "TrunkNotFound", "detail": ""}} _log_request_full /root/.rally/verification/verifier-ce29c1c3-85c3-40db-8984-5a5e3f0bd9eb/repo/tempest/lib/common/rest_client.py:434
2018-11-25 16:12:38.141 11623 INFO tempest.lib.common.rest_client [req-5baa8d06-3a04-45ef-8279-12197ebdb076 ] Request (TrunkTestJSON:_run_cleanups): 200 GET http://172.30.9.29:9696/v2.0/trunks/a3f6f9ca-ba3b-4ac2-be46-725c5ad8c1ee/get_subports 0.033s
2018-11-25 16:12:38.142 11623 DEBUG tempest.lib.common.rest_client [req-5baa8d06-3a04-45ef-8279-12197ebdb076 ] Request - Headers: {'Content-Type': 'application/json', 'Accept': 'application/json', 'X-Auth-Token': ''} Body: None Response - Headers: {'status': '200', u'content-length': '17', 'content-location': 'http://172.30.9.29:9696/v2.0/trunks/a3f6f9ca-ba3b-4ac2-be46-725c5ad8c1ee/get_subports', u'date': 'Sun, 25 Nov 2018 16:12:38 GMT', u'content-type': 'application/json', u'connection': 'close', u'x-openstack-request-id': 'req-5baa8d06-3a04-45ef-8279-12197ebdb076'} Body: {"sub_ports": []} _log_request_full /root/.rally/verification/verifier-ce29c1c3-85c3-40db-8984-5a5e3f0bd9eb/repo/tempest/lib/common/rest_client.py:434
2018-11-25 16:12:38.198 11623 INFO tempest.lib.common.rest_client [req-b693aca1-e4a5-4528-bb57-deaba18809c0 ] Request (TrunkTestJSON:_run_cleanups): 200 PUT http://172.30.9.29:9696/v2.0/trunks/a3f6f9ca-ba3b-4ac2-be46-725c5ad8c1ee/remove_subports 0.055s
2018-11-25 16:12:38.198 11623 DEBUG tempest.lib.common.rest_client [req-b693aca1-e4a5-4528-bb57-deaba18809c0 ] Request - Headers: {'Content-Type': 'application/json', 'Accept': 'application/json', 'X-Auth-Token': ''} Body: {"sub_ports": []} Response - Headers: {'status': '200', u'content-length': '396', 'content-location': 'http://172.30.9.29:9696/v2.0/trunks/a3f6f9ca-ba3b-4ac2-be46-725c5ad8c1ee/remove_subports', u'date': 'Sun, 25 Nov 2018 16:12:38 GMT', u'content-type': 'application/json', u'connection': 'close', u'x-openstack-request-id': 'req-b693aca1-e4a5-4528-bb57-deaba18809c0'} Body: {"status": "DOWN", "sub_ports": [], "name": "", "admin_state_up": true, "tenant_id": "ff2a97021ccc4f429cdaf4ab19c81bc9", "created_at": "2018-11-25T16:12:36Z", "tags": [], "updated_at": "2018-11-25T16:12:38Z", "revision_number": 1, "project_id": "ff2a97021ccc4f429cdaf4ab19c81bc9", "port_id": "93b7ed94-2dac-4328-8ed3-ca49397221e2", "id": "a3f6f9ca-ba3b-4ac2-be46-725c5ad8c1ee", "description": ""} _log_request_full /root/.rally/verification/verifier-ce29c1c3-85c3-40db-8984-5a5e3f0bd9eb/repo/tempest/lib/common/rest_client.py:434
2018-11-25 16:12:38.238 11621 INFO tempest.lib.common.rest_client [req-e07b9fe9-5da8-42d0-9940-fa3b975d7248 ] Request (TrunkTest:test_trunk_subport_lifecycle): 200 PUT http://172.30.9.29:9696/v2.0/trunks/cc51bda1-0372-4752-b2b1-0886690f1f58/add_subports 0.424s
2018-11-25 16:12:38.238 11621 DEBUG tempest.lib.common.rest_client [req-e07b9fe9-5da8-42d0-9940-fa3b975d7248 ] Request - Headers: {'Content-Type': 'application/json', 'Accept': 'application/json', 'X-Auth-Token': ''} Body: {"sub_ports": [{"segmentation_type": "vlan", "port_id": "1d2c4114-cccc-4f0f-8d87-462a81cbdf29", "segmentation_id": 3}, {"segmentation_type": "vlan", "port_id": "ea9a7d3c-286e-437a-b5d1-a5d08aaf821b", "segmentation_id": 4}, {"segmentation_type": "vlan", "port_id": "8d08d1db-47cb-4153-ba21-ba0d2868bada", "segmentation_id": 5}, {"segmentation_type": "vlan", "port_id": "de1f82df-f125-4d98-8c4f-31c2af2f30e7", "segmentation_id": 6}]} Response - Headers: {'status': '200', u'content-length': '810', 'content-location': 'http://172.30.9.29:9696/v2.0/trunks/cc51bda1-0372-4752-b2b1-0886690f1f58/add_subports', u'date': 'Sun, 25 Nov 2018 16:12:38 GMT', u'content-type': 'application/json', u'connection': 'close', u'x-openstack-request-id': 'req-e07b9fe9-5da8-42d0-9940-fa3b975d7248'} Body: {"status": "DOWN", "sub_ports": [{"segmentation_type": "vlan", "port_id": "1d2c4114-cccc-4f0f-8d87-462a81cbdf29", "segmentation_id": 3}, {"segmentation_type": "vlan", "port_id": "ea9a7d3c-286e-437a-b5d1-a5d08aaf821b", "segmentation_id": 4}, {"segmentation_type": "vlan", "port_id": "8d08d1db-47cb-4153-ba21-ba0d2868bada", "segmentation_id": 5}, {"segmentation_type": "vlan", "port_id": "de1f82df-f125-4d98-8c4f-31c2af2f30e7", "segmentation_id": 6}], "name": "", "admin_state_up": true, "tenant_id": "c0aa0fb166a0442eac86a54a28ca8a4e", "created_at": "2018-11-25T16:12:05Z", "tags": [], "updated_at": "2018-11-25T16:12:38Z", "revision_number": 2, "project_id": "c0aa0fb166a0442eac86a54a28ca8a4e", "port_id": "f8345ea3-31c5-446c-a4ce-bf2f579bd1da", "id": "cc51bda1-0372-4752-b2b1-0886690f1f58", "description": ""} _log_request_full /root/.rally/verification/verifier-ce29c1c3-85c3-40db-8984-5a5e3f0bd9eb/repo/tempest/lib/common/rest_client.py:434
2018-11-25 16:12:38.270 11621 INFO tempest.lib.common.rest_client [req-2a77784a-9dda-463c-b9e0-6a0265e48f5a ] Request (TrunkTest:test_trunk_subport_lifecycle): 200 GET http://172.30.9.29:9696/v2.0/trunks/cc51bda1-0372-4752-b2b1-0886690f1f58 0.031s
2018-11-25 16:12:38.271 11621 DEBUG tempest.lib.common.rest_client [req-2a77784a-9dda-463c-b9e0-6a0265e48f5a ] Request - Headers: {'Content-Type': 'application/json', 'Accept': 'application/json', 'X-Auth-Token': ''} Body: None Response - Headers: {'status': '200', u'content-length': '821', 'content-location': 'http://172.30.9.29:9696/v2.0/trunks/cc51bda1-0372-4752-b2b1-0886690f1f58', u'date': 'Sun, 25 Nov 2018 16:12:38 GMT', u'content-type': 'application/json', u'connection': 'close', u'x-openstack-request-id': 'req-2a77784a-9dda-463c-b9e0-6a0265e48f5a'} Body: {"trunk": {"status": "DOWN", "sub_ports": [{"segmentation_type": "vlan", "port_id": "1d2c4114-cccc-4f0f-8d87-462a81cbdf29", "segmentation_id": 3}, {"segmentation_type": "vlan", "port_id": "ea9a7d3c-286e-437a-b5d1-a5d08aaf821b", "segmentation_id": 4}, {"segmentation_type": "vlan", "port_id": "8d08d1db-47cb-4153-ba21-ba0d2868bada", "segmentation_id": 5}, {"segmentation_type": "vlan", "port_id": "de1f82df-f125-4d98-8c4f-31c2af2f30e7", "segmentation_id": 6}], "name": "", "admin_state_up": true, "tenant_id": "c0aa0fb166a0442eac86a54a28ca8a4e", "created_at": "2018-11-25T16:12:05Z", "tags": [], "updated_at": "2018-11-25T16:12:38Z", "revision_number": 2, "project_id": "c0aa0fb166a0442eac86a54a28ca8a4e", "port_id": "f8345ea3-31c5-446c-a4ce-bf2f579bd1da", "id": "cc51bda1-0372-4752-b2b1-0886690f1f58", "description": ""}} _log_request_full /root/.rally/verification/verifier-ce29c1c3-85c3-40db-8984-5a5e3f0bd9eb/repo/tempest/lib/common/rest_client.py:434
2018-11-25 16:12:38.305 11623 INFO tempest.lib.common.rest_client [req-43ac0c68-d8f3-48c3-9a39-10cea6f22067 ] Request (TrunkTestJSON:_run_cleanups): 204 DELETE http://172.30.9.29:9696/v2.0/trunks/a3f6f9ca-ba3b-4ac2-be46-725c5ad8c1ee 0.105s
2018-11-25 16:12:38.305 11623 DEBUG tempest.lib.common.rest_client [req-43ac0c68-d8f3-48c3-9a39-10cea6f22067 ] Request - Headers: {'Content-Type': 'application/json', 'Accept': 'application/json', 'X-Auth-Token': ''} Body: None Response - Headers: {'status': '204', u'content-length': '0', 'content-location': 'http://172.30.9.29:9696/v2.0/trunks/a3f6f9ca-ba3b-4ac2-be46-725c5ad8c1ee', u'date': 'Sun, 25 Nov 2018 16:12:38 GMT', u'connection': 'close', u'x-openstack-request-id': 'req-43ac0c68-d8f3-48c3-9a39-10cea6f22067'} Body: _log_request_full /root/.rally/verification/verifier-ce29c1c3-85c3-40db-8984-5a5e3f0bd9eb/repo/tempest/lib/common/rest_client.py:434
2018-11-25 16:12:38.338 11623 INFO tempest.lib.common.rest_client [req-879bc8b9-7c9c-4cd5-ae7f-9e9265c3b4e0 ] Request (TrunkTestJSON:_run_cleanups): 200 GET http://172.30.9.29:9696/v2.0/trunks/c72cf7ba-c72a-4895-ac02-cb97be46fc85/get_subports 0.032s
2018-11-25 16:12:38.338 11623 DEBUG tempest.lib.common.rest_client [req-879bc8b9-7c9c-4cd5-ae7f-9e9265c3b4e0 ] Request - Headers: {'Content-Type': 'application/json', 'Accept': 'application/json', 'X-Auth-Token': ''} Body: None Response - Headers: {'status': '200', u'content-length': '17', 'content-location': 'http://172.30.9.29:9696/v2.0/trunks/c72cf7ba-c72a-4895-ac02-cb97be46fc85/get_subports', u'date': 'Sun, 25 Nov 2018 16:12:38 GMT', u'content-type': 'application/json', u'connection': 'close', u'x-openstack-request-id': 'req-879bc8b9-7c9c-4cd5-ae7f-9e9265c3b4e0'} Body: {"sub_ports": []} _log_request_full /root/.rally/verification/verifier-ce29c1c3-85c3-40db-8984-5a5e3f0bd9eb/repo/tempest/lib/common/rest_client.py:434
2018-11-25 16:12:38.396 11623 INFO tempest.lib.common.rest_client [req-e0ad3c3e-0d53-4fe2-ae12-d52c2c5602b2 ] Request (TrunkTestJSON:_run_cleanups): 200 PUT http://172.30.9.29:9696/v2.0/trunks/c72cf7ba-c72a-4895-ac02-cb97be46fc85/remove_subports 0.056s
2018-11-25 16:12:38.396 11623 DEBUG tempest.lib.common.rest_client [req-e0ad3c3e-0d53-4fe2-ae12-d52c2c5602b2 ] Request - Headers: {'Content-Type': 'application/json', 'Accept': 'application/json', 'X-Auth-Token': ''} Body: {"sub_ports": []} Response - Headers: {'status': '200', u'content-length': '396', 'content-location': 'http://172.30.9.29:9696/v2.0/trunks/c72cf7ba-c72a-4895-ac02-cb97be46fc85/remove_subports', u'date': 'Sun, 25 Nov 2018 16:12:38 GMT', u'content-type': 'application/json', u'connection': 'close', u'x-openstack-request-id': 'req-e0ad3c3e-0d53-4fe2-ae12-d52c2c5602b2'} Body: {"status": "DOWN", "sub_ports": [], "name": "", "admin_state_up": true, "tenant_id": "ff2a97021ccc4f429cdaf4ab19c81bc9", "created_at": "2018-11-25T16:12:37Z", "tags": [], "updated_at": "2018-11-25T16:12:38Z", "revision_number": 1, "project_id": "ff2a97021ccc4f429cdaf4ab19c81bc9", "port_id": "f6cc86aa-28e9-4aec-9c93-bdc6fdecefe9", "id": "c72cf7ba-c72a-4895-ac02-cb97be46fc85", "description": ""} _log_request_full /root/.rally/verification/verifier-ce29c1c3-85c3-40db-8984-5a5e3f0bd9eb/repo/tempest/lib/common/rest_client.py:434
2018-11-25 16:12:38.627 11603 INFO tempest.lib.common.rest_client [req-f7b67efc-1c77-4d44-a056-0276db79c139 ] Request (TrunkTestJSON:_run_cleanups): 204 DELETE http://172.30.9.29:9696/v2.0/networks/61f35e34-e96d-46ab-8539-34355d52611b 0.645s
2018-11-25 16:12:38.627 11603 DEBUG tempest.lib.common.rest_client [req-f7b67efc-1c77-4d44-a056-0276db79c139 ] Request - Headers: {'Content-Type': 'application/json', 'Accept': 'application/json', 'X-Auth-Token': ''} Body: None Response - Headers: {'status': '204', u'content-length': '0', 'content-location': 'http://172.30.9.29:9696/v2.0/networks/61f35e34-e96d-46ab-8539-34355d52611b', u'date': 'Sun, 25 Nov 2018 16:12:38 GMT', u'connection': 'close', u'x-openstack-request-id': 'req-f7b67efc-1c77-4d44-a056-0276db79c139'} Body: _log_request_full /root/.rally/verification/verifier-ce29c1c3-85c3-40db-8984-5a5e3f0bd9eb/repo/tempest/lib/common/rest_client.py:434
2018-11-25 16:12:38.627 11623 INFO tempest.lib.common.rest_client [req-745947e1-e537-437c-b3d7-eebb88bacffd ] Request (TrunkTestJSON:_run_cleanups): 204 DELETE http://172.30.9.29:9696/v2.0/trunks/c72cf7ba-c72a-4895-ac02-cb97be46fc85 0.230s
2018-11-25 16:12:38.628 11623 DEBUG tempest.lib.common.rest_client [req-745947e1-e537-437c-b3d7-eebb88bacffd ] Request - Headers: {'Content-Type': 'application/json', 'Accept': 'application/json', 'X-Auth-Token': ''} Body: None Response - Headers: {'status': '204', u'content-length': '0', 'content-location': 'http://172.30.9.29:9696/v2.0/trunks/c72cf7ba-c72a-4895-ac02-cb97be46fc85', u'date': 'Sun, 25 Nov 2018 16:12:38 GMT', u'connection': 'close', u'x-openstack-request-id': 'req-745947e1-e537-437c-b3d7-eebb88bacffd'} Body: _log_request_full /root/.rally/verification/verifier-ce29c1c3-85c3-40db-8984-5a5e3f0bd9eb/repo/tempest/lib/common/rest_client.py:434
2018-11-25 16:12:38.665 11623 INFO tempest.lib.common.rest_client [req-80368f48-d8c3-4211-b6aa-ee701224098f ] Request (TrunkTestJSON:_run_cleanups): 404 DELETE http://172.30.9.29:9696/v2.0/ports/1141f010-48f6-4f29-90b8-b8dbcd933cd5 0.036s
2018-11-25 16:12:38.665 11623 DEBUG tempest.lib.common.rest_client [req-80368f48-d8c3-4211-b6aa-ee701224098f ] Request - Headers: {'Content-Type': 'application/json', 'Accept': 'application/json', 'X-Auth-Token': ''} Body: None Response - Headers: {'status': '404', u'content-length': '132', 'content-location': 'http://172.30.9.29:9696/v2.0/ports/1141f010-48f6-4f29-90b8-b8dbcd933cd5', u'date': 'Sun, 25 Nov 2018 16:12:38 GMT', u'content-type': 'application/json', u'connection': 'close', u'x-openstack-request-id': 'req-80368f48-d8c3-4211-b6aa-ee701224098f'} Body: {"NeutronError": {"message": "Port 1141f010-48f6-4f29-90b8-b8dbcd933cd5 could not be found.", "type": "PortNotFound", "detail": ""}} _log_request_full /root/.rally/verification/verifier-ce29c1c3-85c3-40db-8984-5a5e3f0bd9eb/repo/tempest/lib/common/rest_client.py:434
2018-11-25 16:12:38.698 11623 INFO tempest.lib.common.rest_client [req-3d89d299-c49f-410c-8254-01808e6e24bb ] Request (TrunkTestJSON:_run_cleanups): 404 DELETE http://172.30.9.29:9696/v2.0/ports/cc5e2fd7-52b1-4882-ba38-501f3447db2c 0.032s
2018-11-25 16:12:38.698 11623 DEBUG tempest.lib.common.rest_client [req-3d89d299-c49f-410c-8254-01808e6e24bb ] Request - Headers: {'Content-Type': 'application/json', 'Accept': 'application/json', 'X-Auth-Token': ''} Body: None Response - Headers: {'status': '404', u'content-length': '132', 'content-location': 'http://172.30.9.29:9696/v2.0/ports/cc5e2fd7-52b1-4882-ba38-501f3447db2c', u'date': 'Sun, 25 Nov 2018 16:12:38 GMT', u'content-type': 'application/json', u'connection': 'close', u'x-openstack-request-id': 'req-3d89d299-c49f-410c-8254-01808e6e24bb'} Body: {"NeutronError": {"message": "Port cc5e2fd7-52b1-4882-ba38-501f3447db2c could not be found.", "type": "PortNotFound", "detail": ""}} _log_request_full /root/.rally/verification/verifier-ce29c1c3-85c3-40db-8984-5a5e3f0bd9eb/repo/tempest/lib/common/rest_client.py:434
2018-11-25 16:12:38.712 11603 INFO tempest.lib.common.rest_client [req-e0b8109a-6406-45a6-addb-058e3631e0e9 ] Request (TrunkTestJSON:test_create_trunk_nonexistent_port_id): 404 POST http://172.30.9.29:9696/v2.0/trunks 0.082s
2018-11-25 16:12:38.712 11603 DEBUG tempest.lib.common.rest_client [req-e0b8109a-6406-45a6-addb-058e3631e0e9 ] Request - Headers: {'Content-Type': 'application/json', 'Accept': 'application/json', 'X-Auth-Token': ''} Body: {"trunk": {"sub_ports": [], "port_id": "ccc13e8c-6523-4643-a5c7-0402a2693853"}} Response - Headers: {'status': '404', u'content-length': '132', 'content-location': 'http://172.30.9.29:9696/v2.0/trunks', u'date': 'Sun, 25 Nov 2018 16:12:38 GMT', u'content-type': 'application/json', u'connection': 'close', u'x-openstack-request-id': 'req-e0b8109a-6406-45a6-addb-058e3631e0e9'} Body: {"NeutronError": {"message": "Port ccc13e8c-6523-4643-a5c7-0402a2693853 could not be found.", "type": "PortNotFound", "detail": ""}} _log_request_full /root/.rally/verification/verifier-ce29c1c3-85c3-40db-8984-5a5e3f0bd9eb/repo/tempest/lib/common/rest_client.py:434
2018-11-25 16:12:38.733 11603 INFO tempest.lib.common.rest_client [req-46d6c388-abc7-4edb-ba4e-ec6fee1eb696 ] Request (TrunkTestJSON:_run_cleanups): 404 GET http://172.30.9.29:9696/v2.0/trunks/12c2f6bc-3f2a-4d33-9f0f-8d31b6b746b5/get_subports 0.019s
2018-11-25 16:12:38.733 11603 DEBUG tempest.lib.common.rest_client [req-46d6c388-abc7-4edb-ba4e-ec6fee1eb696 ] Request - Headers: {'Content-Type': 'application/json', 'Accept': 'application/json', 'X-Auth-Token': ''} Body: None Response - Headers: {'status': '404', u'content-length': '134', 'content-location': 'http://172.30.9.29:9696/v2.0/trunks/12c2f6bc-3f2a-4d33-9f0f-8d31b6b746b5/get_subports', u'date': 'Sun, 25 Nov 2018 16:12:38 GMT', u'content-type': 'application/json', u'connection': 'close', u'x-openstack-request-id': 'req-46d6c388-abc7-4edb-ba4e-ec6fee1eb696'} Body: {"NeutronError": {"message": "Trunk 12c2f6bc-3f2a-4d33-9f0f-8d31b6b746b5 could not be found.", "type": "TrunkNotFound", "detail": ""}} _log_request_full /root/.rally/verification/verifier-ce29c1c3-85c3-40db-8984-5a5e3f0bd9eb/repo/tempest/lib/common/rest_client.py:434
2018-11-25 16:12:38.752 11603 INFO tempest.lib.common.rest_client [req-8f4eff98-e4ba-4e51-bf12-ce02493aa2c7 ] Request (TrunkTestJSON:_run_cleanups): 404 DELETE http://172.30.9.29:9696/v2.0/trunks/12c2f6bc-3f2a-4d33-9f0f-8d31b6b746b5 0.018s
2018-11-25 16:12:38.752 11603 DEBUG tempest.lib.common.rest_client [req-8f4eff98-e4ba-4e51-bf12-ce02493aa2c7 ] Request - Headers: {'Content-Type': 'application/json', 'Accept': 'application/json', 'X-Auth-Token': ''} Body: None Response - Headers: {'status': '404', u'content-length': '134', 'content-location': 'http://172.30.9.29:9696/v2.0/trunks/12c2f6bc-3f2a-4d33-9f0f-8d31b6b746b5', u'date': 'Sun, 25 Nov 2018 16:12:38 GMT', u'content-type': 'application/json', u'connection': 'close', u'x-openstack-request-id': 'req-8f4eff98-e4ba-4e51-bf12-ce02493aa2c7'} Body: {"NeutronError": {"message": "Trunk 12c2f6bc-3f2a-4d33-9f0f-8d31b6b746b5 could not be found.", "type": "TrunkNotFound", "detail": ""}} _log_request_full /root/.rally/verification/verifier-ce29c1c3-85c3-40db-8984-5a5e3f0bd9eb/repo/tempest/lib/common/rest_client.py:434
2018-11-25 16:12:38.769 11603 INFO tempest.lib.common.rest_client [req-3774e223-cac3-4190-b888-bc875dfe1ae8 ] Request (TrunkTestJSON:_run_cleanups): 404 GET http://172.30.9.29:9696/v2.0/trunks/826796d9-5820-4520-a725-1d9cf3fd1a22/get_subports 0.017s
2018-11-25 16:12:38.770 11603 DEBUG tempest.lib.common.rest_client [req-3774e223-cac3-4190-b888-bc875dfe1ae8 ] Request - Headers: {'Content-Type': 'application/json', 'Accept': 'application/json', 'X-Auth-Token': ''} Body: None Response - Headers: {'status': '404', u'content-length': '134', 'content-location': 'http://172.30.9.29:9696/v2.0/trunks/826796d9-5820-4520-a725-1d9cf3fd1a22/get_subports', u'date': 'Sun, 25 Nov 2018 16:12:38 GMT', u'content-type': 'application/json', u'connection': 'close', u'x-openstack-request-id': 'req-3774e223-cac3-4190-b888-bc875dfe1ae8'} Body: {"NeutronError": {"message": "Trunk 826796d9-5820-4520-a725-1d9cf3fd1a22 could not be found.", "type": "TrunkNotFound", "detail": ""}} _log_request_full /root/.rally/verification/verifier-ce29c1c3-85c3-40db-8984-5a5e3f0bd9eb/repo/tempest/lib/common/rest_client.py:434
2018-11-25 16:12:38.878 11623 INFO tempest.lib.common.rest_client [req-01a13112-5e13-416b-966e-dcae3ff7782a ] Request (TrunkTestJSON:_run_cleanups): 404 DELETE http://172.30.9.29:9696/v2.0/ports/e2288300-f22e-4a8b-9fe3-f3e76c18b40f 0.178s
2018-11-25 16:12:38.878 11623 DEBUG tempest.lib.common.rest_client [req-01a13112-5e13-416b-966e-dcae3ff7782a ] Request - Headers: {'Content-Type': 'application/json', 'Accept': 'application/json', 'X-Auth-Token': ''} Body: None Response - Headers: {'status': '404', u'content-length': '132', 'content-location': 'http://172.30.9.29:9696/v2.0/ports/e2288300-f22e-4a8b-9fe3-f3e76c18b40f', u'date': 'Sun, 25 Nov 2018 16:12:38 GMT', u'content-type': 'application/json', u'connection': 'close', u'x-openstack-request-id': 'req-01a13112-5e13-416b-966e-dcae3ff7782a'} Body: {"NeutronError": {"message": "Port e2288300-f22e-4a8b-9fe3-f3e76c18b40f could not be found.", "type": "PortNotFound", "detail": ""}} _log_request_full /root/.rally/verification/verifier-ce29c1c3-85c3-40db-8984-5a5e3f0bd9eb/repo/tempest/lib/common/rest_client.py:434
2018-11-25 16:12:38.911 11623 INFO tempest.lib.common.rest_client [req-b9770d3b-adea-4aaf-b840-bf6b27b5ddd2 ] Request (TrunkTestJSON:_run_cleanups): 404 DELETE http://172.30.9.29:9696/v2.0/ports/53945b1e-4c38-4c85-a499-f273457f752c 0.032s
2018-11-25 16:12:38.912 11623 DEBUG tempest.lib.common.rest_client [req-b9770d3b-adea-4aaf-b840-bf6b27b5ddd2 ] Request - Headers: {'Content-Type': 'application/json', 'Accept': 'application/json', 'X-Auth-Token': ''} Body: None Response - Headers: {'status': '404', u'content-length': '132', 'content-location': 'http://172.30.9.29:9696/v2.0/ports/53945b1e-4c38-4c85-a499-f273457f752c', u'date': 'Sun, 25 Nov 2018 16:12:38 GMT', u'content-type': 'application/json', u'connection': 'close', u'x-openstack-request-id': 'req-b9770d3b-adea-4aaf-b840-bf6b27b5ddd2'} Body: {"NeutronError": {"message": "Port 53945b1e-4c38-4c85-a499-f273457f752c could not be found.", "type": "PortNotFound", "detail": ""}} _log_request_full /root/.rally/verification/verifier-ce29c1c3-85c3-40db-8984-5a5e3f0bd9eb/repo/tempest/lib/common/rest_client.py:434
2018-11-25 16:12:38.933 11603 INFO tempest.lib.common.rest_client [req-9ee90521-6baf-4ced-b7fe-439f9bb77885 ] Request (TrunkTestJSON:_run_cleanups): 404 DELETE http://172.30.9.29:9696/v2.0/trunks/826796d9-5820-4520-a725-1d9cf3fd1a22 0.162s
2018-11-25 16:12:38.933 11603 DEBUG tempest.lib.common.rest_client [req-9ee90521-6baf-4ced-b7fe-439f9bb77885 ] Request - Headers: {'Content-Type': 'application/json', 'Accept': 'application/json', 'X-Auth-Token': ''} Body: None Response - Headers: {'status': '404', u'content-length': '134', 'content-location': 'http://172.30.9.29:9696/v2.0/trunks/826796d9-5820-4520-a725-1d9cf3fd1a22', u'date': 'Sun, 25 Nov 2018 16:12:38 GMT', u'content-type': 'application/json', u'connection': 'close', u'x-openstack-request-id': 'req-9ee90521-6baf-4ced-b7fe-439f9bb77885'} Body: {"NeutronError": {"message": "Trunk 826796d9-5820-4520-a725-1d9cf3fd1a22 could not be found.", "type": "TrunkNotFound", "detail": ""}} _log_request_full /root/.rally/verification/verifier-ce29c1c3-85c3-40db-8984-5a5e3f0bd9eb/repo/tempest/lib/common/rest_client.py:434
2018-11-25 16:12:38.948 11623 INFO tempest.lib.common.rest_client [req-b6fc3eaf-8b7d-4b08-9b34-34b2979d3047 ] Request (TrunkTestJSON:_run_cleanups): 404 DELETE http://172.30.9.29:9696/v2.0/ports/48019aed-33eb-4846-8632-e17beedfd9be 0.035s
2018-11-25 16:12:38.948 11623 DEBUG tempest.lib.common.rest_client [req-b6fc3eaf-8b7d-4b08-9b34-34b2979d3047 ] Request - Headers: {'Content-Type': 'application/json', 'Accept': 'application/json', 'X-Auth-Token': ''} Body: None Response - Headers: {'status': '404', u'content-length': '132', 'content-location': 'http://172.30.9.29:9696/v2.0/ports/48019aed-33eb-4846-8632-e17beedfd9be', u'date': 'Sun, 25 Nov 2018 16:12:38 GMT', u'content-type': 'application/json', u'connection': 'close', u'x-openstack-request-id': 'req-b6fc3eaf-8b7d-4b08-9b34-34b2979d3047'} Body: {"NeutronError": {"message": "Port 48019aed-33eb-4846-8632-e17beedfd9be could not be found.", "type": "PortNotFound", "detail": ""}} _log_request_full /root/.rally/verification/verifier-ce29c1c3-85c3-40db-8984-5a5e3f0bd9eb/repo/tempest/lib/common/rest_client.py:434
2018-11-25 16:12:38.950 11603 INFO tempest.lib.common.rest_client [req-04158614-e3ea-40d7-9b9d-d09cccad7730 ] Request (TrunkTestJSON:_run_cleanups): 404 GET http://172.30.9.29:9696/v2.0/trunks/4393e910-0a23-414a-871e-375cd0b46537/get_subports 0.015s
2018-11-25 16:12:38.950 11603 DEBUG tempest.lib.common.rest_client [req-04158614-e3ea-40d7-9b9d-d09cccad7730 ] Request - Headers: {'Content-Type': 'application/json', 'Accept': 'application/json', 'X-Auth-Token': ''} Body: None Response - Headers: {'status': '404', u'content-length': '134', 'content-location': 'http://172.30.9.29:9696/v2.0/trunks/4393e910-0a23-414a-871e-375cd0b46537/get_subports', u'date': 'Sun, 25 Nov 2018 16:12:38 GMT', u'content-type': 'application/json', u'connection': 'close', u'x-openstack-request-id': 'req-04158614-e3ea-40d7-9b9d-d09cccad7730'} Body: {"NeutronError": {"message": "Trunk 4393e910-0a23-414a-871e-375cd0b46537 could not be found.", "type": "TrunkNotFound", "detail": ""}} _log_request_full /root/.rally/verification/verifier-ce29c1c3-85c3-40db-8984-5a5e3f0bd9eb/repo/tempest/lib/common/rest_client.py:434
2018-11-25 16:12:38.970 11603 INFO tempest.lib.common.rest_client [req-72789118-cccf-4481-8657-c35dd68c4380 ] Request (TrunkTestJSON:_run_cleanups): 404 DELETE http://172.30.9.29:9696/v2.0/trunks/4393e910-0a23-414a-871e-375cd0b46537 0.019s
2018-11-25 16:12:38.970 11603 DEBUG tempest.lib.common.rest_client [req-72789118-cccf-4481-8657-c35dd68c4380 ] Request - Headers: {'Content-Type': 'application/json', 'Accept': 'application/json', 'X-Auth-Token': ''} Body: None Response - Headers: {'status': '404', u'content-length': '134', 'content-location': 'http://172.30.9.29:9696/v2.0/trunks/4393e910-0a23-414a-871e-375cd0b46537', u'date': 'Sun, 25 Nov 2018 16:12:38 GMT', u'content-type': 'application/json', u'connection': 'close', u'x-openstack-request-id': 'req-72789118-cccf-4481-8657-c35dd68c4380'} Body: {"NeutronError": {"message": "Trunk 4393e910-0a23-414a-871e-375cd0b46537 could not be found.", "type": "TrunkNotFound", "detail": ""}} _log_request_full /root/.rally/verification/verifier-ce29c1c3-85c3-40db-8984-5a5e3f0bd9eb/repo/tempest/lib/common/rest_client.py:434
2018-11-25 16:12:38.982 11623 INFO tempest.lib.common.rest_client [req-5b61827e-8d60-4a8e-b93f-bb0c6720e330 ] Request (TrunkTestJSON:_run_cleanups): 404 DELETE http://172.30.9.29:9696/v2.0/ports/445670cd-89a8-403c-b451-72a3aa546744 0.032s
2018-11-25 16:12:38.982 11623 DEBUG tempest.lib.common.rest_client [req-5b61827e-8d60-4a8e-b93f-bb0c6720e330 ] Request - Headers: {'Content-Type': 'application/json', 'Accept': 'application/json', 'X-Auth-Token': ''} Body: None Response - Headers: {'status': '404', u'content-length': '132', 'content-location': 'http://172.30.9.29:9696/v2.0/ports/445670cd-89a8-403c-b451-72a3aa546744', u'date': 'Sun, 25 Nov 2018 16:12:38 GMT', u'content-type': 'application/json', u'connection': 'close', u'x-openstack-request-id': 'req-5b61827e-8d60-4a8e-b93f-bb0c6720e330'} Body: {"NeutronError": {"message": "Port 445670cd-89a8-403c-b451-72a3aa546744 could not be found.", "type": "PortNotFound", "detail": ""}} _log_request_full /root/.rally/verification/verifier-ce29c1c3-85c3-40db-8984-5a5e3f0bd9eb/repo/tempest/lib/common/rest_client.py:434
2018-11-25 16:12:38.987 11603 INFO tempest.lib.common.rest_client [req-af5431fd-52d4-4e60-90da-77490cf0dd44 ] Request (TrunkTestJSON:_run_cleanups): 404 GET http://172.30.9.29:9696/v2.0/trunks/3922f7fb-d9db-4a4c-a8a1-f290ede786dc/get_subports 0.015s
2018-11-25 16:12:38.987 11603 DEBUG tempest.lib.common.rest_client [req-af5431fd-52d4-4e60-90da-77490cf0dd44 ] Request - Headers: {'Content-Type': 'application/json', 'Accept': 'application/json', 'X-Auth-Token': ''} Body: None Response - Headers: {'status': '404', u'content-length': '134', 'content-location': 'http://172.30.9.29:9696/v2.0/trunks/3922f7fb-d9db-4a4c-a8a1-f290ede786dc/get_subports', u'date': 'Sun, 25 Nov 2018 16:12:38 GMT', u'content-type': 'application/json', u'connection': 'close', u'x-openstack-request-id': 'req-af5431fd-52d4-4e60-90da-77490cf0dd44'} Body: {"NeutronError": {"message": "Trunk 3922f7fb-d9db-4a4c-a8a1-f290ede786dc could not be found.", "type": "TrunkNotFound", "detail": ""}} _log_request_full /root/.rally/verification/verifier-ce29c1c3-85c3-40db-8984-5a5e3f0bd9eb/repo/tempest/lib/common/rest_client.py:434
2018-11-25 16:12:39.004 11603 INFO tempest.lib.common.rest_client [req-6b0f1ff6-bf72-49f8-8c66-1a008fa793f5 ] Request (TrunkTestJSON:_run_cleanups): 404 DELETE http://172.30.9.29:9696/v2.0/trunks/3922f7fb-d9db-4a4c-a8a1-f290ede786dc 0.016s
2018-11-25 16:12:39.004 11603 DEBUG tempest.lib.common.rest_client [req-6b0f1ff6-bf72-49f8-8c66-1a008fa793f5 ] Request - Headers: {'Content-Type': 'application/json', 'Accept': 'application/json', 'X-Auth-Token': ''} Body: None Response - Headers: {'status': '404', u'content-length': '134', 'content-location': 'http://172.30.9.29:9696/v2.0/trunks/3922f7fb-d9db-4a4c-a8a1-f290ede786dc', u'date': 'Sun, 25 Nov 2018 16:12:39 GMT', u'content-type': 'application/json', u'connection': 'close', u'x-openstack-request-id': 'req-6b0f1ff6-bf72-49f8-8c66-1a008fa793f5'} Body: {"NeutronError": {"message": "Trunk 3922f7fb-d9db-4a4c-a8a1-f290ede786dc could not be found.", "type": "TrunkNotFound", "detail": ""}} _log_request_full /root/.rally/verification/verifier-ce29c1c3-85c3-40db-8984-5a5e3f0bd9eb/repo/tempest/lib/common/rest_client.py:434
2018-11-25 16:12:39.017 11623 INFO tempest.lib.common.rest_client [req-3f533ffb-d10b-41e3-912f-20aed051dd11 ] Request (TrunkTestJSON:_run_cleanups): 404 DELETE http://172.30.9.29:9696/v2.0/ports/4ba9345a-c0d5-4346-8b2c-b617e2cbe2c9 0.034s
2018-11-25 16:12:39.018 11623 DEBUG tempest.lib.common.rest_client [req-3f533ffb-d10b-41e3-912f-20aed051dd11 ] Request - Headers: {'Content-Type': 'application/json', 'Accept': 'application/json', 'X-Auth-Token': ''} Body: None Response - Headers: {'status': '404', u'content-length': '132', 'content-location': 'http://172.30.9.29:9696/v2.0/ports/4ba9345a-c0d5-4346-8b2c-b617e2cbe2c9', u'date': 'Sun, 25 Nov 2018 16:12:39 GMT', u'content-type': 'application/json', u'connection': 'close', u'x-openstack-request-id': 'req-3f533ffb-d10b-41e3-912f-20aed051dd11'} Body: {"NeutronError": {"message": "Port 4ba9345a-c0d5-4346-8b2c-b617e2cbe2c9 could not be found.", "type": "PortNotFound", "detail": ""}} _log_request_full /root/.rally/verification/verifier-ce29c1c3-85c3-40db-8984-5a5e3f0bd9eb/repo/tempest/lib/common/rest_client.py:434
2018-11-25 16:12:39.022 11603 INFO tempest.lib.common.rest_client [req-69ed4386-4ef6-4e9d-b292-3e06089666aa ] Request (TrunkTestJSON:_run_cleanups): 404 GET http://172.30.9.29:9696/v2.0/trunks/d90b5421-1fc9-4749-a36f-83de2647f709/get_subports 0.017s
2018-11-25 16:12:39.022 11603 DEBUG tempest.lib.common.rest_client [req-69ed4386-4ef6-4e9d-b292-3e06089666aa ] Request - Headers: {'Content-Type': 'application/json', 'Accept': 'application/json', 'X-Auth-Token': ''} Body: None Response - Headers: {'status': '404', u'content-length': '134', 'content-location': 'http://172.30.9.29:9696/v2.0/trunks/d90b5421-1fc9-4749-a36f-83de2647f709/get_subports', u'date': 'Sun, 25 Nov 2018 16:12:39 GMT', u'content-type': 'application/json', u'connection': 'close', u'x-openstack-request-id': 'req-69ed4386-4ef6-4e9d-b292-3e06089666aa'} Body: {"NeutronError": {"message": "Trunk d90b5421-1fc9-4749-a36f-83de2647f709 could not be found.", "type": "TrunkNotFound", "detail": ""}} _log_request_full /root/.rally/verification/verifier-ce29c1c3-85c3-40db-8984-5a5e3f0bd9eb/repo/tempest/lib/common/rest_client.py:434
2018-11-25 16:12:39.041 11603 INFO tempest.lib.common.rest_client [req-0da64d57-d9bc-460d-a49b-6b78755dab3c ] Request (TrunkTestJSON:_run_cleanups): 404 DELETE http://172.30.9.29:9696/v2.0/trunks/d90b5421-1fc9-4749-a36f-83de2647f709 0.018s
2018-11-25 16:12:39.042 11603 DEBUG tempest.lib.common.rest_client [req-0da64d57-d9bc-460d-a49b-6b78755dab3c ] Request - Headers: {'Content-Type': 'application/json', 'Accept': 'application/json', 'X-Auth-Token': ''} Body: None Response - Headers: {'status': '404', u'content-length': '134', 'content-location': 'http://172.30.9.29:9696/v2.0/trunks/d90b5421-1fc9-4749-a36f-83de2647f709', u'date': 'Sun, 25 Nov 2018 16:12:39 GMT', u'content-type': 'application/json', u'connection': 'close', u'x-openstack-request-id': 'req-0da64d57-d9bc-460d-a49b-6b78755dab3c'} Body: {"NeutronError": {"message": "Trunk d90b5421-1fc9-4749-a36f-83de2647f709 could not be found.", "type": "TrunkNotFound", "detail": ""}} _log_request_full /root/.rally/verification/verifier-ce29c1c3-85c3-40db-8984-5a5e3f0bd9eb/repo/tempest/lib/common/rest_client.py:434
2018-11-25 16:12:39.051 11623 INFO tempest.lib.common.rest_client [req-28565957-e6e1-4273-bf73-99525cc9b4d4 ] Request (TrunkTestJSON:_run_cleanups): 404 DELETE http://172.30.9.29:9696/v2.0/ports/adc6555e-a1c6-468c-83d9-d5ae9a1b887b 0.033s
2018-11-25 16:12:39.052 11623 DEBUG tempest.lib.common.rest_client [req-28565957-e6e1-4273-bf73-99525cc9b4d4 ] Request - Headers: {'Content-Type': 'application/json', 'Accept': 'application/json', 'X-Auth-Token': ''} Body: None Response - Headers: {'status': '404', u'content-length': '132', 'content-location': 'http://172.30.9.29:9696/v2.0/ports/adc6555e-a1c6-468c-83d9-d5ae9a1b887b', u'date': 'Sun, 25 Nov 2018 16:12:39 GMT', u'content-type': 'application/json', u'connection': 'close', u'x-openstack-request-id': 'req-28565957-e6e1-4273-bf73-99525cc9b4d4'} Body: {"NeutronError": {"message": "Port adc6555e-a1c6-468c-83d9-d5ae9a1b887b could not be found.", "type": "PortNotFound", "detail": ""}} _log_request_full /root/.rally/verification/verifier-ce29c1c3-85c3-40db-8984-5a5e3f0bd9eb/repo/tempest/lib/common/rest_client.py:434
2018-11-25 16:12:39.058 11603 INFO tempest.lib.common.rest_client [req-96a69036-2086-4d10-a47e-514d03be915e ] Request (TrunkTestJSON:_run_cleanups): 404 GET http://172.30.9.29:9696/v2.0/trunks/220531ee-065b-49a2-903f-bcb50cc70a2c/get_subports 0.015s
2018-11-25 16:12:39.058 11603 DEBUG tempest.lib.common.rest_client [req-96a69036-2086-4d10-a47e-514d03be915e ] Request - Headers: {'Content-Type': 'application/json', 'Accept': 'application/json', 'X-Auth-Token': ''} Body: None Response - Headers: {'status': '404', u'content-length': '134', 'content-location': 'http://172.30.9.29:9696/v2.0/trunks/220531ee-065b-49a2-903f-bcb50cc70a2c/get_subports', u'date': 'Sun, 25 Nov 2018 16:12:39 GMT', u'content-type': 'application/json', u'connection': 'close', u'x-openstack-request-id': 'req-96a69036-2086-4d10-a47e-514d03be915e'} Body: {"NeutronError": {"message": "Trunk 220531ee-065b-49a2-903f-bcb50cc70a2c could not be found.", "type": "TrunkNotFound", "detail": ""}} _log_request_full /root/.rally/verification/verifier-ce29c1c3-85c3-40db-8984-5a5e3f0bd9eb/repo/tempest/lib/common/rest_client.py:434
2018-11-25 16:12:39.079 11603 INFO tempest.lib.common.rest_client [req-1fe91b6c-2423-4a98-a273-1d847db1b901 ] Request (TrunkTestJSON:_run_cleanups): 404 DELETE http://172.30.9.29:9696/v2.0/trunks/220531ee-065b-49a2-903f-bcb50cc70a2c 0.020s
2018-11-25 16:12:39.080 11603 DEBUG tempest.lib.common.rest_client [req-1fe91b6c-2423-4a98-a273-1d847db1b901 ] Request - Headers: {'Content-Type': 'application/json', 'Accept': 'application/json', 'X-Auth-Token': ''} Body: None Response - Headers: {'status': '404', u'content-length': '134', 'content-location': 'http://172.30.9.29:9696/v2.0/trunks/220531ee-065b-49a2-903f-bcb50cc70a2c', u'date': 'Sun, 25 Nov 2018 16:12:39 GMT', u'content-type': 'application/json', u'connection': 'close', u'x-openstack-request-id': 'req-1fe91b6c-2423-4a98-a273-1d847db1b901'} Body: {"NeutronError": {"message": "Trunk 220531ee-065b-49a2-903f-bcb50cc70a2c could not be found.", "type": "TrunkNotFound", "detail": ""}} _log_request_full /root/.rally/verification/verifier-ce29c1c3-85c3-40db-8984-5a5e3f0bd9eb/repo/tempest/lib/common/rest_client.py:434
2018-11-25 16:12:39.086 11623 INFO tempest.lib.common.rest_client [req-444fee4e-25b2-4c10-a414-55ada487d1c6 ] Request (TrunkTestJSON:_run_cleanups): 404 DELETE http://172.30.9.29:9696/v2.0/ports/fb254862-a60a-4f05-ae2b-6708a8af2b29 0.034s
2018-11-25 16:12:39.087 11623 DEBUG tempest.lib.common.rest_client [req-444fee4e-25b2-4c10-a414-55ada487d1c6 ] Request - Headers: {'Content-Type': 'application/json', 'Accept': 'application/json', 'X-Auth-Token': ''} Body: None Response - Headers: {'status': '404', u'content-length': '132', 'content-location': 'http://172.30.9.29:9696/v2.0/ports/fb254862-a60a-4f05-ae2b-6708a8af2b29', u'date': 'Sun, 25 Nov 2018 16:12:39 GMT', u'content-type': 'application/json', u'connection': 'close', u'x-openstack-request-id': 'req-444fee4e-25b2-4c10-a414-55ada487d1c6'} Body: {"NeutronError": {"message": "Port fb254862-a60a-4f05-ae2b-6708a8af2b29 could not be found.", "type": "PortNotFound", "detail": ""}} _log_request_full /root/.rally/verification/verifier-ce29c1c3-85c3-40db-8984-5a5e3f0bd9eb/repo/tempest/lib/common/rest_client.py:434
2018-11-25 16:12:39.098 11603 INFO tempest.lib.common.rest_client [req-949e9f8b-a702-442c-9856-62809eb463c8 ] Request (TrunkTestJSON:_run_cleanups): 404 GET http://172.30.9.29:9696/v2.0/trunks/553b95aa-d2e7-42d0-9526-3fe8dbc3d4b8/get_subports 0.017s
2018-11-25 16:12:39.098 11603 DEBUG tempest.lib.common.rest_client [req-949e9f8b-a702-442c-9856-62809eb463c8 ] Request - Headers: {'Content-Type': 'application/json', 'Accept': 'application/json', 'X-Auth-Token': ''} Body: None Response - Headers: {'status': '404', u'content-length': '134', 'content-location': 'http://172.30.9.29:9696/v2.0/trunks/553b95aa-d2e7-42d0-9526-3fe8dbc3d4b8/get_subports', u'date': 'Sun, 25 Nov 2018 16:12:39 GMT', u'content-type': 'application/json', u'connection': 'close', u'x-openstack-request-id': 'req-949e9f8b-a702-442c-9856-62809eb463c8'} Body: {"NeutronError": {"message": "Trunk 553b95aa-d2e7-42d0-9526-3fe8dbc3d4b8 could not be found.", "type": "TrunkNotFound", "detail": ""}} _log_request_full /root/.rally/verification/verifier-ce29c1c3-85c3-40db-8984-5a5e3f0bd9eb/repo/tempest/lib/common/rest_client.py:434
2018-11-25 16:12:39.116 11603 INFO tempest.lib.common.rest_client [req-a363d08b-d351-4fff-bf3e-07fa10022b9e ] Request (TrunkTestJSON:_run_cleanups): 404 DELETE http://172.30.9.29:9696/v2.0/trunks/553b95aa-d2e7-42d0-9526-3fe8dbc3d4b8 0.017s
2018-11-25 16:12:39.117 11603 DEBUG tempest.lib.common.rest_client [req-a363d08b-d351-4fff-bf3e-07fa10022b9e ] Request - Headers: {'Content-Type': 'application/json', 'Accept': 'application/json', 'X-Auth-Token': ''} Body: None Response - Headers: {'status': '404', u'content-length': '134', 'content-location': 'http://172.30.9.29:9696/v2.0/trunks/553b95aa-d2e7-42d0-9526-3fe8dbc3d4b8', u'date': 'Sun, 25 Nov 2018 16:12:39 GMT', u'content-type': 'application/json', u'connection': 'close', u'x-openstack-request-id': 'req-a363d08b-d351-4fff-bf3e-07fa10022b9e'} Body: {"NeutronError": {"message": "Trunk 553b95aa-d2e7-42d0-9526-3fe8dbc3d4b8 could not be found.", "type": "TrunkNotFound", "detail": ""}} _log_request_full /root/.rally/verification/verifier-ce29c1c3-85c3-40db-8984-5a5e3f0bd9eb/repo/tempest/lib/common/rest_client.py:434
2018-11-25 16:12:39.117 11623 INFO tempest.lib.common.rest_client [req-373f5879-bfe7-487f-bbe7-d8cd50a6d16d ] Request (TrunkTestJSON:_run_cleanups): 404 DELETE http://172.30.9.29:9696/v2.0/ports/943cd5bd-570f-418d-846b-180752a1e869 0.030s
2018-11-25 16:12:39.118 11623 DEBUG tempest.lib.common.rest_client [req-373f5879-bfe7-487f-bbe7-d8cd50a6d16d ] Request - Headers: {'Content-Type': 'application/json', 'Accept': 'application/json', 'X-Auth-Token': ''} Body: None Response - Headers: {'status': '404', u'content-length': '132', 'content-location': 'http://172.30.9.29:9696/v2.0/ports/943cd5bd-570f-418d-846b-180752a1e869', u'date': 'Sun, 25 Nov 2018 16:12:39 GMT', u'content-type': 'application/json', u'connection': 'close', u'x-openstack-request-id': 'req-373f5879-bfe7-487f-bbe7-d8cd50a6d16d'} Body: {"NeutronError": {"message": "Port 943cd5bd-570f-418d-846b-180752a1e869 could not be found.", "type": "PortNotFound", "detail": ""}} _log_request_full /root/.rally/verification/verifier-ce29c1c3-85c3-40db-8984-5a5e3f0bd9eb/repo/tempest/lib/common/rest_client.py:434
2018-11-25 16:12:39.149 11603 INFO tempest.lib.common.rest_client [req-006fcbdb-7ed0-40d0-8709-8ab3ca9c8cdd ] Request (TrunkTestJSON:_run_cleanups): 404 DELETE http://172.30.9.29:9696/v2.0/ports/31db4bdc-6143-4b8c-a0b2-12a1f9d53fee 0.031s
2018-11-25 16:12:39.150 11603 DEBUG tempest.lib.common.rest_client [req-006fcbdb-7ed0-40d0-8709-8ab3ca9c8cdd ] Request - Headers: {'Content-Type': 'application/json', 'Accept': 'application/json', 'X-Auth-Token': ''} Body: None Response - Headers: {'status': '404', u'content-length': '132', 'content-location': 'http://172.30.9.29:9696/v2.0/ports/31db4bdc-6143-4b8c-a0b2-12a1f9d53fee', u'date': 'Sun, 25 Nov 2018 16:12:39 GMT', u'content-type': 'application/json', u'connection': 'close', u'x-openstack-request-id': 'req-006fcbdb-7ed0-40d0-8709-8ab3ca9c8cdd'} Body: {"NeutronError": {"message": "Port 31db4bdc-6143-4b8c-a0b2-12a1f9d53fee could not be found.", "type": "PortNotFound", "detail": ""}} _log_request_full /root/.rally/verification/verifier-ce29c1c3-85c3-40db-8984-5a5e3f0bd9eb/repo/tempest/lib/common/rest_client.py:434
2018-11-25 16:12:39.150 11623 INFO tempest.lib.common.rest_client [req-10e66805-6476-4842-93be-869a24403e20 ] Request (TrunkTestJSON:_run_cleanups): 404 DELETE http://172.30.9.29:9696/v2.0/ports/74c230b7-2b58-4302-bf1d-3de85c3cc4b2 0.031s
2018-11-25 16:12:39.150 11623 DEBUG tempest.lib.common.rest_client [req-10e66805-6476-4842-93be-869a24403e20 ] Request - Headers: {'Content-Type': 'application/json', 'Accept': 'application/json', 'X-Auth-Token': ''} Body: None Response - Headers: {'status': '404', u'content-length': '132', 'content-location': 'http://172.30.9.29:9696/v2.0/ports/74c230b7-2b58-4302-bf1d-3de85c3cc4b2', u'date': 'Sun, 25 Nov 2018 16:12:39 GMT', u'content-type': 'application/json', u'connection': 'close', u'x-openstack-request-id': 'req-10e66805-6476-4842-93be-869a24403e20'} Body: {"NeutronError": {"message": "Port 74c230b7-2b58-4302-bf1d-3de85c3cc4b2 could not be found.", "type": "PortNotFound", "detail": ""}} _log_request_full /root/.rally/verification/verifier-ce29c1c3-85c3-40db-8984-5a5e3f0bd9eb/repo/tempest/lib/common/rest_client.py:434
2018-11-25 16:12:39.186 11603 INFO tempest.lib.common.rest_client [req-2eb2fd02-048f-4882-a161-14cee4ad5a06 ] Request (TrunkTestJSON:_run_cleanups): 404 DELETE http://172.30.9.29:9696/v2.0/ports/ac91995a-b981-4767-aad7-91a73689263a 0.035s
2018-11-25 16:12:39.186 11603 DEBUG tempest.lib.common.rest_client [req-2eb2fd02-048f-4882-a161-14cee4ad5a06 ] Request - Headers: {'Content-Type': 'application/json', 'Accept': 'application/json', 'X-Auth-Token': ''} Body: None Response - Headers: {'status': '404', u'content-length': '132', 'content-location': 'http://172.30.9.29:9696/v2.0/ports/ac91995a-b981-4767-aad7-91a73689263a', u'date': 'Sun, 25 Nov 2018 16:12:39 GMT', u'content-type': 'application/json', u'connection': 'close', u'x-openstack-request-id': 'req-2eb2fd02-048f-4882-a161-14cee4ad5a06'} Body: {"NeutronError": {"message": "Port ac91995a-b981-4767-aad7-91a73689263a could not be found.", "type": "PortNotFound", "detail": ""}} _log_request_full /root/.rally/verification/verifier-ce29c1c3-85c3-40db-8984-5a5e3f0bd9eb/repo/tempest/lib/common/rest_client.py:434
2018-11-25 16:12:39.218 11603 INFO tempest.lib.common.rest_client [req-e60a92a7-28c6-429c-b9a9-24e40c8cce35 ] Request (TrunkTestJSON:_run_cleanups): 404 DELETE http://172.30.9.29:9696/v2.0/ports/d1a1056e-2c22-46f7-b474-5736ebe1f03c 0.031s
2018-11-25 16:12:39.218 11603 DEBUG tempest.lib.common.rest_client [req-e60a92a7-28c6-429c-b9a9-24e40c8cce35 ] Request - Headers: {'Content-Type': 'application/json', 'Accept': 'application/json', 'X-Auth-Token': ''} Body: None Response - Headers: {'status': '404', u'content-length': '132', 'content-location': 'http://172.30.9.29:9696/v2.0/ports/d1a1056e-2c22-46f7-b474-5736ebe1f03c', u'date': 'Sun, 25 Nov 2018 16:12:39 GMT', u'content-type': 'application/json', u'connection': 'close', u'x-openstack-request-id': 'req-e60a92a7-28c6-429c-b9a9-24e40c8cce35'} Body: {"NeutronError": {"message": "Port d1a1056e-2c22-46f7-b474-5736ebe1f03c could not be found.", "type": "PortNotFound", "detail": ""}} _log_request_full /root/.rally/verification/verifier-ce29c1c3-85c3-40db-8984-5a5e3f0bd9eb/repo/tempest/lib/common/rest_client.py:434
2018-11-25 16:12:39.251 11603 INFO tempest.lib.common.rest_client [req-8923e4b1-38bf-4052-a045-80a813d9e35e ] Request (TrunkTestJSON:_run_cleanups): 404 DELETE http://172.30.9.29:9696/v2.0/ports/5208080b-1631-412b-b41f-1e801a1afeda 0.032s
