2018-11-19 06:59:10.738 11603 DEBUG tempest.lib.common.rest_client [req-ac90e980-4bf8-40ff-adab-98550c5202f6 ] Request - Headers: {'Content-Type': 'application/json', 'Accept': 'application/json', 'X-Auth-Token': ''} Body: None Response - Headers: {'status': '404', u'content-length': '132', 'content-location': 'http://172.30.9.21:9696/v2.0/ports/0bdd64c1-9ca6-4788-9b60-a27f246b6cce', u'date': 'Mon, 19 Nov 2018 06:59:10 GMT', u'content-type': 'application/json', u'connection': 'close', u'x-openstack-request-id': 'req-ac90e980-4bf8-40ff-adab-98550c5202f6'} Body: {"NeutronError": {"message": "Port 0bdd64c1-9ca6-4788-9b60-a27f246b6cce could not be found.", "type": "PortNotFound", "detail": ""}} _log_request_full /root/.rally/verification/verifier-7cc74175-4cec-4323-95fb-21585ca050df/repo/tempest/lib/common/rest_client.py:434
2018-11-19 06:59:10.773 11603 INFO tempest.lib.common.rest_client [req-3d1f8b28-a3bf-42a3-a051-df8c3d39a992 ] Request (TrunkTestJSON:_run_cleanups): 404 DELETE http://172.30.9.21:9696/v2.0/ports/97ab07b6-3d59-48da-857d-f5758ca13b0a 0.034s
2018-11-19 06:59:10.773 11603 DEBUG tempest.lib.common.rest_client [req-3d1f8b28-a3bf-42a3-a051-df8c3d39a992 ] Request - Headers: {'Content-Type': 'application/json', 'Accept': 'application/json', 'X-Auth-Token': ''} Body: None Response - Headers: {'status': '404', u'content-length': '132', 'content-location': 'http://172.30.9.21:9696/v2.0/ports/97ab07b6-3d59-48da-857d-f5758ca13b0a', u'date': 'Mon, 19 Nov 2018 06:59:10 GMT', u'content-type': 'application/json', u'connection': 'close', u'x-openstack-request-id': 'req-3d1f8b28-a3bf-42a3-a051-df8c3d39a992'} Body: {"NeutronError": {"message": "Port 97ab07b6-3d59-48da-857d-f5758ca13b0a could not be found.", "type": "PortNotFound", "detail": ""}} _log_request_full /root/.rally/verification/verifier-7cc74175-4cec-4323-95fb-21585ca050df/repo/tempest/lib/common/rest_client.py:434
2018-11-19 06:59:11.078 11623 INFO tempest.lib.common.rest_client [req-43203d12-69d1-4375-9633-efce316b945a ] Request (TrunkTestJSON:test_get_subports): 201 POST http://172.30.9.21:9696/v2.0/trunks 0.391s
2018-11-19 06:59:11.079 11623 DEBUG tempest.lib.common.rest_client [req-43203d12-69d1-4375-9633-efce316b945a ] Request - Headers: {'Content-Type': 'application/json', 'Accept': 'application/json', 'X-Auth-Token': ''} Body: {"trunk": {"sub_ports": [{"segmentation_type": "vlan", "port_id": "be6ca04c-a8a4-4a76-8833-1aeeb04fef1f", "segmentation_id": 2}], "port_id": "c3b631f0-7550-483f-8caf-66faf335f205"}} Response - Headers: {'status': '201', u'content-length': '509', 'content-location': 'http://172.30.9.21:9696/v2.0/trunks', u'date': 'Mon, 19 Nov 2018 06:59:11 GMT', u'content-type': 'application/json', u'connection': 'close', u'x-openstack-request-id': 'req-43203d12-69d1-4375-9633-efce316b945a'} Body: {"trunk": {"status": "DOWN", "sub_ports": [{"segmentation_type": "vlan", "port_id": "be6ca04c-a8a4-4a76-8833-1aeeb04fef1f", "segmentation_id": 2}], "name": "", "admin_state_up": true, "tenant_id": "07c255f3f034401bbb3b75eb351df41e", "created_at": "2018-11-19T06:59:10Z", "tags": [], "updated_at": "2018-11-19T06:59:10Z", "revision_number": 0, "project_id": "07c255f3f034401bbb3b75eb351df41e", "port_id": "c3b631f0-7550-483f-8caf-66faf335f205", "id": "9e0f5588-2d81-45ba-8b9b-0154239ea284", "description": ""}} _log_request_full /root/.rally/verification/verifier-7cc74175-4cec-4323-95fb-21585ca050df/repo/tempest/lib/common/rest_client.py:434
2018-11-19 06:59:11.113 11603 INFO tempest.lib.common.rest_client [req-6afea103-2bd3-4996-a1a6-fee5cbebadb7 ] Request (TrunkTestJSON:_run_cleanups): 204 DELETE http://172.30.9.21:9696/v2.0/ports/1165253e-cd8e-4a64-9c31-a8146ef2e2fc 0.339s
2018-11-19 06:59:11.113 11603 DEBUG tempest.lib.common.rest_client [req-6afea103-2bd3-4996-a1a6-fee5cbebadb7 ] Request - Headers: {'Content-Type': 'application/json', 'Accept': 'application/json', 'X-Auth-Token': ''} Body: None Response - Headers: {'status': '204', u'content-length': '0', 'content-location': 'http://172.30.9.21:9696/v2.0/ports/1165253e-cd8e-4a64-9c31-a8146ef2e2fc', u'date': 'Mon, 19 Nov 2018 06:59:11 GMT', u'connection': 'close', u'x-openstack-request-id': 'req-6afea103-2bd3-4996-a1a6-fee5cbebadb7'} Body: _log_request_full /root/.rally/verification/verifier-7cc74175-4cec-4323-95fb-21585ca050df/repo/tempest/lib/common/rest_client.py:434
2018-11-19 06:59:11.122 11623 INFO tempest.lib.common.rest_client [req-61e136bd-0c46-4dfd-8d3c-deaf9623c5c1 ] Request (TrunkTestJSON:test_get_subports): 200 GET http://172.30.9.21:9696/v2.0/trunks/9e0f5588-2d81-45ba-8b9b-0154239ea284/get_subports 0.042s
2018-11-19 06:59:11.122 11623 DEBUG tempest.lib.common.rest_client [req-61e136bd-0c46-4dfd-8d3c-deaf9623c5c1 ] Request - Headers: {'Content-Type': 'application/json', 'Accept': 'application/json', 'X-Auth-Token': ''} Body: None Response - Headers: {'status': '200', u'content-length': '119', 'content-location': 'http://172.30.9.21:9696/v2.0/trunks/9e0f5588-2d81-45ba-8b9b-0154239ea284/get_subports', u'date': 'Mon, 19 Nov 2018 06:59:11 GMT', u'content-type': 'application/json', u'connection': 'close', u'x-openstack-request-id': 'req-61e136bd-0c46-4dfd-8d3c-deaf9623c5c1'} Body: {"sub_ports": [{"segmentation_type": "vlan", "port_id": "be6ca04c-a8a4-4a76-8833-1aeeb04fef1f", "segmentation_id": 2}]} _log_request_full /root/.rally/verification/verifier-7cc74175-4cec-4323-95fb-21585ca050df/repo/tempest/lib/common/rest_client.py:434
2018-11-19 06:59:11.140 11603 INFO tempest.lib.common.rest_client [req-6982ee95-291f-4bde-ba2c-32e71d155c37 ] Request (TrunkTestJSON:_run_cleanups): 404 DELETE http://172.30.9.21:9696/v2.0/networks/bd88143b-b1e4-44cc-88ee-9ea308503d40 0.026s
2018-11-19 06:59:11.140 11603 DEBUG tempest.lib.common.rest_client [req-6982ee95-291f-4bde-ba2c-32e71d155c37 ] Request - Headers: {'Content-Type': 'application/json', 'Accept': 'application/json', 'X-Auth-Token': ''} Body: None Response - Headers: {'status': '404', u'content-length': '138', 'content-location': 'http://172.30.9.21:9696/v2.0/networks/bd88143b-b1e4-44cc-88ee-9ea308503d40', u'date': 'Mon, 19 Nov 2018 06:59:11 GMT', u'content-type': 'application/json', u'connection': 'close', u'x-openstack-request-id': 'req-6982ee95-291f-4bde-ba2c-32e71d155c37'} Body: {"NeutronError": {"message": "Network bd88143b-b1e4-44cc-88ee-9ea308503d40 could not be found.", "type": "NetworkNotFound", "detail": ""}} _log_request_full /root/.rally/verification/verifier-7cc74175-4cec-4323-95fb-21585ca050df/repo/tempest/lib/common/rest_client.py:434
2018-11-19 06:59:11.166 11603 INFO tempest.lib.common.rest_client [req-c539b068-51ba-4138-b5df-2375a754028d ] Request (TrunkTestJSON:_run_cleanups): 404 DELETE http://172.30.9.21:9696/v2.0/networks/36c246bf-6d34-4549-950c-440f840498f2 0.025s
2018-11-19 06:59:11.166 11603 DEBUG tempest.lib.common.rest_client [req-c539b068-51ba-4138-b5df-2375a754028d ] Request - Headers: {'Content-Type': 'application/json', 'Accept': 'application/json', 'X-Auth-Token': ''} Body: None Response - Headers: {'status': '404', u'content-length': '138', 'content-location': 'http://172.30.9.21:9696/v2.0/networks/36c246bf-6d34-4549-950c-440f840498f2', u'date': 'Mon, 19 Nov 2018 06:59:11 GMT', u'content-type': 'application/json', u'connection': 'close', u'x-openstack-request-id': 'req-c539b068-51ba-4138-b5df-2375a754028d'} Body: {"NeutronError": {"message": "Network 36c246bf-6d34-4549-950c-440f840498f2 could not be found.", "type": "NetworkNotFound", "detail": ""}} _log_request_full /root/.rally/verification/verifier-7cc74175-4cec-4323-95fb-21585ca050df/repo/tempest/lib/common/rest_client.py:434
2018-11-19 06:59:11.194 11603 INFO tempest.lib.common.rest_client [req-922d3cce-46dd-4a3b-a6a9-314405f743b1 ] Request (TrunkTestJSON:_run_cleanups): 404 DELETE http://172.30.9.21:9696/v2.0/networks/4917e0df-bf75-4129-97c6-6ebbd941bf8c 0.026s
2018-11-19 06:59:11.194 11603 DEBUG tempest.lib.common.rest_client [req-922d3cce-46dd-4a3b-a6a9-314405f743b1 ] Request - Headers: {'Content-Type': 'application/json', 'Accept': 'application/json', 'X-Auth-Token': ''} Body: None Response - Headers: {'status': '404', u'content-length': '138', 'content-location': 'http://172.30.9.21:9696/v2.0/networks/4917e0df-bf75-4129-97c6-6ebbd941bf8c', u'date': 'Mon, 19 Nov 2018 06:59:11 GMT', u'content-type': 'application/json', u'connection': 'close', u'x-openstack-request-id': 'req-922d3cce-46dd-4a3b-a6a9-314405f743b1'} Body: {"NeutronError": {"message": "Network 4917e0df-bf75-4129-97c6-6ebbd941bf8c could not be found.", "type": "NetworkNotFound", "detail": ""}} _log_request_full /root/.rally/verification/verifier-7cc74175-4cec-4323-95fb-21585ca050df/repo/tempest/lib/common/rest_client.py:434
2018-11-19 06:59:11.223 11603 INFO tempest.lib.common.rest_client [req-58d02196-2901-463f-8a41-ac4f57dfe4ad ] Request (TrunkTestJSON:_run_cleanups): 404 DELETE http://172.30.9.21:9696/v2.0/networks/dbc81925-2dc7-46ef-a1ce-29f916153e7e 0.028s
2018-11-19 06:59:11.223 11603 DEBUG tempest.lib.common.rest_client [req-58d02196-2901-463f-8a41-ac4f57dfe4ad ] Request - Headers: {'Content-Type': 'application/json', 'Accept': 'application/json', 'X-Auth-Token': ''} Body: None Response - Headers: {'status': '404', u'content-length': '138', 'content-location': 'http://172.30.9.21:9696/v2.0/networks/dbc81925-2dc7-46ef-a1ce-29f916153e7e', u'date': 'Mon, 19 Nov 2018 06:59:11 GMT', u'content-type': 'application/json', u'connection': 'close', u'x-openstack-request-id': 'req-58d02196-2901-463f-8a41-ac4f57dfe4ad'} Body: {"NeutronError": {"message": "Network dbc81925-2dc7-46ef-a1ce-29f916153e7e could not be found.", "type": "NetworkNotFound", "detail": ""}} _log_request_full /root/.rally/verification/verifier-7cc74175-4cec-4323-95fb-21585ca050df/repo/tempest/lib/common/rest_client.py:434
2018-11-19 06:59:11.248 11603 INFO tempest.lib.common.rest_client [req-0fae799a-4351-4cb6-b54c-434e2dd0f489 ] Request (TrunkTestJSON:_run_cleanups): 404 DELETE http://172.30.9.21:9696/v2.0/networks/fb8553ae-6fe6-46d7-bfd5-43c47f8740fa 0.024s
2018-11-19 06:59:11.249 11603 DEBUG tempest.lib.common.rest_client [req-0fae799a-4351-4cb6-b54c-434e2dd0f489 ] Request - Headers: {'Content-Type': 'application/json', 'Accept': 'application/json', 'X-Auth-Token': ''} Body: None Response - Headers: {'status': '404', u'content-length': '138', 'content-location': 'http://172.30.9.21:9696/v2.0/networks/fb8553ae-6fe6-46d7-bfd5-43c47f8740fa', u'date': 'Mon, 19 Nov 2018 06:59:11 GMT', u'content-type': 'application/json', u'connection': 'close', u'x-openstack-request-id': 'req-0fae799a-4351-4cb6-b54c-434e2dd0f489'} Body: {"NeutronError": {"message": "Network fb8553ae-6fe6-46d7-bfd5-43c47f8740fa could not be found.", "type": "NetworkNotFound", "detail": ""}} _log_request_full /root/.rally/verification/verifier-7cc74175-4cec-4323-95fb-21585ca050df/repo/tempest/lib/common/rest_client.py:434
2018-11-19 06:59:11.274 11603 INFO tempest.lib.common.rest_client [req-c47e3001-14fa-4112-8c85-36b6b8202d87 ] Request (TrunkTestJSON:_run_cleanups): 404 DELETE http://172.30.9.21:9696/v2.0/networks/f345eb9a-96f4-4e76-856b-846495cea6dd 0.024s
2018-11-19 06:59:11.275 11603 DEBUG tempest.lib.common.rest_client [req-c47e3001-14fa-4112-8c85-36b6b8202d87 ] Request - Headers: {'Content-Type': 'application/json', 'Accept': 'application/json', 'X-Auth-Token': ''} Body: None Response - Headers: {'status': '404', u'content-length': '138', 'content-location': 'http://172.30.9.21:9696/v2.0/networks/f345eb9a-96f4-4e76-856b-846495cea6dd', u'date': 'Mon, 19 Nov 2018 06:59:11 GMT', u'content-type': 'application/json', u'connection': 'close', u'x-openstack-request-id': 'req-c47e3001-14fa-4112-8c85-36b6b8202d87'} Body: {"NeutronError": {"message": "Network f345eb9a-96f4-4e76-856b-846495cea6dd could not be found.", "type": "NetworkNotFound", "detail": ""}} _log_request_full /root/.rally/verification/verifier-7cc74175-4cec-4323-95fb-21585ca050df/repo/tempest/lib/common/rest_client.py:434
2018-11-19 06:59:11.289 11623 INFO tempest.lib.common.rest_client [req-035cfff4-c7a8-4658-8d54-58f8eddf706d ] Request (TrunkTestJSON:_run_cleanups): 404 GET http://172.30.9.21:9696/v2.0/trunks/6295b82a-1c2f-432b-b08c-263da46fcff5/get_subports 0.166s
2018-11-19 06:59:11.290 11623 DEBUG tempest.lib.common.rest_client [req-035cfff4-c7a8-4658-8d54-58f8eddf706d ] Request - Headers: {'Content-Type': 'application/json', 'Accept': 'application/json', 'X-Auth-Token': ''} Body: None Response - Headers: {'status': '404', u'content-length': '134', 'content-location': 'http://172.30.9.21:9696/v2.0/trunks/6295b82a-1c2f-432b-b08c-263da46fcff5/get_subports', u'date': 'Mon, 19 Nov 2018 06:59:11 GMT', u'content-type': 'application/json', u'connection': 'close', u'x-openstack-request-id': 'req-035cfff4-c7a8-4658-8d54-58f8eddf706d'} Body: {"NeutronError": {"message": "Trunk 6295b82a-1c2f-432b-b08c-263da46fcff5 could not be found.", "type": "TrunkNotFound", "detail": ""}} _log_request_full /root/.rally/verification/verifier-7cc74175-4cec-4323-95fb-21585ca050df/repo/tempest/lib/common/rest_client.py:434
2018-11-19 06:59:11.300 11603 INFO tempest.lib.common.rest_client [req-421f7b1c-129d-4e4b-83b1-9671a3dcb7f6 ] Request (TrunkTestJSON:_run_cleanups): 404 DELETE http://172.30.9.21:9696/v2.0/networks/9499bfd9-ab14-40d9-b651-c8eb7b0a008d 0.024s
2018-11-19 06:59:11.300 11603 DEBUG tempest.lib.common.rest_client [req-421f7b1c-129d-4e4b-83b1-9671a3dcb7f6 ] Request - Headers: {'Content-Type': 'application/json', 'Accept': 'application/json', 'X-Auth-Token': ''} Body: None Response - Headers: {'status': '404', u'content-length': '138', 'content-location': 'http://172.30.9.21:9696/v2.0/networks/9499bfd9-ab14-40d9-b651-c8eb7b0a008d', u'date': 'Mon, 19 Nov 2018 06:59:11 GMT', u'content-type': 'application/json', u'connection': 'close', u'x-openstack-request-id': 'req-421f7b1c-129d-4e4b-83b1-9671a3dcb7f6'} Body: {"NeutronError": {"message": "Network 9499bfd9-ab14-40d9-b651-c8eb7b0a008d could not be found.", "type": "NetworkNotFound", "detail": ""}} _log_request_full /root/.rally/verification/verifier-7cc74175-4cec-4323-95fb-21585ca050df/repo/tempest/lib/common/rest_client.py:434
2018-11-19 06:59:11.309 11623 INFO tempest.lib.common.rest_client [req-ef4dabfd-fe57-4010-bf42-2d21e5564aa2 ] Request (TrunkTestJSON:_run_cleanups): 404 DELETE http://172.30.9.21:9696/v2.0/trunks/6295b82a-1c2f-432b-b08c-263da46fcff5 0.018s
2018-11-19 06:59:11.309 11623 DEBUG tempest.lib.common.rest_client [req-ef4dabfd-fe57-4010-bf42-2d21e5564aa2 ] Request - Headers: {'Content-Type': 'application/json', 'Accept': 'application/json', 'X-Auth-Token': ''} Body: None Response - Headers: {'status': '404', u'content-length': '134', 'content-location': 'http://172.30.9.21:9696/v2.0/trunks/6295b82a-1c2f-432b-b08c-263da46fcff5', u'date': 'Mon, 19 Nov 2018 06:59:11 GMT', u'content-type': 'application/json', u'connection': 'close', u'x-openstack-request-id': 'req-ef4dabfd-fe57-4010-bf42-2d21e5564aa2'} Body: {"NeutronError": {"message": "Trunk 6295b82a-1c2f-432b-b08c-263da46fcff5 could not be found.", "type": "TrunkNotFound", "detail": ""}} _log_request_full /root/.rally/verification/verifier-7cc74175-4cec-4323-95fb-21585ca050df/repo/tempest/lib/common/rest_client.py:434
2018-11-19 06:59:11.324 11603 INFO tempest.lib.common.rest_client [req-6000c5ab-6a0b-4389-998d-fbae9114f6b1 ] Request (TrunkTestJSON:_run_cleanups): 404 DELETE http://172.30.9.21:9696/v2.0/networks/e234893e-7c91-436a-aa13-a5a54220b05b 0.023s
2018-11-19 06:59:11.325 11603 DEBUG tempest.lib.common.rest_client [req-6000c5ab-6a0b-4389-998d-fbae9114f6b1 ] Request - Headers: {'Content-Type': 'application/json', 'Accept': 'application/json', 'X-Auth-Token': ''} Body: None Response - Headers: {'status': '404', u'content-length': '138', 'content-location': 'http://172.30.9.21:9696/v2.0/networks/e234893e-7c91-436a-aa13-a5a54220b05b', u'date': 'Mon, 19 Nov 2018 06:59:11 GMT', u'content-type': 'application/json', u'connection': 'close', u'x-openstack-request-id': 'req-6000c5ab-6a0b-4389-998d-fbae9114f6b1'} Body: {"NeutronError": {"message": "Network e234893e-7c91-436a-aa13-a5a54220b05b could not be found.", "type": "NetworkNotFound", "detail": ""}} _log_request_full /root/.rally/verification/verifier-7cc74175-4cec-4323-95fb-21585ca050df/repo/tempest/lib/common/rest_client.py:434
2018-11-19 06:59:11.328 11623 INFO tempest.lib.common.rest_client [req-ca046d11-fa90-4fdc-8030-a573e44d2ac3 ] Request (TrunkTestJSON:_run_cleanups): 404 GET http://172.30.9.21:9696/v2.0/trunks/93609948-e7c5-4420-be6c-b84e20420b02/get_subports 0.018s
2018-11-19 06:59:11.328 11623 DEBUG tempest.lib.common.rest_client [req-ca046d11-fa90-4fdc-8030-a573e44d2ac3 ] Request - Headers: {'Content-Type': 'application/json', 'Accept': 'application/json', 'X-Auth-Token': ''} Body: None Response - Headers: {'status': '404', u'content-length': '134', 'content-location': 'http://172.30.9.21:9696/v2.0/trunks/93609948-e7c5-4420-be6c-b84e20420b02/get_subports', u'date': 'Mon, 19 Nov 2018 06:59:11 GMT', u'content-type': 'application/json', u'connection': 'close', u'x-openstack-request-id': 'req-ca046d11-fa90-4fdc-8030-a573e44d2ac3'} Body: {"NeutronError": {"message": "Trunk 93609948-e7c5-4420-be6c-b84e20420b02 could not be found.", "type": "TrunkNotFound", "detail": ""}} _log_request_full /root/.rally/verification/verifier-7cc74175-4cec-4323-95fb-21585ca050df/repo/tempest/lib/common/rest_client.py:434
2018-11-19 06:59:11.347 11623 INFO tempest.lib.common.rest_client [req-ecde1389-0d66-4d1d-90f6-b48f61ff2b61 ] Request (TrunkTestJSON:_run_cleanups): 404 DELETE http://172.30.9.21:9696/v2.0/trunks/93609948-e7c5-4420-be6c-b84e20420b02 0.018s
2018-11-19 06:59:11.348 11623 DEBUG tempest.lib.common.rest_client [req-ecde1389-0d66-4d1d-90f6-b48f61ff2b61 ] Request - Headers: {'Content-Type': 'application/json', 'Accept': 'application/json', 'X-Auth-Token': ''} Body: None Response - Headers: {'status': '404', u'content-length': '134', 'content-location': 'http://172.30.9.21:9696/v2.0/trunks/93609948-e7c5-4420-be6c-b84e20420b02', u'date': 'Mon, 19 Nov 2018 06:59:11 GMT', u'content-type': 'application/json', u'connection': 'close', u'x-openstack-request-id': 'req-ecde1389-0d66-4d1d-90f6-b48f61ff2b61'} Body: {"NeutronError": {"message": "Trunk 93609948-e7c5-4420-be6c-b84e20420b02 could not be found.", "type": "TrunkNotFound", "detail": ""}} _log_request_full /root/.rally/verification/verifier-7cc74175-4cec-4323-95fb-21585ca050df/repo/tempest/lib/common/rest_client.py:434
2018-11-19 06:59:11.365 11623 INFO tempest.lib.common.rest_client [req-5e24ad0c-cafa-4c2f-ab00-5c88c2272536 ] Request (TrunkTestJSON:_run_cleanups): 404 GET http://172.30.9.21:9696/v2.0/trunks/2e1b60b8-7a28-4266-8a99-2f08ba8652fb/get_subports 0.016s
2018-11-19 06:59:11.365 11623 DEBUG tempest.lib.common.rest_client [req-5e24ad0c-cafa-4c2f-ab00-5c88c2272536 ] Request - Headers: {'Content-Type': 'application/json', 'Accept': 'application/json', 'X-Auth-Token': ''} Body: None Response - Headers: {'status': '404', u'content-length': '134', 'content-location': 'http://172.30.9.21:9696/v2.0/trunks/2e1b60b8-7a28-4266-8a99-2f08ba8652fb/get_subports', u'date': 'Mon, 19 Nov 2018 06:59:11 GMT', u'content-type': 'application/json', u'connection': 'close', u'x-openstack-request-id': 'req-5e24ad0c-cafa-4c2f-ab00-5c88c2272536'} Body: {"NeutronError": {"message": "Trunk 2e1b60b8-7a28-4266-8a99-2f08ba8652fb could not be found.", "type": "TrunkNotFound", "detail": ""}} _log_request_full /root/.rally/verification/verifier-7cc74175-4cec-4323-95fb-21585ca050df/repo/tempest/lib/common/rest_client.py:434
2018-11-19 06:59:11.384 11623 INFO tempest.lib.common.rest_client [req-10767796-4aaf-4004-a42a-5bb154d10a54 ] Request (TrunkTestJSON:_run_cleanups): 404 DELETE http://172.30.9.21:9696/v2.0/trunks/2e1b60b8-7a28-4266-8a99-2f08ba8652fb 0.018s
2018-11-19 06:59:11.385 11623 DEBUG tempest.lib.common.rest_client [req-10767796-4aaf-4004-a42a-5bb154d10a54 ] Request - Headers: {'Content-Type': 'application/json', 'Accept': 'application/json', 'X-Auth-Token': ''} Body: None Response - Headers: {'status': '404', u'content-length': '134', 'content-location': 'http://172.30.9.21:9696/v2.0/trunks/2e1b60b8-7a28-4266-8a99-2f08ba8652fb', u'date': 'Mon, 19 Nov 2018 06:59:11 GMT', u'content-type': 'application/json', u'connection': 'close', u'x-openstack-request-id': 'req-10767796-4aaf-4004-a42a-5bb154d10a54'} Body: {"NeutronError": {"message": "Trunk 2e1b60b8-7a28-4266-8a99-2f08ba8652fb could not be found.", "type": "TrunkNotFound", "detail": ""}} _log_request_full /root/.rally/verification/verifier-7cc74175-4cec-4323-95fb-21585ca050df/repo/tempest/lib/common/rest_client.py:434
2018-11-19 06:59:11.403 11623 INFO tempest.lib.common.rest_client [req-d4c1fbc0-7801-4798-b6d6-7e099ceaa53c ] Request (TrunkTestJSON:_run_cleanups): 404 GET http://172.30.9.21:9696/v2.0/trunks/3bca0528-5758-4968-9060-6bc275e8117d/get_subports 0.018s
2018-11-19 06:59:11.404 11623 DEBUG tempest.lib.common.rest_client [req-d4c1fbc0-7801-4798-b6d6-7e099ceaa53c ] Request - Headers: {'Content-Type': 'application/json', 'Accept': 'application/json', 'X-Auth-Token': ''} Body: None Response - Headers: {'status': '404', u'content-length': '134', 'content-location': 'http://172.30.9.21:9696/v2.0/trunks/3bca0528-5758-4968-9060-6bc275e8117d/get_subports', u'date': 'Mon, 19 Nov 2018 06:59:11 GMT', u'content-type': 'application/json', u'connection': 'close', u'x-openstack-request-id': 'req-d4c1fbc0-7801-4798-b6d6-7e099ceaa53c'} Body: {"NeutronError": {"message": "Trunk 3bca0528-5758-4968-9060-6bc275e8117d could not be found.", "type": "TrunkNotFound", "detail": ""}} _log_request_full /root/.rally/verification/verifier-7cc74175-4cec-4323-95fb-21585ca050df/repo/tempest/lib/common/rest_client.py:434
2018-11-19 06:59:11.424 11623 INFO tempest.lib.common.rest_client [req-a69aa3aa-6879-4031-82a6-6f81ed20ad01 ] Request (TrunkTestJSON:_run_cleanups): 404 DELETE http://172.30.9.21:9696/v2.0/trunks/3bca0528-5758-4968-9060-6bc275e8117d 0.019s
2018-11-19 06:59:11.424 11623 DEBUG tempest.lib.common.rest_client [req-a69aa3aa-6879-4031-82a6-6f81ed20ad01 ] Request - Headers: {'Content-Type': 'application/json', 'Accept': 'application/json', 'X-Auth-Token': ''} Body: None Response - Headers: {'status': '404', u'content-length': '134', 'content-location': 'http://172.30.9.21:9696/v2.0/trunks/3bca0528-5758-4968-9060-6bc275e8117d', u'date': 'Mon, 19 Nov 2018 06:59:11 GMT', u'content-type': 'application/json', u'connection': 'close', u'x-openstack-request-id': 'req-a69aa3aa-6879-4031-82a6-6f81ed20ad01'} Body: {"NeutronError": {"message": "Trunk 3bca0528-5758-4968-9060-6bc275e8117d could not be found.", "type": "TrunkNotFound", "detail": ""}} _log_request_full /root/.rally/verification/verifier-7cc74175-4cec-4323-95fb-21585ca050df/repo/tempest/lib/common/rest_client.py:434
2018-11-19 06:59:11.441 11623 INFO tempest.lib.common.rest_client [req-2bcdc42b-c963-45c3-804a-50513c846c57 ] Request (TrunkTestJSON:_run_cleanups): 404 GET http://172.30.9.21:9696/v2.0/trunks/eaef0b39-a6ed-4ffa-ba14-23966c5580d1/get_subports 0.016s
2018-11-19 06:59:11.441 11623 DEBUG tempest.lib.common.rest_client [req-2bcdc42b-c963-45c3-804a-50513c846c57 ] Request - Headers: {'Content-Type': 'application/json', 'Accept': 'application/json', 'X-Auth-Token': ''} Body: None Response - Headers: {'status': '404', u'content-length': '134', 'content-location': 'http://172.30.9.21:9696/v2.0/trunks/eaef0b39-a6ed-4ffa-ba14-23966c5580d1/get_subports', u'date': 'Mon, 19 Nov 2018 06:59:11 GMT', u'content-type': 'application/json', u'connection': 'close', u'x-openstack-request-id': 'req-2bcdc42b-c963-45c3-804a-50513c846c57'} Body: {"NeutronError": {"message": "Trunk eaef0b39-a6ed-4ffa-ba14-23966c5580d1 could not be found.", "type": "TrunkNotFound", "detail": ""}} _log_request_full /root/.rally/verification/verifier-7cc74175-4cec-4323-95fb-21585ca050df/repo/tempest/lib/common/rest_client.py:434
2018-11-19 06:59:11.462 11623 INFO tempest.lib.common.rest_client [req-976649c3-c22c-4dd1-8f7c-27b65b190bba ] Request (TrunkTestJSON:_run_cleanups): 404 DELETE http://172.30.9.21:9696/v2.0/trunks/eaef0b39-a6ed-4ffa-ba14-23966c5580d1 0.019s
2018-11-19 06:59:11.462 11623 DEBUG tempest.lib.common.rest_client [req-976649c3-c22c-4dd1-8f7c-27b65b190bba ] Request - Headers: {'Content-Type': 'application/json', 'Accept': 'application/json', 'X-Auth-Token': ''} Body: None Response - Headers: {'status': '404', u'content-length': '134', 'content-location': 'http://172.30.9.21:9696/v2.0/trunks/eaef0b39-a6ed-4ffa-ba14-23966c5580d1', u'date': 'Mon, 19 Nov 2018 06:59:11 GMT', u'content-type': 'application/json', u'connection': 'close', u'x-openstack-request-id': 'req-976649c3-c22c-4dd1-8f7c-27b65b190bba'} Body: {"NeutronError": {"message": "Trunk eaef0b39-a6ed-4ffa-ba14-23966c5580d1 could not be found.", "type": "TrunkNotFound", "detail": ""}} _log_request_full /root/.rally/verification/verifier-7cc74175-4cec-4323-95fb-21585ca050df/repo/tempest/lib/common/rest_client.py:434
2018-11-19 06:59:11.480 11623 INFO tempest.lib.common.rest_client [req-bd8f6307-c0ba-4763-b4ec-00cd5c6b1be8 ] Request (TrunkTestJSON:_run_cleanups): 404 GET http://172.30.9.21:9696/v2.0/trunks/10dbe806-03ec-4519-8bd4-8864ab0ec1eb/get_subports 0.017s
2018-11-19 06:59:11.480 11623 DEBUG tempest.lib.common.rest_client [req-bd8f6307-c0ba-4763-b4ec-00cd5c6b1be8 ] Request - Headers: {'Content-Type': 'application/json', 'Accept': 'application/json', 'X-Auth-Token': ''} Body: None Response - Headers: {'status': '404', u'content-length': '134', 'content-location': 'http://172.30.9.21:9696/v2.0/trunks/10dbe806-03ec-4519-8bd4-8864ab0ec1eb/get_subports', u'date': 'Mon, 19 Nov 2018 06:59:11 GMT', u'content-type': 'application/json', u'connection': 'close', u'x-openstack-request-id': 'req-bd8f6307-c0ba-4763-b4ec-00cd5c6b1be8'} Body: {"NeutronError": {"message": "Trunk 10dbe806-03ec-4519-8bd4-8864ab0ec1eb could not be found.", "type": "TrunkNotFound", "detail": ""}} _log_request_full /root/.rally/verification/verifier-7cc74175-4cec-4323-95fb-21585ca050df/repo/tempest/lib/common/rest_client.py:434
2018-11-19 06:59:11.501 11623 INFO tempest.lib.common.rest_client [req-3fe5035c-b45a-489e-b7c4-d3d1ec11f98a ] Request (TrunkTestJSON:_run_cleanups): 404 DELETE http://172.30.9.21:9696/v2.0/trunks/10dbe806-03ec-4519-8bd4-8864ab0ec1eb 0.020s
2018-11-19 06:59:11.502 11623 DEBUG tempest.lib.common.rest_client [req-3fe5035c-b45a-489e-b7c4-d3d1ec11f98a ] Request - Headers: {'Content-Type': 'application/json', 'Accept': 'application/json', 'X-Auth-Token': ''} Body: None Response - Headers: {'status': '404', u'content-length': '134', 'content-location': 'http://172.30.9.21:9696/v2.0/trunks/10dbe806-03ec-4519-8bd4-8864ab0ec1eb', u'date': 'Mon, 19 Nov 2018 06:59:11 GMT', u'content-type': 'application/json', u'connection': 'close', u'x-openstack-request-id': 'req-3fe5035c-b45a-489e-b7c4-d3d1ec11f98a'} Body: {"NeutronError": {"message": "Trunk 10dbe806-03ec-4519-8bd4-8864ab0ec1eb could not be found.", "type": "TrunkNotFound", "detail": ""}} _log_request_full /root/.rally/verification/verifier-7cc74175-4cec-4323-95fb-21585ca050df/repo/tempest/lib/common/rest_client.py:434
2018-11-19 06:59:11.518 11623 INFO tempest.lib.common.rest_client [req-e026ca79-a519-446f-b7be-f4d9b076a546 ] Request (TrunkTestJSON:_run_cleanups): 404 GET http://172.30.9.21:9696/v2.0/trunks/6fc4842c-05ce-4cdd-ab67-dbe6a492b3ef/get_subports 0.016s
2018-11-19 06:59:11.519 11623 DEBUG tempest.lib.common.rest_client [req-e026ca79-a519-446f-b7be-f4d9b076a546 ] Request - Headers: {'Content-Type': 'application/json', 'Accept': 'application/json', 'X-Auth-Token': ''} Body: None Response - Headers: {'status': '404', u'content-length': '134', 'content-location': 'http://172.30.9.21:9696/v2.0/trunks/6fc4842c-05ce-4cdd-ab67-dbe6a492b3ef/get_subports', u'date': 'Mon, 19 Nov 2018 06:59:11 GMT', u'content-type': 'application/json', u'connection': 'close', u'x-openstack-request-id': 'req-e026ca79-a519-446f-b7be-f4d9b076a546'} Body: {"NeutronError": {"message": "Trunk 6fc4842c-05ce-4cdd-ab67-dbe6a492b3ef could not be found.", "type": "TrunkNotFound", "detail": ""}} _log_request_full /root/.rally/verification/verifier-7cc74175-4cec-4323-95fb-21585ca050df/repo/tempest/lib/common/rest_client.py:434
2018-11-19 06:59:11.539 11623 INFO tempest.lib.common.rest_client [req-de9046fc-319c-4b89-aeba-741a116b8942 ] Request (TrunkTestJSON:_run_cleanups): 404 DELETE http://172.30.9.21:9696/v2.0/trunks/6fc4842c-05ce-4cdd-ab67-dbe6a492b3ef 0.019s
2018-11-19 06:59:11.539 11623 DEBUG tempest.lib.common.rest_client [req-de9046fc-319c-4b89-aeba-741a116b8942 ] Request - Headers: {'Content-Type': 'application/json', 'Accept': 'application/json', 'X-Auth-Token': ''} Body: None Response - Headers: {'status': '404', u'content-length': '134', 'content-location': 'http://172.30.9.21:9696/v2.0/trunks/6fc4842c-05ce-4cdd-ab67-dbe6a492b3ef', u'date': 'Mon, 19 Nov 2018 06:59:11 GMT', u'content-type': 'application/json', u'connection': 'close', u'x-openstack-request-id': 'req-de9046fc-319c-4b89-aeba-741a116b8942'} Body: {"NeutronError": {"message": "Trunk 6fc4842c-05ce-4cdd-ab67-dbe6a492b3ef could not be found.", "type": "TrunkNotFound", "detail": ""}} _log_request_full /root/.rally/verification/verifier-7cc74175-4cec-4323-95fb-21585ca050df/repo/tempest/lib/common/rest_client.py:434
2018-11-19 06:59:11.573 11623 INFO tempest.lib.common.rest_client [req-ba5f8801-b145-4a9b-8bdd-978c2c5aacd1 ] Request (TrunkTestJSON:_run_cleanups): 200 GET http://172.30.9.21:9696/v2.0/trunks/9e0f5588-2d81-45ba-8b9b-0154239ea284/get_subports 0.033s
2018-11-19 06:59:11.573 11623 DEBUG tempest.lib.common.rest_client [req-ba5f8801-b145-4a9b-8bdd-978c2c5aacd1 ] Request - Headers: {'Content-Type': 'application/json', 'Accept': 'application/json', 'X-Auth-Token': ''} Body: None Response - Headers: {'status': '200', u'content-length': '119', 'content-location': 'http://172.30.9.21:9696/v2.0/trunks/9e0f5588-2d81-45ba-8b9b-0154239ea284/get_subports', u'date': 'Mon, 19 Nov 2018 06:59:11 GMT', u'content-type': 'application/json', u'connection': 'close', u'x-openstack-request-id': 'req-ba5f8801-b145-4a9b-8bdd-978c2c5aacd1'} Body: {"sub_ports": [{"segmentation_type": "vlan", "port_id": "be6ca04c-a8a4-4a76-8833-1aeeb04fef1f", "segmentation_id": 2}]} _log_request_full /root/.rally/verification/verifier-7cc74175-4cec-4323-95fb-21585ca050df/repo/tempest/lib/common/rest_client.py:434
2018-11-19 06:59:11.655 11623 INFO tempest.lib.common.rest_client [req-569a2923-9a6e-4d89-be62-43c9072a13e4 ] Request (TrunkTestJSON:_run_cleanups): 200 PUT http://172.30.9.21:9696/v2.0/trunks/9e0f5588-2d81-45ba-8b9b-0154239ea284/remove_subports 0.080s
2018-11-19 06:59:11.655 11623 DEBUG tempest.lib.common.rest_client [req-569a2923-9a6e-4d89-be62-43c9072a13e4 ] Request - Headers: {'Content-Type': 'application/json', 'Accept': 'application/json', 'X-Auth-Token': ''} Body: {"sub_ports": [{"port_id": "be6ca04c-a8a4-4a76-8833-1aeeb04fef1f", "segmentation_type": "vlan", "segmentation_id": 2}]} Response - Headers: {'status': '200', u'content-length': '396', 'content-location': 'http://172.30.9.21:9696/v2.0/trunks/9e0f5588-2d81-45ba-8b9b-0154239ea284/remove_subports', u'date': 'Mon, 19 Nov 2018 06:59:11 GMT', u'content-type': 'application/json', u'connection': 'close', u'x-openstack-request-id': 'req-569a2923-9a6e-4d89-be62-43c9072a13e4'} Body: {"status": "DOWN", "sub_ports": [], "name": "", "admin_state_up": true, "tenant_id": "07c255f3f034401bbb3b75eb351df41e", "created_at": "2018-11-19T06:59:10Z", "tags": [], "updated_at": "2018-11-19T06:59:11Z", "revision_number": 1, "project_id": "07c255f3f034401bbb3b75eb351df41e", "port_id": "c3b631f0-7550-483f-8caf-66faf335f205", "id": "9e0f5588-2d81-45ba-8b9b-0154239ea284", "description": ""} _log_request_full /root/.rally/verification/verifier-7cc74175-4cec-4323-95fb-21585ca050df/repo/tempest/lib/common/rest_client.py:434
2018-11-19 06:59:11.769 11623 INFO tempest.lib.common.rest_client [req-bcfb23ca-8417-4148-8064-33566e4b0b79 ] Request (TrunkTestJSON:_run_cleanups): 204 DELETE http://172.30.9.21:9696/v2.0/trunks/9e0f5588-2d81-45ba-8b9b-0154239ea284 0.113s
2018-11-19 06:59:11.769 11623 DEBUG tempest.lib.common.rest_client [req-bcfb23ca-8417-4148-8064-33566e4b0b79 ] Request - Headers: {'Content-Type': 'application/json', 'Accept': 'application/json', 'X-Auth-Token': ''} Body: None Response - Headers: {'status': '204', u'content-length': '0', 'content-location': 'http://172.30.9.21:9696/v2.0/trunks/9e0f5588-2d81-45ba-8b9b-0154239ea284', u'date': 'Mon, 19 Nov 2018 06:59:11 GMT', u'connection': 'close', u'x-openstack-request-id': 'req-bcfb23ca-8417-4148-8064-33566e4b0b79'} Body: _log_request_full /root/.rally/verification/verifier-7cc74175-4cec-4323-95fb-21585ca050df/repo/tempest/lib/common/rest_client.py:434
2018-11-19 06:59:11.804 11623 INFO tempest.lib.common.rest_client [req-001edcae-2932-45ec-9434-7326456cf9de ] Request (TrunkTestJSON:_run_cleanups): 404 DELETE http://172.30.9.21:9696/v2.0/ports/6479cf1e-6d28-49f3-ae58-0ab3c1dc9c8f 0.034s
2018-11-19 06:59:11.805 11623 DEBUG tempest.lib.common.rest_client [req-001edcae-2932-45ec-9434-7326456cf9de ] Request - Headers: {'Content-Type': 'application/json', 'Accept': 'application/json', 'X-Auth-Token': ''} Body: None Response - Headers: {'status': '404', u'content-length': '132', 'content-location': 'http://172.30.9.21:9696/v2.0/ports/6479cf1e-6d28-49f3-ae58-0ab3c1dc9c8f', u'date': 'Mon, 19 Nov 2018 06:59:11 GMT', u'content-type': 'application/json', u'connection': 'close', u'x-openstack-request-id': 'req-001edcae-2932-45ec-9434-7326456cf9de'} Body: {"NeutronError": {"message": "Port 6479cf1e-6d28-49f3-ae58-0ab3c1dc9c8f could not be found.", "type": "PortNotFound", "detail": ""}} _log_request_full /root/.rally/verification/verifier-7cc74175-4cec-4323-95fb-21585ca050df/repo/tempest/lib/common/rest_client.py:434
2018-11-19 06:59:11.841 11623 INFO tempest.lib.common.rest_client [req-628e46bc-f39c-40dc-8923-31ede23fe6e9 ] Request (TrunkTestJSON:_run_cleanups): 404 DELETE http://172.30.9.21:9696/v2.0/ports/496463b6-dd09-4796-808d-4d22f4ea41b2 0.035s
2018-11-19 06:59:11.841 11623 DEBUG tempest.lib.common.rest_client [req-628e46bc-f39c-40dc-8923-31ede23fe6e9 ] Request - Headers: {'Content-Type': 'application/json', 'Accept': 'application/json', 'X-Auth-Token': ''} Body: None Response - Headers: {'status': '404', u'content-length': '132', 'content-location': 'http://172.30.9.21:9696/v2.0/ports/496463b6-dd09-4796-808d-4d22f4ea41b2', u'date': 'Mon, 19 Nov 2018 06:59:11 GMT', u'content-type': 'application/json', u'connection': 'close', u'x-openstack-request-id': 'req-628e46bc-f39c-40dc-8923-31ede23fe6e9'} Body: {"NeutronError": {"message": "Port 496463b6-dd09-4796-808d-4d22f4ea41b2 could not be found.", "type": "PortNotFound", "detail": ""}} _log_request_full /root/.rally/verification/verifier-7cc74175-4cec-4323-95fb-21585ca050df/repo/tempest/lib/common/rest_client.py:434
2018-11-19 06:59:11.864 11621 INFO paramiko.transport [-] Connected (version 2.0, client dropbear_2015.67)
2018-11-19 06:59:11.891 11623 INFO tempest.lib.common.rest_client [req-687ec65c-3cb4-4c71-b849-aa522bf5a935 ] Request (TrunkTestJSON:_run_cleanups): 404 DELETE http://172.30.9.21:9696/v2.0/ports/352b9255-9cb5-457b-bdb8-40b57f79bd1d 0.049s
2018-11-19 06:59:11.891 11623 DEBUG tempest.lib.common.rest_client [req-687ec65c-3cb4-4c71-b849-aa522bf5a935 ] Request - Headers: {'Content-Type': 'application/json', 'Accept': 'application/json', 'X-Auth-Token': ''} Body: None Response - Headers: {'status': '404', u'content-length': '132', 'content-location': 'http://172.30.9.21:9696/v2.0/ports/352b9255-9cb5-457b-bdb8-40b57f79bd1d', u'date': 'Mon, 19 Nov 2018 06:59:11 GMT', u'content-type': 'application/json', u'connection': 'close', u'x-openstack-request-id': 'req-687ec65c-3cb4-4c71-b849-aa522bf5a935'} Body: {"NeutronError": {"message": "Port 352b9255-9cb5-457b-bdb8-40b57f79bd1d could not be found.", "type": "PortNotFound", "detail": ""}} _log_request_full /root/.rally/verification/verifier-7cc74175-4cec-4323-95fb-21585ca050df/repo/tempest/lib/common/rest_client.py:434
2018-11-19 06:59:11.927 11621 INFO paramiko.transport [-] Authentication (publickey) successful!
2018-11-19 06:59:11.928 11621 INFO tempest.lib.common.ssh [-] ssh connection to cirros@172.30.9.208 successfully created
2018-11-19 06:59:12.020 11603 INFO tempest.lib.common.rest_client [req-b8fce77b-1f18-4294-b703-09f6662b7a26 ] Request (TrunkTestJSON:_run_cleanups): 204 DELETE http://172.30.9.21:9696/v2.0/networks/e2f8d437-3b92-4094-8823-1952729e8502 0.695s
2018-11-19 06:59:12.021 11603 DEBUG tempest.lib.common.rest_client [req-b8fce77b-1f18-4294-b703-09f6662b7a26 ] Request - Headers: {'Content-Type': 'application/json', 'Accept': 'application/json', 'X-Auth-Token': ''} Body: None Response - Headers: {'status': '204', u'content-length': '0', 'content-location': 'http://172.30.9.21:9696/v2.0/networks/e2f8d437-3b92-4094-8823-1952729e8502', u'date': 'Mon, 19 Nov 2018 06:59:12 GMT', u'connection': 'close', u'x-openstack-request-id': 'req-b8fce77b-1f18-4294-b703-09f6662b7a26'} Body: _log_request_full /root/.rally/verification/verifier-7cc74175-4cec-4323-95fb-21585ca050df/repo/tempest/lib/common/rest_client.py:434
2018-11-19 06:59:12.073 11623 INFO tempest.lib.common.rest_client [req-91ec0aa6-d370-4ae4-bb07-402ec1eb4b19 ] Request (TrunkTestJSON:_run_cleanups): 404 DELETE http://172.30.9.21:9696/v2.0/ports/95e1a087-af82-4786-b38e-821cbbb25dbd 0.181s
2018-11-19 06:59:12.073 11623 DEBUG tempest.lib.common.rest_client [req-91ec0aa6-d370-4ae4-bb07-402ec1eb4b19 ] Request - Headers: {'Content-Type': 'application/json', 'Accept': 'application/json', 'X-Auth-Token': ''} Body: None Response - Headers: {'status': '404', u'content-length': '132', 'content-location': 'http://172.30.9.21:9696/v2.0/ports/95e1a087-af82-4786-b38e-821cbbb25dbd', u'date': 'Mon, 19 Nov 2018 06:59:12 GMT', u'content-type': 'application/json', u'connection': 'close', u'x-openstack-request-id': 'req-91ec0aa6-d370-4ae4-bb07-402ec1eb4b19'} Body: {"NeutronError": {"message": "Port 95e1a087-af82-4786-b38e-821cbbb25dbd could not be found.", "type": "PortNotFound", "detail": ""}} _log_request_full /root/.rally/verification/verifier-7cc74175-4cec-4323-95fb-21585ca050df/repo/tempest/lib/common/rest_client.py:434
2018-11-19 06:59:12.105 11623 INFO tempest.lib.common.rest_client [req-095d71b1-4980-49b2-91da-c8cafef83421 ] Request (TrunkTestJSON:_run_cleanups): 404 DELETE http://172.30.9.21:9696/v2.0/ports/31037d8f-36c4-49e9-bf8b-bb7657f31bf3 0.030s
2018-11-19 06:59:12.105 11623 DEBUG tempest.lib.common.rest_client [req-095d71b1-4980-49b2-91da-c8cafef83421 ] Request - Headers: {'Content-Type': 'application/json', 'Accept': 'application/json', 'X-Auth-Token': ''} Body: None Response - Headers: {'status': '404', u'content-length': '132', 'content-location': 'http://172.30.9.21:9696/v2.0/ports/31037d8f-36c4-49e9-bf8b-bb7657f31bf3', u'date': 'Mon, 19 Nov 2018 06:59:12 GMT', u'content-type': 'application/json', u'connection': 'close', u'x-openstack-request-id': 'req-095d71b1-4980-49b2-91da-c8cafef83421'} Body: {"NeutronError": {"message": "Port 31037d8f-36c4-49e9-bf8b-bb7657f31bf3 could not be found.", "type": "PortNotFound", "detail": ""}} _log_request_full /root/.rally/verification/verifier-7cc74175-4cec-4323-95fb-21585ca050df/repo/tempest/lib/common/rest_client.py:434
2018-11-19 06:59:12.147 11623 INFO tempest.lib.common.rest_client [req-4dbd3100-0706-48e6-87c8-47288899ee05 ] Request (TrunkTestJSON:_run_cleanups): 404 DELETE http://172.30.9.21:9696/v2.0/ports/2dd31338-40be-450e-952d-1b54a985aeb5 0.041s
2018-11-19 06:59:12.148 11623 DEBUG tempest.lib.common.rest_client [req-4dbd3100-0706-48e6-87c8-47288899ee05 ] Request - Headers: {'Content-Type': 'application/json', 'Accept': 'application/json', 'X-Auth-Token': ''} Body: None Response - Headers: {'status': '404', u'content-length': '132', 'content-location': 'http://172.30.9.21:9696/v2.0/ports/2dd31338-40be-450e-952d-1b54a985aeb5', u'date': 'Mon, 19 Nov 2018 06:59:12 GMT', u'content-type': 'application/json', u'connection': 'close', u'x-openstack-request-id': 'req-4dbd3100-0706-48e6-87c8-47288899ee05'} Body: {"NeutronError": {"message": "Port 2dd31338-40be-450e-952d-1b54a985aeb5 could not be found.", "type": "PortNotFound", "detail": ""}} _log_request_full /root/.rally/verification/verifier-7cc74175-4cec-4323-95fb-21585ca050df/repo/tempest/lib/common/rest_client.py:434
2018-11-19 06:59:12.184 11623 INFO tempest.lib.common.rest_client [req-ec85196b-becd-4906-ae65-df07fcb45d4c ] Request (TrunkTestJSON:_run_cleanups): 404 DELETE http://172.30.9.21:9696/v2.0/ports/81d2e9a4-ad84-4d89-836f-4da8ad9a3c56 0.035s
2018-11-19 06:59:12.184 11623 DEBUG tempest.lib.common.rest_client [req-ec85196b-becd-4906-ae65-df07fcb45d4c ] Request - Headers: {'Content-Type': 'application/json', 'Accept': 'application/json', 'X-Auth-Token': ''} Body: None Response - Headers: {'status': '404', u'content-length': '132', 'content-location': 'http://172.30.9.21:9696/v2.0/ports/81d2e9a4-ad84-4d89-836f-4da8ad9a3c56', u'date': 'Mon, 19 Nov 2018 06:59:12 GMT', u'content-type': 'application/json', u'connection': 'close', u'x-openstack-request-id': 'req-ec85196b-becd-4906-ae65-df07fcb45d4c'} Body: {"NeutronError": {"message": "Port 81d2e9a4-ad84-4d89-836f-4da8ad9a3c56 could not be found.", "type": "PortNotFound", "detail": ""}} _log_request_full /root/.rally/verification/verifier-7cc74175-4cec-4323-95fb-21585ca050df/repo/tempest/lib/common/rest_client.py:434
2018-11-19 06:59:12.197 11621 INFO tempest.lib.common.rest_client [req-2d34de13-80ff-435a-aae6-d4ce65a87a77 ] Request (TrunkTest:test_trunk_subport_lifecycle): 200 GET http://172.30.9.21:9696/v2.0/trunks/44a70b38-f5c9-4e05-8814-716238680981 0.126s
2018-11-19 06:59:12.198 11621 DEBUG tempest.lib.common.rest_client [req-2d34de13-80ff-435a-aae6-d4ce65a87a77 ] Request - Headers: {'Content-Type': 'application/json', 'Accept': 'application/json', 'X-Auth-Token': ''} Body: None Response - Headers: {'status': '200', u'content-length': '409', 'content-location': 'http://172.30.9.21:9696/v2.0/trunks/44a70b38-f5c9-4e05-8814-716238680981', u'date': 'Mon, 19 Nov 2018 06:59:12 GMT', u'content-type': 'application/json', u'connection': 'close', u'x-openstack-request-id': 'req-2d34de13-80ff-435a-aae6-d4ce65a87a77'} Body: {"trunk": {"status": "ACTIVE", "sub_ports": [], "name": "", "admin_state_up": true, "tenant_id": "11e48b29d6b848e2b2700d775dae1808", "created_at": "2018-11-19T06:58:48Z", "tags": [], "updated_at": "2018-11-19T06:58:59Z", "revision_number": 1, "project_id": "11e48b29d6b848e2b2700d775dae1808", "port_id": "13dc1541-b2b8-4a52-a42a-08d028d8d482", "id": "44a70b38-f5c9-4e05-8814-716238680981", "description": ""}} _log_request_full /root/.rally/verification/verifier-7cc74175-4cec-4323-95fb-21585ca050df/repo/tempest/lib/common/rest_client.py:434
2018-11-19 06:59:12.217 11623 INFO tempest.lib.common.rest_client [req-21a49680-5427-41fc-8b8b-3cfdd5790b97 ] Request (TrunkTestJSON:_run_cleanups): 404 DELETE http://172.30.9.21:9696/v2.0/ports/fda8f960-c3e2-47b2-b0f4-6240d6614b77 0.032s
2018-11-19 06:59:12.218 11623 DEBUG tempest.lib.common.rest_client [req-21a49680-5427-41fc-8b8b-3cfdd5790b97 ] Request - Headers: {'Content-Type': 'application/json', 'Accept': 'application/json', 'X-Auth-Token': ''} Body: None Response - Headers: {'status': '404', u'content-length': '132', 'content-location': 'http://172.30.9.21:9696/v2.0/ports/fda8f960-c3e2-47b2-b0f4-6240d6614b77', u'date': 'Mon, 19 Nov 2018 06:59:12 GMT', u'content-type': 'application/json', u'connection': 'close', u'x-openstack-request-id': 'req-21a49680-5427-41fc-8b8b-3cfdd5790b97'} Body: {"NeutronError": {"message": "Port fda8f960-c3e2-47b2-b0f4-6240d6614b77 could not be found.", "type": "PortNotFound", "detail": ""}} _log_request_full /root/.rally/verification/verifier-7cc74175-4cec-4323-95fb-21585ca050df/repo/tempest/lib/common/rest_client.py:434
2018-11-19 06:59:12.249 11623 INFO tempest.lib.common.rest_client [req-026a7d82-b92f-4db7-b7c6-7e795c31a9a2 ] Request (TrunkTestJSON:_run_cleanups): 404 DELETE http://172.30.9.21:9696/v2.0/ports/58d72e10-6c6b-4d78-81f7-fd91dc5551ab 0.030s
2018-11-19 06:59:12.249 11623 DEBUG tempest.lib.common.rest_client [req-026a7d82-b92f-4db7-b7c6-7e795c31a9a2 ] Request - Headers: {'Content-Type': 'application/json', 'Accept': 'application/json', 'X-Auth-Token': ''} Body: None Response - Headers: {'status': '404', u'content-length': '132', 'content-location': 'http://172.30.9.21:9696/v2.0/ports/58d72e10-6c6b-4d78-81f7-fd91dc5551ab', u'date': 'Mon, 19 Nov 2018 06:59:12 GMT', u'content-type': 'application/json', u'connection': 'close', u'x-openstack-request-id': 'req-026a7d82-b92f-4db7-b7c6-7e795c31a9a2'} Body: {"NeutronError": {"message": "Port 58d72e10-6c6b-4d78-81f7-fd91dc5551ab could not be found.", "type": "PortNotFound", "detail": ""}} _log_request_full /root/.rally/verification/verifier-7cc74175-4cec-4323-95fb-21585ca050df/repo/tempest/lib/common/rest_client.py:434
2018-11-19 06:59:12.314 11603 INFO tempest.lib.common.rest_client [req-ab1b34f7-1d5b-4409-a617-084b4f9a8e08 ] Request (TrunkTestJSON:test_create_trunk_duplicate_subport_segmentation_ids): 201 POST http://172.30.9.21:9696/v2.0/networks 0.291s
2018-11-19 06:59:12.315 11603 DEBUG tempest.lib.common.rest_client [req-ab1b34f7-1d5b-4409-a617-084b4f9a8e08 ] Request - Headers: {'Content-Type': 'application/json', 'Accept': 'application/json', 'X-Auth-Token': ''} Body: {"network": {"name": "tempest-test-network--626595461"}} Response - Headers: {'status': '201', u'content-length': '589', 'content-location': 'http://172.30.9.21:9696/v2.0/networks', u'date': 'Mon, 19 Nov 2018 06:59:12 GMT', u'content-type': 'application/json', u'connection': 'close', u'x-openstack-request-id': 'req-ab1b34f7-1d5b-4409-a617-084b4f9a8e08'} Body: {"network":{"ipv6_address_scope":null,"revision_number":3,"port_security_enabled":true,"id":"d08b3db4-a9ba-4b51-8cdf-c86827f85cb1","router:external":false,"availability_zone_hints":[],"availability_zones":[],"ipv4_address_scope":null,"shared":false,"project_id":"ac228a47d66d4aceba26000ca098a6fb","status":"ACTIVE","subnets":[],"description":"","tags":[],"updated_at":"2018-11-19T06:59:12Z","is_default":false,"name":"tempest-test-network--626595461","qos_policy_id":null,"admin_state_up":true,"tenant_id":"ac228a47d66d4aceba26000ca098a6fb","created_at":"2018-11-19T06:59:12Z","mtu":1450}} _log_request_full /root/.rally/verification/verifier-7cc74175-4cec-4323-95fb-21585ca050df/repo/tempest/lib/common/rest_client.py:434
2018-11-19 06:59:12.533 11621 INFO tempest.lib.common.rest_client [req-75140965-1c69-4c48-ba13-9d8c0eb167f5 ] Request (TrunkTest:test_trunk_subport_lifecycle): 200 GET http://172.30.9.21:9696/v2.0/trunks/4b797de5-f5b3-403a-914a-0999a018b083 0.335s
2018-11-19 06:59:12.534 11621 DEBUG tempest.lib.common.rest_client [req-75140965-1c69-4c48-ba13-9d8c0eb167f5 ] Request - Headers: {'Content-Type': 'application/json', 'Accept': 'application/json', 'X-Auth-Token': ''} Body: None Response - Headers: {'status': '200', u'content-length': '409', 'content-location': 'http://172.30.9.21:9696/v2.0/trunks/4b797de5-f5b3-403a-914a-0999a018b083', u'date': 'Mon, 19 Nov 2018 06:59:12 GMT', u'content-type': 'application/json', u'connection': 'close', u'x-openstack-request-id': 'req-75140965-1c69-4c48-ba13-9d8c0eb167f5'} Body: {"trunk": {"status": "ACTIVE", "sub_ports": [], "name": "", "admin_state_up": true, "tenant_id": "11e48b29d6b848e2b2700d775dae1808", "created_at": "2018-11-19T06:58:53Z", "tags": [], "updated_at": "2018-11-19T06:59:03Z", "revision_number": 1, "project_id": "11e48b29d6b848e2b2700d775dae1808", "port_id": "5d3cad3a-b6f2-430d-87bc-a585cd0e81ae", "id": "4b797de5-f5b3-403a-914a-0999a018b083", "description": ""}} _log_request_full /root/.rally/verification/verifier-7cc74175-4cec-4323-95fb-21585ca050df/repo/tempest/lib/common/rest_client.py:434
2018-11-19 06:59:12.573 11623 INFO tempest.lib.common.rest_client [req-e3e071f2-f255-46c6-9c20-aba431c69ba4 ] Request (TrunkTestJSON:_run_cleanups): 204 DELETE http://172.30.9.21:9696/v2.0/ports/be6ca04c-a8a4-4a76-8833-1aeeb04fef1f 0.323s
2018-11-19 06:59:12.573 11623 DEBUG tempest.lib.common.rest_client [req-e3e071f2-f255-46c6-9c20-aba431c69ba4 ] Request - Headers: {'Content-Type': 'application/json', 'Accept': 'application/json', 'X-Auth-Token': ''} Body: None Response - Headers: {'status': '204', u'content-length': '0', 'content-location': 'http://172.30.9.21:9696/v2.0/ports/be6ca04c-a8a4-4a76-8833-1aeeb04fef1f', u'date': 'Mon, 19 Nov 2018 06:59:12 GMT', u'connection': 'close', u'x-openstack-request-id': 'req-e3e071f2-f255-46c6-9c20-aba431c69ba4'} Body: _log_request_full /root/.rally/verification/verifier-7cc74175-4cec-4323-95fb-21585ca050df/repo/tempest/lib/common/rest_client.py:434
2018-11-19 06:59:12.769 11621 INFO tempest.lib.common.rest_client [req-57d15085-93d4-45e7-96e4-c36dbd718520 ] Request (TrunkTest:test_trunk_subport_lifecycle): 201 POST http://172.30.9.21:9696/v2.0/networks 0.234s
