2018-11-06 22:17:21.986 10324 DEBUG tempest.lib.common.rest_client [req-04037bd0-f802-4a09-bd95-530fa0e1117f ] Request - Headers: {'Content-Type': 'application/json', 'Accept': 'application/json', 'X-Auth-Token': ''} Body: None Response - Headers: {'status': '404', u'content-length': '138', 'content-location': 'http://172.30.9.26:9696/v2.0/networks/3a5696e9-c1c3-4b7c-8491-7522c8b92221', u'date': 'Tue, 06 Nov 2018 22:17:21 GMT', u'content-type': 'application/json', u'connection': 'close', u'x-openstack-request-id': 'req-04037bd0-f802-4a09-bd95-530fa0e1117f'} Body: {"NeutronError": {"message": "Network 3a5696e9-c1c3-4b7c-8491-7522c8b92221 could not be found.", "type": "NetworkNotFound", "detail": ""}} _log_request_full /root/.rally/verification/verifier-17345e19-e2d4-4c75-86fe-96a75252654f/repo/tempest/lib/common/rest_client.py:434
2018-11-06 22:17:22.017 10324 INFO tempest.lib.common.rest_client [req-42336bd2-64db-499c-b36f-5ae0612e5c77 ] Request (TrunkTestJSON:_run_cleanups): 404 DELETE http://172.30.9.26:9696/v2.0/networks/b4559969-7df8-49b6-9ef3-da4e7f57e333 0.030s
2018-11-06 22:17:22.017 10324 DEBUG tempest.lib.common.rest_client [req-42336bd2-64db-499c-b36f-5ae0612e5c77 ] Request - Headers: {'Content-Type': 'application/json', 'Accept': 'application/json', 'X-Auth-Token': ''} Body: None Response - Headers: {'status': '404', u'content-length': '138', 'content-location': 'http://172.30.9.26:9696/v2.0/networks/b4559969-7df8-49b6-9ef3-da4e7f57e333', u'date': 'Tue, 06 Nov 2018 22:17:22 GMT', u'content-type': 'application/json', u'connection': 'close', u'x-openstack-request-id': 'req-42336bd2-64db-499c-b36f-5ae0612e5c77'} Body: {"NeutronError": {"message": "Network b4559969-7df8-49b6-9ef3-da4e7f57e333 could not be found.", "type": "NetworkNotFound", "detail": ""}} _log_request_full /root/.rally/verification/verifier-17345e19-e2d4-4c75-86fe-96a75252654f/repo/tempest/lib/common/rest_client.py:434
2018-11-06 22:17:22.044 10324 INFO tempest.lib.common.rest_client [req-1d34e2a3-ee21-4576-a713-37be199cef09 ] Request (TrunkTestJSON:_run_cleanups): 404 DELETE http://172.30.9.26:9696/v2.0/networks/58bd47c3-5e99-4625-9263-4bb8c13a9577 0.026s
2018-11-06 22:17:22.044 10324 DEBUG tempest.lib.common.rest_client [req-1d34e2a3-ee21-4576-a713-37be199cef09 ] Request - Headers: {'Content-Type': 'application/json', 'Accept': 'application/json', 'X-Auth-Token': ''} Body: None Response - Headers: {'status': '404', u'content-length': '138', 'content-location': 'http://172.30.9.26:9696/v2.0/networks/58bd47c3-5e99-4625-9263-4bb8c13a9577', u'date': 'Tue, 06 Nov 2018 22:17:22 GMT', u'content-type': 'application/json', u'connection': 'close', u'x-openstack-request-id': 'req-1d34e2a3-ee21-4576-a713-37be199cef09'} Body: {"NeutronError": {"message": "Network 58bd47c3-5e99-4625-9263-4bb8c13a9577 could not be found.", "type": "NetworkNotFound", "detail": ""}} _log_request_full /root/.rally/verification/verifier-17345e19-e2d4-4c75-86fe-96a75252654f/repo/tempest/lib/common/rest_client.py:434
2018-11-06 22:17:22.071 10324 INFO tempest.lib.common.rest_client [req-a3efd3dc-db16-4c97-8ff7-dec4371391d4 ] Request (TrunkTestJSON:_run_cleanups): 404 DELETE http://172.30.9.26:9696/v2.0/networks/8efa85f9-6291-411e-b76c-2c9faa35cb94 0.026s
2018-11-06 22:17:22.072 10324 DEBUG tempest.lib.common.rest_client [req-a3efd3dc-db16-4c97-8ff7-dec4371391d4 ] Request - Headers: {'Content-Type': 'application/json', 'Accept': 'application/json', 'X-Auth-Token': ''} Body: None Response - Headers: {'status': '404', u'content-length': '138', 'content-location': 'http://172.30.9.26:9696/v2.0/networks/8efa85f9-6291-411e-b76c-2c9faa35cb94', u'date': 'Tue, 06 Nov 2018 22:17:22 GMT', u'content-type': 'application/json', u'connection': 'close', u'x-openstack-request-id': 'req-a3efd3dc-db16-4c97-8ff7-dec4371391d4'} Body: {"NeutronError": {"message": "Network 8efa85f9-6291-411e-b76c-2c9faa35cb94 could not be found.", "type": "NetworkNotFound", "detail": ""}} _log_request_full /root/.rally/verification/verifier-17345e19-e2d4-4c75-86fe-96a75252654f/repo/tempest/lib/common/rest_client.py:434
2018-11-06 22:17:22.100 10324 INFO tempest.lib.common.rest_client [req-3f57d9d6-80e6-40b3-8020-0d08f3358b28 ] Request (TrunkTestJSON:_run_cleanups): 404 DELETE http://172.30.9.26:9696/v2.0/networks/a6873ec6-750d-468f-93e3-cf24177e9311 0.027s
2018-11-06 22:17:22.100 10324 DEBUG tempest.lib.common.rest_client [req-3f57d9d6-80e6-40b3-8020-0d08f3358b28 ] Request - Headers: {'Content-Type': 'application/json', 'Accept': 'application/json', 'X-Auth-Token': ''} Body: None Response - Headers: {'status': '404', u'content-length': '138', 'content-location': 'http://172.30.9.26:9696/v2.0/networks/a6873ec6-750d-468f-93e3-cf24177e9311', u'date': 'Tue, 06 Nov 2018 22:17:22 GMT', u'content-type': 'application/json', u'connection': 'close', u'x-openstack-request-id': 'req-3f57d9d6-80e6-40b3-8020-0d08f3358b28'} Body: {"NeutronError": {"message": "Network a6873ec6-750d-468f-93e3-cf24177e9311 could not be found.", "type": "NetworkNotFound", "detail": ""}} _log_request_full /root/.rally/verification/verifier-17345e19-e2d4-4c75-86fe-96a75252654f/repo/tempest/lib/common/rest_client.py:434
2018-11-06 22:17:22.136 10324 INFO tempest.lib.common.rest_client [req-e7bd391f-a536-4847-8d20-80db0f7ed2f9 ] Request (TrunkTestJSON:_run_cleanups): 404 DELETE http://172.30.9.26:9696/v2.0/networks/5d840209-f817-4e2c-adfe-5d5392340b73 0.035s
2018-11-06 22:17:22.136 10324 DEBUG tempest.lib.common.rest_client [req-e7bd391f-a536-4847-8d20-80db0f7ed2f9 ] Request - Headers: {'Content-Type': 'application/json', 'Accept': 'application/json', 'X-Auth-Token': ''} Body: None Response - Headers: {'status': '404', u'content-length': '138', 'content-location': 'http://172.30.9.26:9696/v2.0/networks/5d840209-f817-4e2c-adfe-5d5392340b73', u'date': 'Tue, 06 Nov 2018 22:17:22 GMT', u'content-type': 'application/json', u'connection': 'close', u'x-openstack-request-id': 'req-e7bd391f-a536-4847-8d20-80db0f7ed2f9'} Body: {"NeutronError": {"message": "Network 5d840209-f817-4e2c-adfe-5d5392340b73 could not be found.", "type": "NetworkNotFound", "detail": ""}} _log_request_full /root/.rally/verification/verifier-17345e19-e2d4-4c75-86fe-96a75252654f/repo/tempest/lib/common/rest_client.py:434
2018-11-06 22:17:22.170 10324 INFO tempest.lib.common.rest_client [req-f1f418ed-3453-4639-9a9a-cd238d578ec4 ] Request (TrunkTestJSON:_run_cleanups): 404 DELETE http://172.30.9.26:9696/v2.0/networks/b83765c8-7d6c-427f-bf2a-96f908fc86a1 0.033s
2018-11-06 22:17:22.170 10324 DEBUG tempest.lib.common.rest_client [req-f1f418ed-3453-4639-9a9a-cd238d578ec4 ] Request - Headers: {'Content-Type': 'application/json', 'Accept': 'application/json', 'X-Auth-Token': ''} Body: None Response - Headers: {'status': '404', u'content-length': '138', 'content-location': 'http://172.30.9.26:9696/v2.0/networks/b83765c8-7d6c-427f-bf2a-96f908fc86a1', u'date': 'Tue, 06 Nov 2018 22:17:22 GMT', u'content-type': 'application/json', u'connection': 'close', u'x-openstack-request-id': 'req-f1f418ed-3453-4639-9a9a-cd238d578ec4'} Body: {"NeutronError": {"message": "Network b83765c8-7d6c-427f-bf2a-96f908fc86a1 could not be found.", "type": "NetworkNotFound", "detail": ""}} _log_request_full /root/.rally/verification/verifier-17345e19-e2d4-4c75-86fe-96a75252654f/repo/tempest/lib/common/rest_client.py:434
2018-11-06 22:17:22.195 10324 INFO tempest.lib.common.rest_client [req-fefdc9e5-ae9f-467e-8dcc-949a17051f1e ] Request (TrunkTestJSON:_run_cleanups): 404 DELETE http://172.30.9.26:9696/v2.0/networks/dbdad5b2-f429-4eab-9967-1d626ffe59a5 0.024s
2018-11-06 22:17:22.196 10324 DEBUG tempest.lib.common.rest_client [req-fefdc9e5-ae9f-467e-8dcc-949a17051f1e ] Request - Headers: {'Content-Type': 'application/json', 'Accept': 'application/json', 'X-Auth-Token': ''} Body: None Response - Headers: {'status': '404', u'content-length': '138', 'content-location': 'http://172.30.9.26:9696/v2.0/networks/dbdad5b2-f429-4eab-9967-1d626ffe59a5', u'date': 'Tue, 06 Nov 2018 22:17:22 GMT', u'content-type': 'application/json', u'connection': 'close', u'x-openstack-request-id': 'req-fefdc9e5-ae9f-467e-8dcc-949a17051f1e'} Body: {"NeutronError": {"message": "Network dbdad5b2-f429-4eab-9967-1d626ffe59a5 could not be found.", "type": "NetworkNotFound", "detail": ""}} _log_request_full /root/.rally/verification/verifier-17345e19-e2d4-4c75-86fe-96a75252654f/repo/tempest/lib/common/rest_client.py:434
2018-11-06 22:17:22.223 10324 INFO tempest.lib.common.rest_client [req-c124bd25-a01b-42ed-b807-da9a4943f769 ] Request (TrunkTestJSON:_run_cleanups): 404 DELETE http://172.30.9.26:9696/v2.0/networks/1fa51da4-84be-431c-93ae-b649f0e62565 0.026s
2018-11-06 22:17:22.223 10324 DEBUG tempest.lib.common.rest_client [req-c124bd25-a01b-42ed-b807-da9a4943f769 ] Request - Headers: {'Content-Type': 'application/json', 'Accept': 'application/json', 'X-Auth-Token': ''} Body: None Response - Headers: {'status': '404', u'content-length': '138', 'content-location': 'http://172.30.9.26:9696/v2.0/networks/1fa51da4-84be-431c-93ae-b649f0e62565', u'date': 'Tue, 06 Nov 2018 22:17:22 GMT', u'content-type': 'application/json', u'connection': 'close', u'x-openstack-request-id': 'req-c124bd25-a01b-42ed-b807-da9a4943f769'} Body: {"NeutronError": {"message": "Network 1fa51da4-84be-431c-93ae-b649f0e62565 could not be found.", "type": "NetworkNotFound", "detail": ""}} _log_request_full /root/.rally/verification/verifier-17345e19-e2d4-4c75-86fe-96a75252654f/repo/tempest/lib/common/rest_client.py:434
2018-11-06 22:17:22.251 10324 INFO tempest.lib.common.rest_client [req-cfa29a5c-b8a4-48c5-97d1-534867091011 ] Request (TrunkTestJSON:_run_cleanups): 404 DELETE http://172.30.9.26:9696/v2.0/networks/bf165897-c196-417f-90af-71979a846552 0.027s
2018-11-06 22:17:22.251 10324 DEBUG tempest.lib.common.rest_client [req-cfa29a5c-b8a4-48c5-97d1-534867091011 ] Request - Headers: {'Content-Type': 'application/json', 'Accept': 'application/json', 'X-Auth-Token': ''} Body: None Response - Headers: {'status': '404', u'content-length': '138', 'content-location': 'http://172.30.9.26:9696/v2.0/networks/bf165897-c196-417f-90af-71979a846552', u'date': 'Tue, 06 Nov 2018 22:17:22 GMT', u'content-type': 'application/json', u'connection': 'close', u'x-openstack-request-id': 'req-cfa29a5c-b8a4-48c5-97d1-534867091011'} Body: {"NeutronError": {"message": "Network bf165897-c196-417f-90af-71979a846552 could not be found.", "type": "NetworkNotFound", "detail": ""}} _log_request_full /root/.rally/verification/verifier-17345e19-e2d4-4c75-86fe-96a75252654f/repo/tempest/lib/common/rest_client.py:434
2018-11-06 22:17:22.277 10324 INFO tempest.lib.common.rest_client [req-77d076de-6ac7-4c93-9828-42f5aa02d7a2 ] Request (TrunkTestJSON:_run_cleanups): 404 DELETE http://172.30.9.26:9696/v2.0/networks/3c075eca-111a-48af-896b-9e2e5f09448a 0.025s
2018-11-06 22:17:22.278 10324 DEBUG tempest.lib.common.rest_client [req-77d076de-6ac7-4c93-9828-42f5aa02d7a2 ] Request - Headers: {'Content-Type': 'application/json', 'Accept': 'application/json', 'X-Auth-Token': ''} Body: None Response - Headers: {'status': '404', u'content-length': '138', 'content-location': 'http://172.30.9.26:9696/v2.0/networks/3c075eca-111a-48af-896b-9e2e5f09448a', u'date': 'Tue, 06 Nov 2018 22:17:22 GMT', u'content-type': 'application/json', u'connection': 'close', u'x-openstack-request-id': 'req-77d076de-6ac7-4c93-9828-42f5aa02d7a2'} Body: {"NeutronError": {"message": "Network 3c075eca-111a-48af-896b-9e2e5f09448a could not be found.", "type": "NetworkNotFound", "detail": ""}} _log_request_full /root/.rally/verification/verifier-17345e19-e2d4-4c75-86fe-96a75252654f/repo/tempest/lib/common/rest_client.py:434
2018-11-06 22:17:22.293 10344 INFO tempest.lib.common.rest_client [req-35075087-9f0b-4dc3-9281-ac74b9e7e749 ] Request (TrunkTestJSON:_run_cleanups): 204 DELETE http://172.30.9.26:9696/v2.0/networks/a4ccd8ee-c0f7-4c49-9e8f-da078864b383 0.599s
2018-11-06 22:17:22.293 10344 DEBUG tempest.lib.common.rest_client [req-35075087-9f0b-4dc3-9281-ac74b9e7e749 ] Request - Headers: {'Content-Type': 'application/json', 'Accept': 'application/json', 'X-Auth-Token': ''} Body: None Response - Headers: {'status': '204', u'content-length': '0', 'content-location': 'http://172.30.9.26:9696/v2.0/networks/a4ccd8ee-c0f7-4c49-9e8f-da078864b383', u'date': 'Tue, 06 Nov 2018 22:17:22 GMT', u'connection': 'close', u'x-openstack-request-id': 'req-35075087-9f0b-4dc3-9281-ac74b9e7e749'} Body: _log_request_full /root/.rally/verification/verifier-17345e19-e2d4-4c75-86fe-96a75252654f/repo/tempest/lib/common/rest_client.py:434
2018-11-06 22:17:22.549 10344 INFO tempest.lib.common.rest_client [req-989ba7df-dd0e-4e07-afad-dc24a1e4598d ] Request (TrunkTestJSON:test_show_trunk_has_project_id): 201 POST http://172.30.9.26:9696/v2.0/networks 0.252s
2018-11-06 22:17:22.549 10344 DEBUG tempest.lib.common.rest_client [req-989ba7df-dd0e-4e07-afad-dc24a1e4598d ] Request - Headers: {'Content-Type': 'application/json', 'Accept': 'application/json', 'X-Auth-Token': ''} Body: {"network": {"name": "tempest-test-network--1362598724"}} Response - Headers: {'status': '201', u'content-length': '569', 'content-location': 'http://172.30.9.26:9696/v2.0/networks', u'date': 'Tue, 06 Nov 2018 22:17:22 GMT', u'content-type': 'application/json', u'connection': 'close', u'x-openstack-request-id': 'req-989ba7df-dd0e-4e07-afad-dc24a1e4598d'} Body: {"network":{"status":"ACTIVE","router:external":false,"availability_zone_hints":[],"availability_zones":[],"description":"","subnets":[],"shared":false,"tenant_id":"c7950a5618584331be1f6eb97b77f6b7","created_at":"2018-11-06T22:17:22Z","tags":[],"ipv6_address_scope":null,"mtu":1450,"updated_at":"2018-11-06T22:17:22Z","admin_state_up":true,"revision_number":2,"ipv4_address_scope":null,"is_default":false,"port_security_enabled":true,"project_id":"c7950a5618584331be1f6eb97b77f6b7","id":"281ab974-3e4b-4f8e-8ba0-ceec35683590","name":"tempest-test-network--1362598724"}} _log_request_full /root/.rally/verification/verifier-17345e19-e2d4-4c75-86fe-96a75252654f/repo/tempest/lib/common/rest_client.py:434
2018-11-06 22:17:23.012 10324 INFO tempest.lib.common.rest_client [req-a94b5cc2-b98a-4565-9e70-902087da2f0d ] Request (TrunkTestJSON:_run_cleanups): 204 DELETE http://172.30.9.26:9696/v2.0/networks/bc0fdbc0-f53a-47f8-9b2a-5a0f3bca7701 0.733s
2018-11-06 22:17:23.012 10324 DEBUG tempest.lib.common.rest_client [req-a94b5cc2-b98a-4565-9e70-902087da2f0d ] Request - Headers: {'Content-Type': 'application/json', 'Accept': 'application/json', 'X-Auth-Token': ''} Body: None Response - Headers: {'status': '204', u'content-length': '0', 'content-location': 'http://172.30.9.26:9696/v2.0/networks/bc0fdbc0-f53a-47f8-9b2a-5a0f3bca7701', u'date': 'Tue, 06 Nov 2018 22:17:22 GMT', u'connection': 'close', u'x-openstack-request-id': 'req-a94b5cc2-b98a-4565-9e70-902087da2f0d'} Body: _log_request_full /root/.rally/verification/verifier-17345e19-e2d4-4c75-86fe-96a75252654f/repo/tempest/lib/common/rest_client.py:434
2018-11-06 22:17:23.284 10324 INFO tempest.lib.common.rest_client [req-c4203573-f000-45d9-be46-3e455698e613 ] Request (TrunkTestJSON:test_create_trunk_with_subport_missing_segmentation_type): 201 POST http://172.30.9.26:9696/v2.0/networks 0.269s
2018-11-06 22:17:23.285 10324 DEBUG tempest.lib.common.rest_client [req-c4203573-f000-45d9-be46-3e455698e613 ] Request - Headers: {'Content-Type': 'application/json', 'Accept': 'application/json', 'X-Auth-Token': ''} Body: {"network": {"name": "tempest-test-network--677916641"}} Response - Headers: {'status': '201', u'content-length': '568', 'content-location': 'http://172.30.9.26:9696/v2.0/networks', u'date': 'Tue, 06 Nov 2018 22:17:23 GMT', u'content-type': 'application/json', u'connection': 'close', u'x-openstack-request-id': 'req-c4203573-f000-45d9-be46-3e455698e613'} Body: {"network":{"status":"ACTIVE","router:external":false,"availability_zone_hints":[],"availability_zones":[],"description":"","subnets":[],"shared":false,"tenant_id":"36d25d2ed8be49459318642a1fb7398f","created_at":"2018-11-06T22:17:23Z","tags":[],"ipv6_address_scope":null,"mtu":1450,"updated_at":"2018-11-06T22:17:23Z","admin_state_up":true,"revision_number":2,"ipv4_address_scope":null,"is_default":false,"port_security_enabled":true,"project_id":"36d25d2ed8be49459318642a1fb7398f","id":"54268eae-57cd-494a-8cf5-41d8a07b44e8","name":"tempest-test-network--677916641"}} _log_request_full /root/.rally/verification/verifier-17345e19-e2d4-4c75-86fe-96a75252654f/repo/tempest/lib/common/rest_client.py:434
2018-11-06 22:17:23.548 10344 INFO tempest.lib.common.rest_client [req-66c35792-a13d-4388-bd92-3262c5b422bf ] Request (TrunkTestJSON:test_show_trunk_has_project_id): 201 POST http://172.30.9.26:9696/v2.0/ports 0.997s
2018-11-06 22:17:23.548 10344 DEBUG tempest.lib.common.rest_client [req-66c35792-a13d-4388-bd92-3262c5b422bf ] Request - Headers: {'Content-Type': 'application/json', 'Accept': 'application/json', 'X-Auth-Token': ''} Body: {"port": {"network_id": "281ab974-3e4b-4f8e-8ba0-ceec35683590"}} Response - Headers: {'status': '201', u'content-length': '615', 'content-location': 'http://172.30.9.26:9696/v2.0/ports', u'date': 'Tue, 06 Nov 2018 22:17:23 GMT', u'content-type': 'application/json', u'connection': 'close', u'x-openstack-request-id': 'req-66c35792-a13d-4388-bd92-3262c5b422bf'} Body: {"port":{"status":"DOWN","created_at":"2018-11-06T22:17:22Z","description":"","allowed_address_pairs":[],"tags":[],"network_id":"281ab974-3e4b-4f8e-8ba0-ceec35683590","tenant_id":"c7950a5618584331be1f6eb97b77f6b7","extra_dhcp_opts":[],"admin_state_up":true,"updated_at":"2018-11-06T22:17:23Z","name":"","device_owner":"","revision_number":2,"mac_address":"fa:16:3e:57:21:03","binding:vnic_type":"normal","port_security_enabled":true,"project_id":"c7950a5618584331be1f6eb97b77f6b7","fixed_ips":[],"id":"c4865d99-1206-419c-8e5d-349a1293c957","security_groups":["d9742bf9-cac7-4c9f-812d-3f37e8202820"],"device_id":""}} _log_request_full /root/.rally/verification/verifier-17345e19-e2d4-4c75-86fe-96a75252654f/repo/tempest/lib/common/rest_client.py:434
2018-11-06 22:17:23.935 10344 INFO tempest.lib.common.rest_client [req-984b19f2-92f1-426b-ac99-f8908d37a13f ] Request (TrunkTestJSON:test_show_trunk_has_project_id): 201 POST http://172.30.9.26:9696/v2.0/trunks 0.385s
2018-11-06 22:17:23.935 10344 DEBUG tempest.lib.common.rest_client [req-984b19f2-92f1-426b-ac99-f8908d37a13f ] Request - Headers: {'Content-Type': 'application/json', 'Accept': 'application/json', 'X-Auth-Token': ''} Body: {"trunk": {"port_id": "c4865d99-1206-419c-8e5d-349a1293c957"}} Response - Headers: {'status': '201', u'content-length': '409', 'content-location': 'http://172.30.9.26:9696/v2.0/trunks', u'date': 'Tue, 06 Nov 2018 22:17:23 GMT', u'content-type': 'application/json', u'connection': 'close', u'x-openstack-request-id': 'req-984b19f2-92f1-426b-ac99-f8908d37a13f'} Body: {"trunk": {"status": "ACTIVE", "sub_ports": [], "name": "", "admin_state_up": true, "tenant_id": "c7950a5618584331be1f6eb97b77f6b7", "created_at": "2018-11-06T22:17:23Z", "tags": [], "updated_at": "2018-11-06T22:17:23Z", "revision_number": 1, "project_id": "c7950a5618584331be1f6eb97b77f6b7", "port_id": "c4865d99-1206-419c-8e5d-349a1293c957", "id": "350ec2d4-2bc6-4546-af24-f947e7f837c1", "description": ""}} _log_request_full /root/.rally/verification/verifier-17345e19-e2d4-4c75-86fe-96a75252654f/repo/tempest/lib/common/rest_client.py:434
2018-11-06 22:17:23.960 10344 INFO tempest.lib.common.rest_client [req-b80f8681-bde8-4feb-95f6-178133411e20 ] Request (TrunkTestJSON:test_show_trunk_has_project_id): 200 GET http://172.30.9.26:9696/v2.0/trunks/350ec2d4-2bc6-4546-af24-f947e7f837c1 0.024s
2018-11-06 22:17:23.961 10344 DEBUG tempest.lib.common.rest_client [req-b80f8681-bde8-4feb-95f6-178133411e20 ] Request - Headers: {'Content-Type': 'application/json', 'Accept': 'application/json', 'X-Auth-Token': ''} Body: None Response - Headers: {'status': '200', u'content-length': '409', 'content-location': 'http://172.30.9.26:9696/v2.0/trunks/350ec2d4-2bc6-4546-af24-f947e7f837c1', u'date': 'Tue, 06 Nov 2018 22:17:23 GMT', u'content-type': 'application/json', u'connection': 'close', u'x-openstack-request-id': 'req-b80f8681-bde8-4feb-95f6-178133411e20'} Body: {"trunk": {"status": "ACTIVE", "sub_ports": [], "name": "", "admin_state_up": true, "tenant_id": "c7950a5618584331be1f6eb97b77f6b7", "created_at": "2018-11-06T22:17:23Z", "tags": [], "updated_at": "2018-11-06T22:17:23Z", "revision_number": 1, "project_id": "c7950a5618584331be1f6eb97b77f6b7", "port_id": "c4865d99-1206-419c-8e5d-349a1293c957", "id": "350ec2d4-2bc6-4546-af24-f947e7f837c1", "description": ""}} _log_request_full /root/.rally/verification/verifier-17345e19-e2d4-4c75-86fe-96a75252654f/repo/tempest/lib/common/rest_client.py:434
2018-11-06 22:17:23.979 10344 INFO tempest.lib.common.rest_client [req-ed05d1c4-d22d-4334-af38-e1e584ad0003 ] Request (TrunkTestJSON:_run_cleanups): 404 GET http://172.30.9.26:9696/v2.0/trunks/a1945469-e849-4ac6-80da-b594594a32f8/get_subports 0.016s
2018-11-06 22:17:23.979 10344 DEBUG tempest.lib.common.rest_client [req-ed05d1c4-d22d-4334-af38-e1e584ad0003 ] Request - Headers: {'Content-Type': 'application/json', 'Accept': 'application/json', 'X-Auth-Token': ''} Body: None Response - Headers: {'status': '404', u'content-length': '134', 'content-location': 'http://172.30.9.26:9696/v2.0/trunks/a1945469-e849-4ac6-80da-b594594a32f8/get_subports', u'date': 'Tue, 06 Nov 2018 22:17:23 GMT', u'content-type': 'application/json', u'connection': 'close', u'x-openstack-request-id': 'req-ed05d1c4-d22d-4334-af38-e1e584ad0003'} Body: {"NeutronError": {"message": "Trunk a1945469-e849-4ac6-80da-b594594a32f8 could not be found.", "type": "TrunkNotFound", "detail": ""}} _log_request_full /root/.rally/verification/verifier-17345e19-e2d4-4c75-86fe-96a75252654f/repo/tempest/lib/common/rest_client.py:434
2018-11-06 22:17:23.998 10344 INFO tempest.lib.common.rest_client [req-ea0e9a0b-faec-452b-956f-e08a29a9f053 ] Request (TrunkTestJSON:_run_cleanups): 404 DELETE http://172.30.9.26:9696/v2.0/trunks/a1945469-e849-4ac6-80da-b594594a32f8 0.018s
2018-11-06 22:17:23.999 10344 DEBUG tempest.lib.common.rest_client [req-ea0e9a0b-faec-452b-956f-e08a29a9f053 ] Request - Headers: {'Content-Type': 'application/json', 'Accept': 'application/json', 'X-Auth-Token': ''} Body: None Response - Headers: {'status': '404', u'content-length': '134', 'content-location': 'http://172.30.9.26:9696/v2.0/trunks/a1945469-e849-4ac6-80da-b594594a32f8', u'date': 'Tue, 06 Nov 2018 22:17:24 GMT', u'content-type': 'application/json', u'connection': 'close', u'x-openstack-request-id': 'req-ea0e9a0b-faec-452b-956f-e08a29a9f053'} Body: {"NeutronError": {"message": "Trunk a1945469-e849-4ac6-80da-b594594a32f8 could not be found.", "type": "TrunkNotFound", "detail": ""}} _log_request_full /root/.rally/verification/verifier-17345e19-e2d4-4c75-86fe-96a75252654f/repo/tempest/lib/common/rest_client.py:434
2018-11-06 22:17:24.017 10344 INFO tempest.lib.common.rest_client [req-f2f4a282-66cc-4c92-bcba-f37f1ce0b2f4 ] Request (TrunkTestJSON:_run_cleanups): 404 GET http://172.30.9.26:9696/v2.0/trunks/718ed0b5-06e9-452d-aabd-e391a801f843/get_subports 0.017s
2018-11-06 22:17:24.017 10344 DEBUG tempest.lib.common.rest_client [req-f2f4a282-66cc-4c92-bcba-f37f1ce0b2f4 ] Request - Headers: {'Content-Type': 'application/json', 'Accept': 'application/json', 'X-Auth-Token': ''} Body: None Response - Headers: {'status': '404', u'content-length': '134', 'content-location': 'http://172.30.9.26:9696/v2.0/trunks/718ed0b5-06e9-452d-aabd-e391a801f843/get_subports', u'date': 'Tue, 06 Nov 2018 22:17:23 GMT', u'content-type': 'application/json', u'connection': 'close', u'x-openstack-request-id': 'req-f2f4a282-66cc-4c92-bcba-f37f1ce0b2f4'} Body: {"NeutronError": {"message": "Trunk 718ed0b5-06e9-452d-aabd-e391a801f843 could not be found.", "type": "TrunkNotFound", "detail": ""}} _log_request_full /root/.rally/verification/verifier-17345e19-e2d4-4c75-86fe-96a75252654f/repo/tempest/lib/common/rest_client.py:434
2018-11-06 22:17:24.038 10344 INFO tempest.lib.common.rest_client [req-694ac461-ee67-42a0-8d6b-808c5f2d1838 ] Request (TrunkTestJSON:_run_cleanups): 404 DELETE http://172.30.9.26:9696/v2.0/trunks/718ed0b5-06e9-452d-aabd-e391a801f843 0.020s
2018-11-06 22:17:24.039 10344 DEBUG tempest.lib.common.rest_client [req-694ac461-ee67-42a0-8d6b-808c5f2d1838 ] Request - Headers: {'Content-Type': 'application/json', 'Accept': 'application/json', 'X-Auth-Token': ''} Body: None Response - Headers: {'status': '404', u'content-length': '134', 'content-location': 'http://172.30.9.26:9696/v2.0/trunks/718ed0b5-06e9-452d-aabd-e391a801f843', u'date': 'Tue, 06 Nov 2018 22:17:24 GMT', u'content-type': 'application/json', u'connection': 'close', u'x-openstack-request-id': 'req-694ac461-ee67-42a0-8d6b-808c5f2d1838'} Body: {"NeutronError": {"message": "Trunk 718ed0b5-06e9-452d-aabd-e391a801f843 could not be found.", "type": "TrunkNotFound", "detail": ""}} _log_request_full /root/.rally/verification/verifier-17345e19-e2d4-4c75-86fe-96a75252654f/repo/tempest/lib/common/rest_client.py:434
2018-11-06 22:17:24.055 10344 INFO tempest.lib.common.rest_client [req-2b0252b6-ceb1-414f-8db0-59df7be79721 ] Request (TrunkTestJSON:_run_cleanups): 404 GET http://172.30.9.26:9696/v2.0/trunks/88c0dbc8-bcdc-48d5-abd9-1ef2a3fa3e90/get_subports 0.015s
2018-11-06 22:17:24.055 10344 DEBUG tempest.lib.common.rest_client [req-2b0252b6-ceb1-414f-8db0-59df7be79721 ] Request - Headers: {'Content-Type': 'application/json', 'Accept': 'application/json', 'X-Auth-Token': ''} Body: None Response - Headers: {'status': '404', u'content-length': '134', 'content-location': 'http://172.30.9.26:9696/v2.0/trunks/88c0dbc8-bcdc-48d5-abd9-1ef2a3fa3e90/get_subports', u'date': 'Tue, 06 Nov 2018 22:17:24 GMT', u'content-type': 'application/json', u'connection': 'close', u'x-openstack-request-id': 'req-2b0252b6-ceb1-414f-8db0-59df7be79721'} Body: {"NeutronError": {"message": "Trunk 88c0dbc8-bcdc-48d5-abd9-1ef2a3fa3e90 could not be found.", "type": "TrunkNotFound", "detail": ""}} _log_request_full /root/.rally/verification/verifier-17345e19-e2d4-4c75-86fe-96a75252654f/repo/tempest/lib/common/rest_client.py:434
2018-11-06 22:17:24.079 10344 INFO tempest.lib.common.rest_client [req-522a1c42-09fb-4c7b-8fc6-1c05db1fc8f3 ] Request (TrunkTestJSON:_run_cleanups): 404 DELETE http://172.30.9.26:9696/v2.0/trunks/88c0dbc8-bcdc-48d5-abd9-1ef2a3fa3e90 0.023s
2018-11-06 22:17:24.080 10344 DEBUG tempest.lib.common.rest_client [req-522a1c42-09fb-4c7b-8fc6-1c05db1fc8f3 ] Request - Headers: {'Content-Type': 'application/json', 'Accept': 'application/json', 'X-Auth-Token': ''} Body: None Response - Headers: {'status': '404', u'content-length': '134', 'content-location': 'http://172.30.9.26:9696/v2.0/trunks/88c0dbc8-bcdc-48d5-abd9-1ef2a3fa3e90', u'date': 'Tue, 06 Nov 2018 22:17:24 GMT', u'content-type': 'application/json', u'connection': 'close', u'x-openstack-request-id': 'req-522a1c42-09fb-4c7b-8fc6-1c05db1fc8f3'} Body: {"NeutronError": {"message": "Trunk 88c0dbc8-bcdc-48d5-abd9-1ef2a3fa3e90 could not be found.", "type": "TrunkNotFound", "detail": ""}} _log_request_full /root/.rally/verification/verifier-17345e19-e2d4-4c75-86fe-96a75252654f/repo/tempest/lib/common/rest_client.py:434
2018-11-06 22:17:24.100 10344 INFO tempest.lib.common.rest_client [req-357b6465-57cb-46c4-a450-c079545b2cd1 ] Request (TrunkTestJSON:_run_cleanups): 404 GET http://172.30.9.26:9696/v2.0/trunks/297423ba-ef3e-4ac6-81db-010c26a55967/get_subports 0.019s
2018-11-06 22:17:24.100 10344 DEBUG tempest.lib.common.rest_client [req-357b6465-57cb-46c4-a450-c079545b2cd1 ] Request - Headers: {'Content-Type': 'application/json', 'Accept': 'application/json', 'X-Auth-Token': ''} Body: None Response - Headers: {'status': '404', u'content-length': '134', 'content-location': 'http://172.30.9.26:9696/v2.0/trunks/297423ba-ef3e-4ac6-81db-010c26a55967/get_subports', u'date': 'Tue, 06 Nov 2018 22:17:24 GMT', u'content-type': 'application/json', u'connection': 'close', u'x-openstack-request-id': 'req-357b6465-57cb-46c4-a450-c079545b2cd1'} Body: {"NeutronError": {"message": "Trunk 297423ba-ef3e-4ac6-81db-010c26a55967 could not be found.", "type": "TrunkNotFound", "detail": ""}} _log_request_full /root/.rally/verification/verifier-17345e19-e2d4-4c75-86fe-96a75252654f/repo/tempest/lib/common/rest_client.py:434
2018-11-06 22:17:24.121 10344 INFO tempest.lib.common.rest_client [req-2a5197e2-8392-45af-b001-73fb545fe272 ] Request (TrunkTestJSON:_run_cleanups): 404 DELETE http://172.30.9.26:9696/v2.0/trunks/297423ba-ef3e-4ac6-81db-010c26a55967 0.020s
2018-11-06 22:17:24.122 10344 DEBUG tempest.lib.common.rest_client [req-2a5197e2-8392-45af-b001-73fb545fe272 ] Request - Headers: {'Content-Type': 'application/json', 'Accept': 'application/json', 'X-Auth-Token': ''} Body: None Response - Headers: {'status': '404', u'content-length': '134', 'content-location': 'http://172.30.9.26:9696/v2.0/trunks/297423ba-ef3e-4ac6-81db-010c26a55967', u'date': 'Tue, 06 Nov 2018 22:17:24 GMT', u'content-type': 'application/json', u'connection': 'close', u'x-openstack-request-id': 'req-2a5197e2-8392-45af-b001-73fb545fe272'} Body: {"NeutronError": {"message": "Trunk 297423ba-ef3e-4ac6-81db-010c26a55967 could not be found.", "type": "TrunkNotFound", "detail": ""}} _log_request_full /root/.rally/verification/verifier-17345e19-e2d4-4c75-86fe-96a75252654f/repo/tempest/lib/common/rest_client.py:434
2018-11-06 22:17:24.138 10344 INFO tempest.lib.common.rest_client [req-11b01add-dfa9-4616-ab67-683cfd51df47 ] Request (TrunkTestJSON:_run_cleanups): 404 GET http://172.30.9.26:9696/v2.0/trunks/1a8b5d0f-74fa-461c-b129-fffc88ebc7c3/get_subports 0.016s
2018-11-06 22:17:24.139 10344 DEBUG tempest.lib.common.rest_client [req-11b01add-dfa9-4616-ab67-683cfd51df47 ] Request - Headers: {'Content-Type': 'application/json', 'Accept': 'application/json', 'X-Auth-Token': ''} Body: None Response - Headers: {'status': '404', u'content-length': '134', 'content-location': 'http://172.30.9.26:9696/v2.0/trunks/1a8b5d0f-74fa-461c-b129-fffc88ebc7c3/get_subports', u'date': 'Tue, 06 Nov 2018 22:17:24 GMT', u'content-type': 'application/json', u'connection': 'close', u'x-openstack-request-id': 'req-11b01add-dfa9-4616-ab67-683cfd51df47'} Body: {"NeutronError": {"message": "Trunk 1a8b5d0f-74fa-461c-b129-fffc88ebc7c3 could not be found.", "type": "TrunkNotFound", "detail": ""}} _log_request_full /root/.rally/verification/verifier-17345e19-e2d4-4c75-86fe-96a75252654f/repo/tempest/lib/common/rest_client.py:434
2018-11-06 22:17:24.158 10344 INFO tempest.lib.common.rest_client [req-699e9045-0dc4-4eb2-b43b-1eb511457715 ] Request (TrunkTestJSON:_run_cleanups): 404 DELETE http://172.30.9.26:9696/v2.0/trunks/1a8b5d0f-74fa-461c-b129-fffc88ebc7c3 0.018s
2018-11-06 22:17:24.158 10344 DEBUG tempest.lib.common.rest_client [req-699e9045-0dc4-4eb2-b43b-1eb511457715 ] Request - Headers: {'Content-Type': 'application/json', 'Accept': 'application/json', 'X-Auth-Token': ''} Body: None Response - Headers: {'status': '404', u'content-length': '134', 'content-location': 'http://172.30.9.26:9696/v2.0/trunks/1a8b5d0f-74fa-461c-b129-fffc88ebc7c3', u'date': 'Tue, 06 Nov 2018 22:17:24 GMT', u'content-type': 'application/json', u'connection': 'close', u'x-openstack-request-id': 'req-699e9045-0dc4-4eb2-b43b-1eb511457715'} Body: {"NeutronError": {"message": "Trunk 1a8b5d0f-74fa-461c-b129-fffc88ebc7c3 could not be found.", "type": "TrunkNotFound", "detail": ""}} _log_request_full /root/.rally/verification/verifier-17345e19-e2d4-4c75-86fe-96a75252654f/repo/tempest/lib/common/rest_client.py:434
2018-11-06 22:17:24.176 10344 INFO tempest.lib.common.rest_client [req-1154a3a2-8208-491d-a531-c42c4a9332c3 ] Request (TrunkTestJSON:_run_cleanups): 404 GET http://172.30.9.26:9696/v2.0/trunks/cb92b7ea-8082-4f67-a532-02832303559f/get_subports 0.017s
2018-11-06 22:17:24.176 10344 DEBUG tempest.lib.common.rest_client [req-1154a3a2-8208-491d-a531-c42c4a9332c3 ] Request - Headers: {'Content-Type': 'application/json', 'Accept': 'application/json', 'X-Auth-Token': ''} Body: None Response - Headers: {'status': '404', u'content-length': '134', 'content-location': 'http://172.30.9.26:9696/v2.0/trunks/cb92b7ea-8082-4f67-a532-02832303559f/get_subports', u'date': 'Tue, 06 Nov 2018 22:17:24 GMT', u'content-type': 'application/json', u'connection': 'close', u'x-openstack-request-id': 'req-1154a3a2-8208-491d-a531-c42c4a9332c3'} Body: {"NeutronError": {"message": "Trunk cb92b7ea-8082-4f67-a532-02832303559f could not be found.", "type": "TrunkNotFound", "detail": ""}} _log_request_full /root/.rally/verification/verifier-17345e19-e2d4-4c75-86fe-96a75252654f/repo/tempest/lib/common/rest_client.py:434
2018-11-06 22:17:24.182 10324 INFO tempest.lib.common.rest_client [req-80b85756-0c13-4d07-a3c0-e5ef3054b029 ] Request (TrunkTestJSON:test_create_trunk_with_subport_missing_segmentation_type): 201 POST http://172.30.9.26:9696/v2.0/ports 0.897s
2018-11-06 22:17:24.183 10324 DEBUG tempest.lib.common.rest_client [req-80b85756-0c13-4d07-a3c0-e5ef3054b029 ] Request - Headers: {'Content-Type': 'application/json', 'Accept': 'application/json', 'X-Auth-Token': ''} Body: {"port": {"network_id": "54268eae-57cd-494a-8cf5-41d8a07b44e8"}} Response - Headers: {'status': '201', u'content-length': '615', 'content-location': 'http://172.30.9.26:9696/v2.0/ports', u'date': 'Tue, 06 Nov 2018 22:17:24 GMT', u'content-type': 'application/json', u'connection': 'close', u'x-openstack-request-id': 'req-80b85756-0c13-4d07-a3c0-e5ef3054b029'} Body: {"port":{"status":"DOWN","created_at":"2018-11-06T22:17:23Z","description":"","allowed_address_pairs":[],"tags":[],"network_id":"54268eae-57cd-494a-8cf5-41d8a07b44e8","tenant_id":"36d25d2ed8be49459318642a1fb7398f","extra_dhcp_opts":[],"admin_state_up":true,"updated_at":"2018-11-06T22:17:23Z","name":"","device_owner":"","revision_number":2,"mac_address":"fa:16:3e:32:e2:05","binding:vnic_type":"normal","port_security_enabled":true,"project_id":"36d25d2ed8be49459318642a1fb7398f","fixed_ips":[],"id":"e4ba041b-53b5-47a8-9708-1639485e3038","security_groups":["435a30cb-3da3-44c5-8947-b0ee129b561a"],"device_id":""}} _log_request_full /root/.rally/verification/verifier-17345e19-e2d4-4c75-86fe-96a75252654f/repo/tempest/lib/common/rest_client.py:434
2018-11-06 22:17:24.197 10324 INFO tempest.lib.common.rest_client [req-3fa2aeef-f524-464e-8db7-52abb7ab29fa ] Request (TrunkTestJSON:test_create_trunk_with_subport_missing_segmentation_type): 400 POST http://172.30.9.26:9696/v2.0/trunks 0.013s
2018-11-06 22:17:24.198 10344 INFO tempest.lib.common.rest_client [req-6794691a-d40a-487f-9f40-e4ba31b67035 ] Request (TrunkTestJSON:_run_cleanups): 404 DELETE http://172.30.9.26:9696/v2.0/trunks/cb92b7ea-8082-4f67-a532-02832303559f 0.021s
2018-11-06 22:17:24.198 10324 DEBUG tempest.lib.common.rest_client [req-3fa2aeef-f524-464e-8db7-52abb7ab29fa ] Request - Headers: {'Content-Type': 'application/json', 'Accept': 'application/json', 'X-Auth-Token': ''} Body: {"trunk": {"sub_ports": [{"segmentation_id": 3, "port_id": "56cc67d5-7861-4996-984b-114e376399b8"}], "port_id": "e4ba041b-53b5-47a8-9708-1639485e3038"}} Response - Headers: {'status': '400', u'content-length': '304', 'content-location': 'http://172.30.9.26:9696/v2.0/trunks', u'date': 'Tue, 06 Nov 2018 22:17:24 GMT', u'content-type': 'application/json', u'connection': 'close', u'x-openstack-request-id': 'req-3fa2aeef-f524-464e-8db7-52abb7ab29fa'} Body: {"NeutronError": {"message": "Invalid input for sub_ports. Reason: Invalid subport details '{u'segmentation_id': 3, u'port_id': u'56cc67d5-7861-4996-984b-114e376399b8'}': missing segmentation information. Must specify both segmentation_id and segmentation_type.", "type": "HTTPBadRequest", "detail": ""}} _log_request_full /root/.rally/verification/verifier-17345e19-e2d4-4c75-86fe-96a75252654f/repo/tempest/lib/common/rest_client.py:434
2018-11-06 22:17:24.198 10344 DEBUG tempest.lib.common.rest_client [req-6794691a-d40a-487f-9f40-e4ba31b67035 ] Request - Headers: {'Content-Type': 'application/json', 'Accept': 'application/json', 'X-Auth-Token': ''} Body: None Response - Headers: {'status': '404', u'content-length': '134', 'content-location': 'http://172.30.9.26:9696/v2.0/trunks/cb92b7ea-8082-4f67-a532-02832303559f', u'date': 'Tue, 06 Nov 2018 22:17:24 GMT', u'content-type': 'application/json', u'connection': 'close', u'x-openstack-request-id': 'req-6794691a-d40a-487f-9f40-e4ba31b67035'} Body: {"NeutronError": {"message": "Trunk cb92b7ea-8082-4f67-a532-02832303559f could not be found.", "type": "TrunkNotFound", "detail": ""}} _log_request_full /root/.rally/verification/verifier-17345e19-e2d4-4c75-86fe-96a75252654f/repo/tempest/lib/common/rest_client.py:434
2018-11-06 22:17:24.215 10324 INFO tempest.lib.common.rest_client [req-4f926f0e-f8fb-447f-b5a3-e44fbae299f1 ] Request (TrunkTestJSON:_run_cleanups): 404 GET http://172.30.9.26:9696/v2.0/trunks/6b5c39f5-1c22-4f5f-936c-d9fe60283478/get_subports 0.016s
2018-11-06 22:17:24.215 10344 INFO tempest.lib.common.rest_client [req-8667bb18-85ac-4c9d-936c-4c58386b240a ] Request (TrunkTestJSON:_run_cleanups): 404 GET http://172.30.9.26:9696/v2.0/trunks/542a02b6-a0ca-4b69-ba58-11ba5ab32ace/get_subports 0.016s
2018-11-06 22:17:24.215 10324 DEBUG tempest.lib.common.rest_client [req-4f926f0e-f8fb-447f-b5a3-e44fbae299f1 ] Request - Headers: {'Content-Type': 'application/json', 'Accept': 'application/json', 'X-Auth-Token': ''} Body: None Response - Headers: {'status': '404', u'content-length': '134', 'content-location': 'http://172.30.9.26:9696/v2.0/trunks/6b5c39f5-1c22-4f5f-936c-d9fe60283478/get_subports', u'date': 'Tue, 06 Nov 2018 22:17:24 GMT', u'content-type': 'application/json', u'connection': 'close', u'x-openstack-request-id': 'req-4f926f0e-f8fb-447f-b5a3-e44fbae299f1'} Body: {"NeutronError": {"message": "Trunk 6b5c39f5-1c22-4f5f-936c-d9fe60283478 could not be found.", "type": "TrunkNotFound", "detail": ""}} _log_request_full /root/.rally/verification/verifier-17345e19-e2d4-4c75-86fe-96a75252654f/repo/tempest/lib/common/rest_client.py:434
2018-11-06 22:17:24.216 10344 DEBUG tempest.lib.common.rest_client [req-8667bb18-85ac-4c9d-936c-4c58386b240a ] Request - Headers: {'Content-Type': 'application/json', 'Accept': 'application/json', 'X-Auth-Token': ''} Body: None Response - Headers: {'status': '404', u'content-length': '134', 'content-location': 'http://172.30.9.26:9696/v2.0/trunks/542a02b6-a0ca-4b69-ba58-11ba5ab32ace/get_subports', u'date': 'Tue, 06 Nov 2018 22:17:24 GMT', u'content-type': 'application/json', u'connection': 'close', u'x-openstack-request-id': 'req-8667bb18-85ac-4c9d-936c-4c58386b240a'} Body: {"NeutronError": {"message": "Trunk 542a02b6-a0ca-4b69-ba58-11ba5ab32ace could not be found.", "type": "TrunkNotFound", "detail": ""}} _log_request_full /root/.rally/verification/verifier-17345e19-e2d4-4c75-86fe-96a75252654f/repo/tempest/lib/common/rest_client.py:434
2018-11-06 22:17:24.234 10344 INFO tempest.lib.common.rest_client [req-52d01329-b102-448d-b604-820ee7806625 ] Request (TrunkTestJSON:_run_cleanups): 404 DELETE http://172.30.9.26:9696/v2.0/trunks/542a02b6-a0ca-4b69-ba58-11ba5ab32ace 0.018s
2018-11-06 22:17:24.234 10344 DEBUG tempest.lib.common.rest_client [req-52d01329-b102-448d-b604-820ee7806625 ] Request - Headers: {'Content-Type': 'application/json', 'Accept': 'application/json', 'X-Auth-Token': ''} Body: None Response - Headers: {'status': '404', u'content-length': '134', 'content-location': 'http://172.30.9.26:9696/v2.0/trunks/542a02b6-a0ca-4b69-ba58-11ba5ab32ace', u'date': 'Tue, 06 Nov 2018 22:17:24 GMT', u'content-type': 'application/json', u'connection': 'close', u'x-openstack-request-id': 'req-52d01329-b102-448d-b604-820ee7806625'} Body: {"NeutronError": {"message": "Trunk 542a02b6-a0ca-4b69-ba58-11ba5ab32ace could not be found.", "type": "TrunkNotFound", "detail": ""}} _log_request_full /root/.rally/verification/verifier-17345e19-e2d4-4c75-86fe-96a75252654f/repo/tempest/lib/common/rest_client.py:434
2018-11-06 22:17:24.240 10324 INFO tempest.lib.common.rest_client [req-458d6a28-89ed-43e9-b875-49a90563a9de ] Request (TrunkTestJSON:_run_cleanups): 404 DELETE http://172.30.9.26:9696/v2.0/trunks/6b5c39f5-1c22-4f5f-936c-d9fe60283478 0.024s
2018-11-06 22:17:24.240 10324 DEBUG tempest.lib.common.rest_client [req-458d6a28-89ed-43e9-b875-49a90563a9de ] Request - Headers: {'Content-Type': 'application/json', 'Accept': 'application/json', 'X-Auth-Token': ''} Body: None Response - Headers: {'status': '404', u'content-length': '134', 'content-location': 'http://172.30.9.26:9696/v2.0/trunks/6b5c39f5-1c22-4f5f-936c-d9fe60283478', u'date': 'Tue, 06 Nov 2018 22:17:24 GMT', u'content-type': 'application/json', u'connection': 'close', u'x-openstack-request-id': 'req-458d6a28-89ed-43e9-b875-49a90563a9de'} Body: {"NeutronError": {"message": "Trunk 6b5c39f5-1c22-4f5f-936c-d9fe60283478 could not be found.", "type": "TrunkNotFound", "detail": ""}} _log_request_full /root/.rally/verification/verifier-17345e19-e2d4-4c75-86fe-96a75252654f/repo/tempest/lib/common/rest_client.py:434
2018-11-06 22:17:24.252 10344 INFO tempest.lib.common.rest_client [req-6032e37d-108d-4426-b0ab-3c1382e62356 ] Request (TrunkTestJSON:_run_cleanups): 404 GET http://172.30.9.26:9696/v2.0/trunks/3b176f88-fa1f-49c9-853a-8b58b6351086/get_subports 0.016s
2018-11-06 22:17:24.252 10344 DEBUG tempest.lib.common.rest_client [req-6032e37d-108d-4426-b0ab-3c1382e62356 ] Request - Headers: {'Content-Type': 'application/json', 'Accept': 'application/json', 'X-Auth-Token': ''} Body: None Response - Headers: {'status': '404', u'content-length': '134', 'content-location': 'http://172.30.9.26:9696/v2.0/trunks/3b176f88-fa1f-49c9-853a-8b58b6351086/get_subports', u'date': 'Tue, 06 Nov 2018 22:17:24 GMT', u'content-type': 'application/json', u'connection': 'close', u'x-openstack-request-id': 'req-6032e37d-108d-4426-b0ab-3c1382e62356'} Body: {"NeutronError": {"message": "Trunk 3b176f88-fa1f-49c9-853a-8b58b6351086 could not be found.", "type": "TrunkNotFound", "detail": ""}} _log_request_full /root/.rally/verification/verifier-17345e19-e2d4-4c75-86fe-96a75252654f/repo/tempest/lib/common/rest_client.py:434
2018-11-06 22:17:24.258 10324 INFO tempest.lib.common.rest_client [req-3b947e2d-2a67-4cb7-bd9e-2ac4396979a4 ] Request (TrunkTestJSON:_run_cleanups): 404 GET http://172.30.9.26:9696/v2.0/trunks/0a2240c8-0ad9-487d-a7f5-2f241379a4b6/get_subports 0.017s
2018-11-06 22:17:24.258 10324 DEBUG tempest.lib.common.rest_client [req-3b947e2d-2a67-4cb7-bd9e-2ac4396979a4 ] Request - Headers: {'Content-Type': 'application/json', 'Accept': 'application/json', 'X-Auth-Token': ''} Body: None Response - Headers: {'status': '404', u'content-length': '134', 'content-location': 'http://172.30.9.26:9696/v2.0/trunks/0a2240c8-0ad9-487d-a7f5-2f241379a4b6/get_subports', u'date': 'Tue, 06 Nov 2018 22:17:24 GMT', u'content-type': 'application/json', u'connection': 'close', u'x-openstack-request-id': 'req-3b947e2d-2a67-4cb7-bd9e-2ac4396979a4'} Body: {"NeutronError": {"message": "Trunk 0a2240c8-0ad9-487d-a7f5-2f241379a4b6 could not be found.", "type": "TrunkNotFound", "detail": ""}} _log_request_full /root/.rally/verification/verifier-17345e19-e2d4-4c75-86fe-96a75252654f/repo/tempest/lib/common/rest_client.py:434
2018-11-06 22:17:24.272 10344 INFO tempest.lib.common.rest_client [req-615a793f-cd2d-4112-b53f-b40d758af580 ] Request (TrunkTestJSON:_run_cleanups): 404 DELETE http://172.30.9.26:9696/v2.0/trunks/3b176f88-fa1f-49c9-853a-8b58b6351086 0.019s
2018-11-06 22:17:24.272 10344 DEBUG tempest.lib.common.rest_client [req-615a793f-cd2d-4112-b53f-b40d758af580 ] Request - Headers: {'Content-Type': 'application/json', 'Accept': 'application/json', 'X-Auth-Token': ''} Body: None Response - Headers: {'status': '404', u'content-length': '134', 'content-location': 'http://172.30.9.26:9696/v2.0/trunks/3b176f88-fa1f-49c9-853a-8b58b6351086', u'date': 'Tue, 06 Nov 2018 22:17:24 GMT', u'content-type': 'application/json', u'connection': 'close', u'x-openstack-request-id': 'req-615a793f-cd2d-4112-b53f-b40d758af580'} Body: {"NeutronError": {"message": "Trunk 3b176f88-fa1f-49c9-853a-8b58b6351086 could not be found.", "type": "TrunkNotFound", "detail": ""}} _log_request_full /root/.rally/verification/verifier-17345e19-e2d4-4c75-86fe-96a75252654f/repo/tempest/lib/common/rest_client.py:434
2018-11-06 22:17:24.279 10324 INFO tempest.lib.common.rest_client [req-1cf3e1e7-dcbb-4e32-9609-eb97df549f59 ] Request (TrunkTestJSON:_run_cleanups): 404 DELETE http://172.30.9.26:9696/v2.0/trunks/0a2240c8-0ad9-487d-a7f5-2f241379a4b6 0.020s
2018-11-06 22:17:24.279 10324 DEBUG tempest.lib.common.rest_client [req-1cf3e1e7-dcbb-4e32-9609-eb97df549f59 ] Request - Headers: {'Content-Type': 'application/json', 'Accept': 'application/json', 'X-Auth-Token': ''} Body: None Response - Headers: {'status': '404', u'content-length': '134', 'content-location': 'http://172.30.9.26:9696/v2.0/trunks/0a2240c8-0ad9-487d-a7f5-2f241379a4b6', u'date': 'Tue, 06 Nov 2018 22:17:24 GMT', u'content-type': 'application/json', u'connection': 'close', u'x-openstack-request-id': 'req-1cf3e1e7-dcbb-4e32-9609-eb97df549f59'} Body: {"NeutronError": {"message": "Trunk 0a2240c8-0ad9-487d-a7f5-2f241379a4b6 could not be found.", "type": "TrunkNotFound", "detail": ""}} _log_request_full /root/.rally/verification/verifier-17345e19-e2d4-4c75-86fe-96a75252654f/repo/tempest/lib/common/rest_client.py:434
2018-11-06 22:17:24.290 10344 INFO tempest.lib.common.rest_client [req-9f109387-158d-4679-9c93-34c9c5a8a74c ] Request (TrunkTestJSON:_run_cleanups): 404 GET http://172.30.9.26:9696/v2.0/trunks/228eba5b-dce0-4682-b453-6fb95133bb3b/get_subports 0.017s
2018-11-06 22:17:24.291 10344 DEBUG tempest.lib.common.rest_client [req-9f109387-158d-4679-9c93-34c9c5a8a74c ] Request - Headers: {'Content-Type': 'application/json', 'Accept': 'application/json', 'X-Auth-Token': ''} Body: None Response - Headers: {'status': '404', u'content-length': '134', 'content-location': 'http://172.30.9.26:9696/v2.0/trunks/228eba5b-dce0-4682-b453-6fb95133bb3b/get_subports', u'date': 'Tue, 06 Nov 2018 22:17:24 GMT', u'content-type': 'application/json', u'connection': 'close', u'x-openstack-request-id': 'req-9f109387-158d-4679-9c93-34c9c5a8a74c'} Body: {"NeutronError": {"message": "Trunk 228eba5b-dce0-4682-b453-6fb95133bb3b could not be found.", "type": "TrunkNotFound", "detail": ""}} _log_request_full /root/.rally/verification/verifier-17345e19-e2d4-4c75-86fe-96a75252654f/repo/tempest/lib/common/rest_client.py:434
2018-11-06 22:17:24.302 10324 INFO tempest.lib.common.rest_client [req-764b7cd2-6e63-408a-b546-5f0009f692f2 ] Request (TrunkTestJSON:_run_cleanups): 404 GET http://172.30.9.26:9696/v2.0/trunks/00aadb58-785b-4915-bfd8-557d006be7e9/get_subports 0.023s
2018-11-06 22:17:24.303 10324 DEBUG tempest.lib.common.rest_client [req-764b7cd2-6e63-408a-b546-5f0009f692f2 ] Request - Headers: {'Content-Type': 'application/json', 'Accept': 'application/json', 'X-Auth-Token': ''} Body: None Response - Headers: {'status': '404', u'content-length': '134', 'content-location': 'http://172.30.9.26:9696/v2.0/trunks/00aadb58-785b-4915-bfd8-557d006be7e9/get_subports', u'date': 'Tue, 06 Nov 2018 22:17:24 GMT', u'content-type': 'application/json', u'connection': 'close', u'x-openstack-request-id': 'req-764b7cd2-6e63-408a-b546-5f0009f692f2'} Body: {"NeutronError": {"message": "Trunk 00aadb58-785b-4915-bfd8-557d006be7e9 could not be found.", "type": "TrunkNotFound", "detail": ""}} _log_request_full /root/.rally/verification/verifier-17345e19-e2d4-4c75-86fe-96a75252654f/repo/tempest/lib/common/rest_client.py:434
2018-11-06 22:17:24.309 10344 INFO tempest.lib.common.rest_client [req-5d3e2489-f9ac-4c33-8d2a-21b999a5bfff ] Request (TrunkTestJSON:_run_cleanups): 404 DELETE http://172.30.9.26:9696/v2.0/trunks/228eba5b-dce0-4682-b453-6fb95133bb3b 0.018s
2018-11-06 22:17:24.310 10344 DEBUG tempest.lib.common.rest_client [req-5d3e2489-f9ac-4c33-8d2a-21b999a5bfff ] Request - Headers: {'Content-Type': 'application/json', 'Accept': 'application/json', 'X-Auth-Token': ''} Body: None Response - Headers: {'status': '404', u'content-length': '134', 'content-location': 'http://172.30.9.26:9696/v2.0/trunks/228eba5b-dce0-4682-b453-6fb95133bb3b', u'date': 'Tue, 06 Nov 2018 22:17:24 GMT', u'content-type': 'application/json', u'connection': 'close', u'x-openstack-request-id': 'req-5d3e2489-f9ac-4c33-8d2a-21b999a5bfff'} Body: {"NeutronError": {"message": "Trunk 228eba5b-dce0-4682-b453-6fb95133bb3b could not be found.", "type": "TrunkNotFound", "detail": ""}} _log_request_full /root/.rally/verification/verifier-17345e19-e2d4-4c75-86fe-96a75252654f/repo/tempest/lib/common/rest_client.py:434
2018-11-06 22:17:24.322 10324 INFO tempest.lib.common.rest_client [req-c2c1c096-7412-462f-bf57-0573fca9c314 ] Request (TrunkTestJSON:_run_cleanups): 404 DELETE http://172.30.9.26:9696/v2.0/trunks/00aadb58-785b-4915-bfd8-557d006be7e9 0.019s
2018-11-06 22:17:24.323 10324 DEBUG tempest.lib.common.rest_client [req-c2c1c096-7412-462f-bf57-0573fca9c314 ] Request - Headers: {'Content-Type': 'application/json', 'Accept': 'application/json', 'X-Auth-Token': ''} Body: None Response - Headers: {'status': '404', u'content-length': '134', 'content-location': 'http://172.30.9.26:9696/v2.0/trunks/00aadb58-785b-4915-bfd8-557d006be7e9', u'date': 'Tue, 06 Nov 2018 22:17:24 GMT', u'content-type': 'application/json', u'connection': 'close', u'x-openstack-request-id': 'req-c2c1c096-7412-462f-bf57-0573fca9c314'} Body: {"NeutronError": {"message": "Trunk 00aadb58-785b-4915-bfd8-557d006be7e9 could not be found.", "type": "TrunkNotFound", "detail": ""}} _log_request_full /root/.rally/verification/verifier-17345e19-e2d4-4c75-86fe-96a75252654f/repo/tempest/lib/common/rest_client.py:434
