2018-11-05 23:20:06.101 322 INFO tempest.lib.common.rest_client [req-6d0737fb-6c7e-4db5-a81a-51c54ae67f82 ] Request (TrunkTestJSON:_run_cleanups): 404 GET http://172.30.9.23:9696/v2.0/trunks/ed5d12cd-68f7-4909-90c0-755ab6688728/get_subports 0.015s
2018-11-05 23:20:06.102 322 DEBUG tempest.lib.common.rest_client [req-6d0737fb-6c7e-4db5-a81a-51c54ae67f82 ] Request - Headers: {'Content-Type': 'application/json', 'Accept': 'application/json', 'X-Auth-Token': ''} Body: None Response - Headers: {'status': '404', u'content-length': '134', 'content-location': 'http://172.30.9.23:9696/v2.0/trunks/ed5d12cd-68f7-4909-90c0-755ab6688728/get_subports', u'date': 'Mon, 05 Nov 2018 23:20:06 GMT', u'content-type': 'application/json', u'connection': 'close', u'x-openstack-request-id': 'req-6d0737fb-6c7e-4db5-a81a-51c54ae67f82'} Body: {"NeutronError": {"message": "Trunk ed5d12cd-68f7-4909-90c0-755ab6688728 could not be found.", "type": "TrunkNotFound", "detail": ""}} _log_request_full /root/.rally/verification/verifier-0fbc3809-0df0-469b-941e-f03c165f7fbd/repo/tempest/lib/common/rest_client.py:434
2018-11-05 23:20:06.102 343 INFO tempest.lib.common.rest_client [req-5efdacbd-13a3-453d-b1da-fdbd9820ba6a ] Request (TrunkTestJSON:_run_cleanups): 404 DELETE http://172.30.9.23:9696/v2.0/trunks/5650064d-e0f8-4200-ba2f-c098a2d8c00a 0.019s
2018-11-05 23:20:06.102 343 DEBUG tempest.lib.common.rest_client [req-5efdacbd-13a3-453d-b1da-fdbd9820ba6a ] Request - Headers: {'Content-Type': 'application/json', 'Accept': 'application/json', 'X-Auth-Token': ''} Body: None Response - Headers: {'status': '404', u'content-length': '134', 'content-location': 'http://172.30.9.23:9696/v2.0/trunks/5650064d-e0f8-4200-ba2f-c098a2d8c00a', u'date': 'Mon, 05 Nov 2018 23:20:06 GMT', u'content-type': 'application/json', u'connection': 'close', u'x-openstack-request-id': 'req-5efdacbd-13a3-453d-b1da-fdbd9820ba6a'} Body: {"NeutronError": {"message": "Trunk 5650064d-e0f8-4200-ba2f-c098a2d8c00a could not be found.", "type": "TrunkNotFound", "detail": ""}} _log_request_full /root/.rally/verification/verifier-0fbc3809-0df0-469b-941e-f03c165f7fbd/repo/tempest/lib/common/rest_client.py:434
2018-11-05 23:20:06.118 343 INFO tempest.lib.common.rest_client [req-d757b607-6fa6-4b87-b0de-50bf98a2170b ] Request (TrunkTestJSON:_run_cleanups): 404 GET http://172.30.9.23:9696/v2.0/trunks/9053f548-0b49-4edd-8f5c-59daaa2ca80f/get_subports 0.015s
2018-11-05 23:20:06.119 343 DEBUG tempest.lib.common.rest_client [req-d757b607-6fa6-4b87-b0de-50bf98a2170b ] Request - Headers: {'Content-Type': 'application/json', 'Accept': 'application/json', 'X-Auth-Token': ''} Body: None Response - Headers: {'status': '404', u'content-length': '134', 'content-location': 'http://172.30.9.23:9696/v2.0/trunks/9053f548-0b49-4edd-8f5c-59daaa2ca80f/get_subports', u'date': 'Mon, 05 Nov 2018 23:20:06 GMT', u'content-type': 'application/json', u'connection': 'close', u'x-openstack-request-id': 'req-d757b607-6fa6-4b87-b0de-50bf98a2170b'} Body: {"NeutronError": {"message": "Trunk 9053f548-0b49-4edd-8f5c-59daaa2ca80f could not be found.", "type": "TrunkNotFound", "detail": ""}} _log_request_full /root/.rally/verification/verifier-0fbc3809-0df0-469b-941e-f03c165f7fbd/repo/tempest/lib/common/rest_client.py:434
2018-11-05 23:20:06.127 322 INFO tempest.lib.common.rest_client [req-4e033040-2520-4110-a34b-34d2fa0bb441 ] Request (TrunkTestJSON:_run_cleanups): 404 DELETE http://172.30.9.23:9696/v2.0/trunks/ed5d12cd-68f7-4909-90c0-755ab6688728 0.024s
2018-11-05 23:20:06.127 322 DEBUG tempest.lib.common.rest_client [req-4e033040-2520-4110-a34b-34d2fa0bb441 ] Request - Headers: {'Content-Type': 'application/json', 'Accept': 'application/json', 'X-Auth-Token': ''} Body: None Response - Headers: {'status': '404', u'content-length': '134', 'content-location': 'http://172.30.9.23:9696/v2.0/trunks/ed5d12cd-68f7-4909-90c0-755ab6688728', u'date': 'Mon, 05 Nov 2018 23:20:06 GMT', u'content-type': 'application/json', u'connection': 'close', u'x-openstack-request-id': 'req-4e033040-2520-4110-a34b-34d2fa0bb441'} Body: {"NeutronError": {"message": "Trunk ed5d12cd-68f7-4909-90c0-755ab6688728 could not be found.", "type": "TrunkNotFound", "detail": ""}} _log_request_full /root/.rally/verification/verifier-0fbc3809-0df0-469b-941e-f03c165f7fbd/repo/tempest/lib/common/rest_client.py:434
2018-11-05 23:20:06.138 343 INFO tempest.lib.common.rest_client [req-8d76125f-a775-451c-bded-f40751dac5a8 ] Request (TrunkTestJSON:_run_cleanups): 404 DELETE http://172.30.9.23:9696/v2.0/trunks/9053f548-0b49-4edd-8f5c-59daaa2ca80f 0.019s
2018-11-05 23:20:06.139 343 DEBUG tempest.lib.common.rest_client [req-8d76125f-a775-451c-bded-f40751dac5a8 ] Request - Headers: {'Content-Type': 'application/json', 'Accept': 'application/json', 'X-Auth-Token': ''} Body: None Response - Headers: {'status': '404', u'content-length': '134', 'content-location': 'http://172.30.9.23:9696/v2.0/trunks/9053f548-0b49-4edd-8f5c-59daaa2ca80f', u'date': 'Mon, 05 Nov 2018 23:20:06 GMT', u'content-type': 'application/json', u'connection': 'close', u'x-openstack-request-id': 'req-8d76125f-a775-451c-bded-f40751dac5a8'} Body: {"NeutronError": {"message": "Trunk 9053f548-0b49-4edd-8f5c-59daaa2ca80f could not be found.", "type": "TrunkNotFound", "detail": ""}} _log_request_full /root/.rally/verification/verifier-0fbc3809-0df0-469b-941e-f03c165f7fbd/repo/tempest/lib/common/rest_client.py:434
2018-11-05 23:20:06.144 322 INFO tempest.lib.common.rest_client [req-2c955a64-9978-46a0-85b7-cd75b84deb54 ] Request (TrunkTestJSON:_run_cleanups): 404 GET http://172.30.9.23:9696/v2.0/trunks/4d6365e9-393b-4166-9117-4413c185673d/get_subports 0.016s
2018-11-05 23:20:06.144 322 DEBUG tempest.lib.common.rest_client [req-2c955a64-9978-46a0-85b7-cd75b84deb54 ] Request - Headers: {'Content-Type': 'application/json', 'Accept': 'application/json', 'X-Auth-Token': ''} Body: None Response - Headers: {'status': '404', u'content-length': '134', 'content-location': 'http://172.30.9.23:9696/v2.0/trunks/4d6365e9-393b-4166-9117-4413c185673d/get_subports', u'date': 'Mon, 05 Nov 2018 23:20:06 GMT', u'content-type': 'application/json', u'connection': 'close', u'x-openstack-request-id': 'req-2c955a64-9978-46a0-85b7-cd75b84deb54'} Body: {"NeutronError": {"message": "Trunk 4d6365e9-393b-4166-9117-4413c185673d could not be found.", "type": "TrunkNotFound", "detail": ""}} _log_request_full /root/.rally/verification/verifier-0fbc3809-0df0-469b-941e-f03c165f7fbd/repo/tempest/lib/common/rest_client.py:434
2018-11-05 23:20:06.156 343 INFO tempest.lib.common.rest_client [req-77eff0ca-f399-4025-b167-9725e044edc2 ] Request (TrunkTestJSON:_run_cleanups): 404 GET http://172.30.9.23:9696/v2.0/trunks/b8551090-0c2a-477e-9020-dd355de26e9a/get_subports 0.017s
2018-11-05 23:20:06.156 343 DEBUG tempest.lib.common.rest_client [req-77eff0ca-f399-4025-b167-9725e044edc2 ] Request - Headers: {'Content-Type': 'application/json', 'Accept': 'application/json', 'X-Auth-Token': ''} Body: None Response - Headers: {'status': '404', u'content-length': '134', 'content-location': 'http://172.30.9.23:9696/v2.0/trunks/b8551090-0c2a-477e-9020-dd355de26e9a/get_subports', u'date': 'Mon, 05 Nov 2018 23:20:06 GMT', u'content-type': 'application/json', u'connection': 'close', u'x-openstack-request-id': 'req-77eff0ca-f399-4025-b167-9725e044edc2'} Body: {"NeutronError": {"message": "Trunk b8551090-0c2a-477e-9020-dd355de26e9a could not be found.", "type": "TrunkNotFound", "detail": ""}} _log_request_full /root/.rally/verification/verifier-0fbc3809-0df0-469b-941e-f03c165f7fbd/repo/tempest/lib/common/rest_client.py:434
2018-11-05 23:20:06.162 322 INFO tempest.lib.common.rest_client [req-342c53b5-24a3-4b47-80a5-60b9b333b4bb ] Request (TrunkTestJSON:_run_cleanups): 404 DELETE http://172.30.9.23:9696/v2.0/trunks/4d6365e9-393b-4166-9117-4413c185673d 0.018s
2018-11-05 23:20:06.163 322 DEBUG tempest.lib.common.rest_client [req-342c53b5-24a3-4b47-80a5-60b9b333b4bb ] Request - Headers: {'Content-Type': 'application/json', 'Accept': 'application/json', 'X-Auth-Token': ''} Body: None Response - Headers: {'status': '404', u'content-length': '134', 'content-location': 'http://172.30.9.23:9696/v2.0/trunks/4d6365e9-393b-4166-9117-4413c185673d', u'date': 'Mon, 05 Nov 2018 23:20:06 GMT', u'content-type': 'application/json', u'connection': 'close', u'x-openstack-request-id': 'req-342c53b5-24a3-4b47-80a5-60b9b333b4bb'} Body: {"NeutronError": {"message": "Trunk 4d6365e9-393b-4166-9117-4413c185673d could not be found.", "type": "TrunkNotFound", "detail": ""}} _log_request_full /root/.rally/verification/verifier-0fbc3809-0df0-469b-941e-f03c165f7fbd/repo/tempest/lib/common/rest_client.py:434
2018-11-05 23:20:06.176 343 INFO tempest.lib.common.rest_client [req-3f0e40bb-66b6-4f68-b2b1-9fc59bafc63f ] Request (TrunkTestJSON:_run_cleanups): 404 DELETE http://172.30.9.23:9696/v2.0/trunks/b8551090-0c2a-477e-9020-dd355de26e9a 0.019s
2018-11-05 23:20:06.176 343 DEBUG tempest.lib.common.rest_client [req-3f0e40bb-66b6-4f68-b2b1-9fc59bafc63f ] Request - Headers: {'Content-Type': 'application/json', 'Accept': 'application/json', 'X-Auth-Token': ''} Body: None Response - Headers: {'status': '404', u'content-length': '134', 'content-location': 'http://172.30.9.23:9696/v2.0/trunks/b8551090-0c2a-477e-9020-dd355de26e9a', u'date': 'Mon, 05 Nov 2018 23:20:06 GMT', u'content-type': 'application/json', u'connection': 'close', u'x-openstack-request-id': 'req-3f0e40bb-66b6-4f68-b2b1-9fc59bafc63f'} Body: {"NeutronError": {"message": "Trunk b8551090-0c2a-477e-9020-dd355de26e9a could not be found.", "type": "TrunkNotFound", "detail": ""}} _log_request_full /root/.rally/verification/verifier-0fbc3809-0df0-469b-941e-f03c165f7fbd/repo/tempest/lib/common/rest_client.py:434
2018-11-05 23:20:06.180 322 INFO tempest.lib.common.rest_client [req-c46a8695-199f-40f5-97e0-c918748e2518 ] Request (TrunkTestJSON:_run_cleanups): 404 GET http://172.30.9.23:9696/v2.0/trunks/a82cb925-d2de-4bf0-8b8d-33b7adc251ad/get_subports 0.016s
2018-11-05 23:20:06.180 322 DEBUG tempest.lib.common.rest_client [req-c46a8695-199f-40f5-97e0-c918748e2518 ] Request - Headers: {'Content-Type': 'application/json', 'Accept': 'application/json', 'X-Auth-Token': ''} Body: None Response - Headers: {'status': '404', u'content-length': '134', 'content-location': 'http://172.30.9.23:9696/v2.0/trunks/a82cb925-d2de-4bf0-8b8d-33b7adc251ad/get_subports', u'date': 'Mon, 05 Nov 2018 23:20:06 GMT', u'content-type': 'application/json', u'connection': 'close', u'x-openstack-request-id': 'req-c46a8695-199f-40f5-97e0-c918748e2518'} Body: {"NeutronError": {"message": "Trunk a82cb925-d2de-4bf0-8b8d-33b7adc251ad could not be found.", "type": "TrunkNotFound", "detail": ""}} _log_request_full /root/.rally/verification/verifier-0fbc3809-0df0-469b-941e-f03c165f7fbd/repo/tempest/lib/common/rest_client.py:434
2018-11-05 23:20:06.196 343 INFO tempest.lib.common.rest_client [req-52a582c2-1f90-4e36-9a01-949cf079fb5c ] Request (TrunkTestJSON:_run_cleanups): 404 GET http://172.30.9.23:9696/v2.0/trunks/6faccb95-f79e-44ac-bc78-5037ca87e6d3/get_subports 0.019s
2018-11-05 23:20:06.197 343 DEBUG tempest.lib.common.rest_client [req-52a582c2-1f90-4e36-9a01-949cf079fb5c ] Request - Headers: {'Content-Type': 'application/json', 'Accept': 'application/json', 'X-Auth-Token': ''} Body: None Response - Headers: {'status': '404', u'content-length': '134', 'content-location': 'http://172.30.9.23:9696/v2.0/trunks/6faccb95-f79e-44ac-bc78-5037ca87e6d3/get_subports', u'date': 'Mon, 05 Nov 2018 23:20:06 GMT', u'content-type': 'application/json', u'connection': 'close', u'x-openstack-request-id': 'req-52a582c2-1f90-4e36-9a01-949cf079fb5c'} Body: {"NeutronError": {"message": "Trunk 6faccb95-f79e-44ac-bc78-5037ca87e6d3 could not be found.", "type": "TrunkNotFound", "detail": ""}} _log_request_full /root/.rally/verification/verifier-0fbc3809-0df0-469b-941e-f03c165f7fbd/repo/tempest/lib/common/rest_client.py:434
2018-11-05 23:20:06.198 322 INFO tempest.lib.common.rest_client [req-93b35e63-e1d3-4f55-93ee-b47e7371b6ec ] Request (TrunkTestJSON:_run_cleanups): 404 DELETE http://172.30.9.23:9696/v2.0/trunks/a82cb925-d2de-4bf0-8b8d-33b7adc251ad 0.017s
2018-11-05 23:20:06.198 322 DEBUG tempest.lib.common.rest_client [req-93b35e63-e1d3-4f55-93ee-b47e7371b6ec ] Request - Headers: {'Content-Type': 'application/json', 'Accept': 'application/json', 'X-Auth-Token': ''} Body: None Response - Headers: {'status': '404', u'content-length': '134', 'content-location': 'http://172.30.9.23:9696/v2.0/trunks/a82cb925-d2de-4bf0-8b8d-33b7adc251ad', u'date': 'Mon, 05 Nov 2018 23:20:06 GMT', u'content-type': 'application/json', u'connection': 'close', u'x-openstack-request-id': 'req-93b35e63-e1d3-4f55-93ee-b47e7371b6ec'} Body: {"NeutronError": {"message": "Trunk a82cb925-d2de-4bf0-8b8d-33b7adc251ad could not be found.", "type": "TrunkNotFound", "detail": ""}} _log_request_full /root/.rally/verification/verifier-0fbc3809-0df0-469b-941e-f03c165f7fbd/repo/tempest/lib/common/rest_client.py:434
2018-11-05 23:20:06.216 343 INFO tempest.lib.common.rest_client [req-e54124d9-31b6-4b02-8759-e1e84bed9b63 ] Request (TrunkTestJSON:_run_cleanups): 404 DELETE http://172.30.9.23:9696/v2.0/trunks/6faccb95-f79e-44ac-bc78-5037ca87e6d3 0.019s
2018-11-05 23:20:06.217 343 DEBUG tempest.lib.common.rest_client [req-e54124d9-31b6-4b02-8759-e1e84bed9b63 ] Request - Headers: {'Content-Type': 'application/json', 'Accept': 'application/json', 'X-Auth-Token': ''} Body: None Response - Headers: {'status': '404', u'content-length': '134', 'content-location': 'http://172.30.9.23:9696/v2.0/trunks/6faccb95-f79e-44ac-bc78-5037ca87e6d3', u'date': 'Mon, 05 Nov 2018 23:20:06 GMT', u'content-type': 'application/json', u'connection': 'close', u'x-openstack-request-id': 'req-e54124d9-31b6-4b02-8759-e1e84bed9b63'} Body: {"NeutronError": {"message": "Trunk 6faccb95-f79e-44ac-bc78-5037ca87e6d3 could not be found.", "type": "TrunkNotFound", "detail": ""}} _log_request_full /root/.rally/verification/verifier-0fbc3809-0df0-469b-941e-f03c165f7fbd/repo/tempest/lib/common/rest_client.py:434
2018-11-05 23:20:06.219 322 INFO tempest.lib.common.rest_client [req-de98e5a7-8e98-467f-96d9-bc081cebc628 ] Request (TrunkTestJSON:_run_cleanups): 404 GET http://172.30.9.23:9696/v2.0/trunks/1d1517f3-7071-4010-9aea-c62adf59b434/get_subports 0.020s
2018-11-05 23:20:06.219 322 DEBUG tempest.lib.common.rest_client [req-de98e5a7-8e98-467f-96d9-bc081cebc628 ] Request - Headers: {'Content-Type': 'application/json', 'Accept': 'application/json', 'X-Auth-Token': ''} Body: None Response - Headers: {'status': '404', u'content-length': '134', 'content-location': 'http://172.30.9.23:9696/v2.0/trunks/1d1517f3-7071-4010-9aea-c62adf59b434/get_subports', u'date': 'Mon, 05 Nov 2018 23:20:06 GMT', u'content-type': 'application/json', u'connection': 'close', u'x-openstack-request-id': 'req-de98e5a7-8e98-467f-96d9-bc081cebc628'} Body: {"NeutronError": {"message": "Trunk 1d1517f3-7071-4010-9aea-c62adf59b434 could not be found.", "type": "TrunkNotFound", "detail": ""}} _log_request_full /root/.rally/verification/verifier-0fbc3809-0df0-469b-941e-f03c165f7fbd/repo/tempest/lib/common/rest_client.py:434
2018-11-05 23:20:06.236 343 INFO tempest.lib.common.rest_client [req-6280b9ff-a00f-435c-aa71-2715b6962d7f ] Request (TrunkTestJSON:_run_cleanups): 404 GET http://172.30.9.23:9696/v2.0/trunks/c5df5418-6c1b-4a18-999c-2353027f4e7a/get_subports 0.018s
2018-11-05 23:20:06.237 343 DEBUG tempest.lib.common.rest_client [req-6280b9ff-a00f-435c-aa71-2715b6962d7f ] Request - Headers: {'Content-Type': 'application/json', 'Accept': 'application/json', 'X-Auth-Token': ''} Body: None Response - Headers: {'status': '404', u'content-length': '134', 'content-location': 'http://172.30.9.23:9696/v2.0/trunks/c5df5418-6c1b-4a18-999c-2353027f4e7a/get_subports', u'date': 'Mon, 05 Nov 2018 23:20:06 GMT', u'content-type': 'application/json', u'connection': 'close', u'x-openstack-request-id': 'req-6280b9ff-a00f-435c-aa71-2715b6962d7f'} Body: {"NeutronError": {"message": "Trunk c5df5418-6c1b-4a18-999c-2353027f4e7a could not be found.", "type": "TrunkNotFound", "detail": ""}} _log_request_full /root/.rally/verification/verifier-0fbc3809-0df0-469b-941e-f03c165f7fbd/repo/tempest/lib/common/rest_client.py:434
2018-11-05 23:20:06.237 322 INFO tempest.lib.common.rest_client [req-c2eed44d-b4a3-40e9-8ad4-0cba02e7ae88 ] Request (TrunkTestJSON:_run_cleanups): 404 DELETE http://172.30.9.23:9696/v2.0/trunks/1d1517f3-7071-4010-9aea-c62adf59b434 0.017s
2018-11-05 23:20:06.237 322 DEBUG tempest.lib.common.rest_client [req-c2eed44d-b4a3-40e9-8ad4-0cba02e7ae88 ] Request - Headers: {'Content-Type': 'application/json', 'Accept': 'application/json', 'X-Auth-Token': ''} Body: None Response - Headers: {'status': '404', u'content-length': '134', 'content-location': 'http://172.30.9.23:9696/v2.0/trunks/1d1517f3-7071-4010-9aea-c62adf59b434', u'date': 'Mon, 05 Nov 2018 23:20:06 GMT', u'content-type': 'application/json', u'connection': 'close', u'x-openstack-request-id': 'req-c2eed44d-b4a3-40e9-8ad4-0cba02e7ae88'} Body: {"NeutronError": {"message": "Trunk 1d1517f3-7071-4010-9aea-c62adf59b434 could not be found.", "type": "TrunkNotFound", "detail": ""}} _log_request_full /root/.rally/verification/verifier-0fbc3809-0df0-469b-941e-f03c165f7fbd/repo/tempest/lib/common/rest_client.py:434
2018-11-05 23:20:06.253 322 INFO tempest.lib.common.rest_client [req-e30e7f8d-0955-457e-89d3-a74bbb2b8e59 ] Request (TrunkTestJSON:_run_cleanups): 404 GET http://172.30.9.23:9696/v2.0/trunks/1c5eaebc-5c3d-4689-8d39-9ef50854ba58/get_subports 0.015s
2018-11-05 23:20:06.254 322 DEBUG tempest.lib.common.rest_client [req-e30e7f8d-0955-457e-89d3-a74bbb2b8e59 ] Request - Headers: {'Content-Type': 'application/json', 'Accept': 'application/json', 'X-Auth-Token': ''} Body: None Response - Headers: {'status': '404', u'content-length': '134', 'content-location': 'http://172.30.9.23:9696/v2.0/trunks/1c5eaebc-5c3d-4689-8d39-9ef50854ba58/get_subports', u'date': 'Mon, 05 Nov 2018 23:20:06 GMT', u'content-type': 'application/json', u'connection': 'close', u'x-openstack-request-id': 'req-e30e7f8d-0955-457e-89d3-a74bbb2b8e59'} Body: {"NeutronError": {"message": "Trunk 1c5eaebc-5c3d-4689-8d39-9ef50854ba58 could not be found.", "type": "TrunkNotFound", "detail": ""}} _log_request_full /root/.rally/verification/verifier-0fbc3809-0df0-469b-941e-f03c165f7fbd/repo/tempest/lib/common/rest_client.py:434
2018-11-05 23:20:06.259 343 INFO tempest.lib.common.rest_client [req-1a611608-6b6a-49d5-becc-39738b197e69 ] Request (TrunkTestJSON:_run_cleanups): 404 DELETE http://172.30.9.23:9696/v2.0/trunks/c5df5418-6c1b-4a18-999c-2353027f4e7a 0.022s
2018-11-05 23:20:06.260 343 DEBUG tempest.lib.common.rest_client [req-1a611608-6b6a-49d5-becc-39738b197e69 ] Request - Headers: {'Content-Type': 'application/json', 'Accept': 'application/json', 'X-Auth-Token': ''} Body: None Response - Headers: {'status': '404', u'content-length': '134', 'content-location': 'http://172.30.9.23:9696/v2.0/trunks/c5df5418-6c1b-4a18-999c-2353027f4e7a', u'date': 'Mon, 05 Nov 2018 23:20:06 GMT', u'content-type': 'application/json', u'connection': 'close', u'x-openstack-request-id': 'req-1a611608-6b6a-49d5-becc-39738b197e69'} Body: {"NeutronError": {"message": "Trunk c5df5418-6c1b-4a18-999c-2353027f4e7a could not be found.", "type": "TrunkNotFound", "detail": ""}} _log_request_full /root/.rally/verification/verifier-0fbc3809-0df0-469b-941e-f03c165f7fbd/repo/tempest/lib/common/rest_client.py:434
2018-11-05 23:20:06.273 322 INFO tempest.lib.common.rest_client [req-3f688b00-9bba-4167-b0e2-e183f2f9f762 ] Request (TrunkTestJSON:_run_cleanups): 404 DELETE http://172.30.9.23:9696/v2.0/trunks/1c5eaebc-5c3d-4689-8d39-9ef50854ba58 0.018s
2018-11-05 23:20:06.273 322 DEBUG tempest.lib.common.rest_client [req-3f688b00-9bba-4167-b0e2-e183f2f9f762 ] Request - Headers: {'Content-Type': 'application/json', 'Accept': 'application/json', 'X-Auth-Token': ''} Body: None Response - Headers: {'status': '404', u'content-length': '134', 'content-location': 'http://172.30.9.23:9696/v2.0/trunks/1c5eaebc-5c3d-4689-8d39-9ef50854ba58', u'date': 'Mon, 05 Nov 2018 23:20:06 GMT', u'content-type': 'application/json', u'connection': 'close', u'x-openstack-request-id': 'req-3f688b00-9bba-4167-b0e2-e183f2f9f762'} Body: {"NeutronError": {"message": "Trunk 1c5eaebc-5c3d-4689-8d39-9ef50854ba58 could not be found.", "type": "TrunkNotFound", "detail": ""}} _log_request_full /root/.rally/verification/verifier-0fbc3809-0df0-469b-941e-f03c165f7fbd/repo/tempest/lib/common/rest_client.py:434
2018-11-05 23:20:06.279 343 INFO tempest.lib.common.rest_client [req-5f93a6e6-3433-43d5-9006-b2a89e4b5fa5 ] Request (TrunkTestJSON:_run_cleanups): 404 GET http://172.30.9.23:9696/v2.0/trunks/b2fad091-aaf0-48f5-afcf-f3666b5d828c/get_subports 0.018s
2018-11-05 23:20:06.279 343 DEBUG tempest.lib.common.rest_client [req-5f93a6e6-3433-43d5-9006-b2a89e4b5fa5 ] Request - Headers: {'Content-Type': 'application/json', 'Accept': 'application/json', 'X-Auth-Token': ''} Body: None Response - Headers: {'status': '404', u'content-length': '134', 'content-location': 'http://172.30.9.23:9696/v2.0/trunks/b2fad091-aaf0-48f5-afcf-f3666b5d828c/get_subports', u'date': 'Mon, 05 Nov 2018 23:20:06 GMT', u'content-type': 'application/json', u'connection': 'close', u'x-openstack-request-id': 'req-5f93a6e6-3433-43d5-9006-b2a89e4b5fa5'} Body: {"NeutronError": {"message": "Trunk b2fad091-aaf0-48f5-afcf-f3666b5d828c could not be found.", "type": "TrunkNotFound", "detail": ""}} _log_request_full /root/.rally/verification/verifier-0fbc3809-0df0-469b-941e-f03c165f7fbd/repo/tempest/lib/common/rest_client.py:434
2018-11-05 23:20:06.289 322 INFO tempest.lib.common.rest_client [req-5f78f119-946c-4e01-a9f7-985097ec4814 ] Request (TrunkTestJSON:_run_cleanups): 404 GET http://172.30.9.23:9696/v2.0/trunks/ab55b527-e518-4114-8367-5e6c5fe9b22e/get_subports 0.015s
2018-11-05 23:20:06.290 322 DEBUG tempest.lib.common.rest_client [req-5f78f119-946c-4e01-a9f7-985097ec4814 ] Request - Headers: {'Content-Type': 'application/json', 'Accept': 'application/json', 'X-Auth-Token': ''} Body: None Response - Headers: {'status': '404', u'content-length': '134', 'content-location': 'http://172.30.9.23:9696/v2.0/trunks/ab55b527-e518-4114-8367-5e6c5fe9b22e/get_subports', u'date': 'Mon, 05 Nov 2018 23:20:06 GMT', u'content-type': 'application/json', u'connection': 'close', u'x-openstack-request-id': 'req-5f78f119-946c-4e01-a9f7-985097ec4814'} Body: {"NeutronError": {"message": "Trunk ab55b527-e518-4114-8367-5e6c5fe9b22e could not be found.", "type": "TrunkNotFound", "detail": ""}} _log_request_full /root/.rally/verification/verifier-0fbc3809-0df0-469b-941e-f03c165f7fbd/repo/tempest/lib/common/rest_client.py:434
2018-11-05 23:20:06.298 343 INFO tempest.lib.common.rest_client [req-6e7989cb-e9f6-4f56-ad01-90644f83064c ] Request (TrunkTestJSON:_run_cleanups): 404 DELETE http://172.30.9.23:9696/v2.0/trunks/b2fad091-aaf0-48f5-afcf-f3666b5d828c 0.018s
2018-11-05 23:20:06.298 343 DEBUG tempest.lib.common.rest_client [req-6e7989cb-e9f6-4f56-ad01-90644f83064c ] Request - Headers: {'Content-Type': 'application/json', 'Accept': 'application/json', 'X-Auth-Token': ''} Body: None Response - Headers: {'status': '404', u'content-length': '134', 'content-location': 'http://172.30.9.23:9696/v2.0/trunks/b2fad091-aaf0-48f5-afcf-f3666b5d828c', u'date': 'Mon, 05 Nov 2018 23:20:06 GMT', u'content-type': 'application/json', u'connection': 'close', u'x-openstack-request-id': 'req-6e7989cb-e9f6-4f56-ad01-90644f83064c'} Body: {"NeutronError": {"message": "Trunk b2fad091-aaf0-48f5-afcf-f3666b5d828c could not be found.", "type": "TrunkNotFound", "detail": ""}} _log_request_full /root/.rally/verification/verifier-0fbc3809-0df0-469b-941e-f03c165f7fbd/repo/tempest/lib/common/rest_client.py:434
2018-11-05 23:20:06.314 322 INFO tempest.lib.common.rest_client [req-2367f6df-c193-4f64-b3a3-8606916396b2 ] Request (TrunkTestJSON:_run_cleanups): 404 DELETE http://172.30.9.23:9696/v2.0/trunks/ab55b527-e518-4114-8367-5e6c5fe9b22e 0.023s
2018-11-05 23:20:06.314 343 INFO tempest.lib.common.rest_client [req-79ef7e0a-16b3-407d-a4e6-e41fad46c224 ] Request (TrunkTestJSON:_run_cleanups): 404 GET http://172.30.9.23:9696/v2.0/trunks/59795b71-1152-480f-980a-6ba89ee089b4/get_subports 0.015s
2018-11-05 23:20:06.314 322 DEBUG tempest.lib.common.rest_client [req-2367f6df-c193-4f64-b3a3-8606916396b2 ] Request - Headers: {'Content-Type': 'application/json', 'Accept': 'application/json', 'X-Auth-Token': ''} Body: None Response - Headers: {'status': '404', u'content-length': '134', 'content-location': 'http://172.30.9.23:9696/v2.0/trunks/ab55b527-e518-4114-8367-5e6c5fe9b22e', u'date': 'Mon, 05 Nov 2018 23:20:06 GMT', u'content-type': 'application/json', u'connection': 'close', u'x-openstack-request-id': 'req-2367f6df-c193-4f64-b3a3-8606916396b2'} Body: {"NeutronError": {"message": "Trunk ab55b527-e518-4114-8367-5e6c5fe9b22e could not be found.", "type": "TrunkNotFound", "detail": ""}} _log_request_full /root/.rally/verification/verifier-0fbc3809-0df0-469b-941e-f03c165f7fbd/repo/tempest/lib/common/rest_client.py:434
2018-11-05 23:20:06.314 343 DEBUG tempest.lib.common.rest_client [req-79ef7e0a-16b3-407d-a4e6-e41fad46c224 ] Request - Headers: {'Content-Type': 'application/json', 'Accept': 'application/json', 'X-Auth-Token': ''} Body: None Response - Headers: {'status': '404', u'content-length': '134', 'content-location': 'http://172.30.9.23:9696/v2.0/trunks/59795b71-1152-480f-980a-6ba89ee089b4/get_subports', u'date': 'Mon, 05 Nov 2018 23:20:06 GMT', u'content-type': 'application/json', u'connection': 'close', u'x-openstack-request-id': 'req-79ef7e0a-16b3-407d-a4e6-e41fad46c224'} Body: {"NeutronError": {"message": "Trunk 59795b71-1152-480f-980a-6ba89ee089b4 could not be found.", "type": "TrunkNotFound", "detail": ""}} _log_request_full /root/.rally/verification/verifier-0fbc3809-0df0-469b-941e-f03c165f7fbd/repo/tempest/lib/common/rest_client.py:434
2018-11-05 23:20:06.333 343 INFO tempest.lib.common.rest_client [req-a5b29eef-86cd-4c6d-9da1-9b890cf1295c ] Request (TrunkTestJSON:_run_cleanups): 404 DELETE http://172.30.9.23:9696/v2.0/trunks/59795b71-1152-480f-980a-6ba89ee089b4 0.018s
2018-11-05 23:20:06.333 343 DEBUG tempest.lib.common.rest_client [req-a5b29eef-86cd-4c6d-9da1-9b890cf1295c ] Request - Headers: {'Content-Type': 'application/json', 'Accept': 'application/json', 'X-Auth-Token': ''} Body: None Response - Headers: {'status': '404', u'content-length': '134', 'content-location': 'http://172.30.9.23:9696/v2.0/trunks/59795b71-1152-480f-980a-6ba89ee089b4', u'date': 'Mon, 05 Nov 2018 23:20:06 GMT', u'content-type': 'application/json', u'connection': 'close', u'x-openstack-request-id': 'req-a5b29eef-86cd-4c6d-9da1-9b890cf1295c'} Body: {"NeutronError": {"message": "Trunk 59795b71-1152-480f-980a-6ba89ee089b4 could not be found.", "type": "TrunkNotFound", "detail": ""}} _log_request_full /root/.rally/verification/verifier-0fbc3809-0df0-469b-941e-f03c165f7fbd/repo/tempest/lib/common/rest_client.py:434
2018-11-05 23:20:06.348 322 INFO tempest.lib.common.rest_client [req-5d5e3e59-7cc0-4be7-9d19-231c23f5e418 ] Request (TrunkTestJSON:_run_cleanups): 404 DELETE http://172.30.9.23:9696/v2.0/ports/07d98eda-1fdf-4cde-a9e0-98e653f56e10 0.033s
2018-11-05 23:20:06.348 322 DEBUG tempest.lib.common.rest_client [req-5d5e3e59-7cc0-4be7-9d19-231c23f5e418 ] Request - Headers: {'Content-Type': 'application/json', 'Accept': 'application/json', 'X-Auth-Token': ''} Body: None Response - Headers: {'status': '404', u'content-length': '132', 'content-location': 'http://172.30.9.23:9696/v2.0/ports/07d98eda-1fdf-4cde-a9e0-98e653f56e10', u'date': 'Mon, 05 Nov 2018 23:20:06 GMT', u'content-type': 'application/json', u'connection': 'close', u'x-openstack-request-id': 'req-5d5e3e59-7cc0-4be7-9d19-231c23f5e418'} Body: {"NeutronError": {"message": "Port 07d98eda-1fdf-4cde-a9e0-98e653f56e10 could not be found.", "type": "PortNotFound", "detail": ""}} _log_request_full /root/.rally/verification/verifier-0fbc3809-0df0-469b-941e-f03c165f7fbd/repo/tempest/lib/common/rest_client.py:434
2018-11-05 23:20:06.366 343 INFO tempest.lib.common.rest_client [req-c9b47c4d-289a-4b84-a9c6-b4c75335d5ad ] Request (TrunkTestJSON:_run_cleanups): 200 GET http://172.30.9.23:9696/v2.0/trunks/cb14cb62-d96d-4940-9796-b3341611b145/get_subports 0.032s
2018-11-05 23:20:06.366 343 DEBUG tempest.lib.common.rest_client [req-c9b47c4d-289a-4b84-a9c6-b4c75335d5ad ] Request - Headers: {'Content-Type': 'application/json', 'Accept': 'application/json', 'X-Auth-Token': ''} Body: None Response - Headers: {'status': '200', u'content-length': '17', 'content-location': 'http://172.30.9.23:9696/v2.0/trunks/cb14cb62-d96d-4940-9796-b3341611b145/get_subports', u'date': 'Mon, 05 Nov 2018 23:20:06 GMT', u'content-type': 'application/json', u'connection': 'close', u'x-openstack-request-id': 'req-c9b47c4d-289a-4b84-a9c6-b4c75335d5ad'} Body: {"sub_ports": []} _log_request_full /root/.rally/verification/verifier-0fbc3809-0df0-469b-941e-f03c165f7fbd/repo/tempest/lib/common/rest_client.py:434
2018-11-05 23:20:06.381 322 INFO tempest.lib.common.rest_client [req-5d9c581e-e766-4d69-84ed-b832a6c42cf3 ] Request (TrunkTestJSON:_run_cleanups): 404 DELETE http://172.30.9.23:9696/v2.0/ports/3c32895d-561f-417f-8ea2-5f180e1f3cf5 0.032s
2018-11-05 23:20:06.382 322 DEBUG tempest.lib.common.rest_client [req-5d9c581e-e766-4d69-84ed-b832a6c42cf3 ] Request - Headers: {'Content-Type': 'application/json', 'Accept': 'application/json', 'X-Auth-Token': ''} Body: None Response - Headers: {'status': '404', u'content-length': '132', 'content-location': 'http://172.30.9.23:9696/v2.0/ports/3c32895d-561f-417f-8ea2-5f180e1f3cf5', u'date': 'Mon, 05 Nov 2018 23:20:06 GMT', u'content-type': 'application/json', u'connection': 'close', u'x-openstack-request-id': 'req-5d9c581e-e766-4d69-84ed-b832a6c42cf3'} Body: {"NeutronError": {"message": "Port 3c32895d-561f-417f-8ea2-5f180e1f3cf5 could not be found.", "type": "PortNotFound", "detail": ""}} _log_request_full /root/.rally/verification/verifier-0fbc3809-0df0-469b-941e-f03c165f7fbd/repo/tempest/lib/common/rest_client.py:434
2018-11-05 23:20:06.415 322 INFO tempest.lib.common.rest_client [req-2358ea76-7d7c-46f5-8227-038fda1418a6 ] Request (TrunkTestJSON:_run_cleanups): 404 DELETE http://172.30.9.23:9696/v2.0/ports/4287be54-00db-4d68-ab02-7151c1032bea 0.033s
2018-11-05 23:20:06.415 322 DEBUG tempest.lib.common.rest_client [req-2358ea76-7d7c-46f5-8227-038fda1418a6 ] Request - Headers: {'Content-Type': 'application/json', 'Accept': 'application/json', 'X-Auth-Token': ''} Body: None Response - Headers: {'status': '404', u'content-length': '132', 'content-location': 'http://172.30.9.23:9696/v2.0/ports/4287be54-00db-4d68-ab02-7151c1032bea', u'date': 'Mon, 05 Nov 2018 23:20:06 GMT', u'content-type': 'application/json', u'connection': 'close', u'x-openstack-request-id': 'req-2358ea76-7d7c-46f5-8227-038fda1418a6'} Body: {"NeutronError": {"message": "Port 4287be54-00db-4d68-ab02-7151c1032bea could not be found.", "type": "PortNotFound", "detail": ""}} _log_request_full /root/.rally/verification/verifier-0fbc3809-0df0-469b-941e-f03c165f7fbd/repo/tempest/lib/common/rest_client.py:434
2018-11-05 23:20:06.428 343 INFO tempest.lib.common.rest_client [req-f5f9f5d0-6746-4a54-ab38-3cce6b61e567 ] Request (TrunkTestJSON:_run_cleanups): 200 PUT http://172.30.9.23:9696/v2.0/trunks/cb14cb62-d96d-4940-9796-b3341611b145/remove_subports 0.061s
2018-11-05 23:20:06.429 343 DEBUG tempest.lib.common.rest_client [req-f5f9f5d0-6746-4a54-ab38-3cce6b61e567 ] Request - Headers: {'Content-Type': 'application/json', 'Accept': 'application/json', 'X-Auth-Token': ''} Body: {"sub_ports": []} Response - Headers: {'status': '200', u'content-length': '396', 'content-location': 'http://172.30.9.23:9696/v2.0/trunks/cb14cb62-d96d-4940-9796-b3341611b145/remove_subports', u'date': 'Mon, 05 Nov 2018 23:20:06 GMT', u'content-type': 'application/json', u'connection': 'close', u'x-openstack-request-id': 'req-f5f9f5d0-6746-4a54-ab38-3cce6b61e567'} Body: {"status": "DOWN", "sub_ports": [], "name": "", "admin_state_up": true, "tenant_id": "5c213653e5604f158c1b23cf98ee0edc", "created_at": "2018-11-05T23:20:04Z", "tags": [], "updated_at": "2018-11-05T23:20:06Z", "revision_number": 2, "project_id": "5c213653e5604f158c1b23cf98ee0edc", "port_id": "d9117ce6-70af-4aa1-8e88-7fbbf08ed5c4", "id": "cb14cb62-d96d-4940-9796-b3341611b145", "description": ""} _log_request_full /root/.rally/verification/verifier-0fbc3809-0df0-469b-941e-f03c165f7fbd/repo/tempest/lib/common/rest_client.py:434
2018-11-05 23:20:06.450 322 INFO tempest.lib.common.rest_client [req-2923d4e7-f260-456f-b0be-1fe7752935a4 ] Request (TrunkTestJSON:_run_cleanups): 404 DELETE http://172.30.9.23:9696/v2.0/ports/3055837f-32fb-44c4-8430-4bbbe143ae83 0.034s
2018-11-05 23:20:06.450 322 DEBUG tempest.lib.common.rest_client [req-2923d4e7-f260-456f-b0be-1fe7752935a4 ] Request - Headers: {'Content-Type': 'application/json', 'Accept': 'application/json', 'X-Auth-Token': ''} Body: None Response - Headers: {'status': '404', u'content-length': '132', 'content-location': 'http://172.30.9.23:9696/v2.0/ports/3055837f-32fb-44c4-8430-4bbbe143ae83', u'date': 'Mon, 05 Nov 2018 23:20:06 GMT', u'content-type': 'application/json', u'connection': 'close', u'x-openstack-request-id': 'req-2923d4e7-f260-456f-b0be-1fe7752935a4'} Body: {"NeutronError": {"message": "Port 3055837f-32fb-44c4-8430-4bbbe143ae83 could not be found.", "type": "PortNotFound", "detail": ""}} _log_request_full /root/.rally/verification/verifier-0fbc3809-0df0-469b-941e-f03c165f7fbd/repo/tempest/lib/common/rest_client.py:434
2018-11-05 23:20:06.482 322 INFO tempest.lib.common.rest_client [req-49dc08dd-1e81-40df-a490-282fc3a4464c ] Request (TrunkTestJSON:_run_cleanups): 404 DELETE http://172.30.9.23:9696/v2.0/ports/d5ef615d-27ee-45c0-9e75-80fbbe3436ac 0.031s
2018-11-05 23:20:06.482 322 DEBUG tempest.lib.common.rest_client [req-49dc08dd-1e81-40df-a490-282fc3a4464c ] Request - Headers: {'Content-Type': 'application/json', 'Accept': 'application/json', 'X-Auth-Token': ''} Body: None Response - Headers: {'status': '404', u'content-length': '132', 'content-location': 'http://172.30.9.23:9696/v2.0/ports/d5ef615d-27ee-45c0-9e75-80fbbe3436ac', u'date': 'Mon, 05 Nov 2018 23:20:06 GMT', u'content-type': 'application/json', u'connection': 'close', u'x-openstack-request-id': 'req-49dc08dd-1e81-40df-a490-282fc3a4464c'} Body: {"NeutronError": {"message": "Port d5ef615d-27ee-45c0-9e75-80fbbe3436ac could not be found.", "type": "PortNotFound", "detail": ""}} _log_request_full /root/.rally/verification/verifier-0fbc3809-0df0-469b-941e-f03c165f7fbd/repo/tempest/lib/common/rest_client.py:434
2018-11-05 23:20:06.516 322 INFO tempest.lib.common.rest_client [req-b9e169a6-6445-4b32-8422-59a651b0b620 ] Request (TrunkTestJSON:_run_cleanups): 404 DELETE http://172.30.9.23:9696/v2.0/ports/c2d1a8b6-0cbf-4ce2-a619-1e94e38a939f 0.032s
2018-11-05 23:20:06.516 322 DEBUG tempest.lib.common.rest_client [req-b9e169a6-6445-4b32-8422-59a651b0b620 ] Request - Headers: {'Content-Type': 'application/json', 'Accept': 'application/json', 'X-Auth-Token': ''} Body: None Response - Headers: {'status': '404', u'content-length': '132', 'content-location': 'http://172.30.9.23:9696/v2.0/ports/c2d1a8b6-0cbf-4ce2-a619-1e94e38a939f', u'date': 'Mon, 05 Nov 2018 23:20:06 GMT', u'content-type': 'application/json', u'connection': 'close', u'x-openstack-request-id': 'req-b9e169a6-6445-4b32-8422-59a651b0b620'} Body: {"NeutronError": {"message": "Port c2d1a8b6-0cbf-4ce2-a619-1e94e38a939f could not be found.", "type": "PortNotFound", "detail": ""}} _log_request_full /root/.rally/verification/verifier-0fbc3809-0df0-469b-941e-f03c165f7fbd/repo/tempest/lib/common/rest_client.py:434
2018-11-05 23:20:06.543 343 INFO tempest.lib.common.rest_client [req-333f5888-d536-47b8-b77e-bde8679eea03 ] Request (TrunkTestJSON:_run_cleanups): 204 DELETE http://172.30.9.23:9696/v2.0/trunks/cb14cb62-d96d-4940-9796-b3341611b145 0.114s
2018-11-05 23:20:06.544 343 DEBUG tempest.lib.common.rest_client [req-333f5888-d536-47b8-b77e-bde8679eea03 ] Request - Headers: {'Content-Type': 'application/json', 'Accept': 'application/json', 'X-Auth-Token': ''} Body: None Response - Headers: {'status': '204', u'content-length': '0', 'content-location': 'http://172.30.9.23:9696/v2.0/trunks/cb14cb62-d96d-4940-9796-b3341611b145', u'date': 'Mon, 05 Nov 2018 23:20:06 GMT', u'connection': 'close', u'x-openstack-request-id': 'req-333f5888-d536-47b8-b77e-bde8679eea03'} Body: _log_request_full /root/.rally/verification/verifier-0fbc3809-0df0-469b-941e-f03c165f7fbd/repo/tempest/lib/common/rest_client.py:434
2018-11-05 23:20:06.551 322 INFO tempest.lib.common.rest_client [req-1ca5fc89-bc40-4327-8683-25e00335dd3e ] Request (TrunkTestJSON:_run_cleanups): 404 DELETE http://172.30.9.23:9696/v2.0/ports/5f4b1387-5890-49c3-aaec-97a2c418ad7d 0.034s
2018-11-05 23:20:06.551 322 DEBUG tempest.lib.common.rest_client [req-1ca5fc89-bc40-4327-8683-25e00335dd3e ] Request - Headers: {'Content-Type': 'application/json', 'Accept': 'application/json', 'X-Auth-Token': ''} Body: None Response - Headers: {'status': '404', u'content-length': '132', 'content-location': 'http://172.30.9.23:9696/v2.0/ports/5f4b1387-5890-49c3-aaec-97a2c418ad7d', u'date': 'Mon, 05 Nov 2018 23:20:06 GMT', u'content-type': 'application/json', u'connection': 'close', u'x-openstack-request-id': 'req-1ca5fc89-bc40-4327-8683-25e00335dd3e'} Body: {"NeutronError": {"message": "Port 5f4b1387-5890-49c3-aaec-97a2c418ad7d could not be found.", "type": "PortNotFound", "detail": ""}} _log_request_full /root/.rally/verification/verifier-0fbc3809-0df0-469b-941e-f03c165f7fbd/repo/tempest/lib/common/rest_client.py:434
2018-11-05 23:20:06.575 343 INFO tempest.lib.common.rest_client [req-7cd4d700-9c9b-4eaf-b302-41ff3c2ff81f ] Request (TrunkTestJSON:_run_cleanups): 200 GET http://172.30.9.23:9696/v2.0/trunks/3c484f82-9cf9-47a3-aca7-eada885df30f/get_subports 0.031s
2018-11-05 23:20:06.576 343 DEBUG tempest.lib.common.rest_client [req-7cd4d700-9c9b-4eaf-b302-41ff3c2ff81f ] Request - Headers: {'Content-Type': 'application/json', 'Accept': 'application/json', 'X-Auth-Token': ''} Body: None Response - Headers: {'status': '200', u'content-length': '17', 'content-location': 'http://172.30.9.23:9696/v2.0/trunks/3c484f82-9cf9-47a3-aca7-eada885df30f/get_subports', u'date': 'Mon, 05 Nov 2018 23:20:06 GMT', u'content-type': 'application/json', u'connection': 'close', u'x-openstack-request-id': 'req-7cd4d700-9c9b-4eaf-b302-41ff3c2ff81f'} Body: {"sub_ports": []} _log_request_full /root/.rally/verification/verifier-0fbc3809-0df0-469b-941e-f03c165f7fbd/repo/tempest/lib/common/rest_client.py:434
2018-11-05 23:20:06.587 322 INFO tempest.lib.common.rest_client [req-b6c30a24-77c6-4556-ac0b-aa3110dfda82 ] Request (TrunkTestJSON:_run_cleanups): 404 DELETE http://172.30.9.23:9696/v2.0/ports/b8c3c1d2-0544-48f3-bb78-09463c748531 0.035s
2018-11-05 23:20:06.588 322 DEBUG tempest.lib.common.rest_client [req-b6c30a24-77c6-4556-ac0b-aa3110dfda82 ] Request - Headers: {'Content-Type': 'application/json', 'Accept': 'application/json', 'X-Auth-Token': ''} Body: None Response - Headers: {'status': '404', u'content-length': '132', 'content-location': 'http://172.30.9.23:9696/v2.0/ports/b8c3c1d2-0544-48f3-bb78-09463c748531', u'date': 'Mon, 05 Nov 2018 23:20:06 GMT', u'content-type': 'application/json', u'connection': 'close', u'x-openstack-request-id': 'req-b6c30a24-77c6-4556-ac0b-aa3110dfda82'} Body: {"NeutronError": {"message": "Port b8c3c1d2-0544-48f3-bb78-09463c748531 could not be found.", "type": "PortNotFound", "detail": ""}} _log_request_full /root/.rally/verification/verifier-0fbc3809-0df0-469b-941e-f03c165f7fbd/repo/tempest/lib/common/rest_client.py:434
2018-11-05 23:20:06.621 322 INFO tempest.lib.common.rest_client [req-7568ad23-892d-441b-84d6-e25b64c7a8d7 ] Request (TrunkTestJSON:_run_cleanups): 404 DELETE http://172.30.9.23:9696/v2.0/ports/2d733be9-9bf1-40dd-9662-7b95e233f290 0.032s
2018-11-05 23:20:06.621 322 DEBUG tempest.lib.common.rest_client [req-7568ad23-892d-441b-84d6-e25b64c7a8d7 ] Request - Headers: {'Content-Type': 'application/json', 'Accept': 'application/json', 'X-Auth-Token': ''} Body: None Response - Headers: {'status': '404', u'content-length': '132', 'content-location': 'http://172.30.9.23:9696/v2.0/ports/2d733be9-9bf1-40dd-9662-7b95e233f290', u'date': 'Mon, 05 Nov 2018 23:20:06 GMT', u'content-type': 'application/json', u'connection': 'close', u'x-openstack-request-id': 'req-7568ad23-892d-441b-84d6-e25b64c7a8d7'} Body: {"NeutronError": {"message": "Port 2d733be9-9bf1-40dd-9662-7b95e233f290 could not be found.", "type": "PortNotFound", "detail": ""}} _log_request_full /root/.rally/verification/verifier-0fbc3809-0df0-469b-941e-f03c165f7fbd/repo/tempest/lib/common/rest_client.py:434
2018-11-05 23:20:06.639 343 INFO tempest.lib.common.rest_client [req-635b7dee-615b-460e-945c-5cd0cc4e31c7 ] Request (TrunkTestJSON:_run_cleanups): 200 PUT http://172.30.9.23:9696/v2.0/trunks/3c484f82-9cf9-47a3-aca7-eada885df30f/remove_subports 0.063s
2018-11-05 23:20:06.640 343 DEBUG tempest.lib.common.rest_client [req-635b7dee-615b-460e-945c-5cd0cc4e31c7 ] Request - Headers: {'Content-Type': 'application/json', 'Accept': 'application/json', 'X-Auth-Token': ''} Body: {"sub_ports": []} Response - Headers: {'status': '200', u'content-length': '396', 'content-location': 'http://172.30.9.23:9696/v2.0/trunks/3c484f82-9cf9-47a3-aca7-eada885df30f/remove_subports', u'date': 'Mon, 05 Nov 2018 23:20:06 GMT', u'content-type': 'application/json', u'connection': 'close', u'x-openstack-request-id': 'req-635b7dee-615b-460e-945c-5cd0cc4e31c7'} Body: {"status": "DOWN", "sub_ports": [], "name": "", "admin_state_up": true, "tenant_id": "5c213653e5604f158c1b23cf98ee0edc", "created_at": "2018-11-05T23:20:05Z", "tags": [], "updated_at": "2018-11-05T23:20:06Z", "revision_number": 2, "project_id": "5c213653e5604f158c1b23cf98ee0edc", "port_id": "3c5bbcde-d87c-4cd3-bc6c-9a5634006463", "id": "3c484f82-9cf9-47a3-aca7-eada885df30f", "description": ""} _log_request_full /root/.rally/verification/verifier-0fbc3809-0df0-469b-941e-f03c165f7fbd/repo/tempest/lib/common/rest_client.py:434
2018-11-05 23:20:06.654 322 INFO tempest.lib.common.rest_client [req-2364cb0e-d0c6-45df-b449-c7898ca64096 ] Request (TrunkTestJSON:_run_cleanups): 404 DELETE http://172.30.9.23:9696/v2.0/ports/ad7e931b-dc2e-4403-98e9-98fe9f1014fc 0.031s
2018-11-05 23:20:06.654 322 DEBUG tempest.lib.common.rest_client [req-2364cb0e-d0c6-45df-b449-c7898ca64096 ] Request - Headers: {'Content-Type': 'application/json', 'Accept': 'application/json', 'X-Auth-Token': ''} Body: None Response - Headers: {'status': '404', u'content-length': '132', 'content-location': 'http://172.30.9.23:9696/v2.0/ports/ad7e931b-dc2e-4403-98e9-98fe9f1014fc', u'date': 'Mon, 05 Nov 2018 23:20:06 GMT', u'content-type': 'application/json', u'connection': 'close', u'x-openstack-request-id': 'req-2364cb0e-d0c6-45df-b449-c7898ca64096'} Body: {"NeutronError": {"message": "Port ad7e931b-dc2e-4403-98e9-98fe9f1014fc could not be found.", "type": "PortNotFound", "detail": ""}} _log_request_full /root/.rally/verification/verifier-0fbc3809-0df0-469b-941e-f03c165f7fbd/repo/tempest/lib/common/rest_client.py:434
2018-11-05 23:20:06.688 322 INFO tempest.lib.common.rest_client [req-eb7c54e4-7d1b-47e4-a0cf-c84cf4a497cb ] Request (TrunkTestJSON:_run_cleanups): 404 DELETE http://172.30.9.23:9696/v2.0/ports/273a8a95-4b5e-4a10-908b-65905e8f5554 0.033s
2018-11-05 23:20:06.688 322 DEBUG tempest.lib.common.rest_client [req-eb7c54e4-7d1b-47e4-a0cf-c84cf4a497cb ] Request - Headers: {'Content-Type': 'application/json', 'Accept': 'application/json', 'X-Auth-Token': ''} Body: None Response - Headers: {'status': '404', u'content-length': '132', 'content-location': 'http://172.30.9.23:9696/v2.0/ports/273a8a95-4b5e-4a10-908b-65905e8f5554', u'date': 'Mon, 05 Nov 2018 23:20:06 GMT', u'content-type': 'application/json', u'connection': 'close', u'x-openstack-request-id': 'req-eb7c54e4-7d1b-47e4-a0cf-c84cf4a497cb'} Body: {"NeutronError": {"message": "Port 273a8a95-4b5e-4a10-908b-65905e8f5554 could not be found.", "type": "PortNotFound", "detail": ""}} _log_request_full /root/.rally/verification/verifier-0fbc3809-0df0-469b-941e-f03c165f7fbd/repo/tempest/lib/common/rest_client.py:434
2018-11-05 23:20:06.720 322 INFO tempest.lib.common.rest_client [req-3093625e-e59a-47e3-a2ed-df076c6a068f ] Request (TrunkTestJSON:_run_cleanups): 404 DELETE http://172.30.9.23:9696/v2.0/ports/ee39aae3-c37e-473a-866f-79f5f8226a3d 0.031s
2018-11-05 23:20:06.721 322 DEBUG tempest.lib.common.rest_client [req-3093625e-e59a-47e3-a2ed-df076c6a068f ] Request - Headers: {'Content-Type': 'application/json', 'Accept': 'application/json', 'X-Auth-Token': ''} Body: None Response - Headers: {'status': '404', u'content-length': '132', 'content-location': 'http://172.30.9.23:9696/v2.0/ports/ee39aae3-c37e-473a-866f-79f5f8226a3d', u'date': 'Mon, 05 Nov 2018 23:20:06 GMT', u'content-type': 'application/json', u'connection': 'close', u'x-openstack-request-id': 'req-3093625e-e59a-47e3-a2ed-df076c6a068f'} Body: {"NeutronError": {"message": "Port ee39aae3-c37e-473a-866f-79f5f8226a3d could not be found.", "type": "PortNotFound", "detail": ""}} _log_request_full /root/.rally/verification/verifier-0fbc3809-0df0-469b-941e-f03c165f7fbd/repo/tempest/lib/common/rest_client.py:434
2018-11-05 23:20:06.752 322 INFO tempest.lib.common.rest_client [req-618adb18-ef5b-4c24-85dd-171e92dd5818 ] Request (TrunkTestJSON:_run_cleanups): 404 DELETE http://172.30.9.23:9696/v2.0/ports/af43744b-6583-4a54-907f-19991b45c76c 0.031s
2018-11-05 23:20:06.752 322 DEBUG tempest.lib.common.rest_client [req-618adb18-ef5b-4c24-85dd-171e92dd5818 ] Request - Headers: {'Content-Type': 'application/json', 'Accept': 'application/json', 'X-Auth-Token': ''} Body: None Response - Headers: {'status': '404', u'content-length': '132', 'content-location': 'http://172.30.9.23:9696/v2.0/ports/af43744b-6583-4a54-907f-19991b45c76c', u'date': 'Mon, 05 Nov 2018 23:20:06 GMT', u'content-type': 'application/json', u'connection': 'close', u'x-openstack-request-id': 'req-618adb18-ef5b-4c24-85dd-171e92dd5818'} Body: {"NeutronError": {"message": "Port af43744b-6583-4a54-907f-19991b45c76c could not be found.", "type": "PortNotFound", "detail": ""}} _log_request_full /root/.rally/verification/verifier-0fbc3809-0df0-469b-941e-f03c165f7fbd/repo/tempest/lib/common/rest_client.py:434
2018-11-05 23:20:06.758 343 INFO tempest.lib.common.rest_client [req-9bd23a5e-8670-4a81-98df-266756b0990a ] Request (TrunkTestJSON:_run_cleanups): 204 DELETE http://172.30.9.23:9696/v2.0/trunks/3c484f82-9cf9-47a3-aca7-eada885df30f 0.118s
2018-11-05 23:20:06.758 343 DEBUG tempest.lib.common.rest_client [req-9bd23a5e-8670-4a81-98df-266756b0990a ] Request - Headers: {'Content-Type': 'application/json', 'Accept': 'application/json', 'X-Auth-Token': ''} Body: None Response - Headers: {'status': '204', u'content-length': '0', 'content-location': 'http://172.30.9.23:9696/v2.0/trunks/3c484f82-9cf9-47a3-aca7-eada885df30f', u'date': 'Mon, 05 Nov 2018 23:20:06 GMT', u'connection': 'close', u'x-openstack-request-id': 'req-9bd23a5e-8670-4a81-98df-266756b0990a'} Body: _log_request_full /root/.rally/verification/verifier-0fbc3809-0df0-469b-941e-f03c165f7fbd/repo/tempest/lib/common/rest_client.py:434
2018-11-05 23:20:06.780 322 INFO tempest.lib.common.rest_client [req-1aa2ce4d-8e36-43d3-aafb-907c7c4076a4 ] Request (TrunkTestJSON:_run_cleanups): 404 DELETE http://172.30.9.23:9696/v2.0/networks/34e4189d-520d-4ed1-9ff3-a9c5a01060ef 0.027s
2018-11-05 23:20:06.780 322 DEBUG tempest.lib.common.rest_client [req-1aa2ce4d-8e36-43d3-aafb-907c7c4076a4 ] Request - Headers: {'Content-Type': 'application/json', 'Accept': 'application/json', 'X-Auth-Token': ''} Body: None Response - Headers: {'status': '404', u'content-length': '138', 'content-location': 'http://172.30.9.23:9696/v2.0/networks/34e4189d-520d-4ed1-9ff3-a9c5a01060ef', u'date': 'Mon, 05 Nov 2018 23:20:06 GMT', u'content-type': 'application/json', u'connection': 'close', u'x-openstack-request-id': 'req-1aa2ce4d-8e36-43d3-aafb-907c7c4076a4'} Body: {"NeutronError": {"message": "Network 34e4189d-520d-4ed1-9ff3-a9c5a01060ef could not be found.", "type": "NetworkNotFound", "detail": ""}} _log_request_full /root/.rally/verification/verifier-0fbc3809-0df0-469b-941e-f03c165f7fbd/repo/tempest/lib/common/rest_client.py:434
2018-11-05 23:20:06.792 343 INFO tempest.lib.common.rest_client [req-086a226f-fcbc-422b-94c2-ae0ff191628e ] Request (TrunkTestJSON:_run_cleanups): 404 DELETE http://172.30.9.23:9696/v2.0/ports/72e0cf9e-d392-4a04-b38a-a63ec29e5f6c 0.033s
2018-11-05 23:20:06.792 343 DEBUG tempest.lib.common.rest_client [req-086a226f-fcbc-422b-94c2-ae0ff191628e ] Request - Headers: {'Content-Type': 'application/json', 'Accept': 'application/json', 'X-Auth-Token': ''} Body: None Response - Headers: {'status': '404', u'content-length': '132', 'content-location': 'http://172.30.9.23:9696/v2.0/ports/72e0cf9e-d392-4a04-b38a-a63ec29e5f6c', u'date': 'Mon, 05 Nov 2018 23:20:06 GMT', u'content-type': 'application/json', u'connection': 'close', u'x-openstack-request-id': 'req-086a226f-fcbc-422b-94c2-ae0ff191628e'} Body: {"NeutronError": {"message": "Port 72e0cf9e-d392-4a04-b38a-a63ec29e5f6c could not be found.", "type": "PortNotFound", "detail": ""}} _log_request_full /root/.rally/verification/verifier-0fbc3809-0df0-469b-941e-f03c165f7fbd/repo/tempest/lib/common/rest_client.py:434
2018-11-05 23:20:06.808 322 INFO tempest.lib.common.rest_client [req-af09692a-e790-4c7a-a2b7-124822873285 ] Request (TrunkTestJSON:_run_cleanups): 404 DELETE http://172.30.9.23:9696/v2.0/networks/3fbcf2e3-9bcd-4814-b871-b64aa09199ad 0.027s
