2018-10-10 16:47:45.549 11493 DEBUG tempest.lib.common.rest_client [req-1525ac91-6f22-4637-b57b-bb847b3b9f93 ] Request - Headers: {'Content-Type': 'application/json', 'Accept': 'application/json', 'X-Auth-Token': ''} Body: {"sub_ports": [{"segmentation_type": "vlan", "port_id": "21d1b368-0ff1-4fb0-9ca6-ee977764481d", "segmentation_id": 2}]} Response - Headers: {'status': '409', u'content-length': '181', 'content-location': 'http://172.30.9.27:9696/v2.0/trunks/1c626942-7fe3-413c-90e6-3355933778d7/add_subports', u'date': 'Wed, 10 Oct 2018 16:47:45 GMT', u'content-type': 'application/json', u'connection': 'close', u'x-openstack-request-id': 'req-1525ac91-6f22-4637-b57b-bb847b3b9f93'} Body: {"NeutronError": {"message": "Port 21d1b368-0ff1-4fb0-9ca6-ee977764481d is currently in use and is not eligible for use as a parent port.", "type": "ParentPortInUse", "detail": ""}} _log_request_full /root/.rally/verification/verifier-3ed9b14a-2614-46bb-aa63-e8ee048180fb/repo/tempest/lib/common/rest_client.py:434
2018-10-10 16:47:45.567 11493 INFO tempest.lib.common.rest_client [req-c9c0e1e1-1b82-4e8b-ac9d-c074eb156d70 ] Request (TrunkTestJSON:_run_cleanups): 404 GET http://172.30.9.27:9696/v2.0/trunks/410fd509-0190-4bd5-8d3b-5a426640f13c/get_subports 0.017s
2018-10-10 16:47:45.568 11493 DEBUG tempest.lib.common.rest_client [req-c9c0e1e1-1b82-4e8b-ac9d-c074eb156d70 ] Request - Headers: {'Content-Type': 'application/json', 'Accept': 'application/json', 'X-Auth-Token': ''} Body: None Response - Headers: {'status': '404', u'content-length': '134', 'content-location': 'http://172.30.9.27:9696/v2.0/trunks/410fd509-0190-4bd5-8d3b-5a426640f13c/get_subports', u'date': 'Wed, 10 Oct 2018 16:47:45 GMT', u'content-type': 'application/json', u'connection': 'close', u'x-openstack-request-id': 'req-c9c0e1e1-1b82-4e8b-ac9d-c074eb156d70'} Body: {"NeutronError": {"message": "Trunk 410fd509-0190-4bd5-8d3b-5a426640f13c could not be found.", "type": "TrunkNotFound", "detail": ""}} _log_request_full /root/.rally/verification/verifier-3ed9b14a-2614-46bb-aa63-e8ee048180fb/repo/tempest/lib/common/rest_client.py:434
2018-10-10 16:47:45.644 11513 INFO tempest.lib.common.rest_client [req-e25274f9-5fef-4e0d-9074-5e18cd4fd2e9 ] Request (TrunkTestJSON:_run_cleanups): 404 GET http://172.30.9.27:9696/v2.0/trunks/6986a7bc-4035-43e7-a944-d66d277e9769/get_subports 0.175s
2018-10-10 16:47:45.645 11513 DEBUG tempest.lib.common.rest_client [req-e25274f9-5fef-4e0d-9074-5e18cd4fd2e9 ] Request - Headers: {'Content-Type': 'application/json', 'Accept': 'application/json', 'X-Auth-Token': ''} Body: None Response - Headers: {'status': '404', u'content-length': '134', 'content-location': 'http://172.30.9.27:9696/v2.0/trunks/6986a7bc-4035-43e7-a944-d66d277e9769/get_subports', u'date': 'Wed, 10 Oct 2018 16:47:45 GMT', u'content-type': 'application/json', u'connection': 'close', u'x-openstack-request-id': 'req-e25274f9-5fef-4e0d-9074-5e18cd4fd2e9'} Body: {"NeutronError": {"message": "Trunk 6986a7bc-4035-43e7-a944-d66d277e9769 could not be found.", "type": "TrunkNotFound", "detail": ""}} _log_request_full /root/.rally/verification/verifier-3ed9b14a-2614-46bb-aa63-e8ee048180fb/repo/tempest/lib/common/rest_client.py:434
2018-10-10 16:47:45.670 11513 INFO tempest.lib.common.rest_client [req-17e890de-1575-413b-9083-ba44b1fe71ab ] Request (TrunkTestJSON:_run_cleanups): 404 DELETE http://172.30.9.27:9696/v2.0/trunks/6986a7bc-4035-43e7-a944-d66d277e9769 0.024s
2018-10-10 16:47:45.671 11513 DEBUG tempest.lib.common.rest_client [req-17e890de-1575-413b-9083-ba44b1fe71ab ] Request - Headers: {'Content-Type': 'application/json', 'Accept': 'application/json', 'X-Auth-Token': ''} Body: None Response - Headers: {'status': '404', u'content-length': '134', 'content-location': 'http://172.30.9.27:9696/v2.0/trunks/6986a7bc-4035-43e7-a944-d66d277e9769', u'date': 'Wed, 10 Oct 2018 16:47:45 GMT', u'content-type': 'application/json', u'connection': 'close', u'x-openstack-request-id': 'req-17e890de-1575-413b-9083-ba44b1fe71ab'} Body: {"NeutronError": {"message": "Trunk 6986a7bc-4035-43e7-a944-d66d277e9769 could not be found.", "type": "TrunkNotFound", "detail": ""}} _log_request_full /root/.rally/verification/verifier-3ed9b14a-2614-46bb-aa63-e8ee048180fb/repo/tempest/lib/common/rest_client.py:434
2018-10-10 16:47:45.703 11513 INFO tempest.lib.common.rest_client [req-50b2b91a-4678-4ee2-a895-251b3b5101b0 ] Request (TrunkTestJSON:_run_cleanups): 200 GET http://172.30.9.27:9696/v2.0/trunks/a9596397-df32-400f-949e-cc9bc1eaeb18/get_subports 0.031s
2018-10-10 16:47:45.703 11513 DEBUG tempest.lib.common.rest_client [req-50b2b91a-4678-4ee2-a895-251b3b5101b0 ] Request - Headers: {'Content-Type': 'application/json', 'Accept': 'application/json', 'X-Auth-Token': ''} Body: None Response - Headers: {'status': '200', u'content-length': '17', 'content-location': 'http://172.30.9.27:9696/v2.0/trunks/a9596397-df32-400f-949e-cc9bc1eaeb18/get_subports', u'date': 'Wed, 10 Oct 2018 16:47:45 GMT', u'content-type': 'application/json', u'connection': 'close', u'x-openstack-request-id': 'req-50b2b91a-4678-4ee2-a895-251b3b5101b0'} Body: {"sub_ports": []} _log_request_full /root/.rally/verification/verifier-3ed9b14a-2614-46bb-aa63-e8ee048180fb/repo/tempest/lib/common/rest_client.py:434
2018-10-10 16:47:45.728 11493 INFO tempest.lib.common.rest_client [req-e1b005c0-b552-4c97-8337-735e6311b920 ] Request (TrunkTestJSON:_run_cleanups): 404 DELETE http://172.30.9.27:9696/v2.0/trunks/410fd509-0190-4bd5-8d3b-5a426640f13c 0.160s
2018-10-10 16:47:45.729 11493 DEBUG tempest.lib.common.rest_client [req-e1b005c0-b552-4c97-8337-735e6311b920 ] Request - Headers: {'Content-Type': 'application/json', 'Accept': 'application/json', 'X-Auth-Token': ''} Body: None Response - Headers: {'status': '404', u'content-length': '134', 'content-location': 'http://172.30.9.27:9696/v2.0/trunks/410fd509-0190-4bd5-8d3b-5a426640f13c', u'date': 'Wed, 10 Oct 2018 16:47:45 GMT', u'content-type': 'application/json', u'connection': 'close', u'x-openstack-request-id': 'req-e1b005c0-b552-4c97-8337-735e6311b920'} Body: {"NeutronError": {"message": "Trunk 410fd509-0190-4bd5-8d3b-5a426640f13c could not be found.", "type": "TrunkNotFound", "detail": ""}} _log_request_full /root/.rally/verification/verifier-3ed9b14a-2614-46bb-aa63-e8ee048180fb/repo/tempest/lib/common/rest_client.py:434
2018-10-10 16:47:45.748 11493 INFO tempest.lib.common.rest_client [req-c2da8816-3861-4872-881f-e21ec3f44ea9 ] Request (TrunkTestJSON:_run_cleanups): 404 GET http://172.30.9.27:9696/v2.0/trunks/e631b943-a4a3-4b82-9d7f-3f50b612907b/get_subports 0.019s
2018-10-10 16:47:45.749 11493 DEBUG tempest.lib.common.rest_client [req-c2da8816-3861-4872-881f-e21ec3f44ea9 ] Request - Headers: {'Content-Type': 'application/json', 'Accept': 'application/json', 'X-Auth-Token': ''} Body: None Response - Headers: {'status': '404', u'content-length': '134', 'content-location': 'http://172.30.9.27:9696/v2.0/trunks/e631b943-a4a3-4b82-9d7f-3f50b612907b/get_subports', u'date': 'Wed, 10 Oct 2018 16:47:45 GMT', u'content-type': 'application/json', u'connection': 'close', u'x-openstack-request-id': 'req-c2da8816-3861-4872-881f-e21ec3f44ea9'} Body: {"NeutronError": {"message": "Trunk e631b943-a4a3-4b82-9d7f-3f50b612907b could not be found.", "type": "TrunkNotFound", "detail": ""}} _log_request_full /root/.rally/verification/verifier-3ed9b14a-2614-46bb-aa63-e8ee048180fb/repo/tempest/lib/common/rest_client.py:434
2018-10-10 16:47:45.769 11493 INFO tempest.lib.common.rest_client [req-c8313e25-6d70-4eb6-9386-15352f9b3985 ] Request (TrunkTestJSON:_run_cleanups): 404 DELETE http://172.30.9.27:9696/v2.0/trunks/e631b943-a4a3-4b82-9d7f-3f50b612907b 0.019s
2018-10-10 16:47:45.770 11493 DEBUG tempest.lib.common.rest_client [req-c8313e25-6d70-4eb6-9386-15352f9b3985 ] Request - Headers: {'Content-Type': 'application/json', 'Accept': 'application/json', 'X-Auth-Token': ''} Body: None Response - Headers: {'status': '404', u'content-length': '134', 'content-location': 'http://172.30.9.27:9696/v2.0/trunks/e631b943-a4a3-4b82-9d7f-3f50b612907b', u'date': 'Wed, 10 Oct 2018 16:47:45 GMT', u'content-type': 'application/json', u'connection': 'close', u'x-openstack-request-id': 'req-c8313e25-6d70-4eb6-9386-15352f9b3985'} Body: {"NeutronError": {"message": "Trunk e631b943-a4a3-4b82-9d7f-3f50b612907b could not be found.", "type": "TrunkNotFound", "detail": ""}} _log_request_full /root/.rally/verification/verifier-3ed9b14a-2614-46bb-aa63-e8ee048180fb/repo/tempest/lib/common/rest_client.py:434
2018-10-10 16:47:45.786 11493 INFO tempest.lib.common.rest_client [req-32bb2d21-3b67-443a-ac6c-85778cb49370 ] Request (TrunkTestJSON:_run_cleanups): 404 GET http://172.30.9.27:9696/v2.0/trunks/96e76b11-af29-4a91-87ad-1cb59b67a364/get_subports 0.015s
2018-10-10 16:47:45.786 11493 DEBUG tempest.lib.common.rest_client [req-32bb2d21-3b67-443a-ac6c-85778cb49370 ] Request - Headers: {'Content-Type': 'application/json', 'Accept': 'application/json', 'X-Auth-Token': ''} Body: None Response - Headers: {'status': '404', u'content-length': '134', 'content-location': 'http://172.30.9.27:9696/v2.0/trunks/96e76b11-af29-4a91-87ad-1cb59b67a364/get_subports', u'date': 'Wed, 10 Oct 2018 16:47:45 GMT', u'content-type': 'application/json', u'connection': 'close', u'x-openstack-request-id': 'req-32bb2d21-3b67-443a-ac6c-85778cb49370'} Body: {"NeutronError": {"message": "Trunk 96e76b11-af29-4a91-87ad-1cb59b67a364 could not be found.", "type": "TrunkNotFound", "detail": ""}} _log_request_full /root/.rally/verification/verifier-3ed9b14a-2614-46bb-aa63-e8ee048180fb/repo/tempest/lib/common/rest_client.py:434
2018-10-10 16:47:45.809 11493 INFO tempest.lib.common.rest_client [req-84d841ac-9728-408f-bc5c-6220c0de6404 ] Request (TrunkTestJSON:_run_cleanups): 404 DELETE http://172.30.9.27:9696/v2.0/trunks/96e76b11-af29-4a91-87ad-1cb59b67a364 0.022s
2018-10-10 16:47:45.809 11493 DEBUG tempest.lib.common.rest_client [req-84d841ac-9728-408f-bc5c-6220c0de6404 ] Request - Headers: {'Content-Type': 'application/json', 'Accept': 'application/json', 'X-Auth-Token': ''} Body: None Response - Headers: {'status': '404', u'content-length': '134', 'content-location': 'http://172.30.9.27:9696/v2.0/trunks/96e76b11-af29-4a91-87ad-1cb59b67a364', u'date': 'Wed, 10 Oct 2018 16:47:45 GMT', u'content-type': 'application/json', u'connection': 'close', u'x-openstack-request-id': 'req-84d841ac-9728-408f-bc5c-6220c0de6404'} Body: {"NeutronError": {"message": "Trunk 96e76b11-af29-4a91-87ad-1cb59b67a364 could not be found.", "type": "TrunkNotFound", "detail": ""}} _log_request_full /root/.rally/verification/verifier-3ed9b14a-2614-46bb-aa63-e8ee048180fb/repo/tempest/lib/common/rest_client.py:434
2018-10-10 16:47:45.844 11493 INFO tempest.lib.common.rest_client [req-91b532da-f66f-428b-ba58-95bbd3f76ca1 ] Request (TrunkTestJSON:_run_cleanups): 200 GET http://172.30.9.27:9696/v2.0/trunks/1c626942-7fe3-413c-90e6-3355933778d7/get_subports 0.033s
2018-10-10 16:47:45.844 11493 DEBUG tempest.lib.common.rest_client [req-91b532da-f66f-428b-ba58-95bbd3f76ca1 ] Request - Headers: {'Content-Type': 'application/json', 'Accept': 'application/json', 'X-Auth-Token': ''} Body: None Response - Headers: {'status': '200', u'content-length': '17', 'content-location': 'http://172.30.9.27:9696/v2.0/trunks/1c626942-7fe3-413c-90e6-3355933778d7/get_subports', u'date': 'Wed, 10 Oct 2018 16:47:45 GMT', u'content-type': 'application/json', u'connection': 'close', u'x-openstack-request-id': 'req-91b532da-f66f-428b-ba58-95bbd3f76ca1'} Body: {"sub_ports": []} _log_request_full /root/.rally/verification/verifier-3ed9b14a-2614-46bb-aa63-e8ee048180fb/repo/tempest/lib/common/rest_client.py:434
2018-10-10 16:47:45.905 11513 INFO tempest.lib.common.rest_client [req-fdd6f7cc-44cf-441f-9731-3867e01bebfc ] Request (TrunkTestJSON:_run_cleanups): 200 PUT http://172.30.9.27:9696/v2.0/trunks/a9596397-df32-400f-949e-cc9bc1eaeb18/remove_subports 0.200s
2018-10-10 16:47:45.905 11513 DEBUG tempest.lib.common.rest_client [req-fdd6f7cc-44cf-441f-9731-3867e01bebfc ] Request - Headers: {'Content-Type': 'application/json', 'Accept': 'application/json', 'X-Auth-Token': ''} Body: {"sub_ports": []} Response - Headers: {'status': '200', u'content-length': '396', 'content-location': 'http://172.30.9.27:9696/v2.0/trunks/a9596397-df32-400f-949e-cc9bc1eaeb18/remove_subports', u'date': 'Wed, 10 Oct 2018 16:47:45 GMT', u'content-type': 'application/json', u'connection': 'close', u'x-openstack-request-id': 'req-fdd6f7cc-44cf-441f-9731-3867e01bebfc'} Body: {"status": "DOWN", "sub_ports": [], "name": "", "admin_state_up": true, "tenant_id": "a23fa4838ab248699f057f8c9295f4a0", "created_at": "2018-10-10T16:47:45Z", "tags": [], "updated_at": "2018-10-10T16:47:45Z", "revision_number": 2, "project_id": "a23fa4838ab248699f057f8c9295f4a0", "port_id": "f5c728f1-ba48-466c-b064-aae319b6433f", "id": "a9596397-df32-400f-949e-cc9bc1eaeb18", "description": ""} _log_request_full /root/.rally/verification/verifier-3ed9b14a-2614-46bb-aa63-e8ee048180fb/repo/tempest/lib/common/rest_client.py:434
2018-10-10 16:47:46.025 11513 INFO tempest.lib.common.rest_client [req-3829957d-37b6-4023-8bf4-3be5fb688298 ] Request (TrunkTestJSON:_run_cleanups): 204 DELETE http://172.30.9.27:9696/v2.0/trunks/a9596397-df32-400f-949e-cc9bc1eaeb18 0.119s
2018-10-10 16:47:46.025 11513 DEBUG tempest.lib.common.rest_client [req-3829957d-37b6-4023-8bf4-3be5fb688298 ] Request - Headers: {'Content-Type': 'application/json', 'Accept': 'application/json', 'X-Auth-Token': ''} Body: None Response - Headers: {'status': '204', u'content-length': '0', 'content-location': 'http://172.30.9.27:9696/v2.0/trunks/a9596397-df32-400f-949e-cc9bc1eaeb18', u'date': 'Wed, 10 Oct 2018 16:47:46 GMT', u'connection': 'close', u'x-openstack-request-id': 'req-3829957d-37b6-4023-8bf4-3be5fb688298'} Body: _log_request_full /root/.rally/verification/verifier-3ed9b14a-2614-46bb-aa63-e8ee048180fb/repo/tempest/lib/common/rest_client.py:434
2018-10-10 16:47:46.059 11513 INFO tempest.lib.common.rest_client [req-0de77481-9659-4b5d-b24c-829e920e891e ] Request (TrunkTestJSON:_run_cleanups): 404 DELETE http://172.30.9.27:9696/v2.0/ports/bd7f8c81-74af-4777-95f2-ae35e8a5f599 0.033s
2018-10-10 16:47:46.060 11513 DEBUG tempest.lib.common.rest_client [req-0de77481-9659-4b5d-b24c-829e920e891e ] Request - Headers: {'Content-Type': 'application/json', 'Accept': 'application/json', 'X-Auth-Token': ''} Body: None Response - Headers: {'status': '404', u'content-length': '132', 'content-location': 'http://172.30.9.27:9696/v2.0/ports/bd7f8c81-74af-4777-95f2-ae35e8a5f599', u'date': 'Wed, 10 Oct 2018 16:47:46 GMT', u'content-type': 'application/json', u'connection': 'close', u'x-openstack-request-id': 'req-0de77481-9659-4b5d-b24c-829e920e891e'} Body: {"NeutronError": {"message": "Port bd7f8c81-74af-4777-95f2-ae35e8a5f599 could not be found.", "type": "PortNotFound", "detail": ""}} _log_request_full /root/.rally/verification/verifier-3ed9b14a-2614-46bb-aa63-e8ee048180fb/repo/tempest/lib/common/rest_client.py:434
2018-10-10 16:47:46.068 11493 INFO tempest.lib.common.rest_client [req-f28c7f0a-9d11-4afc-aaef-61beb373e362 ] Request (TrunkTestJSON:_run_cleanups): 200 PUT http://172.30.9.27:9696/v2.0/trunks/1c626942-7fe3-413c-90e6-3355933778d7/remove_subports 0.223s
2018-10-10 16:47:46.068 11493 DEBUG tempest.lib.common.rest_client [req-f28c7f0a-9d11-4afc-aaef-61beb373e362 ] Request - Headers: {'Content-Type': 'application/json', 'Accept': 'application/json', 'X-Auth-Token': ''} Body: {"sub_ports": []} Response - Headers: {'status': '200', u'content-length': '396', 'content-location': 'http://172.30.9.27:9696/v2.0/trunks/1c626942-7fe3-413c-90e6-3355933778d7/remove_subports', u'date': 'Wed, 10 Oct 2018 16:47:46 GMT', u'content-type': 'application/json', u'connection': 'close', u'x-openstack-request-id': 'req-f28c7f0a-9d11-4afc-aaef-61beb373e362'} Body: {"status": "DOWN", "sub_ports": [], "name": "", "admin_state_up": true, "tenant_id": "1590f107471b41afafa85500433d84a5", "created_at": "2018-10-10T16:47:45Z", "tags": [], "updated_at": "2018-10-10T16:47:46Z", "revision_number": 2, "project_id": "1590f107471b41afafa85500433d84a5", "port_id": "21d1b368-0ff1-4fb0-9ca6-ee977764481d", "id": "1c626942-7fe3-413c-90e6-3355933778d7", "description": ""} _log_request_full /root/.rally/verification/verifier-3ed9b14a-2614-46bb-aa63-e8ee048180fb/repo/tempest/lib/common/rest_client.py:434
2018-10-10 16:47:46.234 11513 INFO tempest.lib.common.rest_client [req-cced1259-1cd6-4fc0-a80a-b1fcd65336fa ] Request (TrunkTestJSON:_run_cleanups): 404 DELETE http://172.30.9.27:9696/v2.0/ports/0cc74cbb-27a2-4e17-96fc-f0d99e889766 0.174s
2018-10-10 16:47:46.235 11513 DEBUG tempest.lib.common.rest_client [req-cced1259-1cd6-4fc0-a80a-b1fcd65336fa ] Request - Headers: {'Content-Type': 'application/json', 'Accept': 'application/json', 'X-Auth-Token': ''} Body: None Response - Headers: {'status': '404', u'content-length': '132', 'content-location': 'http://172.30.9.27:9696/v2.0/ports/0cc74cbb-27a2-4e17-96fc-f0d99e889766', u'date': 'Wed, 10 Oct 2018 16:47:46 GMT', u'content-type': 'application/json', u'connection': 'close', u'x-openstack-request-id': 'req-cced1259-1cd6-4fc0-a80a-b1fcd65336fa'} Body: {"NeutronError": {"message": "Port 0cc74cbb-27a2-4e17-96fc-f0d99e889766 could not be found.", "type": "PortNotFound", "detail": ""}} _log_request_full /root/.rally/verification/verifier-3ed9b14a-2614-46bb-aa63-e8ee048180fb/repo/tempest/lib/common/rest_client.py:434
2018-10-10 16:47:46.312 11493 INFO tempest.lib.common.rest_client [req-9ecaf619-1385-460f-bbcd-312c27d92e3e ] Request (TrunkTestJSON:_run_cleanups): 204 DELETE http://172.30.9.27:9696/v2.0/trunks/1c626942-7fe3-413c-90e6-3355933778d7 0.243s
2018-10-10 16:47:46.312 11493 DEBUG tempest.lib.common.rest_client [req-9ecaf619-1385-460f-bbcd-312c27d92e3e ] Request - Headers: {'Content-Type': 'application/json', 'Accept': 'application/json', 'X-Auth-Token': ''} Body: None Response - Headers: {'status': '204', u'content-length': '0', 'content-location': 'http://172.30.9.27:9696/v2.0/trunks/1c626942-7fe3-413c-90e6-3355933778d7', u'date': 'Wed, 10 Oct 2018 16:47:46 GMT', u'connection': 'close', u'x-openstack-request-id': 'req-9ecaf619-1385-460f-bbcd-312c27d92e3e'} Body: _log_request_full /root/.rally/verification/verifier-3ed9b14a-2614-46bb-aa63-e8ee048180fb/repo/tempest/lib/common/rest_client.py:434
2018-10-10 16:47:46.346 11493 INFO tempest.lib.common.rest_client [req-a2bc6abf-9e93-4379-b3e5-f5d2d519c91a ] Request (TrunkTestJSON:_run_cleanups): 404 DELETE http://172.30.9.27:9696/v2.0/ports/5ef69185-7326-4b82-8e00-4c3c4bdcfb44 0.033s
2018-10-10 16:47:46.347 11493 DEBUG tempest.lib.common.rest_client [req-a2bc6abf-9e93-4379-b3e5-f5d2d519c91a ] Request - Headers: {'Content-Type': 'application/json', 'Accept': 'application/json', 'X-Auth-Token': ''} Body: None Response - Headers: {'status': '404', u'content-length': '132', 'content-location': 'http://172.30.9.27:9696/v2.0/ports/5ef69185-7326-4b82-8e00-4c3c4bdcfb44', u'date': 'Wed, 10 Oct 2018 16:47:46 GMT', u'content-type': 'application/json', u'connection': 'close', u'x-openstack-request-id': 'req-a2bc6abf-9e93-4379-b3e5-f5d2d519c91a'} Body: {"NeutronError": {"message": "Port 5ef69185-7326-4b82-8e00-4c3c4bdcfb44 could not be found.", "type": "PortNotFound", "detail": ""}} _log_request_full /root/.rally/verification/verifier-3ed9b14a-2614-46bb-aa63-e8ee048180fb/repo/tempest/lib/common/rest_client.py:434
2018-10-10 16:47:46.424 11513 INFO tempest.lib.common.rest_client [req-f1e3d91c-a633-43c3-a349-d6597cf5f8de ] Request (TrunkTestJSON:_run_cleanups): 404 DELETE http://172.30.9.27:9696/v2.0/ports/8b6b9028-cc4e-4d95-b3b8-d04eab4aef21 0.188s
2018-10-10 16:47:46.425 11513 DEBUG tempest.lib.common.rest_client [req-f1e3d91c-a633-43c3-a349-d6597cf5f8de ] Request - Headers: {'Content-Type': 'application/json', 'Accept': 'application/json', 'X-Auth-Token': ''} Body: None Response - Headers: {'status': '404', u'content-length': '132', 'content-location': 'http://172.30.9.27:9696/v2.0/ports/8b6b9028-cc4e-4d95-b3b8-d04eab4aef21', u'date': 'Wed, 10 Oct 2018 16:47:46 GMT', u'content-type': 'application/json', u'connection': 'close', u'x-openstack-request-id': 'req-f1e3d91c-a633-43c3-a349-d6597cf5f8de'} Body: {"NeutronError": {"message": "Port 8b6b9028-cc4e-4d95-b3b8-d04eab4aef21 could not be found.", "type": "PortNotFound", "detail": ""}} _log_request_full /root/.rally/verification/verifier-3ed9b14a-2614-46bb-aa63-e8ee048180fb/repo/tempest/lib/common/rest_client.py:434
2018-10-10 16:47:46.457 11513 INFO tempest.lib.common.rest_client [req-3e244bcf-8fcc-4799-9964-4211071db3ca ] Request (TrunkTestJSON:_run_cleanups): 404 DELETE http://172.30.9.27:9696/v2.0/ports/680e693e-6b0e-484c-8f37-31a3c7dbf251 0.031s
2018-10-10 16:47:46.457 11513 DEBUG tempest.lib.common.rest_client [req-3e244bcf-8fcc-4799-9964-4211071db3ca ] Request - Headers: {'Content-Type': 'application/json', 'Accept': 'application/json', 'X-Auth-Token': ''} Body: None Response - Headers: {'status': '404', u'content-length': '132', 'content-location': 'http://172.30.9.27:9696/v2.0/ports/680e693e-6b0e-484c-8f37-31a3c7dbf251', u'date': 'Wed, 10 Oct 2018 16:47:46 GMT', u'content-type': 'application/json', u'connection': 'close', u'x-openstack-request-id': 'req-3e244bcf-8fcc-4799-9964-4211071db3ca'} Body: {"NeutronError": {"message": "Port 680e693e-6b0e-484c-8f37-31a3c7dbf251 could not be found.", "type": "PortNotFound", "detail": ""}} _log_request_full /root/.rally/verification/verifier-3ed9b14a-2614-46bb-aa63-e8ee048180fb/repo/tempest/lib/common/rest_client.py:434
2018-10-10 16:47:46.527 11493 INFO tempest.lib.common.rest_client [req-05c43cc0-c724-4418-8598-1d7650091b14 ] Request (TrunkTestJSON:_run_cleanups): 404 DELETE http://172.30.9.27:9696/v2.0/ports/0a201cff-3c9d-44fb-b915-414aa830afec 0.179s
2018-10-10 16:47:46.528 11493 DEBUG tempest.lib.common.rest_client [req-05c43cc0-c724-4418-8598-1d7650091b14 ] Request - Headers: {'Content-Type': 'application/json', 'Accept': 'application/json', 'X-Auth-Token': ''} Body: None Response - Headers: {'status': '404', u'content-length': '132', 'content-location': 'http://172.30.9.27:9696/v2.0/ports/0a201cff-3c9d-44fb-b915-414aa830afec', u'date': 'Wed, 10 Oct 2018 16:47:46 GMT', u'content-type': 'application/json', u'connection': 'close', u'x-openstack-request-id': 'req-05c43cc0-c724-4418-8598-1d7650091b14'} Body: {"NeutronError": {"message": "Port 0a201cff-3c9d-44fb-b915-414aa830afec could not be found.", "type": "PortNotFound", "detail": ""}} _log_request_full /root/.rally/verification/verifier-3ed9b14a-2614-46bb-aa63-e8ee048180fb/repo/tempest/lib/common/rest_client.py:434
2018-10-10 16:47:46.563 11493 INFO tempest.lib.common.rest_client [req-c2279815-fa37-4e4b-a0c5-df1c2a8b65ee ] Request (TrunkTestJSON:_run_cleanups): 404 DELETE http://172.30.9.27:9696/v2.0/ports/799d8bb7-f77d-4c02-8bb2-560eab0d3845 0.034s
2018-10-10 16:47:46.563 11493 DEBUG tempest.lib.common.rest_client [req-c2279815-fa37-4e4b-a0c5-df1c2a8b65ee ] Request - Headers: {'Content-Type': 'application/json', 'Accept': 'application/json', 'X-Auth-Token': ''} Body: None Response - Headers: {'status': '404', u'content-length': '132', 'content-location': 'http://172.30.9.27:9696/v2.0/ports/799d8bb7-f77d-4c02-8bb2-560eab0d3845', u'date': 'Wed, 10 Oct 2018 16:47:46 GMT', u'content-type': 'application/json', u'connection': 'close', u'x-openstack-request-id': 'req-c2279815-fa37-4e4b-a0c5-df1c2a8b65ee'} Body: {"NeutronError": {"message": "Port 799d8bb7-f77d-4c02-8bb2-560eab0d3845 could not be found.", "type": "PortNotFound", "detail": ""}} _log_request_full /root/.rally/verification/verifier-3ed9b14a-2614-46bb-aa63-e8ee048180fb/repo/tempest/lib/common/rest_client.py:434
2018-10-10 16:47:46.598 11493 INFO tempest.lib.common.rest_client [req-255d8c0f-91d6-4c7e-ad33-e3bd92e7677f ] Request (TrunkTestJSON:_run_cleanups): 404 DELETE http://172.30.9.27:9696/v2.0/ports/9177e4cf-4458-4925-aa7d-3047024a5728 0.034s
2018-10-10 16:47:46.598 11493 DEBUG tempest.lib.common.rest_client [req-255d8c0f-91d6-4c7e-ad33-e3bd92e7677f ] Request - Headers: {'Content-Type': 'application/json', 'Accept': 'application/json', 'X-Auth-Token': ''} Body: None Response - Headers: {'status': '404', u'content-length': '132', 'content-location': 'http://172.30.9.27:9696/v2.0/ports/9177e4cf-4458-4925-aa7d-3047024a5728', u'date': 'Wed, 10 Oct 2018 16:47:46 GMT', u'content-type': 'application/json', u'connection': 'close', u'x-openstack-request-id': 'req-255d8c0f-91d6-4c7e-ad33-e3bd92e7677f'} Body: {"NeutronError": {"message": "Port 9177e4cf-4458-4925-aa7d-3047024a5728 could not be found.", "type": "PortNotFound", "detail": ""}} _log_request_full /root/.rally/verification/verifier-3ed9b14a-2614-46bb-aa63-e8ee048180fb/repo/tempest/lib/common/rest_client.py:434
2018-10-10 16:47:46.766 11493 INFO tempest.lib.common.rest_client [req-2f5af8b5-702f-44a1-9f6e-d56771da400b ] Request (TrunkTestJSON:_run_cleanups): 404 DELETE http://172.30.9.27:9696/v2.0/ports/f3532197-08fe-446b-a205-6c1b19a6fcda 0.166s
2018-10-10 16:47:46.766 11493 DEBUG tempest.lib.common.rest_client [req-2f5af8b5-702f-44a1-9f6e-d56771da400b ] Request - Headers: {'Content-Type': 'application/json', 'Accept': 'application/json', 'X-Auth-Token': ''} Body: None Response - Headers: {'status': '404', u'content-length': '132', 'content-location': 'http://172.30.9.27:9696/v2.0/ports/f3532197-08fe-446b-a205-6c1b19a6fcda', u'date': 'Wed, 10 Oct 2018 16:47:46 GMT', u'content-type': 'application/json', u'connection': 'close', u'x-openstack-request-id': 'req-2f5af8b5-702f-44a1-9f6e-d56771da400b'} Body: {"NeutronError": {"message": "Port f3532197-08fe-446b-a205-6c1b19a6fcda could not be found.", "type": "PortNotFound", "detail": ""}} _log_request_full /root/.rally/verification/verifier-3ed9b14a-2614-46bb-aa63-e8ee048180fb/repo/tempest/lib/common/rest_client.py:434
2018-10-10 16:47:46.950 11513 INFO tempest.lib.common.rest_client [req-733032fc-ed28-4872-bcce-9488cb69d040 ] Request (TrunkTestJSON:_run_cleanups): 204 DELETE http://172.30.9.27:9696/v2.0/ports/f5c728f1-ba48-466c-b064-aae319b6433f 0.492s
2018-10-10 16:47:46.951 11513 DEBUG tempest.lib.common.rest_client [req-733032fc-ed28-4872-bcce-9488cb69d040 ] Request - Headers: {'Content-Type': 'application/json', 'Accept': 'application/json', 'X-Auth-Token': ''} Body: None Response - Headers: {'status': '204', u'content-length': '0', 'content-location': 'http://172.30.9.27:9696/v2.0/ports/f5c728f1-ba48-466c-b064-aae319b6433f', u'date': 'Wed, 10 Oct 2018 16:47:46 GMT', u'connection': 'close', u'x-openstack-request-id': 'req-733032fc-ed28-4872-bcce-9488cb69d040'} Body: _log_request_full /root/.rally/verification/verifier-3ed9b14a-2614-46bb-aa63-e8ee048180fb/repo/tempest/lib/common/rest_client.py:434
2018-10-10 16:47:46.979 11513 INFO tempest.lib.common.rest_client [req-38de5250-18f9-44b1-904c-e1ff698059f3 ] Request (TrunkTestJSON:_run_cleanups): 404 DELETE http://172.30.9.27:9696/v2.0/networks/05c0ac8f-fc9e-4352-91be-265b43bd8414 0.027s
2018-10-10 16:47:46.979 11513 DEBUG tempest.lib.common.rest_client [req-38de5250-18f9-44b1-904c-e1ff698059f3 ] Request - Headers: {'Content-Type': 'application/json', 'Accept': 'application/json', 'X-Auth-Token': ''} Body: None Response - Headers: {'status': '404', u'content-length': '138', 'content-location': 'http://172.30.9.27:9696/v2.0/networks/05c0ac8f-fc9e-4352-91be-265b43bd8414', u'date': 'Wed, 10 Oct 2018 16:47:46 GMT', u'content-type': 'application/json', u'connection': 'close', u'x-openstack-request-id': 'req-38de5250-18f9-44b1-904c-e1ff698059f3'} Body: {"NeutronError": {"message": "Network 05c0ac8f-fc9e-4352-91be-265b43bd8414 could not be found.", "type": "NetworkNotFound", "detail": ""}} _log_request_full /root/.rally/verification/verifier-3ed9b14a-2614-46bb-aa63-e8ee048180fb/repo/tempest/lib/common/rest_client.py:434
2018-10-10 16:47:47.118 11493 INFO tempest.lib.common.rest_client [req-6d1b7f3e-662e-4ff0-baf1-533c9d45c2cb ] Request (TrunkTestJSON:_run_cleanups): 204 DELETE http://172.30.9.27:9696/v2.0/ports/21d1b368-0ff1-4fb0-9ca6-ee977764481d 0.351s
2018-10-10 16:47:47.119 11493 DEBUG tempest.lib.common.rest_client [req-6d1b7f3e-662e-4ff0-baf1-533c9d45c2cb ] Request - Headers: {'Content-Type': 'application/json', 'Accept': 'application/json', 'X-Auth-Token': ''} Body: None Response - Headers: {'status': '204', u'content-length': '0', 'content-location': 'http://172.30.9.27:9696/v2.0/ports/21d1b368-0ff1-4fb0-9ca6-ee977764481d', u'date': 'Wed, 10 Oct 2018 16:47:47 GMT', u'connection': 'close', u'x-openstack-request-id': 'req-6d1b7f3e-662e-4ff0-baf1-533c9d45c2cb'} Body: _log_request_full /root/.rally/verification/verifier-3ed9b14a-2614-46bb-aa63-e8ee048180fb/repo/tempest/lib/common/rest_client.py:434
2018-10-10 16:47:47.144 11493 INFO tempest.lib.common.rest_client [req-ffb277c2-9912-4f74-a01a-16c4e23868c2 ] Request (TrunkTestJSON:_run_cleanups): 404 DELETE http://172.30.9.27:9696/v2.0/networks/e80b7a78-8361-46e3-8b99-792436ece9c1 0.025s
2018-10-10 16:47:47.145 11493 DEBUG tempest.lib.common.rest_client [req-ffb277c2-9912-4f74-a01a-16c4e23868c2 ] Request - Headers: {'Content-Type': 'application/json', 'Accept': 'application/json', 'X-Auth-Token': ''} Body: None Response - Headers: {'status': '404', u'content-length': '138', 'content-location': 'http://172.30.9.27:9696/v2.0/networks/e80b7a78-8361-46e3-8b99-792436ece9c1', u'date': 'Wed, 10 Oct 2018 16:47:47 GMT', u'content-type': 'application/json', u'connection': 'close', u'x-openstack-request-id': 'req-ffb277c2-9912-4f74-a01a-16c4e23868c2'} Body: {"NeutronError": {"message": "Network e80b7a78-8361-46e3-8b99-792436ece9c1 could not be found.", "type": "NetworkNotFound", "detail": ""}} _log_request_full /root/.rally/verification/verifier-3ed9b14a-2614-46bb-aa63-e8ee048180fb/repo/tempest/lib/common/rest_client.py:434
2018-10-10 16:47:47.155 11513 INFO tempest.lib.common.rest_client [req-11308309-32e8-4dfd-8925-1adc54c25518 ] Request (TrunkTestJSON:_run_cleanups): 404 DELETE http://172.30.9.27:9696/v2.0/networks/ca6b051a-2279-4a78-9b1b-b6de8285e181 0.175s
2018-10-10 16:47:47.156 11513 DEBUG tempest.lib.common.rest_client [req-11308309-32e8-4dfd-8925-1adc54c25518 ] Request - Headers: {'Content-Type': 'application/json', 'Accept': 'application/json', 'X-Auth-Token': ''} Body: None Response - Headers: {'status': '404', u'content-length': '138', 'content-location': 'http://172.30.9.27:9696/v2.0/networks/ca6b051a-2279-4a78-9b1b-b6de8285e181', u'date': 'Wed, 10 Oct 2018 16:47:47 GMT', u'content-type': 'application/json', u'connection': 'close', u'x-openstack-request-id': 'req-11308309-32e8-4dfd-8925-1adc54c25518'} Body: {"NeutronError": {"message": "Network ca6b051a-2279-4a78-9b1b-b6de8285e181 could not be found.", "type": "NetworkNotFound", "detail": ""}} _log_request_full /root/.rally/verification/verifier-3ed9b14a-2614-46bb-aa63-e8ee048180fb/repo/tempest/lib/common/rest_client.py:434
2018-10-10 16:47:47.182 11513 INFO tempest.lib.common.rest_client [req-186f4736-d4b7-4650-a152-9d11bae704f2 ] Request (TrunkTestJSON:_run_cleanups): 404 DELETE http://172.30.9.27:9696/v2.0/networks/dc5a1554-1cb2-470b-a7ab-2bb323ebed10 0.025s
2018-10-10 16:47:47.182 11513 DEBUG tempest.lib.common.rest_client [req-186f4736-d4b7-4650-a152-9d11bae704f2 ] Request - Headers: {'Content-Type': 'application/json', 'Accept': 'application/json', 'X-Auth-Token': ''} Body: None Response - Headers: {'status': '404', u'content-length': '138', 'content-location': 'http://172.30.9.27:9696/v2.0/networks/dc5a1554-1cb2-470b-a7ab-2bb323ebed10', u'date': 'Wed, 10 Oct 2018 16:47:47 GMT', u'content-type': 'application/json', u'connection': 'close', u'x-openstack-request-id': 'req-186f4736-d4b7-4650-a152-9d11bae704f2'} Body: {"NeutronError": {"message": "Network dc5a1554-1cb2-470b-a7ab-2bb323ebed10 could not be found.", "type": "NetworkNotFound", "detail": ""}} _log_request_full /root/.rally/verification/verifier-3ed9b14a-2614-46bb-aa63-e8ee048180fb/repo/tempest/lib/common/rest_client.py:434
2018-10-10 16:47:47.210 11513 INFO tempest.lib.common.rest_client [req-b12dd9b1-34d3-4b41-bebc-bfa8622c45af ] Request (TrunkTestJSON:_run_cleanups): 404 DELETE http://172.30.9.27:9696/v2.0/networks/48885263-3984-4dad-934b-24d994353706 0.026s
2018-10-10 16:47:47.210 11513 DEBUG tempest.lib.common.rest_client [req-b12dd9b1-34d3-4b41-bebc-bfa8622c45af ] Request - Headers: {'Content-Type': 'application/json', 'Accept': 'application/json', 'X-Auth-Token': ''} Body: None Response - Headers: {'status': '404', u'content-length': '138', 'content-location': 'http://172.30.9.27:9696/v2.0/networks/48885263-3984-4dad-934b-24d994353706', u'date': 'Wed, 10 Oct 2018 16:47:47 GMT', u'content-type': 'application/json', u'connection': 'close', u'x-openstack-request-id': 'req-b12dd9b1-34d3-4b41-bebc-bfa8622c45af'} Body: {"NeutronError": {"message": "Network 48885263-3984-4dad-934b-24d994353706 could not be found.", "type": "NetworkNotFound", "detail": ""}} _log_request_full /root/.rally/verification/verifier-3ed9b14a-2614-46bb-aa63-e8ee048180fb/repo/tempest/lib/common/rest_client.py:434
2018-10-10 16:47:47.343 11493 INFO tempest.lib.common.rest_client [req-295808f1-f4c2-45eb-937d-d26c45039242 ] Request (TrunkTestJSON:_run_cleanups): 404 DELETE http://172.30.9.27:9696/v2.0/networks/69d852f1-21f5-4c67-8c5f-479fe501c64c 0.197s
2018-10-10 16:47:47.344 11493 DEBUG tempest.lib.common.rest_client [req-295808f1-f4c2-45eb-937d-d26c45039242 ] Request - Headers: {'Content-Type': 'application/json', 'Accept': 'application/json', 'X-Auth-Token': ''} Body: None Response - Headers: {'status': '404', u'content-length': '138', 'content-location': 'http://172.30.9.27:9696/v2.0/networks/69d852f1-21f5-4c67-8c5f-479fe501c64c', u'date': 'Wed, 10 Oct 2018 16:47:47 GMT', u'content-type': 'application/json', u'connection': 'close', u'x-openstack-request-id': 'req-295808f1-f4c2-45eb-937d-d26c45039242'} Body: {"NeutronError": {"message": "Network 69d852f1-21f5-4c67-8c5f-479fe501c64c could not be found.", "type": "NetworkNotFound", "detail": ""}} _log_request_full /root/.rally/verification/verifier-3ed9b14a-2614-46bb-aa63-e8ee048180fb/repo/tempest/lib/common/rest_client.py:434
2018-10-10 16:47:47.369 11493 INFO tempest.lib.common.rest_client [req-1b117cd9-850c-4973-a2f7-88cd6532dbed ] Request (TrunkTestJSON:_run_cleanups): 404 DELETE http://172.30.9.27:9696/v2.0/networks/6260d9b0-5d37-4ccc-b0c6-c7a0594d4658 0.025s
2018-10-10 16:47:47.370 11493 DEBUG tempest.lib.common.rest_client [req-1b117cd9-850c-4973-a2f7-88cd6532dbed ] Request - Headers: {'Content-Type': 'application/json', 'Accept': 'application/json', 'X-Auth-Token': ''} Body: None Response - Headers: {'status': '404', u'content-length': '138', 'content-location': 'http://172.30.9.27:9696/v2.0/networks/6260d9b0-5d37-4ccc-b0c6-c7a0594d4658', u'date': 'Wed, 10 Oct 2018 16:47:47 GMT', u'content-type': 'application/json', u'connection': 'close', u'x-openstack-request-id': 'req-1b117cd9-850c-4973-a2f7-88cd6532dbed'} Body: {"NeutronError": {"message": "Network 6260d9b0-5d37-4ccc-b0c6-c7a0594d4658 could not be found.", "type": "NetworkNotFound", "detail": ""}} _log_request_full /root/.rally/verification/verifier-3ed9b14a-2614-46bb-aa63-e8ee048180fb/repo/tempest/lib/common/rest_client.py:434
2018-10-10 16:47:47.396 11493 INFO tempest.lib.common.rest_client [req-65240242-6cef-4823-8a38-9a658f57376d ] Request (TrunkTestJSON:_run_cleanups): 404 DELETE http://172.30.9.27:9696/v2.0/networks/752fc780-452a-4eb6-87a1-9ef3856926fc 0.025s
2018-10-10 16:47:47.397 11493 DEBUG tempest.lib.common.rest_client [req-65240242-6cef-4823-8a38-9a658f57376d ] Request - Headers: {'Content-Type': 'application/json', 'Accept': 'application/json', 'X-Auth-Token': ''} Body: None Response - Headers: {'status': '404', u'content-length': '138', 'content-location': 'http://172.30.9.27:9696/v2.0/networks/752fc780-452a-4eb6-87a1-9ef3856926fc', u'date': 'Wed, 10 Oct 2018 16:47:47 GMT', u'content-type': 'application/json', u'connection': 'close', u'x-openstack-request-id': 'req-65240242-6cef-4823-8a38-9a658f57376d'} Body: {"NeutronError": {"message": "Network 752fc780-452a-4eb6-87a1-9ef3856926fc could not be found.", "type": "NetworkNotFound", "detail": ""}} _log_request_full /root/.rally/verification/verifier-3ed9b14a-2614-46bb-aa63-e8ee048180fb/repo/tempest/lib/common/rest_client.py:434
2018-10-10 16:47:47.930 11513 INFO tempest.lib.common.rest_client [req-7c306f87-dffb-431b-8bc8-41715d62dbc9 ] Request (TrunkTestJSON:_run_cleanups): 204 DELETE http://172.30.9.27:9696/v2.0/networks/abafbdd0-3a52-4de6-9e75-609f0a35611e 0.719s
2018-10-10 16:47:47.931 11513 DEBUG tempest.lib.common.rest_client [req-7c306f87-dffb-431b-8bc8-41715d62dbc9 ] Request - Headers: {'Content-Type': 'application/json', 'Accept': 'application/json', 'X-Auth-Token': ''} Body: None Response - Headers: {'status': '204', u'content-length': '0', 'content-location': 'http://172.30.9.27:9696/v2.0/networks/abafbdd0-3a52-4de6-9e75-609f0a35611e', u'date': 'Wed, 10 Oct 2018 16:47:47 GMT', u'connection': 'close', u'x-openstack-request-id': 'req-7c306f87-dffb-431b-8bc8-41715d62dbc9'} Body: _log_request_full /root/.rally/verification/verifier-3ed9b14a-2614-46bb-aa63-e8ee048180fb/repo/tempest/lib/common/rest_client.py:434
2018-10-10 16:47:48.097 11493 INFO tempest.lib.common.rest_client [req-95b86c9e-7aa7-4304-b79e-39e58f21835b ] Request (TrunkTestJSON:_run_cleanups): 204 DELETE http://172.30.9.27:9696/v2.0/networks/ff641f02-1013-4f62-ace5-3ad82f127fe3 0.699s
2018-10-10 16:47:48.098 11493 DEBUG tempest.lib.common.rest_client [req-95b86c9e-7aa7-4304-b79e-39e58f21835b ] Request - Headers: {'Content-Type': 'application/json', 'Accept': 'application/json', 'X-Auth-Token': ''} Body: None Response - Headers: {'status': '204', u'content-length': '0', 'content-location': 'http://172.30.9.27:9696/v2.0/networks/ff641f02-1013-4f62-ace5-3ad82f127fe3', u'date': 'Wed, 10 Oct 2018 16:47:48 GMT', u'connection': 'close', u'x-openstack-request-id': 'req-95b86c9e-7aa7-4304-b79e-39e58f21835b'} Body: _log_request_full /root/.rally/verification/verifier-3ed9b14a-2614-46bb-aa63-e8ee048180fb/repo/tempest/lib/common/rest_client.py:434
2018-10-10 16:47:48.233 11513 INFO tempest.lib.common.rest_client [req-8f9b8994-b5ac-4003-854d-95b01ccd2bef ] Request (TrunkTestJSON:test_create_update_trunk): 201 POST http://172.30.9.27:9696/v2.0/networks 0.299s
2018-10-10 16:47:48.234 11513 DEBUG tempest.lib.common.rest_client [req-8f9b8994-b5ac-4003-854d-95b01ccd2bef ] Request - Headers: {'Content-Type': 'application/json', 'Accept': 'application/json', 'X-Auth-Token': ''} Body: {"network": {"name": "tempest-test-network--850630094"}} Response - Headers: {'status': '201', u'content-length': '568', 'content-location': 'http://172.30.9.27:9696/v2.0/networks', u'date': 'Wed, 10 Oct 2018 16:47:48 GMT', u'content-type': 'application/json', u'connection': 'close', u'x-openstack-request-id': 'req-8f9b8994-b5ac-4003-854d-95b01ccd2bef'} Body: {"network":{"status":"ACTIVE","router:external":false,"availability_zone_hints":[],"availability_zones":[],"description":"","subnets":[],"shared":false,"tenant_id":"a23fa4838ab248699f057f8c9295f4a0","created_at":"2018-10-10T16:47:48Z","tags":[],"ipv6_address_scope":null,"mtu":1450,"updated_at":"2018-10-10T16:47:48Z","admin_state_up":true,"revision_number":2,"ipv4_address_scope":null,"is_default":false,"port_security_enabled":true,"project_id":"a23fa4838ab248699f057f8c9295f4a0","id":"1888bced-ab6a-4058-9fd8-3f554647eb00","name":"tempest-test-network--850630094"}} _log_request_full /root/.rally/verification/verifier-3ed9b14a-2614-46bb-aa63-e8ee048180fb/repo/tempest/lib/common/rest_client.py:434
2018-10-10 16:47:48.273 11493 INFO tempest.lib.common.rest_client [req-adcb7f24-3b13-4784-9492-900897e5e5f1 ] Request (TrunkTestJSON:_run_cleanups): 404 GET http://172.30.9.27:9696/v2.0/trunks/410fd509-0190-4bd5-8d3b-5a426640f13c/get_subports 0.172s
2018-10-10 16:47:48.273 11493 DEBUG tempest.lib.common.rest_client [req-adcb7f24-3b13-4784-9492-900897e5e5f1 ] Request - Headers: {'Content-Type': 'application/json', 'Accept': 'application/json', 'X-Auth-Token': ''} Body: None Response - Headers: {'status': '404', u'content-length': '134', 'content-location': 'http://172.30.9.27:9696/v2.0/trunks/410fd509-0190-4bd5-8d3b-5a426640f13c/get_subports', u'date': 'Wed, 10 Oct 2018 16:47:48 GMT', u'content-type': 'application/json', u'connection': 'close', u'x-openstack-request-id': 'req-adcb7f24-3b13-4784-9492-900897e5e5f1'} Body: {"NeutronError": {"message": "Trunk 410fd509-0190-4bd5-8d3b-5a426640f13c could not be found.", "type": "TrunkNotFound", "detail": ""}} _log_request_full /root/.rally/verification/verifier-3ed9b14a-2614-46bb-aa63-e8ee048180fb/repo/tempest/lib/common/rest_client.py:434
2018-10-10 16:47:48.293 11493 INFO tempest.lib.common.rest_client [req-7bd84c6e-7247-4c8c-87ee-ee53ca8f1173 ] Request (TrunkTestJSON:_run_cleanups): 404 DELETE http://172.30.9.27:9696/v2.0/trunks/410fd509-0190-4bd5-8d3b-5a426640f13c 0.019s
2018-10-10 16:47:48.293 11493 DEBUG tempest.lib.common.rest_client [req-7bd84c6e-7247-4c8c-87ee-ee53ca8f1173 ] Request - Headers: {'Content-Type': 'application/json', 'Accept': 'application/json', 'X-Auth-Token': ''} Body: None Response - Headers: {'status': '404', u'content-length': '134', 'content-location': 'http://172.30.9.27:9696/v2.0/trunks/410fd509-0190-4bd5-8d3b-5a426640f13c', u'date': 'Wed, 10 Oct 2018 16:47:48 GMT', u'content-type': 'application/json', u'connection': 'close', u'x-openstack-request-id': 'req-7bd84c6e-7247-4c8c-87ee-ee53ca8f1173'} Body: {"NeutronError": {"message": "Trunk 410fd509-0190-4bd5-8d3b-5a426640f13c could not be found.", "type": "TrunkNotFound", "detail": ""}} _log_request_full /root/.rally/verification/verifier-3ed9b14a-2614-46bb-aa63-e8ee048180fb/repo/tempest/lib/common/rest_client.py:434
2018-10-10 16:47:48.312 11493 INFO tempest.lib.common.rest_client [req-34c0bc3a-1572-46d2-891c-5a7374e6fce4 ] Request (TrunkTestJSON:_run_cleanups): 404 GET http://172.30.9.27:9696/v2.0/trunks/e631b943-a4a3-4b82-9d7f-3f50b612907b/get_subports 0.018s
2018-10-10 16:47:48.312 11493 DEBUG tempest.lib.common.rest_client [req-34c0bc3a-1572-46d2-891c-5a7374e6fce4 ] Request - Headers: {'Content-Type': 'application/json', 'Accept': 'application/json', 'X-Auth-Token': ''} Body: None Response - Headers: {'status': '404', u'content-length': '134', 'content-location': 'http://172.30.9.27:9696/v2.0/trunks/e631b943-a4a3-4b82-9d7f-3f50b612907b/get_subports', u'date': 'Wed, 10 Oct 2018 16:47:48 GMT', u'content-type': 'application/json', u'connection': 'close', u'x-openstack-request-id': 'req-34c0bc3a-1572-46d2-891c-5a7374e6fce4'} Body: {"NeutronError": {"message": "Trunk e631b943-a4a3-4b82-9d7f-3f50b612907b could not be found.", "type": "TrunkNotFound", "detail": ""}} _log_request_full /root/.rally/verification/verifier-3ed9b14a-2614-46bb-aa63-e8ee048180fb/repo/tempest/lib/common/rest_client.py:434
2018-10-10 16:47:48.334 11493 INFO tempest.lib.common.rest_client [req-acda4b1d-d5c0-4407-8556-f9023c544b10 ] Request (TrunkTestJSON:_run_cleanups): 404 DELETE http://172.30.9.27:9696/v2.0/trunks/e631b943-a4a3-4b82-9d7f-3f50b612907b 0.021s
2018-10-10 16:47:48.334 11493 DEBUG tempest.lib.common.rest_client [req-acda4b1d-d5c0-4407-8556-f9023c544b10 ] Request - Headers: {'Content-Type': 'application/json', 'Accept': 'application/json', 'X-Auth-Token': ''} Body: None Response - Headers: {'status': '404', u'content-length': '134', 'content-location': 'http://172.30.9.27:9696/v2.0/trunks/e631b943-a4a3-4b82-9d7f-3f50b612907b', u'date': 'Wed, 10 Oct 2018 16:47:48 GMT', u'content-type': 'application/json', u'connection': 'close', u'x-openstack-request-id': 'req-acda4b1d-d5c0-4407-8556-f9023c544b10'} Body: {"NeutronError": {"message": "Trunk e631b943-a4a3-4b82-9d7f-3f50b612907b could not be found.", "type": "TrunkNotFound", "detail": ""}} _log_request_full /root/.rally/verification/verifier-3ed9b14a-2614-46bb-aa63-e8ee048180fb/repo/tempest/lib/common/rest_client.py:434
2018-10-10 16:47:48.354 11493 INFO tempest.lib.common.rest_client [req-37fbd150-6112-4343-a6a9-916ce9150978 ] Request (TrunkTestJSON:_run_cleanups): 404 GET http://172.30.9.27:9696/v2.0/trunks/96e76b11-af29-4a91-87ad-1cb59b67a364/get_subports 0.018s
2018-10-10 16:47:48.354 11493 DEBUG tempest.lib.common.rest_client [req-37fbd150-6112-4343-a6a9-916ce9150978 ] Request - Headers: {'Content-Type': 'application/json', 'Accept': 'application/json', 'X-Auth-Token': ''} Body: None Response - Headers: {'status': '404', u'content-length': '134', 'content-location': 'http://172.30.9.27:9696/v2.0/trunks/96e76b11-af29-4a91-87ad-1cb59b67a364/get_subports', u'date': 'Wed, 10 Oct 2018 16:47:48 GMT', u'content-type': 'application/json', u'connection': 'close', u'x-openstack-request-id': 'req-37fbd150-6112-4343-a6a9-916ce9150978'} Body: {"NeutronError": {"message": "Trunk 96e76b11-af29-4a91-87ad-1cb59b67a364 could not be found.", "type": "TrunkNotFound", "detail": ""}} _log_request_full /root/.rally/verification/verifier-3ed9b14a-2614-46bb-aa63-e8ee048180fb/repo/tempest/lib/common/rest_client.py:434
2018-10-10 16:47:48.374 11493 INFO tempest.lib.common.rest_client [req-9021a822-dda8-49ab-8ba1-2907665614ef ] Request (TrunkTestJSON:_run_cleanups): 404 DELETE http://172.30.9.27:9696/v2.0/trunks/96e76b11-af29-4a91-87ad-1cb59b67a364 0.018s
2018-10-10 16:47:48.374 11493 DEBUG tempest.lib.common.rest_client [req-9021a822-dda8-49ab-8ba1-2907665614ef ] Request - Headers: {'Content-Type': 'application/json', 'Accept': 'application/json', 'X-Auth-Token': ''} Body: None Response - Headers: {'status': '404', u'content-length': '134', 'content-location': 'http://172.30.9.27:9696/v2.0/trunks/96e76b11-af29-4a91-87ad-1cb59b67a364', u'date': 'Wed, 10 Oct 2018 16:47:48 GMT', u'content-type': 'application/json', u'connection': 'close', u'x-openstack-request-id': 'req-9021a822-dda8-49ab-8ba1-2907665614ef'} Body: {"NeutronError": {"message": "Trunk 96e76b11-af29-4a91-87ad-1cb59b67a364 could not be found.", "type": "TrunkNotFound", "detail": ""}} _log_request_full /root/.rally/verification/verifier-3ed9b14a-2614-46bb-aa63-e8ee048180fb/repo/tempest/lib/common/rest_client.py:434
2018-10-10 16:47:48.536 11493 INFO tempest.lib.common.rest_client [req-4022164c-a81b-4e33-867d-7a8ebbe7da2c ] Request (TrunkTestJSON:_run_cleanups): 404 GET http://172.30.9.27:9696/v2.0/trunks/1c626942-7fe3-413c-90e6-3355933778d7/get_subports 0.161s
2018-10-10 16:47:48.537 11493 DEBUG tempest.lib.common.rest_client [req-4022164c-a81b-4e33-867d-7a8ebbe7da2c ] Request - Headers: {'Content-Type': 'application/json', 'Accept': 'application/json', 'X-Auth-Token': ''} Body: None Response - Headers: {'status': '404', u'content-length': '134', 'content-location': 'http://172.30.9.27:9696/v2.0/trunks/1c626942-7fe3-413c-90e6-3355933778d7/get_subports', u'date': 'Wed, 10 Oct 2018 16:47:48 GMT', u'content-type': 'application/json', u'connection': 'close', u'x-openstack-request-id': 'req-4022164c-a81b-4e33-867d-7a8ebbe7da2c'} Body: {"NeutronError": {"message": "Trunk 1c626942-7fe3-413c-90e6-3355933778d7 could not be found.", "type": "TrunkNotFound", "detail": ""}} _log_request_full /root/.rally/verification/verifier-3ed9b14a-2614-46bb-aa63-e8ee048180fb/repo/tempest/lib/common/rest_client.py:434
2018-10-10 16:47:48.557 11493 INFO tempest.lib.common.rest_client [req-3b5bd0f3-ef9e-42cf-9b2e-65929ed65a94 ] Request (TrunkTestJSON:_run_cleanups): 404 DELETE http://172.30.9.27:9696/v2.0/trunks/1c626942-7fe3-413c-90e6-3355933778d7 0.020s
2018-10-10 16:47:48.558 11493 DEBUG tempest.lib.common.rest_client [req-3b5bd0f3-ef9e-42cf-9b2e-65929ed65a94 ] Request - Headers: {'Content-Type': 'application/json', 'Accept': 'application/json', 'X-Auth-Token': ''} Body: None Response - Headers: {'status': '404', u'content-length': '134', 'content-location': 'http://172.30.9.27:9696/v2.0/trunks/1c626942-7fe3-413c-90e6-3355933778d7', u'date': 'Wed, 10 Oct 2018 16:47:48 GMT', u'content-type': 'application/json', u'connection': 'close', u'x-openstack-request-id': 'req-3b5bd0f3-ef9e-42cf-9b2e-65929ed65a94'} Body: {"NeutronError": {"message": "Trunk 1c626942-7fe3-413c-90e6-3355933778d7 could not be found.", "type": "TrunkNotFound", "detail": ""}} _log_request_full /root/.rally/verification/verifier-3ed9b14a-2614-46bb-aa63-e8ee048180fb/repo/tempest/lib/common/rest_client.py:434
2018-10-10 16:47:48.593 11493 INFO tempest.lib.common.rest_client [req-2e52b060-8d43-4741-8c3b-b01bd2ff27e6 ] Request (TrunkTestJSON:_run_cleanups): 404 DELETE http://172.30.9.27:9696/v2.0/ports/5ef69185-7326-4b82-8e00-4c3c4bdcfb44 0.034s
2018-10-10 16:47:48.593 11493 DEBUG tempest.lib.common.rest_client [req-2e52b060-8d43-4741-8c3b-b01bd2ff27e6 ] Request - Headers: {'Content-Type': 'application/json', 'Accept': 'application/json', 'X-Auth-Token': ''} Body: None Response - Headers: {'status': '404', u'content-length': '132', 'content-location': 'http://172.30.9.27:9696/v2.0/ports/5ef69185-7326-4b82-8e00-4c3c4bdcfb44', u'date': 'Wed, 10 Oct 2018 16:47:48 GMT', u'content-type': 'application/json', u'connection': 'close', u'x-openstack-request-id': 'req-2e52b060-8d43-4741-8c3b-b01bd2ff27e6'} Body: {"NeutronError": {"message": "Port 5ef69185-7326-4b82-8e00-4c3c4bdcfb44 could not be found.", "type": "PortNotFound", "detail": ""}} _log_request_full /root/.rally/verification/verifier-3ed9b14a-2614-46bb-aa63-e8ee048180fb/repo/tempest/lib/common/rest_client.py:434
2018-10-10 16:47:48.636 11493 INFO tempest.lib.common.rest_client [req-f76c8d8f-f248-41b5-80c0-de1e8f24ec7a ] Request (TrunkTestJSON:_run_cleanups): 404 DELETE http://172.30.9.27:9696/v2.0/ports/0a201cff-3c9d-44fb-b915-414aa830afec 0.042s
