2018-10-10 05:16:21.626 11605 DEBUG tempest.lib.common.rest_client [req-953941c1-4928-4fdd-ba0e-3cb2b1419ff2 ] Request - Headers: {'Content-Type': 'application/json', 'Accept': 'application/json', 'X-Auth-Token': ''} Body: None Response - Headers: {'status': '404', u'content-length': '138', 'content-location': 'http://172.30.9.25:9696/v2.0/networks/80c15046-74c9-4c7f-a86c-6c9a1e163da5', u'date': 'Wed, 10 Oct 2018 05:16:21 GMT', u'content-type': 'application/json', u'connection': 'close', u'x-openstack-request-id': 'req-953941c1-4928-4fdd-ba0e-3cb2b1419ff2'} Body: {"NeutronError": {"message": "Network 80c15046-74c9-4c7f-a86c-6c9a1e163da5 could not be found.", "type": "NetworkNotFound", "detail": ""}} _log_request_full /root/.rally/verification/verifier-0a1dbbed-2f25-4560-813e-979985b48b84/repo/tempest/lib/common/rest_client.py:434
2018-10-10 05:16:21.632 11623 INFO tempest.lib.common.rest_client [req-99f71286-7963-41ad-a588-768cdd181a62 ] Request (TrunkTest:test_trunk_subport_lifecycle): 200 GET http://172.30.9.25:9696/v2.0/ports/b69c2149-064d-4043-aa0c-89a090a89927 0.081s
2018-10-10 05:16:21.632 11623 DEBUG tempest.lib.common.rest_client [req-99f71286-7963-41ad-a588-768cdd181a62 ] Request - Headers: {'Content-Type': 'application/json', 'Accept': 'application/json', 'X-Auth-Token': ''} Body: None Response - Headers: {'status': '200', u'content-length': '651', 'content-location': 'http://172.30.9.25:9696/v2.0/ports/b69c2149-064d-4043-aa0c-89a090a89927', u'date': 'Wed, 10 Oct 2018 05:16:21 GMT', u'content-type': 'application/json', u'connection': 'close', u'x-openstack-request-id': 'req-99f71286-7963-41ad-a588-768cdd181a62'} Body: {"port":{"allowed_address_pairs":[],"extra_dhcp_opts":[],"updated_at":"2018-10-10T05:16:20Z","device_owner":"trunk:subport","revision_number":6,"port_security_enabled":true,"fixed_ips":[],"id":"b69c2149-064d-4043-aa0c-89a090a89927","security_groups":["7c624544-00d7-47b0-9484-c21f98f40234"],"mac_address":"fa:16:3e:ef:e2:25","device_id":"","status":"ACTIVE","description":"","tags":[],"name":"","project_id":"40d69b73bd354c85a8069f6b2ebbe605","qos_policy_id":null,"admin_state_up":true,"network_id":"5e4ac42b-4cca-4a8d-9893-826c85fe032a","tenant_id":"40d69b73bd354c85a8069f6b2ebbe605","created_at":"2018-10-10T05:16:14Z","binding:vnic_type":"normal"}} _log_request_full /root/.rally/verification/verifier-0a1dbbed-2f25-4560-813e-979985b48b84/repo/tempest/lib/common/rest_client.py:434
2018-10-10 05:16:21.639 11625 INFO tempest.lib.common.rest_client [req-45ba4c02-8998-454b-9989-340ec5f27ee1 ] Request (TrunkTestJSON:_run_cleanups): 404 DELETE http://172.30.9.25:9696/v2.0/trunks/c08555d4-4246-49ce-8e6a-39f1c7b638ec 0.019s
2018-10-10 05:16:21.640 11625 DEBUG tempest.lib.common.rest_client [req-45ba4c02-8998-454b-9989-340ec5f27ee1 ] Request - Headers: {'Content-Type': 'application/json', 'Accept': 'application/json', 'X-Auth-Token': ''} Body: None Response - Headers: {'status': '404', u'content-length': '134', 'content-location': 'http://172.30.9.25:9696/v2.0/trunks/c08555d4-4246-49ce-8e6a-39f1c7b638ec', u'date': 'Wed, 10 Oct 2018 05:16:21 GMT', u'content-type': 'application/json', u'connection': 'close', u'x-openstack-request-id': 'req-45ba4c02-8998-454b-9989-340ec5f27ee1'} Body: {"NeutronError": {"message": "Trunk c08555d4-4246-49ce-8e6a-39f1c7b638ec could not be found.", "type": "TrunkNotFound", "detail": ""}} _log_request_full /root/.rally/verification/verifier-0a1dbbed-2f25-4560-813e-979985b48b84/repo/tempest/lib/common/rest_client.py:434
2018-10-10 05:16:21.649 11605 INFO tempest.lib.common.rest_client [req-5fbee18a-6f50-4c4c-a4c4-9ed20ffcda4c ] Request (TrunkTestJSON:_run_cleanups): 404 DELETE http://172.30.9.25:9696/v2.0/networks/ca11cb0d-ff1f-483d-aa95-7883fa988f82 0.022s
2018-10-10 05:16:21.650 11605 DEBUG tempest.lib.common.rest_client [req-5fbee18a-6f50-4c4c-a4c4-9ed20ffcda4c ] Request - Headers: {'Content-Type': 'application/json', 'Accept': 'application/json', 'X-Auth-Token': ''} Body: None Response - Headers: {'status': '404', u'content-length': '138', 'content-location': 'http://172.30.9.25:9696/v2.0/networks/ca11cb0d-ff1f-483d-aa95-7883fa988f82', u'date': 'Wed, 10 Oct 2018 05:16:21 GMT', u'content-type': 'application/json', u'connection': 'close', u'x-openstack-request-id': 'req-5fbee18a-6f50-4c4c-a4c4-9ed20ffcda4c'} Body: {"NeutronError": {"message": "Network ca11cb0d-ff1f-483d-aa95-7883fa988f82 could not be found.", "type": "NetworkNotFound", "detail": ""}} _log_request_full /root/.rally/verification/verifier-0a1dbbed-2f25-4560-813e-979985b48b84/repo/tempest/lib/common/rest_client.py:434
2018-10-10 05:16:21.656 11625 INFO tempest.lib.common.rest_client [req-f847ef21-9175-4555-8a8c-45f1f8868c45 ] Request (TrunkTestJSON:_run_cleanups): 404 GET http://172.30.9.25:9696/v2.0/trunks/7e12ebdf-7535-484b-bd88-5651cfa12303/get_subports 0.015s
2018-10-10 05:16:21.656 11625 DEBUG tempest.lib.common.rest_client [req-f847ef21-9175-4555-8a8c-45f1f8868c45 ] Request - Headers: {'Content-Type': 'application/json', 'Accept': 'application/json', 'X-Auth-Token': ''} Body: None Response - Headers: {'status': '404', u'content-length': '134', 'content-location': 'http://172.30.9.25:9696/v2.0/trunks/7e12ebdf-7535-484b-bd88-5651cfa12303/get_subports', u'date': 'Wed, 10 Oct 2018 05:16:21 GMT', u'content-type': 'application/json', u'connection': 'close', u'x-openstack-request-id': 'req-f847ef21-9175-4555-8a8c-45f1f8868c45'} Body: {"NeutronError": {"message": "Trunk 7e12ebdf-7535-484b-bd88-5651cfa12303 could not be found.", "type": "TrunkNotFound", "detail": ""}} _log_request_full /root/.rally/verification/verifier-0a1dbbed-2f25-4560-813e-979985b48b84/repo/tempest/lib/common/rest_client.py:434
2018-10-10 05:16:21.675 11605 INFO tempest.lib.common.rest_client [req-0f94ee99-b9cf-49ae-93a9-0ecdf3126adf ] Request (TrunkTestJSON:_run_cleanups): 404 DELETE http://172.30.9.25:9696/v2.0/networks/c1499edc-0ba4-4134-8ab5-07b2a0367866 0.025s
2018-10-10 05:16:21.676 11605 DEBUG tempest.lib.common.rest_client [req-0f94ee99-b9cf-49ae-93a9-0ecdf3126adf ] Request - Headers: {'Content-Type': 'application/json', 'Accept': 'application/json', 'X-Auth-Token': ''} Body: None Response - Headers: {'status': '404', u'content-length': '138', 'content-location': 'http://172.30.9.25:9696/v2.0/networks/c1499edc-0ba4-4134-8ab5-07b2a0367866', u'date': 'Wed, 10 Oct 2018 05:16:21 GMT', u'content-type': 'application/json', u'connection': 'close', u'x-openstack-request-id': 'req-0f94ee99-b9cf-49ae-93a9-0ecdf3126adf'} Body: {"NeutronError": {"message": "Network c1499edc-0ba4-4134-8ab5-07b2a0367866 could not be found.", "type": "NetworkNotFound", "detail": ""}} _log_request_full /root/.rally/verification/verifier-0a1dbbed-2f25-4560-813e-979985b48b84/repo/tempest/lib/common/rest_client.py:434
2018-10-10 05:16:21.677 11625 INFO tempest.lib.common.rest_client [req-d2e0848b-77cc-4187-9697-18eb74eabcc7 ] Request (TrunkTestJSON:_run_cleanups): 404 DELETE http://172.30.9.25:9696/v2.0/trunks/7e12ebdf-7535-484b-bd88-5651cfa12303 0.020s
2018-10-10 05:16:21.678 11625 DEBUG tempest.lib.common.rest_client [req-d2e0848b-77cc-4187-9697-18eb74eabcc7 ] Request - Headers: {'Content-Type': 'application/json', 'Accept': 'application/json', 'X-Auth-Token': ''} Body: None Response - Headers: {'status': '404', u'content-length': '134', 'content-location': 'http://172.30.9.25:9696/v2.0/trunks/7e12ebdf-7535-484b-bd88-5651cfa12303', u'date': 'Wed, 10 Oct 2018 05:16:21 GMT', u'content-type': 'application/json', u'connection': 'close', u'x-openstack-request-id': 'req-d2e0848b-77cc-4187-9697-18eb74eabcc7'} Body: {"NeutronError": {"message": "Trunk 7e12ebdf-7535-484b-bd88-5651cfa12303 could not be found.", "type": "TrunkNotFound", "detail": ""}} _log_request_full /root/.rally/verification/verifier-0a1dbbed-2f25-4560-813e-979985b48b84/repo/tempest/lib/common/rest_client.py:434
2018-10-10 05:16:21.689 11623 INFO tempest.lib.common.rest_client [req-82302969-b692-4156-bd83-d300572a9900 ] Request (TrunkTest:test_trunk_subport_lifecycle): 200 GET http://172.30.9.25:9696/v2.0/ports/695dcaeb-2b68-4471-9668-be9f4ff169a1 0.056s
2018-10-10 05:16:21.690 11623 DEBUG tempest.lib.common.rest_client [req-82302969-b692-4156-bd83-d300572a9900 ] Request - Headers: {'Content-Type': 'application/json', 'Accept': 'application/json', 'X-Auth-Token': ''} Body: None Response - Headers: {'status': '200', u'content-length': '651', 'content-location': 'http://172.30.9.25:9696/v2.0/ports/695dcaeb-2b68-4471-9668-be9f4ff169a1', u'date': 'Wed, 10 Oct 2018 05:16:21 GMT', u'content-type': 'application/json', u'connection': 'close', u'x-openstack-request-id': 'req-82302969-b692-4156-bd83-d300572a9900'} Body: {"port":{"allowed_address_pairs":[],"extra_dhcp_opts":[],"updated_at":"2018-10-10T05:16:20Z","device_owner":"trunk:subport","revision_number":6,"port_security_enabled":true,"fixed_ips":[],"id":"695dcaeb-2b68-4471-9668-be9f4ff169a1","security_groups":["7c624544-00d7-47b0-9484-c21f98f40234"],"mac_address":"fa:16:3e:4c:94:9e","device_id":"","status":"ACTIVE","description":"","tags":[],"name":"","project_id":"40d69b73bd354c85a8069f6b2ebbe605","qos_policy_id":null,"admin_state_up":true,"network_id":"2f8a31bf-48bf-404c-9adc-90f3e1df7bcd","tenant_id":"40d69b73bd354c85a8069f6b2ebbe605","created_at":"2018-10-10T05:16:16Z","binding:vnic_type":"normal"}} _log_request_full /root/.rally/verification/verifier-0a1dbbed-2f25-4560-813e-979985b48b84/repo/tempest/lib/common/rest_client.py:434
2018-10-10 05:16:21.691 11623 INFO tempest.lib.common.ssh [-] Creating ssh connection to '172.30.9.208:22' as 'cirros' with public key authentication
2018-10-10 05:16:21.694 11623 INFO paramiko.transport [-] Connected (version 2.0, client dropbear_2015.67)
2018-10-10 05:16:21.696 11625 INFO tempest.lib.common.rest_client [req-e7bfc084-181b-407e-9b75-5834700e23c7 ] Request (TrunkTestJSON:_run_cleanups): 404 GET http://172.30.9.25:9696/v2.0/trunks/2784acfc-0744-40bb-9681-58a94449bd8c/get_subports 0.017s
2018-10-10 05:16:21.696 11625 DEBUG tempest.lib.common.rest_client [req-e7bfc084-181b-407e-9b75-5834700e23c7 ] Request - Headers: {'Content-Type': 'application/json', 'Accept': 'application/json', 'X-Auth-Token': ''} Body: None Response - Headers: {'status': '404', u'content-length': '134', 'content-location': 'http://172.30.9.25:9696/v2.0/trunks/2784acfc-0744-40bb-9681-58a94449bd8c/get_subports', u'date': 'Wed, 10 Oct 2018 05:16:21 GMT', u'content-type': 'application/json', u'connection': 'close', u'x-openstack-request-id': 'req-e7bfc084-181b-407e-9b75-5834700e23c7'} Body: {"NeutronError": {"message": "Trunk 2784acfc-0744-40bb-9681-58a94449bd8c could not be found.", "type": "TrunkNotFound", "detail": ""}} _log_request_full /root/.rally/verification/verifier-0a1dbbed-2f25-4560-813e-979985b48b84/repo/tempest/lib/common/rest_client.py:434
2018-10-10 05:16:21.702 11605 INFO tempest.lib.common.rest_client [req-98d89799-7032-4893-b151-0d173f953e14 ] Request (TrunkTestJSON:_run_cleanups): 404 DELETE http://172.30.9.25:9696/v2.0/networks/0651e4eb-2533-4fba-9449-1eaeaf7aa006 0.025s
2018-10-10 05:16:21.702 11605 DEBUG tempest.lib.common.rest_client [req-98d89799-7032-4893-b151-0d173f953e14 ] Request - Headers: {'Content-Type': 'application/json', 'Accept': 'application/json', 'X-Auth-Token': ''} Body: None Response - Headers: {'status': '404', u'content-length': '138', 'content-location': 'http://172.30.9.25:9696/v2.0/networks/0651e4eb-2533-4fba-9449-1eaeaf7aa006', u'date': 'Wed, 10 Oct 2018 05:16:21 GMT', u'content-type': 'application/json', u'connection': 'close', u'x-openstack-request-id': 'req-98d89799-7032-4893-b151-0d173f953e14'} Body: {"NeutronError": {"message": "Network 0651e4eb-2533-4fba-9449-1eaeaf7aa006 could not be found.", "type": "NetworkNotFound", "detail": ""}} _log_request_full /root/.rally/verification/verifier-0a1dbbed-2f25-4560-813e-979985b48b84/repo/tempest/lib/common/rest_client.py:434
2018-10-10 05:16:21.714 11625 INFO tempest.lib.common.rest_client [req-81ee291a-b01b-4d16-a6f7-02387a0278ce ] Request (TrunkTestJSON:_run_cleanups): 404 DELETE http://172.30.9.25:9696/v2.0/trunks/2784acfc-0744-40bb-9681-58a94449bd8c 0.017s
2018-10-10 05:16:21.714 11625 DEBUG tempest.lib.common.rest_client [req-81ee291a-b01b-4d16-a6f7-02387a0278ce ] Request - Headers: {'Content-Type': 'application/json', 'Accept': 'application/json', 'X-Auth-Token': ''} Body: None Response - Headers: {'status': '404', u'content-length': '134', 'content-location': 'http://172.30.9.25:9696/v2.0/trunks/2784acfc-0744-40bb-9681-58a94449bd8c', u'date': 'Wed, 10 Oct 2018 05:16:21 GMT', u'content-type': 'application/json', u'connection': 'close', u'x-openstack-request-id': 'req-81ee291a-b01b-4d16-a6f7-02387a0278ce'} Body: {"NeutronError": {"message": "Trunk 2784acfc-0744-40bb-9681-58a94449bd8c could not be found.", "type": "TrunkNotFound", "detail": ""}} _log_request_full /root/.rally/verification/verifier-0a1dbbed-2f25-4560-813e-979985b48b84/repo/tempest/lib/common/rest_client.py:434
2018-10-10 05:16:21.730 11625 INFO tempest.lib.common.rest_client [req-43a20272-6dad-480c-8df0-34f9bc57ee22 ] Request (TrunkTestJSON:_run_cleanups): 404 GET http://172.30.9.25:9696/v2.0/trunks/91fd6f59-b44c-4717-b7bd-f9ff8b971481/get_subports 0.015s
2018-10-10 05:16:21.731 11625 DEBUG tempest.lib.common.rest_client [req-43a20272-6dad-480c-8df0-34f9bc57ee22 ] Request - Headers: {'Content-Type': 'application/json', 'Accept': 'application/json', 'X-Auth-Token': ''} Body: None Response - Headers: {'status': '404', u'content-length': '134', 'content-location': 'http://172.30.9.25:9696/v2.0/trunks/91fd6f59-b44c-4717-b7bd-f9ff8b971481/get_subports', u'date': 'Wed, 10 Oct 2018 05:16:21 GMT', u'content-type': 'application/json', u'connection': 'close', u'x-openstack-request-id': 'req-43a20272-6dad-480c-8df0-34f9bc57ee22'} Body: {"NeutronError": {"message": "Trunk 91fd6f59-b44c-4717-b7bd-f9ff8b971481 could not be found.", "type": "TrunkNotFound", "detail": ""}} _log_request_full /root/.rally/verification/verifier-0a1dbbed-2f25-4560-813e-979985b48b84/repo/tempest/lib/common/rest_client.py:434
2018-10-10 05:16:21.731 11605 INFO tempest.lib.common.rest_client [req-d7a8aa53-e5d3-4a86-b688-1e6c5a7a0e5a ] Request (TrunkTestJSON:_run_cleanups): 404 DELETE http://172.30.9.25:9696/v2.0/networks/1402e11a-f72e-40ab-80de-c8569e350af3 0.028s
2018-10-10 05:16:21.732 11605 DEBUG tempest.lib.common.rest_client [req-d7a8aa53-e5d3-4a86-b688-1e6c5a7a0e5a ] Request - Headers: {'Content-Type': 'application/json', 'Accept': 'application/json', 'X-Auth-Token': ''} Body: None Response - Headers: {'status': '404', u'content-length': '138', 'content-location': 'http://172.30.9.25:9696/v2.0/networks/1402e11a-f72e-40ab-80de-c8569e350af3', u'date': 'Wed, 10 Oct 2018 05:16:21 GMT', u'content-type': 'application/json', u'connection': 'close', u'x-openstack-request-id': 'req-d7a8aa53-e5d3-4a86-b688-1e6c5a7a0e5a'} Body: {"NeutronError": {"message": "Network 1402e11a-f72e-40ab-80de-c8569e350af3 could not be found.", "type": "NetworkNotFound", "detail": ""}} _log_request_full /root/.rally/verification/verifier-0a1dbbed-2f25-4560-813e-979985b48b84/repo/tempest/lib/common/rest_client.py:434
2018-10-10 05:16:21.749 11625 INFO tempest.lib.common.rest_client [req-468edd30-96a5-459d-a61e-353cb4e70818 ] Request (TrunkTestJSON:_run_cleanups): 404 DELETE http://172.30.9.25:9696/v2.0/trunks/91fd6f59-b44c-4717-b7bd-f9ff8b971481 0.017s
2018-10-10 05:16:21.749 11625 DEBUG tempest.lib.common.rest_client [req-468edd30-96a5-459d-a61e-353cb4e70818 ] Request - Headers: {'Content-Type': 'application/json', 'Accept': 'application/json', 'X-Auth-Token': ''} Body: None Response - Headers: {'status': '404', u'content-length': '134', 'content-location': 'http://172.30.9.25:9696/v2.0/trunks/91fd6f59-b44c-4717-b7bd-f9ff8b971481', u'date': 'Wed, 10 Oct 2018 05:16:21 GMT', u'content-type': 'application/json', u'connection': 'close', u'x-openstack-request-id': 'req-468edd30-96a5-459d-a61e-353cb4e70818'} Body: {"NeutronError": {"message": "Trunk 91fd6f59-b44c-4717-b7bd-f9ff8b971481 could not be found.", "type": "TrunkNotFound", "detail": ""}} _log_request_full /root/.rally/verification/verifier-0a1dbbed-2f25-4560-813e-979985b48b84/repo/tempest/lib/common/rest_client.py:434
2018-10-10 05:16:21.756 11605 INFO tempest.lib.common.rest_client [req-d6f51207-5384-4887-b811-d55564420f6e ] Request (TrunkTestJSON:_run_cleanups): 404 DELETE http://172.30.9.25:9696/v2.0/networks/2afa4157-c9e9-405f-aa2b-2db148974bf6 0.024s
2018-10-10 05:16:21.757 11605 DEBUG tempest.lib.common.rest_client [req-d6f51207-5384-4887-b811-d55564420f6e ] Request - Headers: {'Content-Type': 'application/json', 'Accept': 'application/json', 'X-Auth-Token': ''} Body: None Response - Headers: {'status': '404', u'content-length': '138', 'content-location': 'http://172.30.9.25:9696/v2.0/networks/2afa4157-c9e9-405f-aa2b-2db148974bf6', u'date': 'Wed, 10 Oct 2018 05:16:21 GMT', u'content-type': 'application/json', u'connection': 'close', u'x-openstack-request-id': 'req-d6f51207-5384-4887-b811-d55564420f6e'} Body: {"NeutronError": {"message": "Network 2afa4157-c9e9-405f-aa2b-2db148974bf6 could not be found.", "type": "NetworkNotFound", "detail": ""}} _log_request_full /root/.rally/verification/verifier-0a1dbbed-2f25-4560-813e-979985b48b84/repo/tempest/lib/common/rest_client.py:434
2018-10-10 05:16:21.761 11623 INFO paramiko.transport [-] Authentication (publickey) successful!
2018-10-10 05:16:21.765 11625 INFO tempest.lib.common.rest_client [req-5d46ba49-1228-4c4d-a924-b44df4a5fa68 ] Request (TrunkTestJSON:_run_cleanups): 404 GET http://172.30.9.25:9696/v2.0/trunks/f02fd002-d689-4931-ae09-58fee4c6ee13/get_subports 0.015s
2018-10-10 05:16:21.766 11625 DEBUG tempest.lib.common.rest_client [req-5d46ba49-1228-4c4d-a924-b44df4a5fa68 ] Request - Headers: {'Content-Type': 'application/json', 'Accept': 'application/json', 'X-Auth-Token': ''} Body: None Response - Headers: {'status': '404', u'content-length': '134', 'content-location': 'http://172.30.9.25:9696/v2.0/trunks/f02fd002-d689-4931-ae09-58fee4c6ee13/get_subports', u'date': 'Wed, 10 Oct 2018 05:16:21 GMT', u'content-type': 'application/json', u'connection': 'close', u'x-openstack-request-id': 'req-5d46ba49-1228-4c4d-a924-b44df4a5fa68'} Body: {"NeutronError": {"message": "Trunk f02fd002-d689-4931-ae09-58fee4c6ee13 could not be found.", "type": "TrunkNotFound", "detail": ""}} _log_request_full /root/.rally/verification/verifier-0a1dbbed-2f25-4560-813e-979985b48b84/repo/tempest/lib/common/rest_client.py:434
2018-10-10 05:16:21.784 11625 INFO tempest.lib.common.rest_client [req-ad176a77-2d68-4cd1-a194-aa67a14d78b7 ] Request (TrunkTestJSON:_run_cleanups): 404 DELETE http://172.30.9.25:9696/v2.0/trunks/f02fd002-d689-4931-ae09-58fee4c6ee13 0.017s
2018-10-10 05:16:21.784 11625 DEBUG tempest.lib.common.rest_client [req-ad176a77-2d68-4cd1-a194-aa67a14d78b7 ] Request - Headers: {'Content-Type': 'application/json', 'Accept': 'application/json', 'X-Auth-Token': ''} Body: None Response - Headers: {'status': '404', u'content-length': '134', 'content-location': 'http://172.30.9.25:9696/v2.0/trunks/f02fd002-d689-4931-ae09-58fee4c6ee13', u'date': 'Wed, 10 Oct 2018 05:16:21 GMT', u'content-type': 'application/json', u'connection': 'close', u'x-openstack-request-id': 'req-ad176a77-2d68-4cd1-a194-aa67a14d78b7'} Body: {"NeutronError": {"message": "Trunk f02fd002-d689-4931-ae09-58fee4c6ee13 could not be found.", "type": "TrunkNotFound", "detail": ""}} _log_request_full /root/.rally/verification/verifier-0a1dbbed-2f25-4560-813e-979985b48b84/repo/tempest/lib/common/rest_client.py:434
2018-10-10 05:16:21.790 11623 INFO tempest.lib.common.ssh [-] ssh connection to cirros@172.30.9.208 successfully created
2018-10-10 05:16:21.802 11625 INFO tempest.lib.common.rest_client [req-5abd1e07-0af2-4caf-83cd-7aab4e466819 ] Request (TrunkTestJSON:_run_cleanups): 404 GET http://172.30.9.25:9696/v2.0/trunks/b07af4cd-8b41-424a-9a0b-b2812f1eb836/get_subports 0.017s
2018-10-10 05:16:21.802 11625 DEBUG tempest.lib.common.rest_client [req-5abd1e07-0af2-4caf-83cd-7aab4e466819 ] Request - Headers: {'Content-Type': 'application/json', 'Accept': 'application/json', 'X-Auth-Token': ''} Body: None Response - Headers: {'status': '404', u'content-length': '134', 'content-location': 'http://172.30.9.25:9696/v2.0/trunks/b07af4cd-8b41-424a-9a0b-b2812f1eb836/get_subports', u'date': 'Wed, 10 Oct 2018 05:16:21 GMT', u'content-type': 'application/json', u'connection': 'close', u'x-openstack-request-id': 'req-5abd1e07-0af2-4caf-83cd-7aab4e466819'} Body: {"NeutronError": {"message": "Trunk b07af4cd-8b41-424a-9a0b-b2812f1eb836 could not be found.", "type": "TrunkNotFound", "detail": ""}} _log_request_full /root/.rally/verification/verifier-0a1dbbed-2f25-4560-813e-979985b48b84/repo/tempest/lib/common/rest_client.py:434
2018-10-10 05:16:21.822 11625 INFO tempest.lib.common.rest_client [req-56ee576f-e5ce-4b71-a7b8-195c9b46473c ] Request (TrunkTestJSON:_run_cleanups): 404 DELETE http://172.30.9.25:9696/v2.0/trunks/b07af4cd-8b41-424a-9a0b-b2812f1eb836 0.018s
2018-10-10 05:16:21.822 11625 DEBUG tempest.lib.common.rest_client [req-56ee576f-e5ce-4b71-a7b8-195c9b46473c ] Request - Headers: {'Content-Type': 'application/json', 'Accept': 'application/json', 'X-Auth-Token': ''} Body: None Response - Headers: {'status': '404', u'content-length': '134', 'content-location': 'http://172.30.9.25:9696/v2.0/trunks/b07af4cd-8b41-424a-9a0b-b2812f1eb836', u'date': 'Wed, 10 Oct 2018 05:16:21 GMT', u'content-type': 'application/json', u'connection': 'close', u'x-openstack-request-id': 'req-56ee576f-e5ce-4b71-a7b8-195c9b46473c'} Body: {"NeutronError": {"message": "Trunk b07af4cd-8b41-424a-9a0b-b2812f1eb836 could not be found.", "type": "TrunkNotFound", "detail": ""}} _log_request_full /root/.rally/verification/verifier-0a1dbbed-2f25-4560-813e-979985b48b84/repo/tempest/lib/common/rest_client.py:434
2018-10-10 05:16:21.841 11625 INFO tempest.lib.common.rest_client [req-eb94023c-4500-4704-a6da-b30d8e386e0c ] Request (TrunkTestJSON:_run_cleanups): 404 GET http://172.30.9.25:9696/v2.0/trunks/d96f0b16-13a8-47a9-9cca-9b75cc356d6d/get_subports 0.018s
2018-10-10 05:16:21.841 11625 DEBUG tempest.lib.common.rest_client [req-eb94023c-4500-4704-a6da-b30d8e386e0c ] Request - Headers: {'Content-Type': 'application/json', 'Accept': 'application/json', 'X-Auth-Token': ''} Body: None Response - Headers: {'status': '404', u'content-length': '134', 'content-location': 'http://172.30.9.25:9696/v2.0/trunks/d96f0b16-13a8-47a9-9cca-9b75cc356d6d/get_subports', u'date': 'Wed, 10 Oct 2018 05:16:21 GMT', u'content-type': 'application/json', u'connection': 'close', u'x-openstack-request-id': 'req-eb94023c-4500-4704-a6da-b30d8e386e0c'} Body: {"NeutronError": {"message": "Trunk d96f0b16-13a8-47a9-9cca-9b75cc356d6d could not be found.", "type": "TrunkNotFound", "detail": ""}} _log_request_full /root/.rally/verification/verifier-0a1dbbed-2f25-4560-813e-979985b48b84/repo/tempest/lib/common/rest_client.py:434
2018-10-10 05:16:21.864 11625 INFO tempest.lib.common.rest_client [req-ca96fa46-5106-4335-a195-33f199fe4436 ] Request (TrunkTestJSON:_run_cleanups): 404 DELETE http://172.30.9.25:9696/v2.0/trunks/d96f0b16-13a8-47a9-9cca-9b75cc356d6d 0.022s
2018-10-10 05:16:21.865 11625 DEBUG tempest.lib.common.rest_client [req-ca96fa46-5106-4335-a195-33f199fe4436 ] Request - Headers: {'Content-Type': 'application/json', 'Accept': 'application/json', 'X-Auth-Token': ''} Body: None Response - Headers: {'status': '404', u'content-length': '134', 'content-location': 'http://172.30.9.25:9696/v2.0/trunks/d96f0b16-13a8-47a9-9cca-9b75cc356d6d', u'date': 'Wed, 10 Oct 2018 05:16:21 GMT', u'content-type': 'application/json', u'connection': 'close', u'x-openstack-request-id': 'req-ca96fa46-5106-4335-a195-33f199fe4436'} Body: {"NeutronError": {"message": "Trunk d96f0b16-13a8-47a9-9cca-9b75cc356d6d could not be found.", "type": "TrunkNotFound", "detail": ""}} _log_request_full /root/.rally/verification/verifier-0a1dbbed-2f25-4560-813e-979985b48b84/repo/tempest/lib/common/rest_client.py:434
2018-10-10 05:16:21.881 11625 INFO tempest.lib.common.rest_client [req-14330bee-7dd1-4e10-a84a-6eec26935524 ] Request (TrunkTestJSON:_run_cleanups): 404 GET http://172.30.9.25:9696/v2.0/trunks/536f392b-5bd6-4537-8a9f-b91f78c1b0d0/get_subports 0.016s
2018-10-10 05:16:21.882 11625 DEBUG tempest.lib.common.rest_client [req-14330bee-7dd1-4e10-a84a-6eec26935524 ] Request - Headers: {'Content-Type': 'application/json', 'Accept': 'application/json', 'X-Auth-Token': ''} Body: None Response - Headers: {'status': '404', u'content-length': '134', 'content-location': 'http://172.30.9.25:9696/v2.0/trunks/536f392b-5bd6-4537-8a9f-b91f78c1b0d0/get_subports', u'date': 'Wed, 10 Oct 2018 05:16:21 GMT', u'content-type': 'application/json', u'connection': 'close', u'x-openstack-request-id': 'req-14330bee-7dd1-4e10-a84a-6eec26935524'} Body: {"NeutronError": {"message": "Trunk 536f392b-5bd6-4537-8a9f-b91f78c1b0d0 could not be found.", "type": "TrunkNotFound", "detail": ""}} _log_request_full /root/.rally/verification/verifier-0a1dbbed-2f25-4560-813e-979985b48b84/repo/tempest/lib/common/rest_client.py:434
2018-10-10 05:16:21.903 11625 INFO tempest.lib.common.rest_client [req-e331547c-21f0-42ce-98ce-c798684ca690 ] Request (TrunkTestJSON:_run_cleanups): 404 DELETE http://172.30.9.25:9696/v2.0/trunks/536f392b-5bd6-4537-8a9f-b91f78c1b0d0 0.020s
2018-10-10 05:16:21.903 11625 DEBUG tempest.lib.common.rest_client [req-e331547c-21f0-42ce-98ce-c798684ca690 ] Request - Headers: {'Content-Type': 'application/json', 'Accept': 'application/json', 'X-Auth-Token': ''} Body: None Response - Headers: {'status': '404', u'content-length': '134', 'content-location': 'http://172.30.9.25:9696/v2.0/trunks/536f392b-5bd6-4537-8a9f-b91f78c1b0d0', u'date': 'Wed, 10 Oct 2018 05:16:21 GMT', u'content-type': 'application/json', u'connection': 'close', u'x-openstack-request-id': 'req-e331547c-21f0-42ce-98ce-c798684ca690'} Body: {"NeutronError": {"message": "Trunk 536f392b-5bd6-4537-8a9f-b91f78c1b0d0 could not be found.", "type": "TrunkNotFound", "detail": ""}} _log_request_full /root/.rally/verification/verifier-0a1dbbed-2f25-4560-813e-979985b48b84/repo/tempest/lib/common/rest_client.py:434
2018-10-10 05:16:21.920 11625 INFO tempest.lib.common.rest_client [req-0f4e1dd8-e913-47e1-b928-a368b8400393 ] Request (TrunkTestJSON:_run_cleanups): 404 GET http://172.30.9.25:9696/v2.0/trunks/83f394d8-da62-468d-b0f4-bf60e3c5f513/get_subports 0.017s
2018-10-10 05:16:21.921 11625 DEBUG tempest.lib.common.rest_client [req-0f4e1dd8-e913-47e1-b928-a368b8400393 ] Request - Headers: {'Content-Type': 'application/json', 'Accept': 'application/json', 'X-Auth-Token': ''} Body: None Response - Headers: {'status': '404', u'content-length': '134', 'content-location': 'http://172.30.9.25:9696/v2.0/trunks/83f394d8-da62-468d-b0f4-bf60e3c5f513/get_subports', u'date': 'Wed, 10 Oct 2018 05:16:21 GMT', u'content-type': 'application/json', u'connection': 'close', u'x-openstack-request-id': 'req-0f4e1dd8-e913-47e1-b928-a368b8400393'} Body: {"NeutronError": {"message": "Trunk 83f394d8-da62-468d-b0f4-bf60e3c5f513 could not be found.", "type": "TrunkNotFound", "detail": ""}} _log_request_full /root/.rally/verification/verifier-0a1dbbed-2f25-4560-813e-979985b48b84/repo/tempest/lib/common/rest_client.py:434
2018-10-10 05:16:21.946 11625 INFO tempest.lib.common.rest_client [req-6bd48917-0f8d-4ce8-ab95-997aeea671c3 ] Request (TrunkTestJSON:_run_cleanups): 404 DELETE http://172.30.9.25:9696/v2.0/trunks/83f394d8-da62-468d-b0f4-bf60e3c5f513 0.025s
2018-10-10 05:16:21.947 11625 DEBUG tempest.lib.common.rest_client [req-6bd48917-0f8d-4ce8-ab95-997aeea671c3 ] Request - Headers: {'Content-Type': 'application/json', 'Accept': 'application/json', 'X-Auth-Token': ''} Body: None Response - Headers: {'status': '404', u'content-length': '134', 'content-location': 'http://172.30.9.25:9696/v2.0/trunks/83f394d8-da62-468d-b0f4-bf60e3c5f513', u'date': 'Wed, 10 Oct 2018 05:16:21 GMT', u'content-type': 'application/json', u'connection': 'close', u'x-openstack-request-id': 'req-6bd48917-0f8d-4ce8-ab95-997aeea671c3'} Body: {"NeutronError": {"message": "Trunk 83f394d8-da62-468d-b0f4-bf60e3c5f513 could not be found.", "type": "TrunkNotFound", "detail": ""}} _log_request_full /root/.rally/verification/verifier-0a1dbbed-2f25-4560-813e-979985b48b84/repo/tempest/lib/common/rest_client.py:434
2018-10-10 05:16:21.971 11623 INFO tempest.lib.common.rest_client [req-12ef03f5-917e-43da-a966-cda81c797ee4 ] Request (TrunkTest:test_trunk_subport_lifecycle): 200 PUT http://172.30.9.25:9696/v2.0/trunks/2c264f50-f151-4a42-97bd-71dd37038494/remove_subports 0.066s
2018-10-10 05:16:21.971 11623 DEBUG tempest.lib.common.rest_client [req-12ef03f5-917e-43da-a966-cda81c797ee4 ] Request - Headers: {'Content-Type': 'application/json', 'Accept': 'application/json', 'X-Auth-Token': ''} Body: {"sub_ports": [{"segmentation_type": "vlan", "port_id": "70a6948f-dd19-405e-8fc9-05f9b6a38f45", "segmentation_id": 3}, {"segmentation_type": "vlan", "port_id": "5a39ebf9-6852-4a80-995a-b00138363901", "segmentation_id": 4}, {"segmentation_type": "vlan", "port_id": "b69c2149-064d-4043-aa0c-89a090a89927", "segmentation_id": 5}, {"segmentation_type": "vlan", "port_id": "695dcaeb-2b68-4471-9668-be9f4ff169a1", "segmentation_id": 6}]} Response - Headers: {'status': '200', u'content-length': '396', 'content-location': 'http://172.30.9.25:9696/v2.0/trunks/2c264f50-f151-4a42-97bd-71dd37038494/remove_subports', u'date': 'Wed, 10 Oct 2018 05:16:21 GMT', u'content-type': 'application/json', u'connection': 'close', u'x-openstack-request-id': 'req-12ef03f5-917e-43da-a966-cda81c797ee4'} Body: {"status": "DOWN", "sub_ports": [], "name": "", "admin_state_up": true, "tenant_id": "40d69b73bd354c85a8069f6b2ebbe605", "created_at": "2018-10-10T05:15:42Z", "tags": [], "updated_at": "2018-10-10T05:16:21Z", "revision_number": 5, "project_id": "40d69b73bd354c85a8069f6b2ebbe605", "port_id": "6855cef8-8735-4f80-acf2-cd9136959651", "id": "2c264f50-f151-4a42-97bd-71dd37038494", "description": ""} _log_request_full /root/.rally/verification/verifier-0a1dbbed-2f25-4560-813e-979985b48b84/repo/tempest/lib/common/rest_client.py:434
2018-10-10 05:16:21.979 11625 INFO tempest.lib.common.rest_client [req-230f9e10-1fad-415e-aa66-2a55d5936a8c ] Request (TrunkTestJSON:_run_cleanups): 200 GET http://172.30.9.25:9696/v2.0/trunks/6267aee8-0b2a-495d-94ba-5f696905c660/get_subports 0.031s
2018-10-10 05:16:21.980 11625 DEBUG tempest.lib.common.rest_client [req-230f9e10-1fad-415e-aa66-2a55d5936a8c ] Request - Headers: {'Content-Type': 'application/json', 'Accept': 'application/json', 'X-Auth-Token': ''} Body: None Response - Headers: {'status': '200', u'content-length': '119', 'content-location': 'http://172.30.9.25:9696/v2.0/trunks/6267aee8-0b2a-495d-94ba-5f696905c660/get_subports', u'date': 'Wed, 10 Oct 2018 05:16:21 GMT', u'content-type': 'application/json', u'connection': 'close', u'x-openstack-request-id': 'req-230f9e10-1fad-415e-aa66-2a55d5936a8c'} Body: {"sub_ports": [{"segmentation_type": "vlan", "port_id": "2acd5095-73f4-4693-86fc-3854c7c3ba1d", "segmentation_id": 4}]} _log_request_full /root/.rally/verification/verifier-0a1dbbed-2f25-4560-813e-979985b48b84/repo/tempest/lib/common/rest_client.py:434
2018-10-10 05:16:22.018 11623 INFO tempest.lib.common.rest_client [req-bcc6868e-b4a7-435b-8670-d828587c6682 ] Request (TrunkTest:test_trunk_subport_lifecycle): 200 GET http://172.30.9.25:9696/v2.0/ports/70a6948f-dd19-405e-8fc9-05f9b6a38f45 0.045s
2018-10-10 05:16:22.018 11623 DEBUG tempest.lib.common.rest_client [req-bcc6868e-b4a7-435b-8670-d828587c6682 ] Request - Headers: {'Content-Type': 'application/json', 'Accept': 'application/json', 'X-Auth-Token': ''} Body: None Response - Headers: {'status': '200', u'content-length': '651', 'content-location': 'http://172.30.9.25:9696/v2.0/ports/70a6948f-dd19-405e-8fc9-05f9b6a38f45', u'date': 'Wed, 10 Oct 2018 05:16:22 GMT', u'content-type': 'application/json', u'connection': 'close', u'x-openstack-request-id': 'req-bcc6868e-b4a7-435b-8670-d828587c6682'} Body: {"port":{"allowed_address_pairs":[],"extra_dhcp_opts":[],"updated_at":"2018-10-10T05:16:20Z","device_owner":"trunk:subport","revision_number":6,"port_security_enabled":true,"fixed_ips":[],"id":"70a6948f-dd19-405e-8fc9-05f9b6a38f45","security_groups":["7c624544-00d7-47b0-9484-c21f98f40234"],"mac_address":"fa:16:3e:7e:8a:23","device_id":"","status":"ACTIVE","description":"","tags":[],"name":"","project_id":"40d69b73bd354c85a8069f6b2ebbe605","qos_policy_id":null,"admin_state_up":true,"network_id":"693bd90e-04c4-4ed8-8764-89738fef1ab3","tenant_id":"40d69b73bd354c85a8069f6b2ebbe605","created_at":"2018-10-10T05:16:10Z","binding:vnic_type":"normal"}} _log_request_full /root/.rally/verification/verifier-0a1dbbed-2f25-4560-813e-979985b48b84/repo/tempest/lib/common/rest_client.py:434
2018-10-10 05:16:22.055 11625 INFO tempest.lib.common.rest_client [req-44f8c71d-dfcd-413a-b785-760d0fae3791 ] Request (TrunkTestJSON:_run_cleanups): 200 PUT http://172.30.9.25:9696/v2.0/trunks/6267aee8-0b2a-495d-94ba-5f696905c660/remove_subports 0.074s
2018-10-10 05:16:22.056 11625 DEBUG tempest.lib.common.rest_client [req-44f8c71d-dfcd-413a-b785-760d0fae3791 ] Request - Headers: {'Content-Type': 'application/json', 'Accept': 'application/json', 'X-Auth-Token': ''} Body: {"sub_ports": [{"port_id": "2acd5095-73f4-4693-86fc-3854c7c3ba1d", "segmentation_type": "vlan", "segmentation_id": 4}]} Response - Headers: {'status': '200', u'content-length': '396', 'content-location': 'http://172.30.9.25:9696/v2.0/trunks/6267aee8-0b2a-495d-94ba-5f696905c660/remove_subports', u'date': 'Wed, 10 Oct 2018 05:16:22 GMT', u'content-type': 'application/json', u'connection': 'close', u'x-openstack-request-id': 'req-44f8c71d-dfcd-413a-b785-760d0fae3791'} Body: {"status": "DOWN", "sub_ports": [], "name": "", "admin_state_up": true, "tenant_id": "f7712049c9ee44a39f7a6cb8f167c4d4", "created_at": "2018-10-10T05:16:21Z", "tags": [], "updated_at": "2018-10-10T05:16:21Z", "revision_number": 2, "project_id": "f7712049c9ee44a39f7a6cb8f167c4d4", "port_id": "106c3b56-09e4-4097-81ea-9da3d7d11eee", "id": "6267aee8-0b2a-495d-94ba-5f696905c660", "description": ""} _log_request_full /root/.rally/verification/verifier-0a1dbbed-2f25-4560-813e-979985b48b84/repo/tempest/lib/common/rest_client.py:434
2018-10-10 05:16:22.180 11625 INFO tempest.lib.common.rest_client [req-525315fe-adca-4234-a261-574df9a8ee05 ] Request (TrunkTestJSON:_run_cleanups): 204 DELETE http://172.30.9.25:9696/v2.0/trunks/6267aee8-0b2a-495d-94ba-5f696905c660 0.124s
2018-10-10 05:16:22.181 11625 DEBUG tempest.lib.common.rest_client [req-525315fe-adca-4234-a261-574df9a8ee05 ] Request - Headers: {'Content-Type': 'application/json', 'Accept': 'application/json', 'X-Auth-Token': ''} Body: None Response - Headers: {'status': '204', u'content-length': '0', 'content-location': 'http://172.30.9.25:9696/v2.0/trunks/6267aee8-0b2a-495d-94ba-5f696905c660', u'date': 'Wed, 10 Oct 2018 05:16:22 GMT', u'connection': 'close', u'x-openstack-request-id': 'req-525315fe-adca-4234-a261-574df9a8ee05'} Body: _log_request_full /root/.rally/verification/verifier-0a1dbbed-2f25-4560-813e-979985b48b84/repo/tempest/lib/common/rest_client.py:434
2018-10-10 05:16:22.215 11625 INFO tempest.lib.common.rest_client [req-ea84276b-7451-4fb7-9559-b10455c1d41b ] Request (TrunkTestJSON:_run_cleanups): 404 DELETE http://172.30.9.25:9696/v2.0/ports/535540b0-358e-416d-8d3a-09d5a75cf2e4 0.033s
2018-10-10 05:16:22.215 11625 DEBUG tempest.lib.common.rest_client [req-ea84276b-7451-4fb7-9559-b10455c1d41b ] Request - Headers: {'Content-Type': 'application/json', 'Accept': 'application/json', 'X-Auth-Token': ''} Body: None Response - Headers: {'status': '404', u'content-length': '132', 'content-location': 'http://172.30.9.25:9696/v2.0/ports/535540b0-358e-416d-8d3a-09d5a75cf2e4', u'date': 'Wed, 10 Oct 2018 05:16:22 GMT', u'content-type': 'application/json', u'connection': 'close', u'x-openstack-request-id': 'req-ea84276b-7451-4fb7-9559-b10455c1d41b'} Body: {"NeutronError": {"message": "Port 535540b0-358e-416d-8d3a-09d5a75cf2e4 could not be found.", "type": "PortNotFound", "detail": ""}} _log_request_full /root/.rally/verification/verifier-0a1dbbed-2f25-4560-813e-979985b48b84/repo/tempest/lib/common/rest_client.py:434
2018-10-10 05:16:22.252 11625 INFO tempest.lib.common.rest_client [req-8fcc3e54-3b84-4aa1-b8ff-ea5c3782828b ] Request (TrunkTestJSON:_run_cleanups): 404 DELETE http://172.30.9.25:9696/v2.0/ports/8d84518e-e8f4-4efd-9f81-38682ecbfaac 0.035s
2018-10-10 05:16:22.252 11625 DEBUG tempest.lib.common.rest_client [req-8fcc3e54-3b84-4aa1-b8ff-ea5c3782828b ] Request - Headers: {'Content-Type': 'application/json', 'Accept': 'application/json', 'X-Auth-Token': ''} Body: None Response - Headers: {'status': '404', u'content-length': '132', 'content-location': 'http://172.30.9.25:9696/v2.0/ports/8d84518e-e8f4-4efd-9f81-38682ecbfaac', u'date': 'Wed, 10 Oct 2018 05:16:22 GMT', u'content-type': 'application/json', u'connection': 'close', u'x-openstack-request-id': 'req-8fcc3e54-3b84-4aa1-b8ff-ea5c3782828b'} Body: {"NeutronError": {"message": "Port 8d84518e-e8f4-4efd-9f81-38682ecbfaac could not be found.", "type": "PortNotFound", "detail": ""}} _log_request_full /root/.rally/verification/verifier-0a1dbbed-2f25-4560-813e-979985b48b84/repo/tempest/lib/common/rest_client.py:434
2018-10-10 05:16:22.263 11605 INFO tempest.lib.common.rest_client [req-d8300f01-cd9d-4580-b70f-d90fb3f95877 ] Request (TrunkTestJSON:_run_cleanups): 204 DELETE http://172.30.9.25:9696/v2.0/networks/f6ef7593-7844-4fc0-8ef3-de35517d652c 0.506s
2018-10-10 05:16:22.264 11605 DEBUG tempest.lib.common.rest_client [req-d8300f01-cd9d-4580-b70f-d90fb3f95877 ] Request - Headers: {'Content-Type': 'application/json', 'Accept': 'application/json', 'X-Auth-Token': ''} Body: None Response - Headers: {'status': '204', u'content-length': '0', 'content-location': 'http://172.30.9.25:9696/v2.0/networks/f6ef7593-7844-4fc0-8ef3-de35517d652c', u'date': 'Wed, 10 Oct 2018 05:16:22 GMT', u'connection': 'close', u'x-openstack-request-id': 'req-d8300f01-cd9d-4580-b70f-d90fb3f95877'} Body: _log_request_full /root/.rally/verification/verifier-0a1dbbed-2f25-4560-813e-979985b48b84/repo/tempest/lib/common/rest_client.py:434
2018-10-10 05:16:22.291 11625 INFO tempest.lib.common.rest_client [req-96061b93-7b22-49a3-af0e-97a95f862156 ] Request (TrunkTestJSON:_run_cleanups): 404 DELETE http://172.30.9.25:9696/v2.0/ports/334b2f79-5766-4aba-9438-efc1adb2c495 0.038s
2018-10-10 05:16:22.292 11625 DEBUG tempest.lib.common.rest_client [req-96061b93-7b22-49a3-af0e-97a95f862156 ] Request - Headers: {'Content-Type': 'application/json', 'Accept': 'application/json', 'X-Auth-Token': ''} Body: None Response - Headers: {'status': '404', u'content-length': '132', 'content-location': 'http://172.30.9.25:9696/v2.0/ports/334b2f79-5766-4aba-9438-efc1adb2c495', u'date': 'Wed, 10 Oct 2018 05:16:22 GMT', u'content-type': 'application/json', u'connection': 'close', u'x-openstack-request-id': 'req-96061b93-7b22-49a3-af0e-97a95f862156'} Body: {"NeutronError": {"message": "Port 334b2f79-5766-4aba-9438-efc1adb2c495 could not be found.", "type": "PortNotFound", "detail": ""}} _log_request_full /root/.rally/verification/verifier-0a1dbbed-2f25-4560-813e-979985b48b84/repo/tempest/lib/common/rest_client.py:434
2018-10-10 05:16:22.327 11625 INFO tempest.lib.common.rest_client [req-9a1cf0bf-fe08-4004-9dc6-997d84f2d6b3 ] Request (TrunkTestJSON:_run_cleanups): 404 DELETE http://172.30.9.25:9696/v2.0/ports/1d2959e0-b65e-47d8-ba39-d302b4c2aa09 0.034s
2018-10-10 05:16:22.327 11625 DEBUG tempest.lib.common.rest_client [req-9a1cf0bf-fe08-4004-9dc6-997d84f2d6b3 ] Request - Headers: {'Content-Type': 'application/json', 'Accept': 'application/json', 'X-Auth-Token': ''} Body: None Response - Headers: {'status': '404', u'content-length': '132', 'content-location': 'http://172.30.9.25:9696/v2.0/ports/1d2959e0-b65e-47d8-ba39-d302b4c2aa09', u'date': 'Wed, 10 Oct 2018 05:16:22 GMT', u'content-type': 'application/json', u'connection': 'close', u'x-openstack-request-id': 'req-9a1cf0bf-fe08-4004-9dc6-997d84f2d6b3'} Body: {"NeutronError": {"message": "Port 1d2959e0-b65e-47d8-ba39-d302b4c2aa09 could not be found.", "type": "PortNotFound", "detail": ""}} _log_request_full /root/.rally/verification/verifier-0a1dbbed-2f25-4560-813e-979985b48b84/repo/tempest/lib/common/rest_client.py:434
2018-10-10 05:16:22.360 11625 INFO tempest.lib.common.rest_client [req-159cff53-ff0d-40ee-aa28-02b746e5b337 ] Request (TrunkTestJSON:_run_cleanups): 404 DELETE http://172.30.9.25:9696/v2.0/ports/3718bbad-5c57-4d4e-99fc-5720385e6f85 0.032s
2018-10-10 05:16:22.360 11625 DEBUG tempest.lib.common.rest_client [req-159cff53-ff0d-40ee-aa28-02b746e5b337 ] Request - Headers: {'Content-Type': 'application/json', 'Accept': 'application/json', 'X-Auth-Token': ''} Body: None Response - Headers: {'status': '404', u'content-length': '132', 'content-location': 'http://172.30.9.25:9696/v2.0/ports/3718bbad-5c57-4d4e-99fc-5720385e6f85', u'date': 'Wed, 10 Oct 2018 05:16:22 GMT', u'content-type': 'application/json', u'connection': 'close', u'x-openstack-request-id': 'req-159cff53-ff0d-40ee-aa28-02b746e5b337'} Body: {"NeutronError": {"message": "Port 3718bbad-5c57-4d4e-99fc-5720385e6f85 could not be found.", "type": "PortNotFound", "detail": ""}} _log_request_full /root/.rally/verification/verifier-0a1dbbed-2f25-4560-813e-979985b48b84/repo/tempest/lib/common/rest_client.py:434
2018-10-10 05:16:22.394 11625 INFO tempest.lib.common.rest_client [req-002f93e9-1f62-4acb-b119-a1ee6e103b01 ] Request (TrunkTestJSON:_run_cleanups): 404 DELETE http://172.30.9.25:9696/v2.0/ports/d4eb16ba-501e-4039-b56e-b56e35e27703 0.032s
2018-10-10 05:16:22.394 11625 DEBUG tempest.lib.common.rest_client [req-002f93e9-1f62-4acb-b119-a1ee6e103b01 ] Request - Headers: {'Content-Type': 'application/json', 'Accept': 'application/json', 'X-Auth-Token': ''} Body: None Response - Headers: {'status': '404', u'content-length': '132', 'content-location': 'http://172.30.9.25:9696/v2.0/ports/d4eb16ba-501e-4039-b56e-b56e35e27703', u'date': 'Wed, 10 Oct 2018 05:16:22 GMT', u'content-type': 'application/json', u'connection': 'close', u'x-openstack-request-id': 'req-002f93e9-1f62-4acb-b119-a1ee6e103b01'} Body: {"NeutronError": {"message": "Port d4eb16ba-501e-4039-b56e-b56e35e27703 could not be found.", "type": "PortNotFound", "detail": ""}} _log_request_full /root/.rally/verification/verifier-0a1dbbed-2f25-4560-813e-979985b48b84/repo/tempest/lib/common/rest_client.py:434
2018-10-10 05:16:22.427 11625 INFO tempest.lib.common.rest_client [req-25e9a63d-3ca0-463e-93f8-3a4e89d5ec75 ] Request (TrunkTestJSON:_run_cleanups): 404 DELETE http://172.30.9.25:9696/v2.0/ports/b9fe44d8-b1d6-4e8c-908d-177f8e527544 0.032s
2018-10-10 05:16:22.427 11625 DEBUG tempest.lib.common.rest_client [req-25e9a63d-3ca0-463e-93f8-3a4e89d5ec75 ] Request - Headers: {'Content-Type': 'application/json', 'Accept': 'application/json', 'X-Auth-Token': ''} Body: None Response - Headers: {'status': '404', u'content-length': '132', 'content-location': 'http://172.30.9.25:9696/v2.0/ports/b9fe44d8-b1d6-4e8c-908d-177f8e527544', u'date': 'Wed, 10 Oct 2018 05:16:22 GMT', u'content-type': 'application/json', u'connection': 'close', u'x-openstack-request-id': 'req-25e9a63d-3ca0-463e-93f8-3a4e89d5ec75'} Body: {"NeutronError": {"message": "Port b9fe44d8-b1d6-4e8c-908d-177f8e527544 could not be found.", "type": "PortNotFound", "detail": ""}} _log_request_full /root/.rally/verification/verifier-0a1dbbed-2f25-4560-813e-979985b48b84/repo/tempest/lib/common/rest_client.py:434
2018-10-10 05:16:22.604 11625 INFO tempest.lib.common.rest_client [req-e95d00c0-2a56-4ff6-95d0-b372f79ab59a ] Request (TrunkTestJSON:_run_cleanups): 404 DELETE http://172.30.9.25:9696/v2.0/ports/04aaeec5-3f5c-4340-95e2-43e7f1928f6c 0.176s
2018-10-10 05:16:22.605 11625 DEBUG tempest.lib.common.rest_client [req-e95d00c0-2a56-4ff6-95d0-b372f79ab59a ] Request - Headers: {'Content-Type': 'application/json', 'Accept': 'application/json', 'X-Auth-Token': ''} Body: None Response - Headers: {'status': '404', u'content-length': '132', 'content-location': 'http://172.30.9.25:9696/v2.0/ports/04aaeec5-3f5c-4340-95e2-43e7f1928f6c', u'date': 'Wed, 10 Oct 2018 05:16:22 GMT', u'content-type': 'application/json', u'connection': 'close', u'x-openstack-request-id': 'req-e95d00c0-2a56-4ff6-95d0-b372f79ab59a'} Body: {"NeutronError": {"message": "Port 04aaeec5-3f5c-4340-95e2-43e7f1928f6c could not be found.", "type": "PortNotFound", "detail": ""}} _log_request_full /root/.rally/verification/verifier-0a1dbbed-2f25-4560-813e-979985b48b84/repo/tempest/lib/common/rest_client.py:434
2018-10-10 05:16:22.637 11625 INFO tempest.lib.common.rest_client [req-9f4c206c-a7a7-4e25-a346-1081fd8046ec ] Request (TrunkTestJSON:_run_cleanups): 404 DELETE http://172.30.9.25:9696/v2.0/ports/a0858813-7464-4042-85a5-0797417071ef 0.032s
2018-10-10 05:16:22.638 11625 DEBUG tempest.lib.common.rest_client [req-9f4c206c-a7a7-4e25-a346-1081fd8046ec ] Request - Headers: {'Content-Type': 'application/json', 'Accept': 'application/json', 'X-Auth-Token': ''} Body: None Response - Headers: {'status': '404', u'content-length': '132', 'content-location': 'http://172.30.9.25:9696/v2.0/ports/a0858813-7464-4042-85a5-0797417071ef', u'date': 'Wed, 10 Oct 2018 05:16:22 GMT', u'content-type': 'application/json', u'connection': 'close', u'x-openstack-request-id': 'req-9f4c206c-a7a7-4e25-a346-1081fd8046ec'} Body: {"NeutronError": {"message": "Port a0858813-7464-4042-85a5-0797417071ef could not be found.", "type": "PortNotFound", "detail": ""}} _log_request_full /root/.rally/verification/verifier-0a1dbbed-2f25-4560-813e-979985b48b84/repo/tempest/lib/common/rest_client.py:434
2018-10-10 05:16:22.650 11605 INFO tempest.lib.common.rest_client [req-4586b7a6-a729-4a3e-ba5f-b33badf7479d ] Request (TrunkTestJSON:test_create_trunk_with_subport_missing_port_id): 201 POST http://172.30.9.25:9696/v2.0/networks 0.384s
2018-10-10 05:16:22.651 11605 DEBUG tempest.lib.common.rest_client [req-4586b7a6-a729-4a3e-ba5f-b33badf7479d ] Request - Headers: {'Content-Type': 'application/json', 'Accept': 'application/json', 'X-Auth-Token': ''} Body: {"network": {"name": "tempest-test-network--869657843"}} Response - Headers: {'status': '201', u'content-length': '589', 'content-location': 'http://172.30.9.25:9696/v2.0/networks', u'date': 'Wed, 10 Oct 2018 05:16:22 GMT', u'content-type': 'application/json', u'connection': 'close', u'x-openstack-request-id': 'req-4586b7a6-a729-4a3e-ba5f-b33badf7479d'} Body: {"network":{"ipv6_address_scope":null,"revision_number":3,"port_security_enabled":true,"id":"b939cdc5-8c40-42c6-9a61-aeec6090ff26","router:external":false,"availability_zone_hints":[],"availability_zones":[],"ipv4_address_scope":null,"shared":false,"project_id":"118e983369c9411baed3f93f3f8f67c2","status":"ACTIVE","subnets":[],"description":"","tags":[],"updated_at":"2018-10-10T05:16:22Z","is_default":false,"name":"tempest-test-network--869657843","qos_policy_id":null,"admin_state_up":true,"tenant_id":"118e983369c9411baed3f93f3f8f67c2","created_at":"2018-10-10T05:16:22Z","mtu":1450}} _log_request_full /root/.rally/verification/verifier-0a1dbbed-2f25-4560-813e-979985b48b84/repo/tempest/lib/common/rest_client.py:434
2018-10-10 05:16:22.674 11625 INFO tempest.lib.common.rest_client [req-2f8139c5-6703-4e4f-8742-476c9da36afd ] Request (TrunkTestJSON:_run_cleanups): 404 DELETE http://172.30.9.25:9696/v2.0/ports/d12fb671-d6d6-47e0-adfc-e5d15d14cab5 0.035s
2018-10-10 05:16:22.674 11625 DEBUG tempest.lib.common.rest_client [req-2f8139c5-6703-4e4f-8742-476c9da36afd ] Request - Headers: {'Content-Type': 'application/json', 'Accept': 'application/json', 'X-Auth-Token': ''} Body: None Response - Headers: {'status': '404', u'content-length': '132', 'content-location': 'http://172.30.9.25:9696/v2.0/ports/d12fb671-d6d6-47e0-adfc-e5d15d14cab5', u'date': 'Wed, 10 Oct 2018 05:16:22 GMT', u'content-type': 'application/json', u'connection': 'close', u'x-openstack-request-id': 'req-2f8139c5-6703-4e4f-8742-476c9da36afd'} Body: {"NeutronError": {"message": "Port d12fb671-d6d6-47e0-adfc-e5d15d14cab5 could not be found.", "type": "PortNotFound", "detail": ""}} _log_request_full /root/.rally/verification/verifier-0a1dbbed-2f25-4560-813e-979985b48b84/repo/tempest/lib/common/rest_client.py:434
2018-10-10 05:16:22.708 11625 INFO tempest.lib.common.rest_client [req-873e15d3-6a9c-41fc-a98e-e1ab2b976067 ] Request (TrunkTestJSON:_run_cleanups): 404 DELETE http://172.30.9.25:9696/v2.0/ports/6ba579c1-6b6f-45bd-8857-9698fcec0881 0.033s
2018-10-10 05:16:22.708 11625 DEBUG tempest.lib.common.rest_client [req-873e15d3-6a9c-41fc-a98e-e1ab2b976067 ] Request - Headers: {'Content-Type': 'application/json', 'Accept': 'application/json', 'X-Auth-Token': ''} Body: None Response - Headers: {'status': '404', u'content-length': '132', 'content-location': 'http://172.30.9.25:9696/v2.0/ports/6ba579c1-6b6f-45bd-8857-9698fcec0881', u'date': 'Wed, 10 Oct 2018 05:16:22 GMT', u'content-type': 'application/json', u'connection': 'close', u'x-openstack-request-id': 'req-873e15d3-6a9c-41fc-a98e-e1ab2b976067'} Body: {"NeutronError": {"message": "Port 6ba579c1-6b6f-45bd-8857-9698fcec0881 could not be found.", "type": "PortNotFound", "detail": ""}} _log_request_full /root/.rally/verification/verifier-0a1dbbed-2f25-4560-813e-979985b48b84/repo/tempest/lib/common/rest_client.py:434
2018-10-10 05:16:22.743 11625 INFO tempest.lib.common.rest_client [req-916c9b93-6fdd-4605-9dc9-0dfbef1daa7e ] Request (TrunkTestJSON:_run_cleanups): 404 DELETE http://172.30.9.25:9696/v2.0/ports/c49f992c-6a18-4f0b-aaea-00e8d4940cdc 0.034s
