2018-10-10 05:15:53.910 11623 INFO tempest.lib.common.rest_client [req-ebd2aec9-b2de-4e3e-b1f3-d74196624086 ] Request (TrunkTest:test_trunk_subport_lifecycle): 202 POST http://172.30.9.25:8774/v2.1/servers 2.566s
2018-10-10 05:15:53.911 11623 DEBUG tempest.lib.common.rest_client [req-ebd2aec9-b2de-4e3e-b1f3-d74196624086 ] Request - Headers: {'Content-Type': 'application/json', 'Accept': 'application/json', 'X-Auth-Token': ''} Body: {"server": {"name": "tempest-server-test-868747163", "imageRef": "7469aac2-ede9-4220-a6f8-11252f5a5dae", "key_name": "tempest-keypair-test-1216310249", "flavorRef": "2c66cb1b-1ba5-473a-b2db-832252501faa", "networks": [{"port": "c79a0b5a-5992-466e-8b3a-080d0c6c20cb"}], "security_groups": [{"name": "tempest-secgroup--1533442362"}]}} Response - Headers: {'status': '202', u'content-length': '395', 'content-location': 'http://172.30.9.25:8774/v2.1/servers', u'x-compute-request-id': 'req-ebd2aec9-b2de-4e3e-b1f3-d74196624086', u'vary': 'OpenStack-API-Version,X-OpenStack-Nova-API-Version', u'server': 'Apache', u'openstack-api-version': 'compute 2.1', u'connection': 'close', u'location': 'http://172.30.9.25:8774/v2.1/servers/cd213ce4-db2b-4127-bebc-7eaf70ea0979', u'x-openstack-nova-api-version': '2.1', u'date': 'Wed, 10 Oct 2018 05:15:51 GMT', u'content-type': 'application/json', u'x-openstack-request-id': 'req-ebd2aec9-b2de-4e3e-b1f3-d74196624086'} Body: {"server": {"security_groups": [{"name": "tempest-secgroup--1533442362"}], "OS-DCF:diskConfig": "MANUAL", "id": "cd213ce4-db2b-4127-bebc-7eaf70ea0979", "links": [{"href": "http://172.30.9.25:8774/v2.1/servers/cd213ce4-db2b-4127-bebc-7eaf70ea0979", "rel": "self"}, {"href": "http://172.30.9.25:8774/servers/cd213ce4-db2b-4127-bebc-7eaf70ea0979", "rel": "bookmark"}], "adminPass": "mufXJpE8qoBf"}} _log_request_full /root/.rally/verification/verifier-0a1dbbed-2f25-4560-813e-979985b48b84/repo/tempest/lib/common/rest_client.py:434
2018-10-10 05:15:54.017 11625 INFO tempest.lib.common.rest_client [req-770dd4f0-fce8-45c5-a780-3a05af652f4c ] Request (TrunkTestJSON:_run_cleanups): 404 GET http://172.30.9.25:9696/v2.0/trunks/7e12ebdf-7535-484b-bd88-5651cfa12303/get_subports 0.147s
2018-10-10 05:15:54.017 11625 DEBUG tempest.lib.common.rest_client [req-770dd4f0-fce8-45c5-a780-3a05af652f4c ] Request - Headers: {'Content-Type': 'application/json', 'Accept': 'application/json', 'X-Auth-Token': ''} Body: None Response - Headers: {'status': '404', u'content-length': '134', 'content-location': 'http://172.30.9.25:9696/v2.0/trunks/7e12ebdf-7535-484b-bd88-5651cfa12303/get_subports', u'date': 'Wed, 10 Oct 2018 05:15:54 GMT', u'content-type': 'application/json', u'connection': 'close', u'x-openstack-request-id': 'req-770dd4f0-fce8-45c5-a780-3a05af652f4c'} Body: {"NeutronError": {"message": "Trunk 7e12ebdf-7535-484b-bd88-5651cfa12303 could not be found.", "type": "TrunkNotFound", "detail": ""}} _log_request_full /root/.rally/verification/verifier-0a1dbbed-2f25-4560-813e-979985b48b84/repo/tempest/lib/common/rest_client.py:434
2018-10-10 05:15:54.037 11625 INFO tempest.lib.common.rest_client [req-c7dda0b9-ffee-4a1a-b83d-a13dd3728123 ] Request (TrunkTestJSON:_run_cleanups): 404 DELETE http://172.30.9.25:9696/v2.0/trunks/7e12ebdf-7535-484b-bd88-5651cfa12303 0.019s
2018-10-10 05:15:54.037 11625 DEBUG tempest.lib.common.rest_client [req-c7dda0b9-ffee-4a1a-b83d-a13dd3728123 ] Request - Headers: {'Content-Type': 'application/json', 'Accept': 'application/json', 'X-Auth-Token': ''} Body: None Response - Headers: {'status': '404', u'content-length': '134', 'content-location': 'http://172.30.9.25:9696/v2.0/trunks/7e12ebdf-7535-484b-bd88-5651cfa12303', u'date': 'Wed, 10 Oct 2018 05:15:54 GMT', u'content-type': 'application/json', u'connection': 'close', u'x-openstack-request-id': 'req-c7dda0b9-ffee-4a1a-b83d-a13dd3728123'} Body: {"NeutronError": {"message": "Trunk 7e12ebdf-7535-484b-bd88-5651cfa12303 could not be found.", "type": "TrunkNotFound", "detail": ""}} _log_request_full /root/.rally/verification/verifier-0a1dbbed-2f25-4560-813e-979985b48b84/repo/tempest/lib/common/rest_client.py:434
2018-10-10 05:15:54.062 11625 INFO tempest.lib.common.rest_client [req-d1cf96f9-ccc5-4410-a71a-a1f35e7246f8 ] Request (TrunkTestJSON:_run_cleanups): 404 GET http://172.30.9.25:9696/v2.0/trunks/2784acfc-0744-40bb-9681-58a94449bd8c/get_subports 0.024s
2018-10-10 05:15:54.063 11625 DEBUG tempest.lib.common.rest_client [req-d1cf96f9-ccc5-4410-a71a-a1f35e7246f8 ] Request - Headers: {'Content-Type': 'application/json', 'Accept': 'application/json', 'X-Auth-Token': ''} Body: None Response - Headers: {'status': '404', u'content-length': '134', 'content-location': 'http://172.30.9.25:9696/v2.0/trunks/2784acfc-0744-40bb-9681-58a94449bd8c/get_subports', u'date': 'Wed, 10 Oct 2018 05:15:54 GMT', u'content-type': 'application/json', u'connection': 'close', u'x-openstack-request-id': 'req-d1cf96f9-ccc5-4410-a71a-a1f35e7246f8'} Body: {"NeutronError": {"message": "Trunk 2784acfc-0744-40bb-9681-58a94449bd8c could not be found.", "type": "TrunkNotFound", "detail": ""}} _log_request_full /root/.rally/verification/verifier-0a1dbbed-2f25-4560-813e-979985b48b84/repo/tempest/lib/common/rest_client.py:434
2018-10-10 05:15:54.086 11625 INFO tempest.lib.common.rest_client [req-dfdc6f10-0432-40c6-94ad-ac14bd999bf7 ] Request (TrunkTestJSON:_run_cleanups): 404 DELETE http://172.30.9.25:9696/v2.0/trunks/2784acfc-0744-40bb-9681-58a94449bd8c 0.022s
2018-10-10 05:15:54.086 11625 DEBUG tempest.lib.common.rest_client [req-dfdc6f10-0432-40c6-94ad-ac14bd999bf7 ] Request - Headers: {'Content-Type': 'application/json', 'Accept': 'application/json', 'X-Auth-Token': ''} Body: None Response - Headers: {'status': '404', u'content-length': '134', 'content-location': 'http://172.30.9.25:9696/v2.0/trunks/2784acfc-0744-40bb-9681-58a94449bd8c', u'date': 'Wed, 10 Oct 2018 05:15:54 GMT', u'content-type': 'application/json', u'connection': 'close', u'x-openstack-request-id': 'req-dfdc6f10-0432-40c6-94ad-ac14bd999bf7'} Body: {"NeutronError": {"message": "Trunk 2784acfc-0744-40bb-9681-58a94449bd8c could not be found.", "type": "TrunkNotFound", "detail": ""}} _log_request_full /root/.rally/verification/verifier-0a1dbbed-2f25-4560-813e-979985b48b84/repo/tempest/lib/common/rest_client.py:434
2018-10-10 05:15:54.135 11605 INFO tempest.lib.common.rest_client [req-f8cce20f-6117-4a74-9e86-aba18d47d154 ] Request (TrunkTestJSON:_run_cleanups): 204 DELETE http://172.30.9.25:9696/v2.0/networks/fecdfd1d-de6b-47c2-9836-8546047bc9b9 0.676s
2018-10-10 05:15:54.135 11605 DEBUG tempest.lib.common.rest_client [req-f8cce20f-6117-4a74-9e86-aba18d47d154 ] Request - Headers: {'Content-Type': 'application/json', 'Accept': 'application/json', 'X-Auth-Token': ''} Body: None Response - Headers: {'status': '204', u'content-length': '0', 'content-location': 'http://172.30.9.25:9696/v2.0/networks/fecdfd1d-de6b-47c2-9836-8546047bc9b9', u'date': 'Wed, 10 Oct 2018 05:15:54 GMT', u'connection': 'close', u'x-openstack-request-id': 'req-f8cce20f-6117-4a74-9e86-aba18d47d154'} Body: _log_request_full /root/.rally/verification/verifier-0a1dbbed-2f25-4560-813e-979985b48b84/repo/tempest/lib/common/rest_client.py:434
2018-10-10 05:15:54.136 11625 INFO tempest.lib.common.rest_client [req-348f9bd5-daf2-4e22-9526-6bea4be103a3 ] Request (TrunkTestJSON:_run_cleanups): 200 GET http://172.30.9.25:9696/v2.0/trunks/91fd6f59-b44c-4717-b7bd-f9ff8b971481/get_subports 0.049s
2018-10-10 05:15:54.137 11625 DEBUG tempest.lib.common.rest_client [req-348f9bd5-daf2-4e22-9526-6bea4be103a3 ] Request - Headers: {'Content-Type': 'application/json', 'Accept': 'application/json', 'X-Auth-Token': ''} Body: None Response - Headers: {'status': '200', u'content-length': '17', 'content-location': 'http://172.30.9.25:9696/v2.0/trunks/91fd6f59-b44c-4717-b7bd-f9ff8b971481/get_subports', u'date': 'Wed, 10 Oct 2018 05:15:54 GMT', u'content-type': 'application/json', u'connection': 'close', u'x-openstack-request-id': 'req-348f9bd5-daf2-4e22-9526-6bea4be103a3'} Body: {"sub_ports": []} _log_request_full /root/.rally/verification/verifier-0a1dbbed-2f25-4560-813e-979985b48b84/repo/tempest/lib/common/rest_client.py:434
2018-10-10 05:15:54.154 11605 INFO tempest.lib.common.rest_client [req-0382ccc2-f804-4045-8c1b-306cceb23d33 ] Request (TrunkTestJSON:_run_cleanups): 404 GET http://172.30.9.25:9696/v2.0/trunks/f93be6c8-ef18-42e7-8529-2317a2467523/get_subports 0.016s
2018-10-10 05:15:54.154 11605 DEBUG tempest.lib.common.rest_client [req-0382ccc2-f804-4045-8c1b-306cceb23d33 ] Request - Headers: {'Content-Type': 'application/json', 'Accept': 'application/json', 'X-Auth-Token': ''} Body: None Response - Headers: {'status': '404', u'content-length': '134', 'content-location': 'http://172.30.9.25:9696/v2.0/trunks/f93be6c8-ef18-42e7-8529-2317a2467523/get_subports', u'date': 'Wed, 10 Oct 2018 05:15:54 GMT', u'content-type': 'application/json', u'connection': 'close', u'x-openstack-request-id': 'req-0382ccc2-f804-4045-8c1b-306cceb23d33'} Body: {"NeutronError": {"message": "Trunk f93be6c8-ef18-42e7-8529-2317a2467523 could not be found.", "type": "TrunkNotFound", "detail": ""}} _log_request_full /root/.rally/verification/verifier-0a1dbbed-2f25-4560-813e-979985b48b84/repo/tempest/lib/common/rest_client.py:434
2018-10-10 05:15:54.172 11605 INFO tempest.lib.common.rest_client [req-4c0d274b-0437-4a32-ad76-26b757ed5138 ] Request (TrunkTestJSON:_run_cleanups): 404 DELETE http://172.30.9.25:9696/v2.0/trunks/f93be6c8-ef18-42e7-8529-2317a2467523 0.017s
2018-10-10 05:15:54.172 11605 DEBUG tempest.lib.common.rest_client [req-4c0d274b-0437-4a32-ad76-26b757ed5138 ] Request - Headers: {'Content-Type': 'application/json', 'Accept': 'application/json', 'X-Auth-Token': ''} Body: None Response - Headers: {'status': '404', u'content-length': '134', 'content-location': 'http://172.30.9.25:9696/v2.0/trunks/f93be6c8-ef18-42e7-8529-2317a2467523', u'date': 'Wed, 10 Oct 2018 05:15:54 GMT', u'content-type': 'application/json', u'connection': 'close', u'x-openstack-request-id': 'req-4c0d274b-0437-4a32-ad76-26b757ed5138'} Body: {"NeutronError": {"message": "Trunk f93be6c8-ef18-42e7-8529-2317a2467523 could not be found.", "type": "TrunkNotFound", "detail": ""}} _log_request_full /root/.rally/verification/verifier-0a1dbbed-2f25-4560-813e-979985b48b84/repo/tempest/lib/common/rest_client.py:434
2018-10-10 05:15:54.187 11605 INFO tempest.lib.common.rest_client [req-35378462-2fc8-4269-9645-b8598d9ad9e4 ] Request (TrunkTestJSON:_run_cleanups): 404 GET http://172.30.9.25:9696/v2.0/trunks/d7f4664a-9d2f-493f-ae20-8604e943e805/get_subports 0.014s
2018-10-10 05:15:54.188 11605 DEBUG tempest.lib.common.rest_client [req-35378462-2fc8-4269-9645-b8598d9ad9e4 ] Request - Headers: {'Content-Type': 'application/json', 'Accept': 'application/json', 'X-Auth-Token': ''} Body: None Response - Headers: {'status': '404', u'content-length': '134', 'content-location': 'http://172.30.9.25:9696/v2.0/trunks/d7f4664a-9d2f-493f-ae20-8604e943e805/get_subports', u'date': 'Wed, 10 Oct 2018 05:15:54 GMT', u'content-type': 'application/json', u'connection': 'close', u'x-openstack-request-id': 'req-35378462-2fc8-4269-9645-b8598d9ad9e4'} Body: {"NeutronError": {"message": "Trunk d7f4664a-9d2f-493f-ae20-8604e943e805 could not be found.", "type": "TrunkNotFound", "detail": ""}} _log_request_full /root/.rally/verification/verifier-0a1dbbed-2f25-4560-813e-979985b48b84/repo/tempest/lib/common/rest_client.py:434
2018-10-10 05:15:54.190 11625 INFO tempest.lib.common.rest_client [req-2eec3400-30ba-4912-88f0-46f3308b08d7 ] Request (TrunkTestJSON:_run_cleanups): 200 PUT http://172.30.9.25:9696/v2.0/trunks/91fd6f59-b44c-4717-b7bd-f9ff8b971481/remove_subports 0.052s
2018-10-10 05:15:54.190 11625 DEBUG tempest.lib.common.rest_client [req-2eec3400-30ba-4912-88f0-46f3308b08d7 ] Request - Headers: {'Content-Type': 'application/json', 'Accept': 'application/json', 'X-Auth-Token': ''} Body: {"sub_ports": []} Response - Headers: {'status': '200', u'content-length': '399', 'content-location': 'http://172.30.9.25:9696/v2.0/trunks/91fd6f59-b44c-4717-b7bd-f9ff8b971481/remove_subports', u'date': 'Wed, 10 Oct 2018 05:15:54 GMT', u'content-type': 'application/json', u'connection': 'close', u'x-openstack-request-id': 'req-2eec3400-30ba-4912-88f0-46f3308b08d7'} Body: {"status": "DOWN", "sub_ports": [], "name": "foo", "admin_state_up": true, "tenant_id": "f7712049c9ee44a39f7a6cb8f167c4d4", "created_at": "2018-10-10T05:15:53Z", "tags": [], "updated_at": "2018-10-10T05:15:54Z", "revision_number": 3, "project_id": "f7712049c9ee44a39f7a6cb8f167c4d4", "port_id": "d4eb16ba-501e-4039-b56e-b56e35e27703", "id": "91fd6f59-b44c-4717-b7bd-f9ff8b971481", "description": ""} _log_request_full /root/.rally/verification/verifier-0a1dbbed-2f25-4560-813e-979985b48b84/repo/tempest/lib/common/rest_client.py:434
2018-10-10 05:15:54.291 11625 INFO tempest.lib.common.rest_client [req-3cd0fad3-8c82-410f-af13-488a9add36d5 ] Request (TrunkTestJSON:_run_cleanups): 204 DELETE http://172.30.9.25:9696/v2.0/trunks/91fd6f59-b44c-4717-b7bd-f9ff8b971481 0.099s
2018-10-10 05:15:54.291 11625 DEBUG tempest.lib.common.rest_client [req-3cd0fad3-8c82-410f-af13-488a9add36d5 ] Request - Headers: {'Content-Type': 'application/json', 'Accept': 'application/json', 'X-Auth-Token': ''} Body: None Response - Headers: {'status': '204', u'content-length': '0', 'content-location': 'http://172.30.9.25:9696/v2.0/trunks/91fd6f59-b44c-4717-b7bd-f9ff8b971481', u'date': 'Wed, 10 Oct 2018 05:15:54 GMT', u'connection': 'close', u'x-openstack-request-id': 'req-3cd0fad3-8c82-410f-af13-488a9add36d5'} Body: _log_request_full /root/.rally/verification/verifier-0a1dbbed-2f25-4560-813e-979985b48b84/repo/tempest/lib/common/rest_client.py:434
2018-10-10 05:15:54.327 11625 INFO tempest.lib.common.rest_client [req-4e4570f2-26f4-4b6d-9fcc-82c3872c3a4c ] Request (TrunkTestJSON:_run_cleanups): 404 DELETE http://172.30.9.25:9696/v2.0/ports/535540b0-358e-416d-8d3a-09d5a75cf2e4 0.035s
2018-10-10 05:15:54.328 11625 DEBUG tempest.lib.common.rest_client [req-4e4570f2-26f4-4b6d-9fcc-82c3872c3a4c ] Request - Headers: {'Content-Type': 'application/json', 'Accept': 'application/json', 'X-Auth-Token': ''} Body: None Response - Headers: {'status': '404', u'content-length': '132', 'content-location': 'http://172.30.9.25:9696/v2.0/ports/535540b0-358e-416d-8d3a-09d5a75cf2e4', u'date': 'Wed, 10 Oct 2018 05:15:54 GMT', u'content-type': 'application/json', u'connection': 'close', u'x-openstack-request-id': 'req-4e4570f2-26f4-4b6d-9fcc-82c3872c3a4c'} Body: {"NeutronError": {"message": "Port 535540b0-358e-416d-8d3a-09d5a75cf2e4 could not be found.", "type": "PortNotFound", "detail": ""}} _log_request_full /root/.rally/verification/verifier-0a1dbbed-2f25-4560-813e-979985b48b84/repo/tempest/lib/common/rest_client.py:434
2018-10-10 05:15:54.338 11605 INFO tempest.lib.common.rest_client [req-c304c1f9-2f46-4278-8520-8be8e640e7d9 ] Request (TrunkTestJSON:_run_cleanups): 404 DELETE http://172.30.9.25:9696/v2.0/trunks/d7f4664a-9d2f-493f-ae20-8604e943e805 0.149s
2018-10-10 05:15:54.338 11605 DEBUG tempest.lib.common.rest_client [req-c304c1f9-2f46-4278-8520-8be8e640e7d9 ] Request - Headers: {'Content-Type': 'application/json', 'Accept': 'application/json', 'X-Auth-Token': ''} Body: None Response - Headers: {'status': '404', u'content-length': '134', 'content-location': 'http://172.30.9.25:9696/v2.0/trunks/d7f4664a-9d2f-493f-ae20-8604e943e805', u'date': 'Wed, 10 Oct 2018 05:15:54 GMT', u'content-type': 'application/json', u'connection': 'close', u'x-openstack-request-id': 'req-c304c1f9-2f46-4278-8520-8be8e640e7d9'} Body: {"NeutronError": {"message": "Trunk d7f4664a-9d2f-493f-ae20-8604e943e805 could not be found.", "type": "TrunkNotFound", "detail": ""}} _log_request_full /root/.rally/verification/verifier-0a1dbbed-2f25-4560-813e-979985b48b84/repo/tempest/lib/common/rest_client.py:434
2018-10-10 05:15:54.362 11625 INFO tempest.lib.common.rest_client [req-53763bbc-7aed-42eb-af0e-c6adb2331097 ] Request (TrunkTestJSON:_run_cleanups): 404 DELETE http://172.30.9.25:9696/v2.0/ports/8d84518e-e8f4-4efd-9f81-38682ecbfaac 0.033s
2018-10-10 05:15:54.362 11625 DEBUG tempest.lib.common.rest_client [req-53763bbc-7aed-42eb-af0e-c6adb2331097 ] Request - Headers: {'Content-Type': 'application/json', 'Accept': 'application/json', 'X-Auth-Token': ''} Body: None Response - Headers: {'status': '404', u'content-length': '132', 'content-location': 'http://172.30.9.25:9696/v2.0/ports/8d84518e-e8f4-4efd-9f81-38682ecbfaac', u'date': 'Wed, 10 Oct 2018 05:15:54 GMT', u'content-type': 'application/json', u'connection': 'close', u'x-openstack-request-id': 'req-53763bbc-7aed-42eb-af0e-c6adb2331097'} Body: {"NeutronError": {"message": "Port 8d84518e-e8f4-4efd-9f81-38682ecbfaac could not be found.", "type": "PortNotFound", "detail": ""}} _log_request_full /root/.rally/verification/verifier-0a1dbbed-2f25-4560-813e-979985b48b84/repo/tempest/lib/common/rest_client.py:434
2018-10-10 05:15:54.363 11605 INFO tempest.lib.common.rest_client [req-375d63aa-25ea-476e-ab42-57c71cbc748e ] Request (TrunkTestJSON:_run_cleanups): 404 GET http://172.30.9.25:9696/v2.0/trunks/6662340b-a0ba-47eb-8d70-8a8a86ebbeae/get_subports 0.024s
2018-10-10 05:15:54.364 11605 DEBUG tempest.lib.common.rest_client [req-375d63aa-25ea-476e-ab42-57c71cbc748e ] Request - Headers: {'Content-Type': 'application/json', 'Accept': 'application/json', 'X-Auth-Token': ''} Body: None Response - Headers: {'status': '404', u'content-length': '134', 'content-location': 'http://172.30.9.25:9696/v2.0/trunks/6662340b-a0ba-47eb-8d70-8a8a86ebbeae/get_subports', u'date': 'Wed, 10 Oct 2018 05:15:54 GMT', u'content-type': 'application/json', u'connection': 'close', u'x-openstack-request-id': 'req-375d63aa-25ea-476e-ab42-57c71cbc748e'} Body: {"NeutronError": {"message": "Trunk 6662340b-a0ba-47eb-8d70-8a8a86ebbeae could not be found.", "type": "TrunkNotFound", "detail": ""}} _log_request_full /root/.rally/verification/verifier-0a1dbbed-2f25-4560-813e-979985b48b84/repo/tempest/lib/common/rest_client.py:434
2018-10-10 05:15:54.386 11605 INFO tempest.lib.common.rest_client [req-1fb8aea5-dffc-4cde-8404-341402ba1d2e ] Request (TrunkTestJSON:_run_cleanups): 404 DELETE http://172.30.9.25:9696/v2.0/trunks/6662340b-a0ba-47eb-8d70-8a8a86ebbeae 0.021s
2018-10-10 05:15:54.386 11605 DEBUG tempest.lib.common.rest_client [req-1fb8aea5-dffc-4cde-8404-341402ba1d2e ] Request - Headers: {'Content-Type': 'application/json', 'Accept': 'application/json', 'X-Auth-Token': ''} Body: None Response - Headers: {'status': '404', u'content-length': '134', 'content-location': 'http://172.30.9.25:9696/v2.0/trunks/6662340b-a0ba-47eb-8d70-8a8a86ebbeae', u'date': 'Wed, 10 Oct 2018 05:15:54 GMT', u'content-type': 'application/json', u'connection': 'close', u'x-openstack-request-id': 'req-1fb8aea5-dffc-4cde-8404-341402ba1d2e'} Body: {"NeutronError": {"message": "Trunk 6662340b-a0ba-47eb-8d70-8a8a86ebbeae could not be found.", "type": "TrunkNotFound", "detail": ""}} _log_request_full /root/.rally/verification/verifier-0a1dbbed-2f25-4560-813e-979985b48b84/repo/tempest/lib/common/rest_client.py:434
2018-10-10 05:15:54.395 11625 INFO tempest.lib.common.rest_client [req-74bae54c-16f1-4584-9b42-13e38ff05fdb ] Request (TrunkTestJSON:_run_cleanups): 404 DELETE http://172.30.9.25:9696/v2.0/ports/334b2f79-5766-4aba-9438-efc1adb2c495 0.032s
2018-10-10 05:15:54.396 11625 DEBUG tempest.lib.common.rest_client [req-74bae54c-16f1-4584-9b42-13e38ff05fdb ] Request - Headers: {'Content-Type': 'application/json', 'Accept': 'application/json', 'X-Auth-Token': ''} Body: None Response - Headers: {'status': '404', u'content-length': '132', 'content-location': 'http://172.30.9.25:9696/v2.0/ports/334b2f79-5766-4aba-9438-efc1adb2c495', u'date': 'Wed, 10 Oct 2018 05:15:54 GMT', u'content-type': 'application/json', u'connection': 'close', u'x-openstack-request-id': 'req-74bae54c-16f1-4584-9b42-13e38ff05fdb'} Body: {"NeutronError": {"message": "Port 334b2f79-5766-4aba-9438-efc1adb2c495 could not be found.", "type": "PortNotFound", "detail": ""}} _log_request_full /root/.rally/verification/verifier-0a1dbbed-2f25-4560-813e-979985b48b84/repo/tempest/lib/common/rest_client.py:434
2018-10-10 05:15:54.411 11605 INFO tempest.lib.common.rest_client [req-9a2c91ff-bfe1-422f-8f11-9c7ccd52b74a ] Request (TrunkTestJSON:_run_cleanups): 404 GET http://172.30.9.25:9696/v2.0/trunks/728cc60e-ce64-4d12-9f39-c485c387b2ab/get_subports 0.024s
2018-10-10 05:15:54.411 11605 DEBUG tempest.lib.common.rest_client [req-9a2c91ff-bfe1-422f-8f11-9c7ccd52b74a ] Request - Headers: {'Content-Type': 'application/json', 'Accept': 'application/json', 'X-Auth-Token': ''} Body: None Response - Headers: {'status': '404', u'content-length': '134', 'content-location': 'http://172.30.9.25:9696/v2.0/trunks/728cc60e-ce64-4d12-9f39-c485c387b2ab/get_subports', u'date': 'Wed, 10 Oct 2018 05:15:54 GMT', u'content-type': 'application/json', u'connection': 'close', u'x-openstack-request-id': 'req-9a2c91ff-bfe1-422f-8f11-9c7ccd52b74a'} Body: {"NeutronError": {"message": "Trunk 728cc60e-ce64-4d12-9f39-c485c387b2ab could not be found.", "type": "TrunkNotFound", "detail": ""}} _log_request_full /root/.rally/verification/verifier-0a1dbbed-2f25-4560-813e-979985b48b84/repo/tempest/lib/common/rest_client.py:434
2018-10-10 05:15:54.429 11625 INFO tempest.lib.common.rest_client [req-e8b4af08-ec8b-4e87-a63f-10c4bb64b316 ] Request (TrunkTestJSON:_run_cleanups): 404 DELETE http://172.30.9.25:9696/v2.0/ports/1d2959e0-b65e-47d8-ba39-d302b4c2aa09 0.033s
2018-10-10 05:15:54.430 11625 DEBUG tempest.lib.common.rest_client [req-e8b4af08-ec8b-4e87-a63f-10c4bb64b316 ] Request - Headers: {'Content-Type': 'application/json', 'Accept': 'application/json', 'X-Auth-Token': ''} Body: None Response - Headers: {'status': '404', u'content-length': '132', 'content-location': 'http://172.30.9.25:9696/v2.0/ports/1d2959e0-b65e-47d8-ba39-d302b4c2aa09', u'date': 'Wed, 10 Oct 2018 05:15:54 GMT', u'content-type': 'application/json', u'connection': 'close', u'x-openstack-request-id': 'req-e8b4af08-ec8b-4e87-a63f-10c4bb64b316'} Body: {"NeutronError": {"message": "Port 1d2959e0-b65e-47d8-ba39-d302b4c2aa09 could not be found.", "type": "PortNotFound", "detail": ""}} _log_request_full /root/.rally/verification/verifier-0a1dbbed-2f25-4560-813e-979985b48b84/repo/tempest/lib/common/rest_client.py:434
2018-10-10 05:15:54.442 11605 INFO tempest.lib.common.rest_client [req-38a9e794-43ec-4bfd-8433-2ed31a9a61f2 ] Request (TrunkTestJSON:_run_cleanups): 404 DELETE http://172.30.9.25:9696/v2.0/trunks/728cc60e-ce64-4d12-9f39-c485c387b2ab 0.030s
2018-10-10 05:15:54.443 11605 DEBUG tempest.lib.common.rest_client [req-38a9e794-43ec-4bfd-8433-2ed31a9a61f2 ] Request - Headers: {'Content-Type': 'application/json', 'Accept': 'application/json', 'X-Auth-Token': ''} Body: None Response - Headers: {'status': '404', u'content-length': '134', 'content-location': 'http://172.30.9.25:9696/v2.0/trunks/728cc60e-ce64-4d12-9f39-c485c387b2ab', u'date': 'Wed, 10 Oct 2018 05:15:54 GMT', u'content-type': 'application/json', u'connection': 'close', u'x-openstack-request-id': 'req-38a9e794-43ec-4bfd-8433-2ed31a9a61f2'} Body: {"NeutronError": {"message": "Trunk 728cc60e-ce64-4d12-9f39-c485c387b2ab could not be found.", "type": "TrunkNotFound", "detail": ""}} _log_request_full /root/.rally/verification/verifier-0a1dbbed-2f25-4560-813e-979985b48b84/repo/tempest/lib/common/rest_client.py:434
2018-10-10 05:15:54.474 11625 INFO tempest.lib.common.rest_client [req-ae62a56d-6e8f-4c8e-af6f-8627f394478b ] Request (TrunkTestJSON:_run_cleanups): 404 DELETE http://172.30.9.25:9696/v2.0/ports/3718bbad-5c57-4d4e-99fc-5720385e6f85 0.043s
2018-10-10 05:15:54.475 11625 DEBUG tempest.lib.common.rest_client [req-ae62a56d-6e8f-4c8e-af6f-8627f394478b ] Request - Headers: {'Content-Type': 'application/json', 'Accept': 'application/json', 'X-Auth-Token': ''} Body: None Response - Headers: {'status': '404', u'content-length': '132', 'content-location': 'http://172.30.9.25:9696/v2.0/ports/3718bbad-5c57-4d4e-99fc-5720385e6f85', u'date': 'Wed, 10 Oct 2018 05:15:54 GMT', u'content-type': 'application/json', u'connection': 'close', u'x-openstack-request-id': 'req-ae62a56d-6e8f-4c8e-af6f-8627f394478b'} Body: {"NeutronError": {"message": "Port 3718bbad-5c57-4d4e-99fc-5720385e6f85 could not be found.", "type": "PortNotFound", "detail": ""}} _log_request_full /root/.rally/verification/verifier-0a1dbbed-2f25-4560-813e-979985b48b84/repo/tempest/lib/common/rest_client.py:434
2018-10-10 05:15:54.482 11605 INFO tempest.lib.common.rest_client [req-0ba3a1bf-759b-4873-b29b-2c0aeb644215 ] Request (TrunkTestJSON:_run_cleanups): 404 DELETE http://172.30.9.25:9696/v2.0/ports/02b9b395-4744-4ae4-bd1a-edf8ae3447d4 0.038s
2018-10-10 05:15:54.483 11605 DEBUG tempest.lib.common.rest_client [req-0ba3a1bf-759b-4873-b29b-2c0aeb644215 ] Request - Headers: {'Content-Type': 'application/json', 'Accept': 'application/json', 'X-Auth-Token': ''} Body: None Response - Headers: {'status': '404', u'content-length': '132', 'content-location': 'http://172.30.9.25:9696/v2.0/ports/02b9b395-4744-4ae4-bd1a-edf8ae3447d4', u'date': 'Wed, 10 Oct 2018 05:15:54 GMT', u'content-type': 'application/json', u'connection': 'close', u'x-openstack-request-id': 'req-0ba3a1bf-759b-4873-b29b-2c0aeb644215'} Body: {"NeutronError": {"message": "Port 02b9b395-4744-4ae4-bd1a-edf8ae3447d4 could not be found.", "type": "PortNotFound", "detail": ""}} _log_request_full /root/.rally/verification/verifier-0a1dbbed-2f25-4560-813e-979985b48b84/repo/tempest/lib/common/rest_client.py:434
2018-10-10 05:15:54.540 11623 INFO tempest.lib.common.rest_client [req-b494e245-e973-476f-a179-76dd08d99eaa ] Request (TrunkTest:test_trunk_subport_lifecycle): 200 GET http://172.30.9.25:8774/v2.1/servers/ddeaf390-7400-4f67-9c16-920c8c95101e 0.624s
2018-10-10 05:15:54.541 11623 DEBUG tempest.lib.common.rest_client [req-b494e245-e973-476f-a179-76dd08d99eaa ] Request - Headers: {'Content-Type': 'application/json', 'Accept': 'application/json', 'X-Auth-Token': ''} Body: None Response - Headers: {'status': '200', u'content-length': '1402', 'content-location': 'http://172.30.9.25:8774/v2.1/servers/ddeaf390-7400-4f67-9c16-920c8c95101e', u'x-compute-request-id': 'req-b494e245-e973-476f-a179-76dd08d99eaa', u'vary': 'OpenStack-API-Version,X-OpenStack-Nova-API-Version,Accept-Encoding', u'server': 'Apache', u'openstack-api-version': 'compute 2.1', u'connection': 'close', u'x-openstack-nova-api-version': '2.1', u'date': 'Wed, 10 Oct 2018 05:15:53 GMT', u'content-type': 'application/json', u'x-openstack-request-id': 'req-b494e245-e973-476f-a179-76dd08d99eaa'} Body: {"server": {"OS-EXT-STS:task_state": "spawning", "addresses": {}, "links": [{"href": "http://172.30.9.25:8774/v2.1/servers/ddeaf390-7400-4f67-9c16-920c8c95101e", "rel": "self"}, {"href": "http://172.30.9.25:8774/servers/ddeaf390-7400-4f67-9c16-920c8c95101e", "rel": "bookmark"}], "image": {"id": "7469aac2-ede9-4220-a6f8-11252f5a5dae", "links": [{"href": "http://172.30.9.25:8774/images/7469aac2-ede9-4220-a6f8-11252f5a5dae", "rel": "bookmark"}]}, "OS-EXT-STS:vm_state": "building", "OS-SRV-USG:launched_at": null, "flavor": {"id": "2c66cb1b-1ba5-473a-b2db-832252501faa", "links": [{"href": "http://172.30.9.25:8774/flavors/2c66cb1b-1ba5-473a-b2db-832252501faa", "rel": "bookmark"}]}, "id": "ddeaf390-7400-4f67-9c16-920c8c95101e", "security_groups": [{"name": "tempest-secgroup--1533442362"}], "user_id": "8631dce0e00f44cba2f96fe1048a1ec2", "OS-DCF:diskConfig": "MANUAL", "accessIPv4": "", "accessIPv6": "", "progress": 0, "OS-EXT-STS:power_state": 0, "OS-EXT-AZ:availability_zone": "nova", "config_drive": "", "status": "BUILD", "updated": "2018-10-10T05:15:48Z", "hostId": "c57a2133146977206911c8524676a95020d70f3ab10f8ec4622b1ff2", "OS-SRV-USG:terminated_at": null, "key_name": "tempest-keypair-test-1216310249", "name": "tempest-server-test-1776240984", "created": "2018-10-10T05:15:47Z", "tenant_id": "40d69b73bd354c85a8069f6b2ebbe605", "os-extended-volumes:volumes_attached": [], "metadata": {}}} _log_request_full /root/.rally/verification/verifier-0a1dbbed-2f25-4560-813e-979985b48b84/repo/tempest/lib/common/rest_client.py:434
2018-10-10 05:15:54.653 11605 INFO tempest.lib.common.rest_client [req-675b896d-eafe-4bd2-91bc-c97959bb3946 ] Request (TrunkTestJSON:_run_cleanups): 404 DELETE http://172.30.9.25:9696/v2.0/ports/6ea3217e-6a45-4794-81ba-073c303b2fc2 0.169s
2018-10-10 05:15:54.654 11605 DEBUG tempest.lib.common.rest_client [req-675b896d-eafe-4bd2-91bc-c97959bb3946 ] Request - Headers: {'Content-Type': 'application/json', 'Accept': 'application/json', 'X-Auth-Token': ''} Body: None Response - Headers: {'status': '404', u'content-length': '132', 'content-location': 'http://172.30.9.25:9696/v2.0/ports/6ea3217e-6a45-4794-81ba-073c303b2fc2', u'date': 'Wed, 10 Oct 2018 05:15:54 GMT', u'content-type': 'application/json', u'connection': 'close', u'x-openstack-request-id': 'req-675b896d-eafe-4bd2-91bc-c97959bb3946'} Body: {"NeutronError": {"message": "Port 6ea3217e-6a45-4794-81ba-073c303b2fc2 could not be found.", "type": "PortNotFound", "detail": ""}} _log_request_full /root/.rally/verification/verifier-0a1dbbed-2f25-4560-813e-979985b48b84/repo/tempest/lib/common/rest_client.py:434
2018-10-10 05:15:54.687 11605 INFO tempest.lib.common.rest_client [req-ccde5b2a-6aa9-404e-9c3f-d749cc0425de ] Request (TrunkTestJSON:_run_cleanups): 404 DELETE http://172.30.9.25:9696/v2.0/ports/4b3690a8-5bfc-4e6e-a226-bb862d744b7e 0.033s
2018-10-10 05:15:54.688 11605 DEBUG tempest.lib.common.rest_client [req-ccde5b2a-6aa9-404e-9c3f-d749cc0425de ] Request - Headers: {'Content-Type': 'application/json', 'Accept': 'application/json', 'X-Auth-Token': ''} Body: None Response - Headers: {'status': '404', u'content-length': '132', 'content-location': 'http://172.30.9.25:9696/v2.0/ports/4b3690a8-5bfc-4e6e-a226-bb862d744b7e', u'date': 'Wed, 10 Oct 2018 05:15:54 GMT', u'content-type': 'application/json', u'connection': 'close', u'x-openstack-request-id': 'req-ccde5b2a-6aa9-404e-9c3f-d749cc0425de'} Body: {"NeutronError": {"message": "Port 4b3690a8-5bfc-4e6e-a226-bb862d744b7e could not be found.", "type": "PortNotFound", "detail": ""}} _log_request_full /root/.rally/verification/verifier-0a1dbbed-2f25-4560-813e-979985b48b84/repo/tempest/lib/common/rest_client.py:434
2018-10-10 05:15:54.724 11605 INFO tempest.lib.common.rest_client [req-1f4380b5-23be-4f6f-afb0-d77b6e7217c2 ] Request (TrunkTestJSON:_run_cleanups): 404 DELETE http://172.30.9.25:9696/v2.0/ports/6e3c8a10-f612-457a-b70b-ab0688bbfec7 0.035s
2018-10-10 05:15:54.724 11605 DEBUG tempest.lib.common.rest_client [req-1f4380b5-23be-4f6f-afb0-d77b6e7217c2 ] Request - Headers: {'Content-Type': 'application/json', 'Accept': 'application/json', 'X-Auth-Token': ''} Body: None Response - Headers: {'status': '404', u'content-length': '132', 'content-location': 'http://172.30.9.25:9696/v2.0/ports/6e3c8a10-f612-457a-b70b-ab0688bbfec7', u'date': 'Wed, 10 Oct 2018 05:15:54 GMT', u'content-type': 'application/json', u'connection': 'close', u'x-openstack-request-id': 'req-1f4380b5-23be-4f6f-afb0-d77b6e7217c2'} Body: {"NeutronError": {"message": "Port 6e3c8a10-f612-457a-b70b-ab0688bbfec7 could not be found.", "type": "PortNotFound", "detail": ""}} _log_request_full /root/.rally/verification/verifier-0a1dbbed-2f25-4560-813e-979985b48b84/repo/tempest/lib/common/rest_client.py:434
2018-10-10 05:15:54.758 11605 INFO tempest.lib.common.rest_client [req-8061677a-0942-4574-a7d8-e031394d96bb ] Request (TrunkTestJSON:_run_cleanups): 404 DELETE http://172.30.9.25:9696/v2.0/ports/ceae4f97-f182-4a47-affb-69b945854677 0.032s
2018-10-10 05:15:54.758 11605 DEBUG tempest.lib.common.rest_client [req-8061677a-0942-4574-a7d8-e031394d96bb ] Request - Headers: {'Content-Type': 'application/json', 'Accept': 'application/json', 'X-Auth-Token': ''} Body: None Response - Headers: {'status': '404', u'content-length': '132', 'content-location': 'http://172.30.9.25:9696/v2.0/ports/ceae4f97-f182-4a47-affb-69b945854677', u'date': 'Wed, 10 Oct 2018 05:15:54 GMT', u'content-type': 'application/json', u'connection': 'close', u'x-openstack-request-id': 'req-8061677a-0942-4574-a7d8-e031394d96bb'} Body: {"NeutronError": {"message": "Port ceae4f97-f182-4a47-affb-69b945854677 could not be found.", "type": "PortNotFound", "detail": ""}} _log_request_full /root/.rally/verification/verifier-0a1dbbed-2f25-4560-813e-979985b48b84/repo/tempest/lib/common/rest_client.py:434
2018-10-10 05:15:54.793 11605 INFO tempest.lib.common.rest_client [req-773e5249-0e7a-4acb-ab5b-42215f77abbc ] Request (TrunkTestJSON:_run_cleanups): 404 DELETE http://172.30.9.25:9696/v2.0/ports/4a060773-69e8-417b-b3b7-9f38b2c1fbca 0.034s
2018-10-10 05:15:54.793 11605 DEBUG tempest.lib.common.rest_client [req-773e5249-0e7a-4acb-ab5b-42215f77abbc ] Request - Headers: {'Content-Type': 'application/json', 'Accept': 'application/json', 'X-Auth-Token': ''} Body: None Response - Headers: {'status': '404', u'content-length': '132', 'content-location': 'http://172.30.9.25:9696/v2.0/ports/4a060773-69e8-417b-b3b7-9f38b2c1fbca', u'date': 'Wed, 10 Oct 2018 05:15:54 GMT', u'content-type': 'application/json', u'connection': 'close', u'x-openstack-request-id': 'req-773e5249-0e7a-4acb-ab5b-42215f77abbc'} Body: {"NeutronError": {"message": "Port 4a060773-69e8-417b-b3b7-9f38b2c1fbca could not be found.", "type": "PortNotFound", "detail": ""}} _log_request_full /root/.rally/verification/verifier-0a1dbbed-2f25-4560-813e-979985b48b84/repo/tempest/lib/common/rest_client.py:434
2018-10-10 05:15:54.798 11625 INFO tempest.lib.common.rest_client [req-f249de35-919e-4f64-beca-9b20b8486353 ] Request (TrunkTestJSON:_run_cleanups): 204 DELETE http://172.30.9.25:9696/v2.0/ports/d4eb16ba-501e-4039-b56e-b56e35e27703 0.322s
2018-10-10 05:15:54.798 11625 DEBUG tempest.lib.common.rest_client [req-f249de35-919e-4f64-beca-9b20b8486353 ] Request - Headers: {'Content-Type': 'application/json', 'Accept': 'application/json', 'X-Auth-Token': ''} Body: None Response - Headers: {'status': '204', u'content-length': '0', 'content-location': 'http://172.30.9.25:9696/v2.0/ports/d4eb16ba-501e-4039-b56e-b56e35e27703', u'date': 'Wed, 10 Oct 2018 05:15:54 GMT', u'connection': 'close', u'x-openstack-request-id': 'req-f249de35-919e-4f64-beca-9b20b8486353'} Body: _log_request_full /root/.rally/verification/verifier-0a1dbbed-2f25-4560-813e-979985b48b84/repo/tempest/lib/common/rest_client.py:434
2018-10-10 05:15:54.819 11605 INFO tempest.lib.common.rest_client [req-5b4075b7-7056-4966-80f8-a676d50b9bcc ] Request (TrunkTestJSON:_run_cleanups): 404 DELETE http://172.30.9.25:9696/v2.0/networks/65c3b7ea-41df-46aa-b71a-73862830c81d 0.025s
2018-10-10 05:15:54.820 11605 DEBUG tempest.lib.common.rest_client [req-5b4075b7-7056-4966-80f8-a676d50b9bcc ] Request - Headers: {'Content-Type': 'application/json', 'Accept': 'application/json', 'X-Auth-Token': ''} Body: None Response - Headers: {'status': '404', u'content-length': '138', 'content-location': 'http://172.30.9.25:9696/v2.0/networks/65c3b7ea-41df-46aa-b71a-73862830c81d', u'date': 'Wed, 10 Oct 2018 05:15:54 GMT', u'content-type': 'application/json', u'connection': 'close', u'x-openstack-request-id': 'req-5b4075b7-7056-4966-80f8-a676d50b9bcc'} Body: {"NeutronError": {"message": "Network 65c3b7ea-41df-46aa-b71a-73862830c81d could not be found.", "type": "NetworkNotFound", "detail": ""}} _log_request_full /root/.rally/verification/verifier-0a1dbbed-2f25-4560-813e-979985b48b84/repo/tempest/lib/common/rest_client.py:434
2018-10-10 05:15:54.823 11625 INFO tempest.lib.common.rest_client [req-4c34ee39-3ea8-400b-b084-a73bc98c2de6 ] Request (TrunkTestJSON:_run_cleanups): 404 DELETE http://172.30.9.25:9696/v2.0/networks/d48be089-154d-497c-8f01-1583a488d7eb 0.024s
2018-10-10 05:15:54.823 11625 DEBUG tempest.lib.common.rest_client [req-4c34ee39-3ea8-400b-b084-a73bc98c2de6 ] Request - Headers: {'Content-Type': 'application/json', 'Accept': 'application/json', 'X-Auth-Token': ''} Body: None Response - Headers: {'status': '404', u'content-length': '138', 'content-location': 'http://172.30.9.25:9696/v2.0/networks/d48be089-154d-497c-8f01-1583a488d7eb', u'date': 'Wed, 10 Oct 2018 05:15:54 GMT', u'content-type': 'application/json', u'connection': 'close', u'x-openstack-request-id': 'req-4c34ee39-3ea8-400b-b084-a73bc98c2de6'} Body: {"NeutronError": {"message": "Network d48be089-154d-497c-8f01-1583a488d7eb could not be found.", "type": "NetworkNotFound", "detail": ""}} _log_request_full /root/.rally/verification/verifier-0a1dbbed-2f25-4560-813e-979985b48b84/repo/tempest/lib/common/rest_client.py:434
2018-10-10 05:15:54.850 11625 INFO tempest.lib.common.rest_client [req-d0c03613-5efb-4916-9f48-cfe2ba8926ce ] Request (TrunkTestJSON:_run_cleanups): 404 DELETE http://172.30.9.25:9696/v2.0/networks/63614e3a-ef1e-45be-b995-7d4a1d120390 0.026s
2018-10-10 05:15:54.850 11625 DEBUG tempest.lib.common.rest_client [req-d0c03613-5efb-4916-9f48-cfe2ba8926ce ] Request - Headers: {'Content-Type': 'application/json', 'Accept': 'application/json', 'X-Auth-Token': ''} Body: None Response - Headers: {'status': '404', u'content-length': '138', 'content-location': 'http://172.30.9.25:9696/v2.0/networks/63614e3a-ef1e-45be-b995-7d4a1d120390', u'date': 'Wed, 10 Oct 2018 05:15:54 GMT', u'content-type': 'application/json', u'connection': 'close', u'x-openstack-request-id': 'req-d0c03613-5efb-4916-9f48-cfe2ba8926ce'} Body: {"NeutronError": {"message": "Network 63614e3a-ef1e-45be-b995-7d4a1d120390 could not be found.", "type": "NetworkNotFound", "detail": ""}} _log_request_full /root/.rally/verification/verifier-0a1dbbed-2f25-4560-813e-979985b48b84/repo/tempest/lib/common/rest_client.py:434
2018-10-10 05:15:54.886 11625 INFO tempest.lib.common.rest_client [req-38a2f016-2c08-4a92-a09e-36b6f815ee67 ] Request (TrunkTestJSON:_run_cleanups): 404 DELETE http://172.30.9.25:9696/v2.0/networks/1e88a15e-7452-499d-b2eb-edc2e7745bf7 0.034s
2018-10-10 05:15:54.886 11625 DEBUG tempest.lib.common.rest_client [req-38a2f016-2c08-4a92-a09e-36b6f815ee67 ] Request - Headers: {'Content-Type': 'application/json', 'Accept': 'application/json', 'X-Auth-Token': ''} Body: None Response - Headers: {'status': '404', u'content-length': '138', 'content-location': 'http://172.30.9.25:9696/v2.0/networks/1e88a15e-7452-499d-b2eb-edc2e7745bf7', u'date': 'Wed, 10 Oct 2018 05:15:54 GMT', u'content-type': 'application/json', u'connection': 'close', u'x-openstack-request-id': 'req-38a2f016-2c08-4a92-a09e-36b6f815ee67'} Body: {"NeutronError": {"message": "Network 1e88a15e-7452-499d-b2eb-edc2e7745bf7 could not be found.", "type": "NetworkNotFound", "detail": ""}} _log_request_full /root/.rally/verification/verifier-0a1dbbed-2f25-4560-813e-979985b48b84/repo/tempest/lib/common/rest_client.py:434
2018-10-10 05:15:54.912 11625 INFO tempest.lib.common.rest_client [req-cd805e65-6a87-44e4-9ef8-2c07422d5f80 ] Request (TrunkTestJSON:_run_cleanups): 404 DELETE http://172.30.9.25:9696/v2.0/networks/fdb5c207-2261-4ad1-8479-d378bafb4dbd 0.025s
2018-10-10 05:15:54.912 11625 DEBUG tempest.lib.common.rest_client [req-cd805e65-6a87-44e4-9ef8-2c07422d5f80 ] Request - Headers: {'Content-Type': 'application/json', 'Accept': 'application/json', 'X-Auth-Token': ''} Body: None Response - Headers: {'status': '404', u'content-length': '138', 'content-location': 'http://172.30.9.25:9696/v2.0/networks/fdb5c207-2261-4ad1-8479-d378bafb4dbd', u'date': 'Wed, 10 Oct 2018 05:15:54 GMT', u'content-type': 'application/json', u'connection': 'close', u'x-openstack-request-id': 'req-cd805e65-6a87-44e4-9ef8-2c07422d5f80'} Body: {"NeutronError": {"message": "Network fdb5c207-2261-4ad1-8479-d378bafb4dbd could not be found.", "type": "NetworkNotFound", "detail": ""}} _log_request_full /root/.rally/verification/verifier-0a1dbbed-2f25-4560-813e-979985b48b84/repo/tempest/lib/common/rest_client.py:434
2018-10-10 05:15:54.938 11625 INFO tempest.lib.common.rest_client [req-a5352b99-7a80-48da-b167-aa0ff0cae3bc ] Request (TrunkTestJSON:_run_cleanups): 404 DELETE http://172.30.9.25:9696/v2.0/networks/b439d88d-a5db-4fef-814d-0af3190e3207 0.025s
2018-10-10 05:15:54.938 11625 DEBUG tempest.lib.common.rest_client [req-a5352b99-7a80-48da-b167-aa0ff0cae3bc ] Request - Headers: {'Content-Type': 'application/json', 'Accept': 'application/json', 'X-Auth-Token': ''} Body: None Response - Headers: {'status': '404', u'content-length': '138', 'content-location': 'http://172.30.9.25:9696/v2.0/networks/b439d88d-a5db-4fef-814d-0af3190e3207', u'date': 'Wed, 10 Oct 2018 05:15:54 GMT', u'content-type': 'application/json', u'connection': 'close', u'x-openstack-request-id': 'req-a5352b99-7a80-48da-b167-aa0ff0cae3bc'} Body: {"NeutronError": {"message": "Network b439d88d-a5db-4fef-814d-0af3190e3207 could not be found.", "type": "NetworkNotFound", "detail": ""}} _log_request_full /root/.rally/verification/verifier-0a1dbbed-2f25-4560-813e-979985b48b84/repo/tempest/lib/common/rest_client.py:434
2018-10-10 05:15:54.994 11605 INFO tempest.lib.common.rest_client [req-2586f82d-4007-45d7-b7e6-ea4b6097d119 ] Request (TrunkTestJSON:_run_cleanups): 404 DELETE http://172.30.9.25:9696/v2.0/networks/8cac7439-6f79-4d50-8878-5b00f23e617a 0.173s
2018-10-10 05:15:54.994 11605 DEBUG tempest.lib.common.rest_client [req-2586f82d-4007-45d7-b7e6-ea4b6097d119 ] Request - Headers: {'Content-Type': 'application/json', 'Accept': 'application/json', 'X-Auth-Token': ''} Body: None Response - Headers: {'status': '404', u'content-length': '138', 'content-location': 'http://172.30.9.25:9696/v2.0/networks/8cac7439-6f79-4d50-8878-5b00f23e617a', u'date': 'Wed, 10 Oct 2018 05:15:54 GMT', u'content-type': 'application/json', u'connection': 'close', u'x-openstack-request-id': 'req-2586f82d-4007-45d7-b7e6-ea4b6097d119'} Body: {"NeutronError": {"message": "Network 8cac7439-6f79-4d50-8878-5b00f23e617a could not be found.", "type": "NetworkNotFound", "detail": ""}} _log_request_full /root/.rally/verification/verifier-0a1dbbed-2f25-4560-813e-979985b48b84/repo/tempest/lib/common/rest_client.py:434
2018-10-10 05:15:55.020 11605 INFO tempest.lib.common.rest_client [req-1c2574d4-47ee-49e0-b260-6ad83acaed3e ] Request (TrunkTestJSON:_run_cleanups): 404 DELETE http://172.30.9.25:9696/v2.0/networks/e0d301ee-b675-48da-b0e8-16811295c616 0.025s
2018-10-10 05:15:55.020 11605 DEBUG tempest.lib.common.rest_client [req-1c2574d4-47ee-49e0-b260-6ad83acaed3e ] Request - Headers: {'Content-Type': 'application/json', 'Accept': 'application/json', 'X-Auth-Token': ''} Body: None Response - Headers: {'status': '404', u'content-length': '138', 'content-location': 'http://172.30.9.25:9696/v2.0/networks/e0d301ee-b675-48da-b0e8-16811295c616', u'date': 'Wed, 10 Oct 2018 05:15:54 GMT', u'content-type': 'application/json', u'connection': 'close', u'x-openstack-request-id': 'req-1c2574d4-47ee-49e0-b260-6ad83acaed3e'} Body: {"NeutronError": {"message": "Network e0d301ee-b675-48da-b0e8-16811295c616 could not be found.", "type": "NetworkNotFound", "detail": ""}} _log_request_full /root/.rally/verification/verifier-0a1dbbed-2f25-4560-813e-979985b48b84/repo/tempest/lib/common/rest_client.py:434
2018-10-10 05:15:55.047 11605 INFO tempest.lib.common.rest_client [req-c783af6c-f508-40e1-9786-628a852e8c87 ] Request (TrunkTestJSON:_run_cleanups): 404 DELETE http://172.30.9.25:9696/v2.0/networks/b376c5ea-0c13-4191-8a57-ed263c90dd0e 0.026s
2018-10-10 05:15:55.047 11605 DEBUG tempest.lib.common.rest_client [req-c783af6c-f508-40e1-9786-628a852e8c87 ] Request - Headers: {'Content-Type': 'application/json', 'Accept': 'application/json', 'X-Auth-Token': ''} Body: None Response - Headers: {'status': '404', u'content-length': '138', 'content-location': 'http://172.30.9.25:9696/v2.0/networks/b376c5ea-0c13-4191-8a57-ed263c90dd0e', u'date': 'Wed, 10 Oct 2018 05:15:55 GMT', u'content-type': 'application/json', u'connection': 'close', u'x-openstack-request-id': 'req-c783af6c-f508-40e1-9786-628a852e8c87'} Body: {"NeutronError": {"message": "Network b376c5ea-0c13-4191-8a57-ed263c90dd0e could not be found.", "type": "NetworkNotFound", "detail": ""}} _log_request_full /root/.rally/verification/verifier-0a1dbbed-2f25-4560-813e-979985b48b84/repo/tempest/lib/common/rest_client.py:434
2018-10-10 05:15:55.072 11605 INFO tempest.lib.common.rest_client [req-4e199aef-8f34-4d85-8d6d-4a810faea229 ] Request (TrunkTestJSON:_run_cleanups): 404 DELETE http://172.30.9.25:9696/v2.0/networks/fecdfd1d-de6b-47c2-9836-8546047bc9b9 0.023s
2018-10-10 05:15:55.072 11605 DEBUG tempest.lib.common.rest_client [req-4e199aef-8f34-4d85-8d6d-4a810faea229 ] Request - Headers: {'Content-Type': 'application/json', 'Accept': 'application/json', 'X-Auth-Token': ''} Body: None Response - Headers: {'status': '404', u'content-length': '138', 'content-location': 'http://172.30.9.25:9696/v2.0/networks/fecdfd1d-de6b-47c2-9836-8546047bc9b9', u'date': 'Wed, 10 Oct 2018 05:15:55 GMT', u'content-type': 'application/json', u'connection': 'close', u'x-openstack-request-id': 'req-4e199aef-8f34-4d85-8d6d-4a810faea229'} Body: {"NeutronError": {"message": "Network fecdfd1d-de6b-47c2-9836-8546047bc9b9 could not be found.", "type": "NetworkNotFound", "detail": ""}} _log_request_full /root/.rally/verification/verifier-0a1dbbed-2f25-4560-813e-979985b48b84/repo/tempest/lib/common/rest_client.py:434
2018-10-10 05:15:55.613 11625 INFO tempest.lib.common.rest_client [req-c468f48e-1db0-42c9-9666-6bb5ffbe1290 ] Request (TrunkTestJSON:_run_cleanups): 204 DELETE http://172.30.9.25:9696/v2.0/networks/f0f1e228-3603-48c0-93aa-0dc9a32a13f2 0.673s
2018-10-10 05:15:55.613 11625 DEBUG tempest.lib.common.rest_client [req-c468f48e-1db0-42c9-9666-6bb5ffbe1290 ] Request - Headers: {'Content-Type': 'application/json', 'Accept': 'application/json', 'X-Auth-Token': ''} Body: None Response - Headers: {'status': '204', u'content-length': '0', 'content-location': 'http://172.30.9.25:9696/v2.0/networks/f0f1e228-3603-48c0-93aa-0dc9a32a13f2', u'date': 'Wed, 10 Oct 2018 05:15:55 GMT', u'connection': 'close', u'x-openstack-request-id': 'req-c468f48e-1db0-42c9-9666-6bb5ffbe1290'} Body: _log_request_full /root/.rally/verification/verifier-0a1dbbed-2f25-4560-813e-979985b48b84/repo/tempest/lib/common/rest_client.py:434
2018-10-10 05:15:55.824 11605 INFO tempest.lib.common.rest_client [req-faaa39fb-223c-4c28-94f4-76b2792d2b47 ] Request (TrunkTestJSON:test_create_subport_missing_segmentation_id): 201 POST http://172.30.9.25:9696/v2.0/networks 0.749s
2018-10-10 05:15:55.824 11605 DEBUG tempest.lib.common.rest_client [req-faaa39fb-223c-4c28-94f4-76b2792d2b47 ] Request - Headers: {'Content-Type': 'application/json', 'Accept': 'application/json', 'X-Auth-Token': ''} Body: {"network": {"name": "tempest-test-network--1025990988"}} Response - Headers: {'status': '201', u'content-length': '590', 'content-location': 'http://172.30.9.25:9696/v2.0/networks', u'date': 'Wed, 10 Oct 2018 05:15:55 GMT', u'content-type': 'application/json', u'connection': 'close', u'x-openstack-request-id': 'req-faaa39fb-223c-4c28-94f4-76b2792d2b47'} Body: {"network":{"ipv6_address_scope":null,"revision_number":3,"port_security_enabled":true,"id":"76cc9bdc-2ee9-40b9-b7b1-92931fa73a84","router:external":false,"availability_zone_hints":[],"availability_zones":[],"ipv4_address_scope":null,"shared":false,"project_id":"118e983369c9411baed3f93f3f8f67c2","status":"ACTIVE","subnets":[],"description":"","tags":[],"updated_at":"2018-10-10T05:15:55Z","is_default":false,"name":"tempest-test-network--1025990988","qos_policy_id":null,"admin_state_up":true,"tenant_id":"118e983369c9411baed3f93f3f8f67c2","created_at":"2018-10-10T05:15:55Z","mtu":1450}} _log_request_full /root/.rally/verification/verifier-0a1dbbed-2f25-4560-813e-979985b48b84/repo/tempest/lib/common/rest_client.py:434
2018-10-10 05:15:55.895 11625 INFO tempest.lib.common.rest_client [req-1fef2441-8997-444d-9f90-ea07e1ec1462 ] Request (TrunkTestJSON:test_create_update_trunk_with_description): 201 POST http://172.30.9.25:9696/v2.0/networks 0.279s
2018-10-10 05:15:55.896 11625 DEBUG tempest.lib.common.rest_client [req-1fef2441-8997-444d-9f90-ea07e1ec1462 ] Request - Headers: {'Content-Type': 'application/json', 'Accept': 'application/json', 'X-Auth-Token': ''} Body: {"network": {"name": "tempest-test-network--908624110"}} Response - Headers: {'status': '201', u'content-length': '589', 'content-location': 'http://172.30.9.25:9696/v2.0/networks', u'date': 'Wed, 10 Oct 2018 05:15:55 GMT', u'content-type': 'application/json', u'connection': 'close', u'x-openstack-request-id': 'req-1fef2441-8997-444d-9f90-ea07e1ec1462'} Body: {"network":{"ipv6_address_scope":null,"revision_number":3,"port_security_enabled":true,"id":"74a930b6-d1f9-41c4-a757-c5171165d487","router:external":false,"availability_zone_hints":[],"availability_zones":[],"ipv4_address_scope":null,"shared":false,"project_id":"f7712049c9ee44a39f7a6cb8f167c4d4","status":"ACTIVE","subnets":[],"description":"","tags":[],"updated_at":"2018-10-10T05:15:55Z","is_default":false,"name":"tempest-test-network--908624110","qos_policy_id":null,"admin_state_up":true,"tenant_id":"f7712049c9ee44a39f7a6cb8f167c4d4","created_at":"2018-10-10T05:15:55Z","mtu":1450}} _log_request_full /root/.rally/verification/verifier-0a1dbbed-2f25-4560-813e-979985b48b84/repo/tempest/lib/common/rest_client.py:434
2018-10-10 05:15:56.183 11623 INFO tempest.lib.common.rest_client [req-93a801bb-8330-4de2-9d3f-f8e9d01488d9 ] Request (TrunkTest:test_trunk_subport_lifecycle): 200 GET http://172.30.9.25:8774/v2.1/servers/ddeaf390-7400-4f67-9c16-920c8c95101e 0.628s
