2018-10-04 05:13:37.218 11564 DEBUG tempest.lib.common.rest_client [req-93d73f79-b638-4012-8896-b84ba86e7af6 ] Request - Headers: {'Content-Type': 'application/json', 'Accept': 'application/json', 'X-Auth-Token': ''} Body: None Response - Headers: {'status': '404', u'content-length': '138', 'content-location': 'http://172.30.9.23:9696/v2.0/networks/48926db2-e442-47ef-8cd6-7afc623381b4', u'date': 'Thu, 04 Oct 2018 05:13:37 GMT', u'content-type': 'application/json', u'connection': 'close', u'x-openstack-request-id': 'req-93d73f79-b638-4012-8896-b84ba86e7af6'} Body: {"NeutronError": {"message": "Network 48926db2-e442-47ef-8cd6-7afc623381b4 could not be found.", "type": "NetworkNotFound", "detail": ""}} _log_request_full /root/.rally/verification/verifier-30bd7221-dd79-42ed-af25-0d075c6a5bd6/repo/tempest/lib/common/rest_client.py:434
2018-10-04 05:13:37.246 11564 INFO tempest.lib.common.rest_client [req-b5a6e7d7-0e92-4e09-a072-d2b252e531c2 ] Request (TrunkTestJSON:_run_cleanups): 404 DELETE http://172.30.9.23:9696/v2.0/networks/145e89bd-be1d-4218-a87f-d228568ddd9e 0.027s
2018-10-04 05:13:37.246 11564 DEBUG tempest.lib.common.rest_client [req-b5a6e7d7-0e92-4e09-a072-d2b252e531c2 ] Request - Headers: {'Content-Type': 'application/json', 'Accept': 'application/json', 'X-Auth-Token': ''} Body: None Response - Headers: {'status': '404', u'content-length': '138', 'content-location': 'http://172.30.9.23:9696/v2.0/networks/145e89bd-be1d-4218-a87f-d228568ddd9e', u'date': 'Thu, 04 Oct 2018 05:13:37 GMT', u'content-type': 'application/json', u'connection': 'close', u'x-openstack-request-id': 'req-b5a6e7d7-0e92-4e09-a072-d2b252e531c2'} Body: {"NeutronError": {"message": "Network 145e89bd-be1d-4218-a87f-d228568ddd9e could not be found.", "type": "NetworkNotFound", "detail": ""}} _log_request_full /root/.rally/verification/verifier-30bd7221-dd79-42ed-af25-0d075c6a5bd6/repo/tempest/lib/common/rest_client.py:434
2018-10-04 05:13:37.273 11564 INFO tempest.lib.common.rest_client [req-d2d542c1-fdae-4f4b-ab32-342725d3fb56 ] Request (TrunkTestJSON:_run_cleanups): 404 DELETE http://172.30.9.23:9696/v2.0/networks/08fd9e09-f716-4cc9-9a7b-6cbc3edcc009 0.026s
2018-10-04 05:13:37.274 11564 DEBUG tempest.lib.common.rest_client [req-d2d542c1-fdae-4f4b-ab32-342725d3fb56 ] Request - Headers: {'Content-Type': 'application/json', 'Accept': 'application/json', 'X-Auth-Token': ''} Body: None Response - Headers: {'status': '404', u'content-length': '138', 'content-location': 'http://172.30.9.23:9696/v2.0/networks/08fd9e09-f716-4cc9-9a7b-6cbc3edcc009', u'date': 'Thu, 04 Oct 2018 05:13:37 GMT', u'content-type': 'application/json', u'connection': 'close', u'x-openstack-request-id': 'req-d2d542c1-fdae-4f4b-ab32-342725d3fb56'} Body: {"NeutronError": {"message": "Network 08fd9e09-f716-4cc9-9a7b-6cbc3edcc009 could not be found.", "type": "NetworkNotFound", "detail": ""}} _log_request_full /root/.rally/verification/verifier-30bd7221-dd79-42ed-af25-0d075c6a5bd6/repo/tempest/lib/common/rest_client.py:434
2018-10-04 05:13:37.714 11584 INFO tempest.lib.common.rest_client [req-2f9c62ad-16a8-494d-af4d-49b46257fa09 ] Request (TrunkTestJSON:test_delete_trunk_with_subport_is_allowed): 201 POST http://172.30.9.23:9696/v2.0/ports 0.817s
2018-10-04 05:13:37.715 11584 DEBUG tempest.lib.common.rest_client [req-2f9c62ad-16a8-494d-af4d-49b46257fa09 ] Request - Headers: {'Content-Type': 'application/json', 'Accept': 'application/json', 'X-Auth-Token': ''} Body: {"port": {"network_id": "29b63779-e0d2-4400-b099-8302ee3ae493"}} Response - Headers: {'status': '201', u'content-length': '615', 'content-location': 'http://172.30.9.23:9696/v2.0/ports', u'date': 'Thu, 04 Oct 2018 05:13:37 GMT', u'content-type': 'application/json', u'connection': 'close', u'x-openstack-request-id': 'req-2f9c62ad-16a8-494d-af4d-49b46257fa09'} Body: {"port":{"status":"DOWN","created_at":"2018-10-04T05:13:37Z","description":"","allowed_address_pairs":[],"tags":[],"network_id":"29b63779-e0d2-4400-b099-8302ee3ae493","tenant_id":"ad0973b60bb24803a5d26f4d52ea1267","extra_dhcp_opts":[],"admin_state_up":true,"updated_at":"2018-10-04T05:13:37Z","name":"","device_owner":"","revision_number":2,"mac_address":"fa:16:3e:6d:36:01","binding:vnic_type":"normal","port_security_enabled":true,"project_id":"ad0973b60bb24803a5d26f4d52ea1267","fixed_ips":[],"id":"01646fb7-1fab-4844-8e73-245184c6f438","security_groups":["c0aa1683-c525-425f-af86-976635c744ca"],"device_id":""}} _log_request_full /root/.rally/verification/verifier-30bd7221-dd79-42ed-af25-0d075c6a5bd6/repo/tempest/lib/common/rest_client.py:434
2018-10-04 05:13:37.849 11564 INFO tempest.lib.common.rest_client [req-2d0dc1b7-9ac8-4486-b3c8-8aab84959355 ] Request (TrunkTestJSON:_run_cleanups): 204 DELETE http://172.30.9.23:9696/v2.0/networks/588891ae-1b39-4c0a-8579-c409c5257fa6 0.574s
2018-10-04 05:13:37.849 11564 DEBUG tempest.lib.common.rest_client [req-2d0dc1b7-9ac8-4486-b3c8-8aab84959355 ] Request - Headers: {'Content-Type': 'application/json', 'Accept': 'application/json', 'X-Auth-Token': ''} Body: None Response - Headers: {'status': '204', u'content-length': '0', 'content-location': 'http://172.30.9.23:9696/v2.0/networks/588891ae-1b39-4c0a-8579-c409c5257fa6', u'date': 'Thu, 04 Oct 2018 05:13:37 GMT', u'connection': 'close', u'x-openstack-request-id': 'req-2d0dc1b7-9ac8-4486-b3c8-8aab84959355'} Body: _log_request_full /root/.rally/verification/verifier-30bd7221-dd79-42ed-af25-0d075c6a5bd6/repo/tempest/lib/common/rest_client.py:434
2018-10-04 05:13:38.223 11564 INFO tempest.lib.common.rest_client [req-18762e2e-49a9-4d1f-b1cc-09625d627c9f ] Request (TrunkTestJSON:test_create_subport_nonexistent_trunk): 201 POST http://172.30.9.23:9696/v2.0/networks 0.371s
2018-10-04 05:13:38.224 11564 DEBUG tempest.lib.common.rest_client [req-18762e2e-49a9-4d1f-b1cc-09625d627c9f ] Request - Headers: {'Content-Type': 'application/json', 'Accept': 'application/json', 'X-Auth-Token': ''} Body: {"network": {"name": "tempest-test-network--1225578433"}} Response - Headers: {'status': '201', u'content-length': '569', 'content-location': 'http://172.30.9.23:9696/v2.0/networks', u'date': 'Thu, 04 Oct 2018 05:13:38 GMT', u'content-type': 'application/json', u'connection': 'close', u'x-openstack-request-id': 'req-18762e2e-49a9-4d1f-b1cc-09625d627c9f'} Body: {"network":{"status":"ACTIVE","router:external":false,"availability_zone_hints":[],"availability_zones":[],"description":"","subnets":[],"shared":false,"tenant_id":"0b552bccfdb240ab81c1e1ee227dee59","created_at":"2018-10-04T05:13:37Z","tags":[],"ipv6_address_scope":null,"mtu":1450,"updated_at":"2018-10-04T05:13:37Z","admin_state_up":true,"revision_number":2,"ipv4_address_scope":null,"is_default":false,"port_security_enabled":true,"project_id":"0b552bccfdb240ab81c1e1ee227dee59","id":"7c2fc268-0e44-4b94-846a-4bbde1775bde","name":"tempest-test-network--1225578433"}} _log_request_full /root/.rally/verification/verifier-30bd7221-dd79-42ed-af25-0d075c6a5bd6/repo/tempest/lib/common/rest_client.py:434
2018-10-04 05:13:38.303 11584 INFO tempest.lib.common.rest_client [req-cac01333-9de5-4e45-aea1-4de1ad26405a ] Request (TrunkTestJSON:test_delete_trunk_with_subport_is_allowed): 201 POST http://172.30.9.23:9696/v2.0/trunks 0.587s
2018-10-04 05:13:38.304 11584 DEBUG tempest.lib.common.rest_client [req-cac01333-9de5-4e45-aea1-4de1ad26405a ] Request - Headers: {'Content-Type': 'application/json', 'Accept': 'application/json', 'X-Auth-Token': ''} Body: {"trunk": {"sub_ports": [{"segmentation_type": "vlan", "port_id": "d79632ea-b670-46ed-a5d4-bca930a6cd3c", "segmentation_id": 2}], "port_id": "01646fb7-1fab-4844-8e73-245184c6f438"}} Response - Headers: {'status': '201', u'content-length': '511', 'content-location': 'http://172.30.9.23:9696/v2.0/trunks', u'date': 'Thu, 04 Oct 2018 05:13:38 GMT', u'content-type': 'application/json', u'connection': 'close', u'x-openstack-request-id': 'req-cac01333-9de5-4e45-aea1-4de1ad26405a'} Body: {"trunk": {"status": "ACTIVE", "sub_ports": [{"segmentation_type": "vlan", "port_id": "d79632ea-b670-46ed-a5d4-bca930a6cd3c", "segmentation_id": 2}], "name": "", "admin_state_up": true, "tenant_id": "ad0973b60bb24803a5d26f4d52ea1267", "created_at": "2018-10-04T05:13:38Z", "tags": [], "updated_at": "2018-10-04T05:13:38Z", "revision_number": 1, "project_id": "ad0973b60bb24803a5d26f4d52ea1267", "port_id": "01646fb7-1fab-4844-8e73-245184c6f438", "id": "943aff9c-d934-492a-a397-c07f8a4993db", "description": ""}} _log_request_full /root/.rally/verification/verifier-30bd7221-dd79-42ed-af25-0d075c6a5bd6/repo/tempest/lib/common/rest_client.py:434
2018-10-04 05:13:38.770 11584 INFO tempest.lib.common.rest_client [req-5b2a89da-a940-4e82-9ab3-432ef82ca45a ] Request (TrunkTestJSON:test_delete_trunk_with_subport_is_allowed): 204 DELETE http://172.30.9.23:9696/v2.0/trunks/943aff9c-d934-492a-a397-c07f8a4993db 0.465s
2018-10-04 05:13:38.770 11584 DEBUG tempest.lib.common.rest_client [req-5b2a89da-a940-4e82-9ab3-432ef82ca45a ] Request - Headers: {'Content-Type': 'application/json', 'Accept': 'application/json', 'X-Auth-Token': ''} Body: None Response - Headers: {'status': '204', u'content-length': '0', 'content-location': 'http://172.30.9.23:9696/v2.0/trunks/943aff9c-d934-492a-a397-c07f8a4993db', u'date': 'Thu, 04 Oct 2018 05:13:38 GMT', u'connection': 'close', u'x-openstack-request-id': 'req-5b2a89da-a940-4e82-9ab3-432ef82ca45a'} Body: _log_request_full /root/.rally/verification/verifier-30bd7221-dd79-42ed-af25-0d075c6a5bd6/repo/tempest/lib/common/rest_client.py:434
2018-10-04 05:13:38.791 11584 INFO tempest.lib.common.rest_client [req-7e9b4838-4059-4e7d-b2d5-77ed147edeb3 ] Request (TrunkTestJSON:_run_cleanups): 404 GET http://172.30.9.23:9696/v2.0/trunks/1bf05efb-e0ca-4abe-aa7d-642f7c00b30f/get_subports 0.019s
2018-10-04 05:13:38.791 11584 DEBUG tempest.lib.common.rest_client [req-7e9b4838-4059-4e7d-b2d5-77ed147edeb3 ] Request - Headers: {'Content-Type': 'application/json', 'Accept': 'application/json', 'X-Auth-Token': ''} Body: None Response - Headers: {'status': '404', u'content-length': '134', 'content-location': 'http://172.30.9.23:9696/v2.0/trunks/1bf05efb-e0ca-4abe-aa7d-642f7c00b30f/get_subports', u'date': 'Thu, 04 Oct 2018 05:13:38 GMT', u'content-type': 'application/json', u'connection': 'close', u'x-openstack-request-id': 'req-7e9b4838-4059-4e7d-b2d5-77ed147edeb3'} Body: {"NeutronError": {"message": "Trunk 1bf05efb-e0ca-4abe-aa7d-642f7c00b30f could not be found.", "type": "TrunkNotFound", "detail": ""}} _log_request_full /root/.rally/verification/verifier-30bd7221-dd79-42ed-af25-0d075c6a5bd6/repo/tempest/lib/common/rest_client.py:434
2018-10-04 05:13:38.812 11584 INFO tempest.lib.common.rest_client [req-16226d52-fdb6-4b26-9b10-3cedeff5df17 ] Request (TrunkTestJSON:_run_cleanups): 404 DELETE http://172.30.9.23:9696/v2.0/trunks/1bf05efb-e0ca-4abe-aa7d-642f7c00b30f 0.020s
2018-10-04 05:13:38.812 11584 DEBUG tempest.lib.common.rest_client [req-16226d52-fdb6-4b26-9b10-3cedeff5df17 ] Request - Headers: {'Content-Type': 'application/json', 'Accept': 'application/json', 'X-Auth-Token': ''} Body: None Response - Headers: {'status': '404', u'content-length': '134', 'content-location': 'http://172.30.9.23:9696/v2.0/trunks/1bf05efb-e0ca-4abe-aa7d-642f7c00b30f', u'date': 'Thu, 04 Oct 2018 05:13:38 GMT', u'content-type': 'application/json', u'connection': 'close', u'x-openstack-request-id': 'req-16226d52-fdb6-4b26-9b10-3cedeff5df17'} Body: {"NeutronError": {"message": "Trunk 1bf05efb-e0ca-4abe-aa7d-642f7c00b30f could not be found.", "type": "TrunkNotFound", "detail": ""}} _log_request_full /root/.rally/verification/verifier-30bd7221-dd79-42ed-af25-0d075c6a5bd6/repo/tempest/lib/common/rest_client.py:434
2018-10-04 05:13:38.832 11584 INFO tempest.lib.common.rest_client [req-b9d0f525-ee1c-4a20-9b11-0d4672406182 ] Request (TrunkTestJSON:_run_cleanups): 404 GET http://172.30.9.23:9696/v2.0/trunks/54f396f0-0bd0-42b9-9c13-46c750a2f22a/get_subports 0.019s
2018-10-04 05:13:38.832 11584 DEBUG tempest.lib.common.rest_client [req-b9d0f525-ee1c-4a20-9b11-0d4672406182 ] Request - Headers: {'Content-Type': 'application/json', 'Accept': 'application/json', 'X-Auth-Token': ''} Body: None Response - Headers: {'status': '404', u'content-length': '134', 'content-location': 'http://172.30.9.23:9696/v2.0/trunks/54f396f0-0bd0-42b9-9c13-46c750a2f22a/get_subports', u'date': 'Thu, 04 Oct 2018 05:13:38 GMT', u'content-type': 'application/json', u'connection': 'close', u'x-openstack-request-id': 'req-b9d0f525-ee1c-4a20-9b11-0d4672406182'} Body: {"NeutronError": {"message": "Trunk 54f396f0-0bd0-42b9-9c13-46c750a2f22a could not be found.", "type": "TrunkNotFound", "detail": ""}} _log_request_full /root/.rally/verification/verifier-30bd7221-dd79-42ed-af25-0d075c6a5bd6/repo/tempest/lib/common/rest_client.py:434
2018-10-04 05:13:38.852 11584 INFO tempest.lib.common.rest_client [req-59c65cec-d768-48c0-b327-7beb1001259b ] Request (TrunkTestJSON:_run_cleanups): 404 DELETE http://172.30.9.23:9696/v2.0/trunks/54f396f0-0bd0-42b9-9c13-46c750a2f22a 0.019s
2018-10-04 05:13:38.853 11584 DEBUG tempest.lib.common.rest_client [req-59c65cec-d768-48c0-b327-7beb1001259b ] Request - Headers: {'Content-Type': 'application/json', 'Accept': 'application/json', 'X-Auth-Token': ''} Body: None Response - Headers: {'status': '404', u'content-length': '134', 'content-location': 'http://172.30.9.23:9696/v2.0/trunks/54f396f0-0bd0-42b9-9c13-46c750a2f22a', u'date': 'Thu, 04 Oct 2018 05:13:38 GMT', u'content-type': 'application/json', u'connection': 'close', u'x-openstack-request-id': 'req-59c65cec-d768-48c0-b327-7beb1001259b'} Body: {"NeutronError": {"message": "Trunk 54f396f0-0bd0-42b9-9c13-46c750a2f22a could not be found.", "type": "TrunkNotFound", "detail": ""}} _log_request_full /root/.rally/verification/verifier-30bd7221-dd79-42ed-af25-0d075c6a5bd6/repo/tempest/lib/common/rest_client.py:434
2018-10-04 05:13:38.869 11584 INFO tempest.lib.common.rest_client [req-0637b467-5949-40e6-b11d-2a7ea7a64881 ] Request (TrunkTestJSON:_run_cleanups): 404 GET http://172.30.9.23:9696/v2.0/trunks/a8dddeec-d21d-4f87-b606-0cc38bf9d3cc/get_subports 0.016s
2018-10-04 05:13:38.870 11584 DEBUG tempest.lib.common.rest_client [req-0637b467-5949-40e6-b11d-2a7ea7a64881 ] Request - Headers: {'Content-Type': 'application/json', 'Accept': 'application/json', 'X-Auth-Token': ''} Body: None Response - Headers: {'status': '404', u'content-length': '134', 'content-location': 'http://172.30.9.23:9696/v2.0/trunks/a8dddeec-d21d-4f87-b606-0cc38bf9d3cc/get_subports', u'date': 'Thu, 04 Oct 2018 05:13:38 GMT', u'content-type': 'application/json', u'connection': 'close', u'x-openstack-request-id': 'req-0637b467-5949-40e6-b11d-2a7ea7a64881'} Body: {"NeutronError": {"message": "Trunk a8dddeec-d21d-4f87-b606-0cc38bf9d3cc could not be found.", "type": "TrunkNotFound", "detail": ""}} _log_request_full /root/.rally/verification/verifier-30bd7221-dd79-42ed-af25-0d075c6a5bd6/repo/tempest/lib/common/rest_client.py:434
2018-10-04 05:13:38.889 11584 INFO tempest.lib.common.rest_client [req-7aa84075-0781-41a4-83d7-ee964aa8bb5b ] Request (TrunkTestJSON:_run_cleanups): 404 DELETE http://172.30.9.23:9696/v2.0/trunks/a8dddeec-d21d-4f87-b606-0cc38bf9d3cc 0.018s
2018-10-04 05:13:38.889 11584 DEBUG tempest.lib.common.rest_client [req-7aa84075-0781-41a4-83d7-ee964aa8bb5b ] Request - Headers: {'Content-Type': 'application/json', 'Accept': 'application/json', 'X-Auth-Token': ''} Body: None Response - Headers: {'status': '404', u'content-length': '134', 'content-location': 'http://172.30.9.23:9696/v2.0/trunks/a8dddeec-d21d-4f87-b606-0cc38bf9d3cc', u'date': 'Thu, 04 Oct 2018 05:13:38 GMT', u'content-type': 'application/json', u'connection': 'close', u'x-openstack-request-id': 'req-7aa84075-0781-41a4-83d7-ee964aa8bb5b'} Body: {"NeutronError": {"message": "Trunk a8dddeec-d21d-4f87-b606-0cc38bf9d3cc could not be found.", "type": "TrunkNotFound", "detail": ""}} _log_request_full /root/.rally/verification/verifier-30bd7221-dd79-42ed-af25-0d075c6a5bd6/repo/tempest/lib/common/rest_client.py:434
2018-10-04 05:13:38.906 11584 INFO tempest.lib.common.rest_client [req-5fdfdf4b-0fb9-4f60-aedc-828de4be472d ] Request (TrunkTestJSON:_run_cleanups): 404 GET http://172.30.9.23:9696/v2.0/trunks/ec0bf6b2-0614-462c-8506-7c84cbbaf33d/get_subports 0.016s
2018-10-04 05:13:38.907 11584 DEBUG tempest.lib.common.rest_client [req-5fdfdf4b-0fb9-4f60-aedc-828de4be472d ] Request - Headers: {'Content-Type': 'application/json', 'Accept': 'application/json', 'X-Auth-Token': ''} Body: None Response - Headers: {'status': '404', u'content-length': '134', 'content-location': 'http://172.30.9.23:9696/v2.0/trunks/ec0bf6b2-0614-462c-8506-7c84cbbaf33d/get_subports', u'date': 'Thu, 04 Oct 2018 05:13:38 GMT', u'content-type': 'application/json', u'connection': 'close', u'x-openstack-request-id': 'req-5fdfdf4b-0fb9-4f60-aedc-828de4be472d'} Body: {"NeutronError": {"message": "Trunk ec0bf6b2-0614-462c-8506-7c84cbbaf33d could not be found.", "type": "TrunkNotFound", "detail": ""}} _log_request_full /root/.rally/verification/verifier-30bd7221-dd79-42ed-af25-0d075c6a5bd6/repo/tempest/lib/common/rest_client.py:434
2018-10-04 05:13:38.928 11584 INFO tempest.lib.common.rest_client [req-ab9bff39-8311-4e17-a06c-4111368a6554 ] Request (TrunkTestJSON:_run_cleanups): 404 DELETE http://172.30.9.23:9696/v2.0/trunks/ec0bf6b2-0614-462c-8506-7c84cbbaf33d 0.021s
2018-10-04 05:13:38.929 11584 DEBUG tempest.lib.common.rest_client [req-ab9bff39-8311-4e17-a06c-4111368a6554 ] Request - Headers: {'Content-Type': 'application/json', 'Accept': 'application/json', 'X-Auth-Token': ''} Body: None Response - Headers: {'status': '404', u'content-length': '134', 'content-location': 'http://172.30.9.23:9696/v2.0/trunks/ec0bf6b2-0614-462c-8506-7c84cbbaf33d', u'date': 'Thu, 04 Oct 2018 05:13:38 GMT', u'content-type': 'application/json', u'connection': 'close', u'x-openstack-request-id': 'req-ab9bff39-8311-4e17-a06c-4111368a6554'} Body: {"NeutronError": {"message": "Trunk ec0bf6b2-0614-462c-8506-7c84cbbaf33d could not be found.", "type": "TrunkNotFound", "detail": ""}} _log_request_full /root/.rally/verification/verifier-30bd7221-dd79-42ed-af25-0d075c6a5bd6/repo/tempest/lib/common/rest_client.py:434
2018-10-04 05:13:38.945 11584 INFO tempest.lib.common.rest_client [req-d1b2a145-50cb-4a96-bdbc-1e38aa2f71f2 ] Request (TrunkTestJSON:_run_cleanups): 404 GET http://172.30.9.23:9696/v2.0/trunks/3a357304-3b82-42c2-8f7e-959376cbf61b/get_subports 0.016s
2018-10-04 05:13:38.946 11584 DEBUG tempest.lib.common.rest_client [req-d1b2a145-50cb-4a96-bdbc-1e38aa2f71f2 ] Request - Headers: {'Content-Type': 'application/json', 'Accept': 'application/json', 'X-Auth-Token': ''} Body: None Response - Headers: {'status': '404', u'content-length': '134', 'content-location': 'http://172.30.9.23:9696/v2.0/trunks/3a357304-3b82-42c2-8f7e-959376cbf61b/get_subports', u'date': 'Thu, 04 Oct 2018 05:13:38 GMT', u'content-type': 'application/json', u'connection': 'close', u'x-openstack-request-id': 'req-d1b2a145-50cb-4a96-bdbc-1e38aa2f71f2'} Body: {"NeutronError": {"message": "Trunk 3a357304-3b82-42c2-8f7e-959376cbf61b could not be found.", "type": "TrunkNotFound", "detail": ""}} _log_request_full /root/.rally/verification/verifier-30bd7221-dd79-42ed-af25-0d075c6a5bd6/repo/tempest/lib/common/rest_client.py:434
2018-10-04 05:13:38.971 11564 INFO tempest.lib.common.rest_client [req-e6cc23ad-d270-4333-a2fc-fac38cf2022b ] Request (TrunkTestJSON:test_create_subport_nonexistent_trunk): 201 POST http://172.30.9.23:9696/v2.0/ports 0.747s
2018-10-04 05:13:38.972 11564 DEBUG tempest.lib.common.rest_client [req-e6cc23ad-d270-4333-a2fc-fac38cf2022b ] Request - Headers: {'Content-Type': 'application/json', 'Accept': 'application/json', 'X-Auth-Token': ''} Body: {"port": {"network_id": "7c2fc268-0e44-4b94-846a-4bbde1775bde"}} Response - Headers: {'status': '201', u'content-length': '615', 'content-location': 'http://172.30.9.23:9696/v2.0/ports', u'date': 'Thu, 04 Oct 2018 05:13:38 GMT', u'content-type': 'application/json', u'connection': 'close', u'x-openstack-request-id': 'req-e6cc23ad-d270-4333-a2fc-fac38cf2022b'} Body: {"port":{"status":"DOWN","created_at":"2018-10-04T05:13:38Z","description":"","allowed_address_pairs":[],"tags":[],"network_id":"7c2fc268-0e44-4b94-846a-4bbde1775bde","tenant_id":"0b552bccfdb240ab81c1e1ee227dee59","extra_dhcp_opts":[],"admin_state_up":true,"updated_at":"2018-10-04T05:13:38Z","name":"","device_owner":"","revision_number":2,"mac_address":"fa:16:3e:db:16:4d","binding:vnic_type":"normal","port_security_enabled":true,"project_id":"0b552bccfdb240ab81c1e1ee227dee59","fixed_ips":[],"id":"bfdfa4bc-489f-49f8-88cd-4b654f0224ad","security_groups":["cb277381-3145-41c8-a6b0-412065ff5b36"],"device_id":""}} _log_request_full /root/.rally/verification/verifier-30bd7221-dd79-42ed-af25-0d075c6a5bd6/repo/tempest/lib/common/rest_client.py:434
2018-10-04 05:13:38.977 11584 INFO tempest.lib.common.rest_client [req-f3843e8b-d616-4ebc-933a-d09c73880542 ] Request (TrunkTestJSON:_run_cleanups): 404 DELETE http://172.30.9.23:9696/v2.0/trunks/3a357304-3b82-42c2-8f7e-959376cbf61b 0.030s
2018-10-04 05:13:38.977 11584 DEBUG tempest.lib.common.rest_client [req-f3843e8b-d616-4ebc-933a-d09c73880542 ] Request - Headers: {'Content-Type': 'application/json', 'Accept': 'application/json', 'X-Auth-Token': ''} Body: None Response - Headers: {'status': '404', u'content-length': '134', 'content-location': 'http://172.30.9.23:9696/v2.0/trunks/3a357304-3b82-42c2-8f7e-959376cbf61b', u'date': 'Thu, 04 Oct 2018 05:13:38 GMT', u'content-type': 'application/json', u'connection': 'close', u'x-openstack-request-id': 'req-f3843e8b-d616-4ebc-933a-d09c73880542'} Body: {"NeutronError": {"message": "Trunk 3a357304-3b82-42c2-8f7e-959376cbf61b could not be found.", "type": "TrunkNotFound", "detail": ""}} _log_request_full /root/.rally/verification/verifier-30bd7221-dd79-42ed-af25-0d075c6a5bd6/repo/tempest/lib/common/rest_client.py:434
2018-10-04 05:13:38.988 11564 INFO tempest.lib.common.rest_client [req-b4f1cb2b-b9a0-4e84-89d3-5c6133cbd305 ] Request (TrunkTestJSON:test_create_subport_nonexistent_trunk): 404 PUT http://172.30.9.23:9696/v2.0/trunks/3d12c869-ab43-4ebb-b2c7-60ed4fc1f60f/add_subports 0.015s
2018-10-04 05:13:38.989 11564 DEBUG tempest.lib.common.rest_client [req-b4f1cb2b-b9a0-4e84-89d3-5c6133cbd305 ] Request - Headers: {'Content-Type': 'application/json', 'Accept': 'application/json', 'X-Auth-Token': ''} Body: {"sub_ports": [{"segmentation_type": "vlan", "port_id": "bfdfa4bc-489f-49f8-88cd-4b654f0224ad", "segmentation_id": 2}]} Response - Headers: {'status': '404', u'content-length': '134', 'content-location': 'http://172.30.9.23:9696/v2.0/trunks/3d12c869-ab43-4ebb-b2c7-60ed4fc1f60f/add_subports', u'date': 'Thu, 04 Oct 2018 05:13:38 GMT', u'content-type': 'application/json', u'connection': 'close', u'x-openstack-request-id': 'req-b4f1cb2b-b9a0-4e84-89d3-5c6133cbd305'} Body: {"NeutronError": {"message": "Trunk 3d12c869-ab43-4ebb-b2c7-60ed4fc1f60f could not be found.", "type": "TrunkNotFound", "detail": ""}} _log_request_full /root/.rally/verification/verifier-30bd7221-dd79-42ed-af25-0d075c6a5bd6/repo/tempest/lib/common/rest_client.py:434
2018-10-04 05:13:38.996 11584 INFO tempest.lib.common.rest_client [req-f8c6b64f-1a34-4f84-b565-1d4003aee049 ] Request (TrunkTestJSON:_run_cleanups): 404 GET http://172.30.9.23:9696/v2.0/trunks/cb296e00-df91-4de2-9f43-a2c4d46e60ab/get_subports 0.018s
2018-10-04 05:13:38.997 11584 DEBUG tempest.lib.common.rest_client [req-f8c6b64f-1a34-4f84-b565-1d4003aee049 ] Request - Headers: {'Content-Type': 'application/json', 'Accept': 'application/json', 'X-Auth-Token': ''} Body: None Response - Headers: {'status': '404', u'content-length': '134', 'content-location': 'http://172.30.9.23:9696/v2.0/trunks/cb296e00-df91-4de2-9f43-a2c4d46e60ab/get_subports', u'date': 'Thu, 04 Oct 2018 05:13:38 GMT', u'content-type': 'application/json', u'connection': 'close', u'x-openstack-request-id': 'req-f8c6b64f-1a34-4f84-b565-1d4003aee049'} Body: {"NeutronError": {"message": "Trunk cb296e00-df91-4de2-9f43-a2c4d46e60ab could not be found.", "type": "TrunkNotFound", "detail": ""}} _log_request_full /root/.rally/verification/verifier-30bd7221-dd79-42ed-af25-0d075c6a5bd6/repo/tempest/lib/common/rest_client.py:434
2018-10-04 05:13:39.015 11564 INFO tempest.lib.common.rest_client [req-80e473de-7300-4757-aa0a-359096d56032 ] Request (TrunkTestJSON:_run_cleanups): 404 GET http://172.30.9.23:9696/v2.0/trunks/f930313f-8ed2-47f3-93d0-ea9238d13e15/get_subports 0.025s
2018-10-04 05:13:39.015 11564 DEBUG tempest.lib.common.rest_client [req-80e473de-7300-4757-aa0a-359096d56032 ] Request - Headers: {'Content-Type': 'application/json', 'Accept': 'application/json', 'X-Auth-Token': ''} Body: None Response - Headers: {'status': '404', u'content-length': '134', 'content-location': 'http://172.30.9.23:9696/v2.0/trunks/f930313f-8ed2-47f3-93d0-ea9238d13e15/get_subports', u'date': 'Thu, 04 Oct 2018 05:13:39 GMT', u'content-type': 'application/json', u'connection': 'close', u'x-openstack-request-id': 'req-80e473de-7300-4757-aa0a-359096d56032'} Body: {"NeutronError": {"message": "Trunk f930313f-8ed2-47f3-93d0-ea9238d13e15 could not be found.", "type": "TrunkNotFound", "detail": ""}} _log_request_full /root/.rally/verification/verifier-30bd7221-dd79-42ed-af25-0d075c6a5bd6/repo/tempest/lib/common/rest_client.py:434
2018-10-04 05:13:39.017 11584 INFO tempest.lib.common.rest_client [req-56b4986d-e2e6-48a0-9f91-ebb263bbfaa3 ] Request (TrunkTestJSON:_run_cleanups): 404 DELETE http://172.30.9.23:9696/v2.0/trunks/cb296e00-df91-4de2-9f43-a2c4d46e60ab 0.020s
2018-10-04 05:13:39.017 11584 DEBUG tempest.lib.common.rest_client [req-56b4986d-e2e6-48a0-9f91-ebb263bbfaa3 ] Request - Headers: {'Content-Type': 'application/json', 'Accept': 'application/json', 'X-Auth-Token': ''} Body: None Response - Headers: {'status': '404', u'content-length': '134', 'content-location': 'http://172.30.9.23:9696/v2.0/trunks/cb296e00-df91-4de2-9f43-a2c4d46e60ab', u'date': 'Thu, 04 Oct 2018 05:13:39 GMT', u'content-type': 'application/json', u'connection': 'close', u'x-openstack-request-id': 'req-56b4986d-e2e6-48a0-9f91-ebb263bbfaa3'} Body: {"NeutronError": {"message": "Trunk cb296e00-df91-4de2-9f43-a2c4d46e60ab could not be found.", "type": "TrunkNotFound", "detail": ""}} _log_request_full /root/.rally/verification/verifier-30bd7221-dd79-42ed-af25-0d075c6a5bd6/repo/tempest/lib/common/rest_client.py:434
2018-10-04 05:13:39.034 11564 INFO tempest.lib.common.rest_client [req-879dd92b-44f6-47cf-9de1-9a3bc20f974e ] Request (TrunkTestJSON:_run_cleanups): 404 DELETE http://172.30.9.23:9696/v2.0/trunks/f930313f-8ed2-47f3-93d0-ea9238d13e15 0.018s
2018-10-04 05:13:39.034 11584 INFO tempest.lib.common.rest_client [req-7fd8ebf5-eb2f-461b-a358-4e38a6e3e5cf ] Request (TrunkTestJSON:_run_cleanups): 404 GET http://172.30.9.23:9696/v2.0/trunks/943aff9c-d934-492a-a397-c07f8a4993db/get_subports 0.016s
2018-10-04 05:13:39.035 11564 DEBUG tempest.lib.common.rest_client [req-879dd92b-44f6-47cf-9de1-9a3bc20f974e ] Request - Headers: {'Content-Type': 'application/json', 'Accept': 'application/json', 'X-Auth-Token': ''} Body: None Response - Headers: {'status': '404', u'content-length': '134', 'content-location': 'http://172.30.9.23:9696/v2.0/trunks/f930313f-8ed2-47f3-93d0-ea9238d13e15', u'date': 'Thu, 04 Oct 2018 05:13:39 GMT', u'content-type': 'application/json', u'connection': 'close', u'x-openstack-request-id': 'req-879dd92b-44f6-47cf-9de1-9a3bc20f974e'} Body: {"NeutronError": {"message": "Trunk f930313f-8ed2-47f3-93d0-ea9238d13e15 could not be found.", "type": "TrunkNotFound", "detail": ""}} _log_request_full /root/.rally/verification/verifier-30bd7221-dd79-42ed-af25-0d075c6a5bd6/repo/tempest/lib/common/rest_client.py:434
2018-10-04 05:13:39.035 11584 DEBUG tempest.lib.common.rest_client [req-7fd8ebf5-eb2f-461b-a358-4e38a6e3e5cf ] Request - Headers: {'Content-Type': 'application/json', 'Accept': 'application/json', 'X-Auth-Token': ''} Body: None Response - Headers: {'status': '404', u'content-length': '134', 'content-location': 'http://172.30.9.23:9696/v2.0/trunks/943aff9c-d934-492a-a397-c07f8a4993db/get_subports', u'date': 'Thu, 04 Oct 2018 05:13:39 GMT', u'content-type': 'application/json', u'connection': 'close', u'x-openstack-request-id': 'req-7fd8ebf5-eb2f-461b-a358-4e38a6e3e5cf'} Body: {"NeutronError": {"message": "Trunk 943aff9c-d934-492a-a397-c07f8a4993db could not be found.", "type": "TrunkNotFound", "detail": ""}} _log_request_full /root/.rally/verification/verifier-30bd7221-dd79-42ed-af25-0d075c6a5bd6/repo/tempest/lib/common/rest_client.py:434
2018-10-04 05:13:39.052 11564 INFO tempest.lib.common.rest_client [req-0c8bcc5a-11f7-45d7-86c2-b1c8756347d3 ] Request (TrunkTestJSON:_run_cleanups): 404 GET http://172.30.9.23:9696/v2.0/trunks/49ac5d05-03b4-4592-807b-180934c0ddd0/get_subports 0.016s
2018-10-04 05:13:39.052 11564 DEBUG tempest.lib.common.rest_client [req-0c8bcc5a-11f7-45d7-86c2-b1c8756347d3 ] Request - Headers: {'Content-Type': 'application/json', 'Accept': 'application/json', 'X-Auth-Token': ''} Body: None Response - Headers: {'status': '404', u'content-length': '134', 'content-location': 'http://172.30.9.23:9696/v2.0/trunks/49ac5d05-03b4-4592-807b-180934c0ddd0/get_subports', u'date': 'Thu, 04 Oct 2018 05:13:39 GMT', u'content-type': 'application/json', u'connection': 'close', u'x-openstack-request-id': 'req-0c8bcc5a-11f7-45d7-86c2-b1c8756347d3'} Body: {"NeutronError": {"message": "Trunk 49ac5d05-03b4-4592-807b-180934c0ddd0 could not be found.", "type": "TrunkNotFound", "detail": ""}} _log_request_full /root/.rally/verification/verifier-30bd7221-dd79-42ed-af25-0d075c6a5bd6/repo/tempest/lib/common/rest_client.py:434
2018-10-04 05:13:39.058 11584 INFO tempest.lib.common.rest_client [req-685ff55f-af7b-49b3-b62e-9e9bc314f829 ] Request (TrunkTestJSON:_run_cleanups): 404 DELETE http://172.30.9.23:9696/v2.0/trunks/943aff9c-d934-492a-a397-c07f8a4993db 0.022s
2018-10-04 05:13:39.058 11584 DEBUG tempest.lib.common.rest_client [req-685ff55f-af7b-49b3-b62e-9e9bc314f829 ] Request - Headers: {'Content-Type': 'application/json', 'Accept': 'application/json', 'X-Auth-Token': ''} Body: None Response - Headers: {'status': '404', u'content-length': '134', 'content-location': 'http://172.30.9.23:9696/v2.0/trunks/943aff9c-d934-492a-a397-c07f8a4993db', u'date': 'Thu, 04 Oct 2018 05:13:39 GMT', u'content-type': 'application/json', u'connection': 'close', u'x-openstack-request-id': 'req-685ff55f-af7b-49b3-b62e-9e9bc314f829'} Body: {"NeutronError": {"message": "Trunk 943aff9c-d934-492a-a397-c07f8a4993db could not be found.", "type": "TrunkNotFound", "detail": ""}} _log_request_full /root/.rally/verification/verifier-30bd7221-dd79-42ed-af25-0d075c6a5bd6/repo/tempest/lib/common/rest_client.py:434
2018-10-04 05:13:39.073 11564 INFO tempest.lib.common.rest_client [req-d347ce25-8327-4687-8da2-087ea1c85e03 ] Request (TrunkTestJSON:_run_cleanups): 404 DELETE http://172.30.9.23:9696/v2.0/trunks/49ac5d05-03b4-4592-807b-180934c0ddd0 0.020s
2018-10-04 05:13:39.074 11564 DEBUG tempest.lib.common.rest_client [req-d347ce25-8327-4687-8da2-087ea1c85e03 ] Request - Headers: {'Content-Type': 'application/json', 'Accept': 'application/json', 'X-Auth-Token': ''} Body: None Response - Headers: {'status': '404', u'content-length': '134', 'content-location': 'http://172.30.9.23:9696/v2.0/trunks/49ac5d05-03b4-4592-807b-180934c0ddd0', u'date': 'Thu, 04 Oct 2018 05:13:39 GMT', u'content-type': 'application/json', u'connection': 'close', u'x-openstack-request-id': 'req-d347ce25-8327-4687-8da2-087ea1c85e03'} Body: {"NeutronError": {"message": "Trunk 49ac5d05-03b4-4592-807b-180934c0ddd0 could not be found.", "type": "TrunkNotFound", "detail": ""}} _log_request_full /root/.rally/verification/verifier-30bd7221-dd79-42ed-af25-0d075c6a5bd6/repo/tempest/lib/common/rest_client.py:434
2018-10-04 05:13:39.093 11564 INFO tempest.lib.common.rest_client [req-256ef09d-f9e7-44f1-8755-f7a7fd75a150 ] Request (TrunkTestJSON:_run_cleanups): 404 GET http://172.30.9.23:9696/v2.0/trunks/be3d38fe-27e9-4a72-9da0-79d07f89d15b/get_subports 0.018s
2018-10-04 05:13:39.093 11564 DEBUG tempest.lib.common.rest_client [req-256ef09d-f9e7-44f1-8755-f7a7fd75a150 ] Request - Headers: {'Content-Type': 'application/json', 'Accept': 'application/json', 'X-Auth-Token': ''} Body: None Response - Headers: {'status': '404', u'content-length': '134', 'content-location': 'http://172.30.9.23:9696/v2.0/trunks/be3d38fe-27e9-4a72-9da0-79d07f89d15b/get_subports', u'date': 'Thu, 04 Oct 2018 05:13:39 GMT', u'content-type': 'application/json', u'connection': 'close', u'x-openstack-request-id': 'req-256ef09d-f9e7-44f1-8755-f7a7fd75a150'} Body: {"NeutronError": {"message": "Trunk be3d38fe-27e9-4a72-9da0-79d07f89d15b could not be found.", "type": "TrunkNotFound", "detail": ""}} _log_request_full /root/.rally/verification/verifier-30bd7221-dd79-42ed-af25-0d075c6a5bd6/repo/tempest/lib/common/rest_client.py:434
2018-10-04 05:13:39.095 11584 INFO tempest.lib.common.rest_client [req-79f88669-dabe-42df-aade-5b5db5c3ffe2 ] Request (TrunkTestJSON:_run_cleanups): 404 DELETE http://172.30.9.23:9696/v2.0/ports/37a858b7-b96b-4d1d-a0d4-b2d73347f009 0.035s
2018-10-04 05:13:39.095 11584 DEBUG tempest.lib.common.rest_client [req-79f88669-dabe-42df-aade-5b5db5c3ffe2 ] Request - Headers: {'Content-Type': 'application/json', 'Accept': 'application/json', 'X-Auth-Token': ''} Body: None Response - Headers: {'status': '404', u'content-length': '132', 'content-location': 'http://172.30.9.23:9696/v2.0/ports/37a858b7-b96b-4d1d-a0d4-b2d73347f009', u'date': 'Thu, 04 Oct 2018 05:13:39 GMT', u'content-type': 'application/json', u'connection': 'close', u'x-openstack-request-id': 'req-79f88669-dabe-42df-aade-5b5db5c3ffe2'} Body: {"NeutronError": {"message": "Port 37a858b7-b96b-4d1d-a0d4-b2d73347f009 could not be found.", "type": "PortNotFound", "detail": ""}} _log_request_full /root/.rally/verification/verifier-30bd7221-dd79-42ed-af25-0d075c6a5bd6/repo/tempest/lib/common/rest_client.py:434
2018-10-04 05:13:39.118 11564 INFO tempest.lib.common.rest_client [req-77793fdf-d447-44c9-8a9a-866d98f6ff3d ] Request (TrunkTestJSON:_run_cleanups): 404 DELETE http://172.30.9.23:9696/v2.0/trunks/be3d38fe-27e9-4a72-9da0-79d07f89d15b 0.024s
2018-10-04 05:13:39.118 11564 DEBUG tempest.lib.common.rest_client [req-77793fdf-d447-44c9-8a9a-866d98f6ff3d ] Request - Headers: {'Content-Type': 'application/json', 'Accept': 'application/json', 'X-Auth-Token': ''} Body: None Response - Headers: {'status': '404', u'content-length': '134', 'content-location': 'http://172.30.9.23:9696/v2.0/trunks/be3d38fe-27e9-4a72-9da0-79d07f89d15b', u'date': 'Thu, 04 Oct 2018 05:13:39 GMT', u'content-type': 'application/json', u'connection': 'close', u'x-openstack-request-id': 'req-77793fdf-d447-44c9-8a9a-866d98f6ff3d'} Body: {"NeutronError": {"message": "Trunk be3d38fe-27e9-4a72-9da0-79d07f89d15b could not be found.", "type": "TrunkNotFound", "detail": ""}} _log_request_full /root/.rally/verification/verifier-30bd7221-dd79-42ed-af25-0d075c6a5bd6/repo/tempest/lib/common/rest_client.py:434
2018-10-04 05:13:39.126 11584 INFO tempest.lib.common.rest_client [req-20c24dd7-06bb-4b49-a896-2b37b6f0d6d8 ] Request (TrunkTestJSON:_run_cleanups): 404 DELETE http://172.30.9.23:9696/v2.0/ports/26ddc833-49f4-487c-914b-bb78a535312d 0.030s
2018-10-04 05:13:39.126 11584 DEBUG tempest.lib.common.rest_client [req-20c24dd7-06bb-4b49-a896-2b37b6f0d6d8 ] Request - Headers: {'Content-Type': 'application/json', 'Accept': 'application/json', 'X-Auth-Token': ''} Body: None Response - Headers: {'status': '404', u'content-length': '132', 'content-location': 'http://172.30.9.23:9696/v2.0/ports/26ddc833-49f4-487c-914b-bb78a535312d', u'date': 'Thu, 04 Oct 2018 05:13:39 GMT', u'content-type': 'application/json', u'connection': 'close', u'x-openstack-request-id': 'req-20c24dd7-06bb-4b49-a896-2b37b6f0d6d8'} Body: {"NeutronError": {"message": "Port 26ddc833-49f4-487c-914b-bb78a535312d could not be found.", "type": "PortNotFound", "detail": ""}} _log_request_full /root/.rally/verification/verifier-30bd7221-dd79-42ed-af25-0d075c6a5bd6/repo/tempest/lib/common/rest_client.py:434
2018-10-04 05:13:39.135 11564 INFO tempest.lib.common.rest_client [req-13500a74-19e5-41f7-94b0-1458ff0fb1a7 ] Request (TrunkTestJSON:_run_cleanups): 404 GET http://172.30.9.23:9696/v2.0/trunks/d4de14a9-9bd7-4cba-863f-36b870f5c8ac/get_subports 0.016s
2018-10-04 05:13:39.136 11564 DEBUG tempest.lib.common.rest_client [req-13500a74-19e5-41f7-94b0-1458ff0fb1a7 ] Request - Headers: {'Content-Type': 'application/json', 'Accept': 'application/json', 'X-Auth-Token': ''} Body: None Response - Headers: {'status': '404', u'content-length': '134', 'content-location': 'http://172.30.9.23:9696/v2.0/trunks/d4de14a9-9bd7-4cba-863f-36b870f5c8ac/get_subports', u'date': 'Thu, 04 Oct 2018 05:13:39 GMT', u'content-type': 'application/json', u'connection': 'close', u'x-openstack-request-id': 'req-13500a74-19e5-41f7-94b0-1458ff0fb1a7'} Body: {"NeutronError": {"message": "Trunk d4de14a9-9bd7-4cba-863f-36b870f5c8ac could not be found.", "type": "TrunkNotFound", "detail": ""}} _log_request_full /root/.rally/verification/verifier-30bd7221-dd79-42ed-af25-0d075c6a5bd6/repo/tempest/lib/common/rest_client.py:434
2018-10-04 05:13:39.153 11564 INFO tempest.lib.common.rest_client [req-4d307959-75bf-4c7c-b58d-54733f0bb413 ] Request (TrunkTestJSON:_run_cleanups): 404 DELETE http://172.30.9.23:9696/v2.0/trunks/d4de14a9-9bd7-4cba-863f-36b870f5c8ac 0.017s
2018-10-04 05:13:39.154 11564 DEBUG tempest.lib.common.rest_client [req-4d307959-75bf-4c7c-b58d-54733f0bb413 ] Request - Headers: {'Content-Type': 'application/json', 'Accept': 'application/json', 'X-Auth-Token': ''} Body: None Response - Headers: {'status': '404', u'content-length': '134', 'content-location': 'http://172.30.9.23:9696/v2.0/trunks/d4de14a9-9bd7-4cba-863f-36b870f5c8ac', u'date': 'Thu, 04 Oct 2018 05:13:39 GMT', u'content-type': 'application/json', u'connection': 'close', u'x-openstack-request-id': 'req-4d307959-75bf-4c7c-b58d-54733f0bb413'} Body: {"NeutronError": {"message": "Trunk d4de14a9-9bd7-4cba-863f-36b870f5c8ac could not be found.", "type": "TrunkNotFound", "detail": ""}} _log_request_full /root/.rally/verification/verifier-30bd7221-dd79-42ed-af25-0d075c6a5bd6/repo/tempest/lib/common/rest_client.py:434
2018-10-04 05:13:39.161 11584 INFO tempest.lib.common.rest_client [req-aaae2798-736e-4fda-afe2-88b1e9ef2239 ] Request (TrunkTestJSON:_run_cleanups): 404 DELETE http://172.30.9.23:9696/v2.0/ports/1d8dfef5-3e35-49e9-9270-493f41a5a49c 0.034s
2018-10-04 05:13:39.162 11584 DEBUG tempest.lib.common.rest_client [req-aaae2798-736e-4fda-afe2-88b1e9ef2239 ] Request - Headers: {'Content-Type': 'application/json', 'Accept': 'application/json', 'X-Auth-Token': ''} Body: None Response - Headers: {'status': '404', u'content-length': '132', 'content-location': 'http://172.30.9.23:9696/v2.0/ports/1d8dfef5-3e35-49e9-9270-493f41a5a49c', u'date': 'Thu, 04 Oct 2018 05:13:39 GMT', u'content-type': 'application/json', u'connection': 'close', u'x-openstack-request-id': 'req-aaae2798-736e-4fda-afe2-88b1e9ef2239'} Body: {"NeutronError": {"message": "Port 1d8dfef5-3e35-49e9-9270-493f41a5a49c could not be found.", "type": "PortNotFound", "detail": ""}} _log_request_full /root/.rally/verification/verifier-30bd7221-dd79-42ed-af25-0d075c6a5bd6/repo/tempest/lib/common/rest_client.py:434
2018-10-04 05:13:39.173 11564 INFO tempest.lib.common.rest_client [req-4268e0c2-bd77-418b-b293-09b0e4814d9b ] Request (TrunkTestJSON:_run_cleanups): 404 GET http://172.30.9.23:9696/v2.0/trunks/ac52913c-93c4-4bca-b3b3-e77649eb58f1/get_subports 0.018s
2018-10-04 05:13:39.173 11564 DEBUG tempest.lib.common.rest_client [req-4268e0c2-bd77-418b-b293-09b0e4814d9b ] Request - Headers: {'Content-Type': 'application/json', 'Accept': 'application/json', 'X-Auth-Token': ''} Body: None Response - Headers: {'status': '404', u'content-length': '134', 'content-location': 'http://172.30.9.23:9696/v2.0/trunks/ac52913c-93c4-4bca-b3b3-e77649eb58f1/get_subports', u'date': 'Thu, 04 Oct 2018 05:13:39 GMT', u'content-type': 'application/json', u'connection': 'close', u'x-openstack-request-id': 'req-4268e0c2-bd77-418b-b293-09b0e4814d9b'} Body: {"NeutronError": {"message": "Trunk ac52913c-93c4-4bca-b3b3-e77649eb58f1 could not be found.", "type": "TrunkNotFound", "detail": ""}} _log_request_full /root/.rally/verification/verifier-30bd7221-dd79-42ed-af25-0d075c6a5bd6/repo/tempest/lib/common/rest_client.py:434
2018-10-04 05:13:39.190 11564 INFO tempest.lib.common.rest_client [req-0a886f18-1bfc-4685-8827-7fa85c35be2e ] Request (TrunkTestJSON:_run_cleanups): 404 DELETE http://172.30.9.23:9696/v2.0/trunks/ac52913c-93c4-4bca-b3b3-e77649eb58f1 0.016s
2018-10-04 05:13:39.190 11564 DEBUG tempest.lib.common.rest_client [req-0a886f18-1bfc-4685-8827-7fa85c35be2e ] Request - Headers: {'Content-Type': 'application/json', 'Accept': 'application/json', 'X-Auth-Token': ''} Body: None Response - Headers: {'status': '404', u'content-length': '134', 'content-location': 'http://172.30.9.23:9696/v2.0/trunks/ac52913c-93c4-4bca-b3b3-e77649eb58f1', u'date': 'Thu, 04 Oct 2018 05:13:39 GMT', u'content-type': 'application/json', u'connection': 'close', u'x-openstack-request-id': 'req-0a886f18-1bfc-4685-8827-7fa85c35be2e'} Body: {"NeutronError": {"message": "Trunk ac52913c-93c4-4bca-b3b3-e77649eb58f1 could not be found.", "type": "TrunkNotFound", "detail": ""}} _log_request_full /root/.rally/verification/verifier-30bd7221-dd79-42ed-af25-0d075c6a5bd6/repo/tempest/lib/common/rest_client.py:434
2018-10-04 05:13:39.193 11584 INFO tempest.lib.common.rest_client [req-6981e16d-a24d-47dc-bb02-3e60359a7341 ] Request (TrunkTestJSON:_run_cleanups): 404 DELETE http://172.30.9.23:9696/v2.0/ports/e7ae1bf5-ff60-4551-a62c-9a473b8a8ada 0.030s
2018-10-04 05:13:39.193 11584 DEBUG tempest.lib.common.rest_client [req-6981e16d-a24d-47dc-bb02-3e60359a7341 ] Request - Headers: {'Content-Type': 'application/json', 'Accept': 'application/json', 'X-Auth-Token': ''} Body: None Response - Headers: {'status': '404', u'content-length': '132', 'content-location': 'http://172.30.9.23:9696/v2.0/ports/e7ae1bf5-ff60-4551-a62c-9a473b8a8ada', u'date': 'Thu, 04 Oct 2018 05:13:39 GMT', u'content-type': 'application/json', u'connection': 'close', u'x-openstack-request-id': 'req-6981e16d-a24d-47dc-bb02-3e60359a7341'} Body: {"NeutronError": {"message": "Port e7ae1bf5-ff60-4551-a62c-9a473b8a8ada could not be found.", "type": "PortNotFound", "detail": ""}} _log_request_full /root/.rally/verification/verifier-30bd7221-dd79-42ed-af25-0d075c6a5bd6/repo/tempest/lib/common/rest_client.py:434
2018-10-04 05:13:39.208 11564 INFO tempest.lib.common.rest_client [req-b8f8a641-389a-42a3-a110-a943b1cd685d ] Request (TrunkTestJSON:_run_cleanups): 404 GET http://172.30.9.23:9696/v2.0/trunks/ae399196-b6cf-45ee-bd7f-e017eddae804/get_subports 0.016s
2018-10-04 05:13:39.208 11564 DEBUG tempest.lib.common.rest_client [req-b8f8a641-389a-42a3-a110-a943b1cd685d ] Request - Headers: {'Content-Type': 'application/json', 'Accept': 'application/json', 'X-Auth-Token': ''} Body: None Response - Headers: {'status': '404', u'content-length': '134', 'content-location': 'http://172.30.9.23:9696/v2.0/trunks/ae399196-b6cf-45ee-bd7f-e017eddae804/get_subports', u'date': 'Thu, 04 Oct 2018 05:13:39 GMT', u'content-type': 'application/json', u'connection': 'close', u'x-openstack-request-id': 'req-b8f8a641-389a-42a3-a110-a943b1cd685d'} Body: {"NeutronError": {"message": "Trunk ae399196-b6cf-45ee-bd7f-e017eddae804 could not be found.", "type": "TrunkNotFound", "detail": ""}} _log_request_full /root/.rally/verification/verifier-30bd7221-dd79-42ed-af25-0d075c6a5bd6/repo/tempest/lib/common/rest_client.py:434
2018-10-04 05:13:39.228 11584 INFO tempest.lib.common.rest_client [req-c40fdef9-bb8c-407f-bb2a-280e66908bb5 ] Request (TrunkTestJSON:_run_cleanups): 404 DELETE http://172.30.9.23:9696/v2.0/ports/9b038892-d49f-4e1d-834e-7a0858e9a8f8 0.034s
2018-10-04 05:13:39.229 11584 DEBUG tempest.lib.common.rest_client [req-c40fdef9-bb8c-407f-bb2a-280e66908bb5 ] Request - Headers: {'Content-Type': 'application/json', 'Accept': 'application/json', 'X-Auth-Token': ''} Body: None Response - Headers: {'status': '404', u'content-length': '132', 'content-location': 'http://172.30.9.23:9696/v2.0/ports/9b038892-d49f-4e1d-834e-7a0858e9a8f8', u'date': 'Thu, 04 Oct 2018 05:13:39 GMT', u'content-type': 'application/json', u'connection': 'close', u'x-openstack-request-id': 'req-c40fdef9-bb8c-407f-bb2a-280e66908bb5'} Body: {"NeutronError": {"message": "Port 9b038892-d49f-4e1d-834e-7a0858e9a8f8 could not be found.", "type": "PortNotFound", "detail": ""}} _log_request_full /root/.rally/verification/verifier-30bd7221-dd79-42ed-af25-0d075c6a5bd6/repo/tempest/lib/common/rest_client.py:434
2018-10-04 05:13:39.229 11564 INFO tempest.lib.common.rest_client [req-df3b24d1-0cb6-4f20-a524-8a218d753c7a ] Request (TrunkTestJSON:_run_cleanups): 404 DELETE http://172.30.9.23:9696/v2.0/trunks/ae399196-b6cf-45ee-bd7f-e017eddae804 0.020s
2018-10-04 05:13:39.230 11564 DEBUG tempest.lib.common.rest_client [req-df3b24d1-0cb6-4f20-a524-8a218d753c7a ] Request - Headers: {'Content-Type': 'application/json', 'Accept': 'application/json', 'X-Auth-Token': ''} Body: None Response - Headers: {'status': '404', u'content-length': '134', 'content-location': 'http://172.30.9.23:9696/v2.0/trunks/ae399196-b6cf-45ee-bd7f-e017eddae804', u'date': 'Thu, 04 Oct 2018 05:13:39 GMT', u'content-type': 'application/json', u'connection': 'close', u'x-openstack-request-id': 'req-df3b24d1-0cb6-4f20-a524-8a218d753c7a'} Body: {"NeutronError": {"message": "Trunk ae399196-b6cf-45ee-bd7f-e017eddae804 could not be found.", "type": "TrunkNotFound", "detail": ""}} _log_request_full /root/.rally/verification/verifier-30bd7221-dd79-42ed-af25-0d075c6a5bd6/repo/tempest/lib/common/rest_client.py:434
2018-10-04 05:13:39.264 11564 INFO tempest.lib.common.rest_client [req-dab50bef-df57-4449-a544-12be66cca343 ] Request (TrunkTestJSON:_run_cleanups): 404 DELETE http://172.30.9.23:9696/v2.0/ports/709825f6-28df-4c81-9e72-322c65fe44dd 0.033s
2018-10-04 05:13:39.265 11564 DEBUG tempest.lib.common.rest_client [req-dab50bef-df57-4449-a544-12be66cca343 ] Request - Headers: {'Content-Type': 'application/json', 'Accept': 'application/json', 'X-Auth-Token': ''} Body: None Response - Headers: {'status': '404', u'content-length': '132', 'content-location': 'http://172.30.9.23:9696/v2.0/ports/709825f6-28df-4c81-9e72-322c65fe44dd', u'date': 'Thu, 04 Oct 2018 05:13:39 GMT', u'content-type': 'application/json', u'connection': 'close', u'x-openstack-request-id': 'req-dab50bef-df57-4449-a544-12be66cca343'} Body: {"NeutronError": {"message": "Port 709825f6-28df-4c81-9e72-322c65fe44dd could not be found.", "type": "PortNotFound", "detail": ""}} _log_request_full /root/.rally/verification/verifier-30bd7221-dd79-42ed-af25-0d075c6a5bd6/repo/tempest/lib/common/rest_client.py:434
2018-10-04 05:13:39.268 11584 INFO tempest.lib.common.rest_client [req-4108046a-5d05-44f3-9f07-0bf94249083c ] Request (TrunkTestJSON:_run_cleanups): 404 DELETE http://172.30.9.23:9696/v2.0/ports/23557cba-7716-4a1d-a201-f758dae7bd50 0.038s
2018-10-04 05:13:39.268 11584 DEBUG tempest.lib.common.rest_client [req-4108046a-5d05-44f3-9f07-0bf94249083c ] Request - Headers: {'Content-Type': 'application/json', 'Accept': 'application/json', 'X-Auth-Token': ''} Body: None Response - Headers: {'status': '404', u'content-length': '132', 'content-location': 'http://172.30.9.23:9696/v2.0/ports/23557cba-7716-4a1d-a201-f758dae7bd50', u'date': 'Thu, 04 Oct 2018 05:13:39 GMT', u'content-type': 'application/json', u'connection': 'close', u'x-openstack-request-id': 'req-4108046a-5d05-44f3-9f07-0bf94249083c'} Body: {"NeutronError": {"message": "Port 23557cba-7716-4a1d-a201-f758dae7bd50 could not be found.", "type": "PortNotFound", "detail": ""}} _log_request_full /root/.rally/verification/verifier-30bd7221-dd79-42ed-af25-0d075c6a5bd6/repo/tempest/lib/common/rest_client.py:434
2018-10-04 05:13:39.300 11584 INFO tempest.lib.common.rest_client [req-23e3cfd3-8af4-4c19-98cb-4095a864a8ad ] Request (TrunkTestJSON:_run_cleanups): 404 DELETE http://172.30.9.23:9696/v2.0/ports/37715100-3a05-497a-976a-f4ba8e76fb87 0.031s
2018-10-04 05:13:39.300 11584 DEBUG tempest.lib.common.rest_client [req-23e3cfd3-8af4-4c19-98cb-4095a864a8ad ] Request - Headers: {'Content-Type': 'application/json', 'Accept': 'application/json', 'X-Auth-Token': ''} Body: None Response - Headers: {'status': '404', u'content-length': '132', 'content-location': 'http://172.30.9.23:9696/v2.0/ports/37715100-3a05-497a-976a-f4ba8e76fb87', u'date': 'Thu, 04 Oct 2018 05:13:39 GMT', u'content-type': 'application/json', u'connection': 'close', u'x-openstack-request-id': 'req-23e3cfd3-8af4-4c19-98cb-4095a864a8ad'} Body: {"NeutronError": {"message": "Port 37715100-3a05-497a-976a-f4ba8e76fb87 could not be found.", "type": "PortNotFound", "detail": ""}} _log_request_full /root/.rally/verification/verifier-30bd7221-dd79-42ed-af25-0d075c6a5bd6/repo/tempest/lib/common/rest_client.py:434
2018-10-04 05:13:39.301 11564 INFO tempest.lib.common.rest_client [req-45682d9e-10b6-4b81-9a3a-0b6bc89a7627 ] Request (TrunkTestJSON:_run_cleanups): 404 DELETE http://172.30.9.23:9696/v2.0/ports/81891442-e369-4e49-945f-78ba48f857c1 0.035s
