2018-10-04 05:13:58.326 11584 DEBUG tempest.lib.common.rest_client [req-c31719e7-88ab-4ed5-b018-53d20160ea92 ] Request - Headers: {'Content-Type': 'application/json', 'Accept': 'application/json', 'X-Auth-Token': ''} Body: {"port": {"network_id": "67d0be2e-5209-4abc-aba7-10c7be80a6c6"}} Response - Headers: {'status': '201', u'content-length': '615', 'content-location': 'http://172.30.9.23:9696/v2.0/ports', u'date': 'Thu, 04 Oct 2018 05:13:58 GMT', u'content-type': 'application/json', u'connection': 'close', u'x-openstack-request-id': 'req-c31719e7-88ab-4ed5-b018-53d20160ea92'} Body: {"port":{"status":"DOWN","created_at":"2018-10-04T05:13:57Z","description":"","allowed_address_pairs":[],"tags":[],"network_id":"67d0be2e-5209-4abc-aba7-10c7be80a6c6","tenant_id":"ad0973b60bb24803a5d26f4d52ea1267","extra_dhcp_opts":[],"admin_state_up":true,"updated_at":"2018-10-04T05:13:57Z","name":"","device_owner":"","revision_number":2,"mac_address":"fa:16:3e:a1:c5:ba","binding:vnic_type":"normal","port_security_enabled":true,"project_id":"ad0973b60bb24803a5d26f4d52ea1267","fixed_ips":[],"id":"76cf5071-1169-4c97-b488-0ae982bf192b","security_groups":["c0aa1683-c525-425f-af86-976635c744ca"],"device_id":""}} _log_request_full /root/.rally/verification/verifier-30bd7221-dd79-42ed-af25-0d075c6a5bd6/repo/tempest/lib/common/rest_client.py:434
2018-10-04 05:13:58.606 11564 INFO tempest.lib.common.rest_client [req-d68a9984-4275-4223-accb-cfe9e3fc0f30 ] Request (TrunkTestJSON:test_create_trunk_with_subport_missing_segmentation_id): 201 POST http://172.30.9.23:9696/v2.0/ports 0.579s
2018-10-04 05:13:58.607 11564 DEBUG tempest.lib.common.rest_client [req-d68a9984-4275-4223-accb-cfe9e3fc0f30 ] Request - Headers: {'Content-Type': 'application/json', 'Accept': 'application/json', 'X-Auth-Token': ''} Body: {"port": {"network_id": "ddeb6a46-5afa-445c-8465-3290d2d69795"}} Response - Headers: {'status': '201', u'content-length': '615', 'content-location': 'http://172.30.9.23:9696/v2.0/ports', u'date': 'Thu, 04 Oct 2018 05:13:58 GMT', u'content-type': 'application/json', u'connection': 'close', u'x-openstack-request-id': 'req-d68a9984-4275-4223-accb-cfe9e3fc0f30'} Body: {"port":{"status":"DOWN","created_at":"2018-10-04T05:13:58Z","description":"","allowed_address_pairs":[],"tags":[],"network_id":"ddeb6a46-5afa-445c-8465-3290d2d69795","tenant_id":"0b552bccfdb240ab81c1e1ee227dee59","extra_dhcp_opts":[],"admin_state_up":true,"updated_at":"2018-10-04T05:13:58Z","name":"","device_owner":"","revision_number":2,"mac_address":"fa:16:3e:30:03:54","binding:vnic_type":"normal","port_security_enabled":true,"project_id":"0b552bccfdb240ab81c1e1ee227dee59","fixed_ips":[],"id":"e21ec325-4e3f-473f-b8bf-07b4ebc6bf38","security_groups":["cb277381-3145-41c8-a6b0-412065ff5b36"],"device_id":""}} _log_request_full /root/.rally/verification/verifier-30bd7221-dd79-42ed-af25-0d075c6a5bd6/repo/tempest/lib/common/rest_client.py:434
2018-10-04 05:13:58.623 11564 INFO tempest.lib.common.rest_client [req-b578821b-b4c4-4a03-a1f7-360d55f296fa ] Request (TrunkTestJSON:test_create_trunk_with_subport_missing_segmentation_id): 400 POST http://172.30.9.23:9696/v2.0/trunks 0.014s
2018-10-04 05:13:58.623 11564 DEBUG tempest.lib.common.rest_client [req-b578821b-b4c4-4a03-a1f7-360d55f296fa ] Request - Headers: {'Content-Type': 'application/json', 'Accept': 'application/json', 'X-Auth-Token': ''} Body: {"trunk": {"sub_ports": [{"segmentation_type": "vlan", "port_id": "7011f344-cf39-418f-888d-8dc61a646536"}], "port_id": "e21ec325-4e3f-473f-b8bf-07b4ebc6bf38"}} Response - Headers: {'status': '400', u'content-length': '312', 'content-location': 'http://172.30.9.23:9696/v2.0/trunks', u'date': 'Thu, 04 Oct 2018 05:13:58 GMT', u'content-type': 'application/json', u'connection': 'close', u'x-openstack-request-id': 'req-b578821b-b4c4-4a03-a1f7-360d55f296fa'} Body: {"NeutronError": {"message": "Invalid input for sub_ports. Reason: Invalid subport details '{u'segmentation_type': u'vlan', u'port_id': u'7011f344-cf39-418f-888d-8dc61a646536'}': missing segmentation information. Must specify both segmentation_id and segmentation_type.", "type": "HTTPBadRequest", "detail": ""}} _log_request_full /root/.rally/verification/verifier-30bd7221-dd79-42ed-af25-0d075c6a5bd6/repo/tempest/lib/common/rest_client.py:434
2018-10-04 05:13:58.646 11564 INFO tempest.lib.common.rest_client [req-1ffcd8a3-e546-4940-8386-19fc26949b00 ] Request (TrunkTestJSON:_run_cleanups): 404 GET http://172.30.9.23:9696/v2.0/trunks/f930313f-8ed2-47f3-93d0-ea9238d13e15/get_subports 0.022s
2018-10-04 05:13:58.647 11564 DEBUG tempest.lib.common.rest_client [req-1ffcd8a3-e546-4940-8386-19fc26949b00 ] Request - Headers: {'Content-Type': 'application/json', 'Accept': 'application/json', 'X-Auth-Token': ''} Body: None Response - Headers: {'status': '404', u'content-length': '134', 'content-location': 'http://172.30.9.23:9696/v2.0/trunks/f930313f-8ed2-47f3-93d0-ea9238d13e15/get_subports', u'date': 'Thu, 04 Oct 2018 05:13:58 GMT', u'content-type': 'application/json', u'connection': 'close', u'x-openstack-request-id': 'req-1ffcd8a3-e546-4940-8386-19fc26949b00'} Body: {"NeutronError": {"message": "Trunk f930313f-8ed2-47f3-93d0-ea9238d13e15 could not be found.", "type": "TrunkNotFound", "detail": ""}} _log_request_full /root/.rally/verification/verifier-30bd7221-dd79-42ed-af25-0d075c6a5bd6/repo/tempest/lib/common/rest_client.py:434
2018-10-04 05:13:58.668 11564 INFO tempest.lib.common.rest_client [req-8ef22e3f-58b7-48fc-af61-b3df30501df6 ] Request (TrunkTestJSON:_run_cleanups): 404 DELETE http://172.30.9.23:9696/v2.0/trunks/f930313f-8ed2-47f3-93d0-ea9238d13e15 0.021s
2018-10-04 05:13:58.668 11564 DEBUG tempest.lib.common.rest_client [req-8ef22e3f-58b7-48fc-af61-b3df30501df6 ] Request - Headers: {'Content-Type': 'application/json', 'Accept': 'application/json', 'X-Auth-Token': ''} Body: None Response - Headers: {'status': '404', u'content-length': '134', 'content-location': 'http://172.30.9.23:9696/v2.0/trunks/f930313f-8ed2-47f3-93d0-ea9238d13e15', u'date': 'Thu, 04 Oct 2018 05:13:58 GMT', u'content-type': 'application/json', u'connection': 'close', u'x-openstack-request-id': 'req-8ef22e3f-58b7-48fc-af61-b3df30501df6'} Body: {"NeutronError": {"message": "Trunk f930313f-8ed2-47f3-93d0-ea9238d13e15 could not be found.", "type": "TrunkNotFound", "detail": ""}} _log_request_full /root/.rally/verification/verifier-30bd7221-dd79-42ed-af25-0d075c6a5bd6/repo/tempest/lib/common/rest_client.py:434
2018-10-04 05:13:58.685 11564 INFO tempest.lib.common.rest_client [req-25d51774-9c18-46a6-b0dc-417f2e1063e3 ] Request (TrunkTestJSON:_run_cleanups): 404 GET http://172.30.9.23:9696/v2.0/trunks/49ac5d05-03b4-4592-807b-180934c0ddd0/get_subports 0.016s
2018-10-04 05:13:58.686 11564 DEBUG tempest.lib.common.rest_client [req-25d51774-9c18-46a6-b0dc-417f2e1063e3 ] Request - Headers: {'Content-Type': 'application/json', 'Accept': 'application/json', 'X-Auth-Token': ''} Body: None Response - Headers: {'status': '404', u'content-length': '134', 'content-location': 'http://172.30.9.23:9696/v2.0/trunks/49ac5d05-03b4-4592-807b-180934c0ddd0/get_subports', u'date': 'Thu, 04 Oct 2018 05:13:58 GMT', u'content-type': 'application/json', u'connection': 'close', u'x-openstack-request-id': 'req-25d51774-9c18-46a6-b0dc-417f2e1063e3'} Body: {"NeutronError": {"message": "Trunk 49ac5d05-03b4-4592-807b-180934c0ddd0 could not be found.", "type": "TrunkNotFound", "detail": ""}} _log_request_full /root/.rally/verification/verifier-30bd7221-dd79-42ed-af25-0d075c6a5bd6/repo/tempest/lib/common/rest_client.py:434
2018-10-04 05:13:58.708 11564 INFO tempest.lib.common.rest_client [req-5c0a2edd-0049-40ed-930b-cff47402f242 ] Request (TrunkTestJSON:_run_cleanups): 404 DELETE http://172.30.9.23:9696/v2.0/trunks/49ac5d05-03b4-4592-807b-180934c0ddd0 0.022s
2018-10-04 05:13:58.709 11564 DEBUG tempest.lib.common.rest_client [req-5c0a2edd-0049-40ed-930b-cff47402f242 ] Request - Headers: {'Content-Type': 'application/json', 'Accept': 'application/json', 'X-Auth-Token': ''} Body: None Response - Headers: {'status': '404', u'content-length': '134', 'content-location': 'http://172.30.9.23:9696/v2.0/trunks/49ac5d05-03b4-4592-807b-180934c0ddd0', u'date': 'Thu, 04 Oct 2018 05:13:58 GMT', u'content-type': 'application/json', u'connection': 'close', u'x-openstack-request-id': 'req-5c0a2edd-0049-40ed-930b-cff47402f242'} Body: {"NeutronError": {"message": "Trunk 49ac5d05-03b4-4592-807b-180934c0ddd0 could not be found.", "type": "TrunkNotFound", "detail": ""}} _log_request_full /root/.rally/verification/verifier-30bd7221-dd79-42ed-af25-0d075c6a5bd6/repo/tempest/lib/common/rest_client.py:434
2018-10-04 05:13:58.727 11564 INFO tempest.lib.common.rest_client [req-4eebe6a5-d933-48d5-a086-cfcef98a2a4f ] Request (TrunkTestJSON:_run_cleanups): 404 GET http://172.30.9.23:9696/v2.0/trunks/be3d38fe-27e9-4a72-9da0-79d07f89d15b/get_subports 0.017s
2018-10-04 05:13:58.727 11564 DEBUG tempest.lib.common.rest_client [req-4eebe6a5-d933-48d5-a086-cfcef98a2a4f ] Request - Headers: {'Content-Type': 'application/json', 'Accept': 'application/json', 'X-Auth-Token': ''} Body: None Response - Headers: {'status': '404', u'content-length': '134', 'content-location': 'http://172.30.9.23:9696/v2.0/trunks/be3d38fe-27e9-4a72-9da0-79d07f89d15b/get_subports', u'date': 'Thu, 04 Oct 2018 05:13:58 GMT', u'content-type': 'application/json', u'connection': 'close', u'x-openstack-request-id': 'req-4eebe6a5-d933-48d5-a086-cfcef98a2a4f'} Body: {"NeutronError": {"message": "Trunk be3d38fe-27e9-4a72-9da0-79d07f89d15b could not be found.", "type": "TrunkNotFound", "detail": ""}} _log_request_full /root/.rally/verification/verifier-30bd7221-dd79-42ed-af25-0d075c6a5bd6/repo/tempest/lib/common/rest_client.py:434
2018-10-04 05:13:58.741 11584 INFO tempest.lib.common.rest_client [req-65d9d7f3-872b-4d53-86e4-598935c251cc ] Request (TrunkTestJSON:test_remove_subport): 201 POST http://172.30.9.23:9696/v2.0/trunks 0.414s
2018-10-04 05:13:58.741 11584 DEBUG tempest.lib.common.rest_client [req-65d9d7f3-872b-4d53-86e4-598935c251cc ] Request - Headers: {'Content-Type': 'application/json', 'Accept': 'application/json', 'X-Auth-Token': ''} Body: {"trunk": {"sub_ports": [{"segmentation_type": "vlan", "port_id": "ced931d5-2c67-4b72-baa9-6f4718e0f215", "segmentation_id": 2}, {"segmentation_type": "vlan", "port_id": "201305b4-ca85-414a-8e69-8a5291d9e11c", "segmentation_id": 4}], "port_id": "76cf5071-1169-4c97-b488-0ae982bf192b"}} Response - Headers: {'status': '201', u'content-length': '615', 'content-location': 'http://172.30.9.23:9696/v2.0/trunks', u'date': 'Thu, 04 Oct 2018 05:13:58 GMT', u'content-type': 'application/json', u'connection': 'close', u'x-openstack-request-id': 'req-65d9d7f3-872b-4d53-86e4-598935c251cc'} Body: {"trunk": {"status": "ACTIVE", "sub_ports": [{"segmentation_type": "vlan", "port_id": "ced931d5-2c67-4b72-baa9-6f4718e0f215", "segmentation_id": 2}, {"segmentation_type": "vlan", "port_id": "201305b4-ca85-414a-8e69-8a5291d9e11c", "segmentation_id": 4}], "name": "", "admin_state_up": true, "tenant_id": "ad0973b60bb24803a5d26f4d52ea1267", "created_at": "2018-10-04T05:13:58Z", "tags": [], "updated_at": "2018-10-04T05:13:58Z", "revision_number": 1, "project_id": "ad0973b60bb24803a5d26f4d52ea1267", "port_id": "76cf5071-1169-4c97-b488-0ae982bf192b", "id": "d8b5487a-5d75-41ec-a90d-a14be6f6a5d6", "description": ""}} _log_request_full /root/.rally/verification/verifier-30bd7221-dd79-42ed-af25-0d075c6a5bd6/repo/tempest/lib/common/rest_client.py:434
2018-10-04 05:13:58.748 11564 INFO tempest.lib.common.rest_client [req-f8853268-eaa3-435d-af5f-b3d8fe6453e8 ] Request (TrunkTestJSON:_run_cleanups): 404 DELETE http://172.30.9.23:9696/v2.0/trunks/be3d38fe-27e9-4a72-9da0-79d07f89d15b 0.020s
2018-10-04 05:13:58.748 11564 DEBUG tempest.lib.common.rest_client [req-f8853268-eaa3-435d-af5f-b3d8fe6453e8 ] Request - Headers: {'Content-Type': 'application/json', 'Accept': 'application/json', 'X-Auth-Token': ''} Body: None Response - Headers: {'status': '404', u'content-length': '134', 'content-location': 'http://172.30.9.23:9696/v2.0/trunks/be3d38fe-27e9-4a72-9da0-79d07f89d15b', u'date': 'Thu, 04 Oct 2018 05:13:58 GMT', u'content-type': 'application/json', u'connection': 'close', u'x-openstack-request-id': 'req-f8853268-eaa3-435d-af5f-b3d8fe6453e8'} Body: {"NeutronError": {"message": "Trunk be3d38fe-27e9-4a72-9da0-79d07f89d15b could not be found.", "type": "TrunkNotFound", "detail": ""}} _log_request_full /root/.rally/verification/verifier-30bd7221-dd79-42ed-af25-0d075c6a5bd6/repo/tempest/lib/common/rest_client.py:434
2018-10-04 05:13:58.764 11564 INFO tempest.lib.common.rest_client [req-c8a3f25d-20ff-499d-92bc-c9112e7c88a0 ] Request (TrunkTestJSON:_run_cleanups): 404 GET http://172.30.9.23:9696/v2.0/trunks/d4de14a9-9bd7-4cba-863f-36b870f5c8ac/get_subports 0.015s
2018-10-04 05:13:58.765 11564 DEBUG tempest.lib.common.rest_client [req-c8a3f25d-20ff-499d-92bc-c9112e7c88a0 ] Request - Headers: {'Content-Type': 'application/json', 'Accept': 'application/json', 'X-Auth-Token': ''} Body: None Response - Headers: {'status': '404', u'content-length': '134', 'content-location': 'http://172.30.9.23:9696/v2.0/trunks/d4de14a9-9bd7-4cba-863f-36b870f5c8ac/get_subports', u'date': 'Thu, 04 Oct 2018 05:13:58 GMT', u'content-type': 'application/json', u'connection': 'close', u'x-openstack-request-id': 'req-c8a3f25d-20ff-499d-92bc-c9112e7c88a0'} Body: {"NeutronError": {"message": "Trunk d4de14a9-9bd7-4cba-863f-36b870f5c8ac could not be found.", "type": "TrunkNotFound", "detail": ""}} _log_request_full /root/.rally/verification/verifier-30bd7221-dd79-42ed-af25-0d075c6a5bd6/repo/tempest/lib/common/rest_client.py:434
2018-10-04 05:13:58.783 11564 INFO tempest.lib.common.rest_client [req-9005f6a0-50fc-483f-9a7b-a9e751c5a0f4 ] Request (TrunkTestJSON:_run_cleanups): 404 DELETE http://172.30.9.23:9696/v2.0/trunks/d4de14a9-9bd7-4cba-863f-36b870f5c8ac 0.018s
2018-10-04 05:13:58.784 11564 DEBUG tempest.lib.common.rest_client [req-9005f6a0-50fc-483f-9a7b-a9e751c5a0f4 ] Request - Headers: {'Content-Type': 'application/json', 'Accept': 'application/json', 'X-Auth-Token': ''} Body: None Response - Headers: {'status': '404', u'content-length': '134', 'content-location': 'http://172.30.9.23:9696/v2.0/trunks/d4de14a9-9bd7-4cba-863f-36b870f5c8ac', u'date': 'Thu, 04 Oct 2018 05:13:58 GMT', u'content-type': 'application/json', u'connection': 'close', u'x-openstack-request-id': 'req-9005f6a0-50fc-483f-9a7b-a9e751c5a0f4'} Body: {"NeutronError": {"message": "Trunk d4de14a9-9bd7-4cba-863f-36b870f5c8ac could not be found.", "type": "TrunkNotFound", "detail": ""}} _log_request_full /root/.rally/verification/verifier-30bd7221-dd79-42ed-af25-0d075c6a5bd6/repo/tempest/lib/common/rest_client.py:434
2018-10-04 05:13:58.801 11564 INFO tempest.lib.common.rest_client [req-885e60fc-5f23-4b62-9774-3f7b80d1c697 ] Request (TrunkTestJSON:_run_cleanups): 404 GET http://172.30.9.23:9696/v2.0/trunks/ac52913c-93c4-4bca-b3b3-e77649eb58f1/get_subports 0.016s
2018-10-04 05:13:58.801 11564 DEBUG tempest.lib.common.rest_client [req-885e60fc-5f23-4b62-9774-3f7b80d1c697 ] Request - Headers: {'Content-Type': 'application/json', 'Accept': 'application/json', 'X-Auth-Token': ''} Body: None Response - Headers: {'status': '404', u'content-length': '134', 'content-location': 'http://172.30.9.23:9696/v2.0/trunks/ac52913c-93c4-4bca-b3b3-e77649eb58f1/get_subports', u'date': 'Thu, 04 Oct 2018 05:13:58 GMT', u'content-type': 'application/json', u'connection': 'close', u'x-openstack-request-id': 'req-885e60fc-5f23-4b62-9774-3f7b80d1c697'} Body: {"NeutronError": {"message": "Trunk ac52913c-93c4-4bca-b3b3-e77649eb58f1 could not be found.", "type": "TrunkNotFound", "detail": ""}} _log_request_full /root/.rally/verification/verifier-30bd7221-dd79-42ed-af25-0d075c6a5bd6/repo/tempest/lib/common/rest_client.py:434
2018-10-04 05:13:58.827 11564 INFO tempest.lib.common.rest_client [req-12d86e09-2fc3-4973-83c1-642469df279f ] Request (TrunkTestJSON:_run_cleanups): 404 DELETE http://172.30.9.23:9696/v2.0/trunks/ac52913c-93c4-4bca-b3b3-e77649eb58f1 0.025s
2018-10-04 05:13:58.827 11564 DEBUG tempest.lib.common.rest_client [req-12d86e09-2fc3-4973-83c1-642469df279f ] Request - Headers: {'Content-Type': 'application/json', 'Accept': 'application/json', 'X-Auth-Token': ''} Body: None Response - Headers: {'status': '404', u'content-length': '134', 'content-location': 'http://172.30.9.23:9696/v2.0/trunks/ac52913c-93c4-4bca-b3b3-e77649eb58f1', u'date': 'Thu, 04 Oct 2018 05:13:58 GMT', u'content-type': 'application/json', u'connection': 'close', u'x-openstack-request-id': 'req-12d86e09-2fc3-4973-83c1-642469df279f'} Body: {"NeutronError": {"message": "Trunk ac52913c-93c4-4bca-b3b3-e77649eb58f1 could not be found.", "type": "TrunkNotFound", "detail": ""}} _log_request_full /root/.rally/verification/verifier-30bd7221-dd79-42ed-af25-0d075c6a5bd6/repo/tempest/lib/common/rest_client.py:434
2018-10-04 05:13:58.844 11564 INFO tempest.lib.common.rest_client [req-6290460d-6ff4-4913-b3e7-2973a969e70a ] Request (TrunkTestJSON:_run_cleanups): 404 GET http://172.30.9.23:9696/v2.0/trunks/ae399196-b6cf-45ee-bd7f-e017eddae804/get_subports 0.015s
2018-10-04 05:13:58.844 11564 DEBUG tempest.lib.common.rest_client [req-6290460d-6ff4-4913-b3e7-2973a969e70a ] Request - Headers: {'Content-Type': 'application/json', 'Accept': 'application/json', 'X-Auth-Token': ''} Body: None Response - Headers: {'status': '404', u'content-length': '134', 'content-location': 'http://172.30.9.23:9696/v2.0/trunks/ae399196-b6cf-45ee-bd7f-e017eddae804/get_subports', u'date': 'Thu, 04 Oct 2018 05:13:58 GMT', u'content-type': 'application/json', u'connection': 'close', u'x-openstack-request-id': 'req-6290460d-6ff4-4913-b3e7-2973a969e70a'} Body: {"NeutronError": {"message": "Trunk ae399196-b6cf-45ee-bd7f-e017eddae804 could not be found.", "type": "TrunkNotFound", "detail": ""}} _log_request_full /root/.rally/verification/verifier-30bd7221-dd79-42ed-af25-0d075c6a5bd6/repo/tempest/lib/common/rest_client.py:434
2018-10-04 05:13:58.863 11564 INFO tempest.lib.common.rest_client [req-775e996d-a984-4eeb-a83b-2cf635d9ff67 ] Request (TrunkTestJSON:_run_cleanups): 404 DELETE http://172.30.9.23:9696/v2.0/trunks/ae399196-b6cf-45ee-bd7f-e017eddae804 0.018s
2018-10-04 05:13:58.863 11564 DEBUG tempest.lib.common.rest_client [req-775e996d-a984-4eeb-a83b-2cf635d9ff67 ] Request - Headers: {'Content-Type': 'application/json', 'Accept': 'application/json', 'X-Auth-Token': ''} Body: None Response - Headers: {'status': '404', u'content-length': '134', 'content-location': 'http://172.30.9.23:9696/v2.0/trunks/ae399196-b6cf-45ee-bd7f-e017eddae804', u'date': 'Thu, 04 Oct 2018 05:13:58 GMT', u'content-type': 'application/json', u'connection': 'close', u'x-openstack-request-id': 'req-775e996d-a984-4eeb-a83b-2cf635d9ff67'} Body: {"NeutronError": {"message": "Trunk ae399196-b6cf-45ee-bd7f-e017eddae804 could not be found.", "type": "TrunkNotFound", "detail": ""}} _log_request_full /root/.rally/verification/verifier-30bd7221-dd79-42ed-af25-0d075c6a5bd6/repo/tempest/lib/common/rest_client.py:434
2018-10-04 05:13:58.879 11584 INFO tempest.lib.common.rest_client [req-6b739f53-e0e5-408f-873b-7ea183c9d8a0 ] Request (TrunkTestJSON:test_remove_subport): 200 PUT http://172.30.9.23:9696/v2.0/trunks/d8b5487a-5d75-41ec-a90d-a14be6f6a5d6/remove_subports 0.137s
2018-10-04 05:13:58.879 11584 DEBUG tempest.lib.common.rest_client [req-6b739f53-e0e5-408f-873b-7ea183c9d8a0 ] Request - Headers: {'Content-Type': 'application/json', 'Accept': 'application/json', 'X-Auth-Token': ''} Body: {"sub_ports": [{"port_id": "ced931d5-2c67-4b72-baa9-6f4718e0f215", "segmentation_type": "vlan", "segmentation_id": 2}]} Response - Headers: {'status': '200', u'content-length': '500', 'content-location': 'http://172.30.9.23:9696/v2.0/trunks/d8b5487a-5d75-41ec-a90d-a14be6f6a5d6/remove_subports', u'date': 'Thu, 04 Oct 2018 05:13:58 GMT', u'content-type': 'application/json', u'connection': 'close', u'x-openstack-request-id': 'req-6b739f53-e0e5-408f-873b-7ea183c9d8a0'} Body: {"status": "ACTIVE", "sub_ports": [{"segmentation_type": "vlan", "port_id": "201305b4-ca85-414a-8e69-8a5291d9e11c", "segmentation_id": 4}], "name": "", "admin_state_up": true, "tenant_id": "ad0973b60bb24803a5d26f4d52ea1267", "created_at": "2018-10-04T05:13:58Z", "tags": [], "updated_at": "2018-10-04T05:13:58Z", "revision_number": 4, "project_id": "ad0973b60bb24803a5d26f4d52ea1267", "port_id": "76cf5071-1169-4c97-b488-0ae982bf192b", "id": "d8b5487a-5d75-41ec-a90d-a14be6f6a5d6", "description": ""} _log_request_full /root/.rally/verification/verifier-30bd7221-dd79-42ed-af25-0d075c6a5bd6/repo/tempest/lib/common/rest_client.py:434
2018-10-04 05:13:58.904 11564 INFO tempest.lib.common.rest_client [req-9fdcab50-289e-4a3a-a667-728a97e43965 ] Request (TrunkTestJSON:_run_cleanups): 404 GET http://172.30.9.23:9696/v2.0/trunks/f825ba20-0903-4cba-a4c4-073c3ef0457c/get_subports 0.039s
2018-10-04 05:13:58.904 11564 DEBUG tempest.lib.common.rest_client [req-9fdcab50-289e-4a3a-a667-728a97e43965 ] Request - Headers: {'Content-Type': 'application/json', 'Accept': 'application/json', 'X-Auth-Token': ''} Body: None Response - Headers: {'status': '404', u'content-length': '134', 'content-location': 'http://172.30.9.23:9696/v2.0/trunks/f825ba20-0903-4cba-a4c4-073c3ef0457c/get_subports', u'date': 'Thu, 04 Oct 2018 05:13:58 GMT', u'content-type': 'application/json', u'connection': 'close', u'x-openstack-request-id': 'req-9fdcab50-289e-4a3a-a667-728a97e43965'} Body: {"NeutronError": {"message": "Trunk f825ba20-0903-4cba-a4c4-073c3ef0457c could not be found.", "type": "TrunkNotFound", "detail": ""}} _log_request_full /root/.rally/verification/verifier-30bd7221-dd79-42ed-af25-0d075c6a5bd6/repo/tempest/lib/common/rest_client.py:434
2018-10-04 05:13:58.912 11584 INFO tempest.lib.common.rest_client [req-dffab6f4-fc31-4782-87e3-f3dcce7c604b ] Request (TrunkTestJSON:test_remove_subport): 200 GET http://172.30.9.23:9696/v2.0/trunks/d8b5487a-5d75-41ec-a90d-a14be6f6a5d6 0.032s
2018-10-04 05:13:58.913 11584 DEBUG tempest.lib.common.rest_client [req-dffab6f4-fc31-4782-87e3-f3dcce7c604b ] Request - Headers: {'Content-Type': 'application/json', 'Accept': 'application/json', 'X-Auth-Token': ''} Body: None Response - Headers: {'status': '200', u'content-length': '511', 'content-location': 'http://172.30.9.23:9696/v2.0/trunks/d8b5487a-5d75-41ec-a90d-a14be6f6a5d6', u'date': 'Thu, 04 Oct 2018 05:13:58 GMT', u'content-type': 'application/json', u'connection': 'close', u'x-openstack-request-id': 'req-dffab6f4-fc31-4782-87e3-f3dcce7c604b'} Body: {"trunk": {"status": "ACTIVE", "sub_ports": [{"segmentation_type": "vlan", "port_id": "201305b4-ca85-414a-8e69-8a5291d9e11c", "segmentation_id": 4}], "name": "", "admin_state_up": true, "tenant_id": "ad0973b60bb24803a5d26f4d52ea1267", "created_at": "2018-10-04T05:13:58Z", "tags": [], "updated_at": "2018-10-04T05:13:58Z", "revision_number": 4, "project_id": "ad0973b60bb24803a5d26f4d52ea1267", "port_id": "76cf5071-1169-4c97-b488-0ae982bf192b", "id": "d8b5487a-5d75-41ec-a90d-a14be6f6a5d6", "description": ""}} _log_request_full /root/.rally/verification/verifier-30bd7221-dd79-42ed-af25-0d075c6a5bd6/repo/tempest/lib/common/rest_client.py:434
2018-10-04 05:13:58.927 11564 INFO tempest.lib.common.rest_client [req-3c1a4a2c-226e-4393-9c3e-a8fb78706df7 ] Request (TrunkTestJSON:_run_cleanups): 404 DELETE http://172.30.9.23:9696/v2.0/trunks/f825ba20-0903-4cba-a4c4-073c3ef0457c 0.022s
2018-10-04 05:13:58.927 11564 DEBUG tempest.lib.common.rest_client [req-3c1a4a2c-226e-4393-9c3e-a8fb78706df7 ] Request - Headers: {'Content-Type': 'application/json', 'Accept': 'application/json', 'X-Auth-Token': ''} Body: None Response - Headers: {'status': '404', u'content-length': '134', 'content-location': 'http://172.30.9.23:9696/v2.0/trunks/f825ba20-0903-4cba-a4c4-073c3ef0457c', u'date': 'Thu, 04 Oct 2018 05:13:58 GMT', u'content-type': 'application/json', u'connection': 'close', u'x-openstack-request-id': 'req-3c1a4a2c-226e-4393-9c3e-a8fb78706df7'} Body: {"NeutronError": {"message": "Trunk f825ba20-0903-4cba-a4c4-073c3ef0457c could not be found.", "type": "TrunkNotFound", "detail": ""}} _log_request_full /root/.rally/verification/verifier-30bd7221-dd79-42ed-af25-0d075c6a5bd6/repo/tempest/lib/common/rest_client.py:434
2018-10-04 05:13:58.928 11584 INFO tempest.lib.common.rest_client [req-e0d5c9eb-6aca-4d98-9a63-477153076526 ] Request (TrunkTestJSON:_run_cleanups): 404 GET http://172.30.9.23:9696/v2.0/trunks/1bf05efb-e0ca-4abe-aa7d-642f7c00b30f/get_subports 0.014s
2018-10-04 05:13:58.929 11584 DEBUG tempest.lib.common.rest_client [req-e0d5c9eb-6aca-4d98-9a63-477153076526 ] Request - Headers: {'Content-Type': 'application/json', 'Accept': 'application/json', 'X-Auth-Token': ''} Body: None Response - Headers: {'status': '404', u'content-length': '134', 'content-location': 'http://172.30.9.23:9696/v2.0/trunks/1bf05efb-e0ca-4abe-aa7d-642f7c00b30f/get_subports', u'date': 'Thu, 04 Oct 2018 05:13:58 GMT', u'content-type': 'application/json', u'connection': 'close', u'x-openstack-request-id': 'req-e0d5c9eb-6aca-4d98-9a63-477153076526'} Body: {"NeutronError": {"message": "Trunk 1bf05efb-e0ca-4abe-aa7d-642f7c00b30f could not be found.", "type": "TrunkNotFound", "detail": ""}} _log_request_full /root/.rally/verification/verifier-30bd7221-dd79-42ed-af25-0d075c6a5bd6/repo/tempest/lib/common/rest_client.py:434
2018-10-04 05:13:58.948 11584 INFO tempest.lib.common.rest_client [req-b0dfde40-d093-4e8e-95ae-27a7f0fede3a ] Request (TrunkTestJSON:_run_cleanups): 404 DELETE http://172.30.9.23:9696/v2.0/trunks/1bf05efb-e0ca-4abe-aa7d-642f7c00b30f 0.018s
2018-10-04 05:13:58.948 11584 DEBUG tempest.lib.common.rest_client [req-b0dfde40-d093-4e8e-95ae-27a7f0fede3a ] Request - Headers: {'Content-Type': 'application/json', 'Accept': 'application/json', 'X-Auth-Token': ''} Body: None Response - Headers: {'status': '404', u'content-length': '134', 'content-location': 'http://172.30.9.23:9696/v2.0/trunks/1bf05efb-e0ca-4abe-aa7d-642f7c00b30f', u'date': 'Thu, 04 Oct 2018 05:13:58 GMT', u'content-type': 'application/json', u'connection': 'close', u'x-openstack-request-id': 'req-b0dfde40-d093-4e8e-95ae-27a7f0fede3a'} Body: {"NeutronError": {"message": "Trunk 1bf05efb-e0ca-4abe-aa7d-642f7c00b30f could not be found.", "type": "TrunkNotFound", "detail": ""}} _log_request_full /root/.rally/verification/verifier-30bd7221-dd79-42ed-af25-0d075c6a5bd6/repo/tempest/lib/common/rest_client.py:434
2018-10-04 05:13:58.960 11564 INFO tempest.lib.common.rest_client [req-dc6207ea-705f-45a3-93bd-e14d5eb430af ] Request (TrunkTestJSON:_run_cleanups): 404 DELETE http://172.30.9.23:9696/v2.0/ports/709825f6-28df-4c81-9e72-322c65fe44dd 0.032s
2018-10-04 05:13:58.960 11564 DEBUG tempest.lib.common.rest_client [req-dc6207ea-705f-45a3-93bd-e14d5eb430af ] Request - Headers: {'Content-Type': 'application/json', 'Accept': 'application/json', 'X-Auth-Token': ''} Body: None Response - Headers: {'status': '404', u'content-length': '132', 'content-location': 'http://172.30.9.23:9696/v2.0/ports/709825f6-28df-4c81-9e72-322c65fe44dd', u'date': 'Thu, 04 Oct 2018 05:13:58 GMT', u'content-type': 'application/json', u'connection': 'close', u'x-openstack-request-id': 'req-dc6207ea-705f-45a3-93bd-e14d5eb430af'} Body: {"NeutronError": {"message": "Port 709825f6-28df-4c81-9e72-322c65fe44dd could not be found.", "type": "PortNotFound", "detail": ""}} _log_request_full /root/.rally/verification/verifier-30bd7221-dd79-42ed-af25-0d075c6a5bd6/repo/tempest/lib/common/rest_client.py:434
2018-10-04 05:13:58.965 11584 INFO tempest.lib.common.rest_client [req-ae5e0aad-7242-4330-99dc-90f5092a3c2f ] Request (TrunkTestJSON:_run_cleanups): 404 GET http://172.30.9.23:9696/v2.0/trunks/54f396f0-0bd0-42b9-9c13-46c750a2f22a/get_subports 0.016s
2018-10-04 05:13:58.966 11584 DEBUG tempest.lib.common.rest_client [req-ae5e0aad-7242-4330-99dc-90f5092a3c2f ] Request - Headers: {'Content-Type': 'application/json', 'Accept': 'application/json', 'X-Auth-Token': ''} Body: None Response - Headers: {'status': '404', u'content-length': '134', 'content-location': 'http://172.30.9.23:9696/v2.0/trunks/54f396f0-0bd0-42b9-9c13-46c750a2f22a/get_subports', u'date': 'Thu, 04 Oct 2018 05:13:58 GMT', u'content-type': 'application/json', u'connection': 'close', u'x-openstack-request-id': 'req-ae5e0aad-7242-4330-99dc-90f5092a3c2f'} Body: {"NeutronError": {"message": "Trunk 54f396f0-0bd0-42b9-9c13-46c750a2f22a could not be found.", "type": "TrunkNotFound", "detail": ""}} _log_request_full /root/.rally/verification/verifier-30bd7221-dd79-42ed-af25-0d075c6a5bd6/repo/tempest/lib/common/rest_client.py:434
2018-10-04 05:13:58.984 11584 INFO tempest.lib.common.rest_client [req-90308670-debf-4a77-b0ee-b0ac647ec5f3 ] Request (TrunkTestJSON:_run_cleanups): 404 DELETE http://172.30.9.23:9696/v2.0/trunks/54f396f0-0bd0-42b9-9c13-46c750a2f22a 0.017s
2018-10-04 05:13:58.984 11584 DEBUG tempest.lib.common.rest_client [req-90308670-debf-4a77-b0ee-b0ac647ec5f3 ] Request - Headers: {'Content-Type': 'application/json', 'Accept': 'application/json', 'X-Auth-Token': ''} Body: None Response - Headers: {'status': '404', u'content-length': '134', 'content-location': 'http://172.30.9.23:9696/v2.0/trunks/54f396f0-0bd0-42b9-9c13-46c750a2f22a', u'date': 'Thu, 04 Oct 2018 05:13:58 GMT', u'content-type': 'application/json', u'connection': 'close', u'x-openstack-request-id': 'req-90308670-debf-4a77-b0ee-b0ac647ec5f3'} Body: {"NeutronError": {"message": "Trunk 54f396f0-0bd0-42b9-9c13-46c750a2f22a could not be found.", "type": "TrunkNotFound", "detail": ""}} _log_request_full /root/.rally/verification/verifier-30bd7221-dd79-42ed-af25-0d075c6a5bd6/repo/tempest/lib/common/rest_client.py:434
2018-10-04 05:13:58.993 11564 INFO tempest.lib.common.rest_client [req-e6419b77-5284-4ff2-8bef-0cdfa9b5a7d1 ] Request (TrunkTestJSON:_run_cleanups): 404 DELETE http://172.30.9.23:9696/v2.0/ports/81891442-e369-4e49-945f-78ba48f857c1 0.031s
2018-10-04 05:13:58.993 11564 DEBUG tempest.lib.common.rest_client [req-e6419b77-5284-4ff2-8bef-0cdfa9b5a7d1 ] Request - Headers: {'Content-Type': 'application/json', 'Accept': 'application/json', 'X-Auth-Token': ''} Body: None Response - Headers: {'status': '404', u'content-length': '132', 'content-location': 'http://172.30.9.23:9696/v2.0/ports/81891442-e369-4e49-945f-78ba48f857c1', u'date': 'Thu, 04 Oct 2018 05:13:58 GMT', u'content-type': 'application/json', u'connection': 'close', u'x-openstack-request-id': 'req-e6419b77-5284-4ff2-8bef-0cdfa9b5a7d1'} Body: {"NeutronError": {"message": "Port 81891442-e369-4e49-945f-78ba48f857c1 could not be found.", "type": "PortNotFound", "detail": ""}} _log_request_full /root/.rally/verification/verifier-30bd7221-dd79-42ed-af25-0d075c6a5bd6/repo/tempest/lib/common/rest_client.py:434
2018-10-04 05:13:59.002 11584 INFO tempest.lib.common.rest_client [req-82d6d112-2dad-493d-9985-fedf34679ec8 ] Request (TrunkTestJSON:_run_cleanups): 404 GET http://172.30.9.23:9696/v2.0/trunks/a8dddeec-d21d-4f87-b606-0cc38bf9d3cc/get_subports 0.017s
2018-10-04 05:13:59.003 11584 DEBUG tempest.lib.common.rest_client [req-82d6d112-2dad-493d-9985-fedf34679ec8 ] Request - Headers: {'Content-Type': 'application/json', 'Accept': 'application/json', 'X-Auth-Token': ''} Body: None Response - Headers: {'status': '404', u'content-length': '134', 'content-location': 'http://172.30.9.23:9696/v2.0/trunks/a8dddeec-d21d-4f87-b606-0cc38bf9d3cc/get_subports', u'date': 'Thu, 04 Oct 2018 05:13:58 GMT', u'content-type': 'application/json', u'connection': 'close', u'x-openstack-request-id': 'req-82d6d112-2dad-493d-9985-fedf34679ec8'} Body: {"NeutronError": {"message": "Trunk a8dddeec-d21d-4f87-b606-0cc38bf9d3cc could not be found.", "type": "TrunkNotFound", "detail": ""}} _log_request_full /root/.rally/verification/verifier-30bd7221-dd79-42ed-af25-0d075c6a5bd6/repo/tempest/lib/common/rest_client.py:434
2018-10-04 05:13:59.023 11584 INFO tempest.lib.common.rest_client [req-bc67d5f8-cbab-4998-a783-36b5a5f0fd28 ] Request (TrunkTestJSON:_run_cleanups): 404 DELETE http://172.30.9.23:9696/v2.0/trunks/a8dddeec-d21d-4f87-b606-0cc38bf9d3cc 0.019s
2018-10-04 05:13:59.023 11584 DEBUG tempest.lib.common.rest_client [req-bc67d5f8-cbab-4998-a783-36b5a5f0fd28 ] Request - Headers: {'Content-Type': 'application/json', 'Accept': 'application/json', 'X-Auth-Token': ''} Body: None Response - Headers: {'status': '404', u'content-length': '134', 'content-location': 'http://172.30.9.23:9696/v2.0/trunks/a8dddeec-d21d-4f87-b606-0cc38bf9d3cc', u'date': 'Thu, 04 Oct 2018 05:13:59 GMT', u'content-type': 'application/json', u'connection': 'close', u'x-openstack-request-id': 'req-bc67d5f8-cbab-4998-a783-36b5a5f0fd28'} Body: {"NeutronError": {"message": "Trunk a8dddeec-d21d-4f87-b606-0cc38bf9d3cc could not be found.", "type": "TrunkNotFound", "detail": ""}} _log_request_full /root/.rally/verification/verifier-30bd7221-dd79-42ed-af25-0d075c6a5bd6/repo/tempest/lib/common/rest_client.py:434
2018-10-04 05:13:59.032 11564 INFO tempest.lib.common.rest_client [req-520b5783-3e66-40f1-b463-b2777e57c1af ] Request (TrunkTestJSON:_run_cleanups): 404 DELETE http://172.30.9.23:9696/v2.0/ports/1319ffc9-ff5f-481e-a7bb-321291d9f154 0.038s
2018-10-04 05:13:59.032 11564 DEBUG tempest.lib.common.rest_client [req-520b5783-3e66-40f1-b463-b2777e57c1af ] Request - Headers: {'Content-Type': 'application/json', 'Accept': 'application/json', 'X-Auth-Token': ''} Body: None Response - Headers: {'status': '404', u'content-length': '132', 'content-location': 'http://172.30.9.23:9696/v2.0/ports/1319ffc9-ff5f-481e-a7bb-321291d9f154', u'date': 'Thu, 04 Oct 2018 05:13:59 GMT', u'content-type': 'application/json', u'connection': 'close', u'x-openstack-request-id': 'req-520b5783-3e66-40f1-b463-b2777e57c1af'} Body: {"NeutronError": {"message": "Port 1319ffc9-ff5f-481e-a7bb-321291d9f154 could not be found.", "type": "PortNotFound", "detail": ""}} _log_request_full /root/.rally/verification/verifier-30bd7221-dd79-42ed-af25-0d075c6a5bd6/repo/tempest/lib/common/rest_client.py:434
2018-10-04 05:13:59.047 11584 INFO tempest.lib.common.rest_client [req-6d618b57-fc2d-4989-88da-34067c5af1cc ] Request (TrunkTestJSON:_run_cleanups): 404 GET http://172.30.9.23:9696/v2.0/trunks/ec0bf6b2-0614-462c-8506-7c84cbbaf33d/get_subports 0.023s
2018-10-04 05:13:59.047 11584 DEBUG tempest.lib.common.rest_client [req-6d618b57-fc2d-4989-88da-34067c5af1cc ] Request - Headers: {'Content-Type': 'application/json', 'Accept': 'application/json', 'X-Auth-Token': ''} Body: None Response - Headers: {'status': '404', u'content-length': '134', 'content-location': 'http://172.30.9.23:9696/v2.0/trunks/ec0bf6b2-0614-462c-8506-7c84cbbaf33d/get_subports', u'date': 'Thu, 04 Oct 2018 05:13:59 GMT', u'content-type': 'application/json', u'connection': 'close', u'x-openstack-request-id': 'req-6d618b57-fc2d-4989-88da-34067c5af1cc'} Body: {"NeutronError": {"message": "Trunk ec0bf6b2-0614-462c-8506-7c84cbbaf33d could not be found.", "type": "TrunkNotFound", "detail": ""}} _log_request_full /root/.rally/verification/verifier-30bd7221-dd79-42ed-af25-0d075c6a5bd6/repo/tempest/lib/common/rest_client.py:434
2018-10-04 05:13:59.065 11584 INFO tempest.lib.common.rest_client [req-3c64a001-e918-4f05-bcea-3540e28e9212 ] Request (TrunkTestJSON:_run_cleanups): 404 DELETE http://172.30.9.23:9696/v2.0/trunks/ec0bf6b2-0614-462c-8506-7c84cbbaf33d 0.017s
2018-10-04 05:13:59.066 11584 DEBUG tempest.lib.common.rest_client [req-3c64a001-e918-4f05-bcea-3540e28e9212 ] Request - Headers: {'Content-Type': 'application/json', 'Accept': 'application/json', 'X-Auth-Token': ''} Body: None Response - Headers: {'status': '404', u'content-length': '134', 'content-location': 'http://172.30.9.23:9696/v2.0/trunks/ec0bf6b2-0614-462c-8506-7c84cbbaf33d', u'date': 'Thu, 04 Oct 2018 05:13:59 GMT', u'content-type': 'application/json', u'connection': 'close', u'x-openstack-request-id': 'req-3c64a001-e918-4f05-bcea-3540e28e9212'} Body: {"NeutronError": {"message": "Trunk ec0bf6b2-0614-462c-8506-7c84cbbaf33d could not be found.", "type": "TrunkNotFound", "detail": ""}} _log_request_full /root/.rally/verification/verifier-30bd7221-dd79-42ed-af25-0d075c6a5bd6/repo/tempest/lib/common/rest_client.py:434
2018-10-04 05:13:59.068 11564 INFO tempest.lib.common.rest_client [req-19e4ae6c-555a-45ae-a47f-59004d787bac ] Request (TrunkTestJSON:_run_cleanups): 404 DELETE http://172.30.9.23:9696/v2.0/ports/00f97f53-705e-4dce-9b8a-760262ba0c2f 0.035s
2018-10-04 05:13:59.068 11564 DEBUG tempest.lib.common.rest_client [req-19e4ae6c-555a-45ae-a47f-59004d787bac ] Request - Headers: {'Content-Type': 'application/json', 'Accept': 'application/json', 'X-Auth-Token': ''} Body: None Response - Headers: {'status': '404', u'content-length': '132', 'content-location': 'http://172.30.9.23:9696/v2.0/ports/00f97f53-705e-4dce-9b8a-760262ba0c2f', u'date': 'Thu, 04 Oct 2018 05:13:59 GMT', u'content-type': 'application/json', u'connection': 'close', u'x-openstack-request-id': 'req-19e4ae6c-555a-45ae-a47f-59004d787bac'} Body: {"NeutronError": {"message": "Port 00f97f53-705e-4dce-9b8a-760262ba0c2f could not be found.", "type": "PortNotFound", "detail": ""}} _log_request_full /root/.rally/verification/verifier-30bd7221-dd79-42ed-af25-0d075c6a5bd6/repo/tempest/lib/common/rest_client.py:434
2018-10-04 05:13:59.084 11584 INFO tempest.lib.common.rest_client [req-a2ae652d-ff16-4995-9604-84ab1c6afea4 ] Request (TrunkTestJSON:_run_cleanups): 404 GET http://172.30.9.23:9696/v2.0/trunks/3a357304-3b82-42c2-8f7e-959376cbf61b/get_subports 0.017s
2018-10-04 05:13:59.085 11584 DEBUG tempest.lib.common.rest_client [req-a2ae652d-ff16-4995-9604-84ab1c6afea4 ] Request - Headers: {'Content-Type': 'application/json', 'Accept': 'application/json', 'X-Auth-Token': ''} Body: None Response - Headers: {'status': '404', u'content-length': '134', 'content-location': 'http://172.30.9.23:9696/v2.0/trunks/3a357304-3b82-42c2-8f7e-959376cbf61b/get_subports', u'date': 'Thu, 04 Oct 2018 05:13:59 GMT', u'content-type': 'application/json', u'connection': 'close', u'x-openstack-request-id': 'req-a2ae652d-ff16-4995-9604-84ab1c6afea4'} Body: {"NeutronError": {"message": "Trunk 3a357304-3b82-42c2-8f7e-959376cbf61b could not be found.", "type": "TrunkNotFound", "detail": ""}} _log_request_full /root/.rally/verification/verifier-30bd7221-dd79-42ed-af25-0d075c6a5bd6/repo/tempest/lib/common/rest_client.py:434
2018-10-04 05:13:59.099 11564 INFO tempest.lib.common.rest_client [req-e5b11fd0-404b-41a5-bb09-681ce0d48e66 ] Request (TrunkTestJSON:_run_cleanups): 404 DELETE http://172.30.9.23:9696/v2.0/ports/efe32602-254e-47bc-acc6-f10fd830b4e6 0.030s
2018-10-04 05:13:59.100 11564 DEBUG tempest.lib.common.rest_client [req-e5b11fd0-404b-41a5-bb09-681ce0d48e66 ] Request - Headers: {'Content-Type': 'application/json', 'Accept': 'application/json', 'X-Auth-Token': ''} Body: None Response - Headers: {'status': '404', u'content-length': '132', 'content-location': 'http://172.30.9.23:9696/v2.0/ports/efe32602-254e-47bc-acc6-f10fd830b4e6', u'date': 'Thu, 04 Oct 2018 05:13:59 GMT', u'content-type': 'application/json', u'connection': 'close', u'x-openstack-request-id': 'req-e5b11fd0-404b-41a5-bb09-681ce0d48e66'} Body: {"NeutronError": {"message": "Port efe32602-254e-47bc-acc6-f10fd830b4e6 could not be found.", "type": "PortNotFound", "detail": ""}} _log_request_full /root/.rally/verification/verifier-30bd7221-dd79-42ed-af25-0d075c6a5bd6/repo/tempest/lib/common/rest_client.py:434
2018-10-04 05:13:59.103 11584 INFO tempest.lib.common.rest_client [req-71314e5b-2915-4ed5-ab1e-c3cab40afd82 ] Request (TrunkTestJSON:_run_cleanups): 404 DELETE http://172.30.9.23:9696/v2.0/trunks/3a357304-3b82-42c2-8f7e-959376cbf61b 0.018s
2018-10-04 05:13:59.104 11584 DEBUG tempest.lib.common.rest_client [req-71314e5b-2915-4ed5-ab1e-c3cab40afd82 ] Request - Headers: {'Content-Type': 'application/json', 'Accept': 'application/json', 'X-Auth-Token': ''} Body: None Response - Headers: {'status': '404', u'content-length': '134', 'content-location': 'http://172.30.9.23:9696/v2.0/trunks/3a357304-3b82-42c2-8f7e-959376cbf61b', u'date': 'Thu, 04 Oct 2018 05:13:59 GMT', u'content-type': 'application/json', u'connection': 'close', u'x-openstack-request-id': 'req-71314e5b-2915-4ed5-ab1e-c3cab40afd82'} Body: {"NeutronError": {"message": "Trunk 3a357304-3b82-42c2-8f7e-959376cbf61b could not be found.", "type": "TrunkNotFound", "detail": ""}} _log_request_full /root/.rally/verification/verifier-30bd7221-dd79-42ed-af25-0d075c6a5bd6/repo/tempest/lib/common/rest_client.py:434
2018-10-04 05:13:59.120 11584 INFO tempest.lib.common.rest_client [req-541ea0bd-0bc9-4cbb-8f93-3cebe98295cf ] Request (TrunkTestJSON:_run_cleanups): 404 GET http://172.30.9.23:9696/v2.0/trunks/cb296e00-df91-4de2-9f43-a2c4d46e60ab/get_subports 0.016s
2018-10-04 05:13:59.121 11584 DEBUG tempest.lib.common.rest_client [req-541ea0bd-0bc9-4cbb-8f93-3cebe98295cf ] Request - Headers: {'Content-Type': 'application/json', 'Accept': 'application/json', 'X-Auth-Token': ''} Body: None Response - Headers: {'status': '404', u'content-length': '134', 'content-location': 'http://172.30.9.23:9696/v2.0/trunks/cb296e00-df91-4de2-9f43-a2c4d46e60ab/get_subports', u'date': 'Thu, 04 Oct 2018 05:13:59 GMT', u'content-type': 'application/json', u'connection': 'close', u'x-openstack-request-id': 'req-541ea0bd-0bc9-4cbb-8f93-3cebe98295cf'} Body: {"NeutronError": {"message": "Trunk cb296e00-df91-4de2-9f43-a2c4d46e60ab could not be found.", "type": "TrunkNotFound", "detail": ""}} _log_request_full /root/.rally/verification/verifier-30bd7221-dd79-42ed-af25-0d075c6a5bd6/repo/tempest/lib/common/rest_client.py:434
2018-10-04 05:13:59.130 11564 INFO tempest.lib.common.rest_client [req-ae76ba1e-0821-4d40-b136-034d481c7c19 ] Request (TrunkTestJSON:_run_cleanups): 404 DELETE http://172.30.9.23:9696/v2.0/ports/8d4e218f-f059-4204-9ba5-b65518c70052 0.030s
2018-10-04 05:13:59.131 11564 DEBUG tempest.lib.common.rest_client [req-ae76ba1e-0821-4d40-b136-034d481c7c19 ] Request - Headers: {'Content-Type': 'application/json', 'Accept': 'application/json', 'X-Auth-Token': ''} Body: None Response - Headers: {'status': '404', u'content-length': '132', 'content-location': 'http://172.30.9.23:9696/v2.0/ports/8d4e218f-f059-4204-9ba5-b65518c70052', u'date': 'Thu, 04 Oct 2018 05:13:59 GMT', u'content-type': 'application/json', u'connection': 'close', u'x-openstack-request-id': 'req-ae76ba1e-0821-4d40-b136-034d481c7c19'} Body: {"NeutronError": {"message": "Port 8d4e218f-f059-4204-9ba5-b65518c70052 could not be found.", "type": "PortNotFound", "detail": ""}} _log_request_full /root/.rally/verification/verifier-30bd7221-dd79-42ed-af25-0d075c6a5bd6/repo/tempest/lib/common/rest_client.py:434
2018-10-04 05:13:59.140 11584 INFO tempest.lib.common.rest_client [req-8423b77e-379a-409f-b2de-29c215259aeb ] Request (TrunkTestJSON:_run_cleanups): 404 DELETE http://172.30.9.23:9696/v2.0/trunks/cb296e00-df91-4de2-9f43-a2c4d46e60ab 0.018s
2018-10-04 05:13:59.140 11584 DEBUG tempest.lib.common.rest_client [req-8423b77e-379a-409f-b2de-29c215259aeb ] Request - Headers: {'Content-Type': 'application/json', 'Accept': 'application/json', 'X-Auth-Token': ''} Body: None Response - Headers: {'status': '404', u'content-length': '134', 'content-location': 'http://172.30.9.23:9696/v2.0/trunks/cb296e00-df91-4de2-9f43-a2c4d46e60ab', u'date': 'Thu, 04 Oct 2018 05:13:59 GMT', u'content-type': 'application/json', u'connection': 'close', u'x-openstack-request-id': 'req-8423b77e-379a-409f-b2de-29c215259aeb'} Body: {"NeutronError": {"message": "Trunk cb296e00-df91-4de2-9f43-a2c4d46e60ab could not be found.", "type": "TrunkNotFound", "detail": ""}} _log_request_full /root/.rally/verification/verifier-30bd7221-dd79-42ed-af25-0d075c6a5bd6/repo/tempest/lib/common/rest_client.py:434
2018-10-04 05:13:59.158 11584 INFO tempest.lib.common.rest_client [req-87b4020c-373d-486d-b05a-2709c7da5e55 ] Request (TrunkTestJSON:_run_cleanups): 404 GET http://172.30.9.23:9696/v2.0/trunks/943aff9c-d934-492a-a397-c07f8a4993db/get_subports 0.017s
2018-10-04 05:13:59.158 11584 DEBUG tempest.lib.common.rest_client [req-87b4020c-373d-486d-b05a-2709c7da5e55 ] Request - Headers: {'Content-Type': 'application/json', 'Accept': 'application/json', 'X-Auth-Token': ''} Body: None Response - Headers: {'status': '404', u'content-length': '134', 'content-location': 'http://172.30.9.23:9696/v2.0/trunks/943aff9c-d934-492a-a397-c07f8a4993db/get_subports', u'date': 'Thu, 04 Oct 2018 05:13:59 GMT', u'content-type': 'application/json', u'connection': 'close', u'x-openstack-request-id': 'req-87b4020c-373d-486d-b05a-2709c7da5e55'} Body: {"NeutronError": {"message": "Trunk 943aff9c-d934-492a-a397-c07f8a4993db could not be found.", "type": "TrunkNotFound", "detail": ""}} _log_request_full /root/.rally/verification/verifier-30bd7221-dd79-42ed-af25-0d075c6a5bd6/repo/tempest/lib/common/rest_client.py:434
2018-10-04 05:13:59.179 11584 INFO tempest.lib.common.rest_client [req-72b88f94-17e4-41fe-9e2c-70b1561312f0 ] Request (TrunkTestJSON:_run_cleanups): 404 DELETE http://172.30.9.23:9696/v2.0/trunks/943aff9c-d934-492a-a397-c07f8a4993db 0.020s
2018-10-04 05:13:59.179 11584 DEBUG tempest.lib.common.rest_client [req-72b88f94-17e4-41fe-9e2c-70b1561312f0 ] Request - Headers: {'Content-Type': 'application/json', 'Accept': 'application/json', 'X-Auth-Token': ''} Body: None Response - Headers: {'status': '404', u'content-length': '134', 'content-location': 'http://172.30.9.23:9696/v2.0/trunks/943aff9c-d934-492a-a397-c07f8a4993db', u'date': 'Thu, 04 Oct 2018 05:13:59 GMT', u'content-type': 'application/json', u'connection': 'close', u'x-openstack-request-id': 'req-72b88f94-17e4-41fe-9e2c-70b1561312f0'} Body: {"NeutronError": {"message": "Trunk 943aff9c-d934-492a-a397-c07f8a4993db could not be found.", "type": "TrunkNotFound", "detail": ""}} _log_request_full /root/.rally/verification/verifier-30bd7221-dd79-42ed-af25-0d075c6a5bd6/repo/tempest/lib/common/rest_client.py:434
2018-10-04 05:13:59.196 11584 INFO tempest.lib.common.rest_client [req-7bfb5928-b9f9-49b4-9943-6339392b8677 ] Request (TrunkTestJSON:_run_cleanups): 404 GET http://172.30.9.23:9696/v2.0/trunks/3841f563-80ea-4512-b7fa-6c6461f5538d/get_subports 0.016s
2018-10-04 05:13:59.197 11584 DEBUG tempest.lib.common.rest_client [req-7bfb5928-b9f9-49b4-9943-6339392b8677 ] Request - Headers: {'Content-Type': 'application/json', 'Accept': 'application/json', 'X-Auth-Token': ''} Body: None Response - Headers: {'status': '404', u'content-length': '134', 'content-location': 'http://172.30.9.23:9696/v2.0/trunks/3841f563-80ea-4512-b7fa-6c6461f5538d/get_subports', u'date': 'Thu, 04 Oct 2018 05:13:59 GMT', u'content-type': 'application/json', u'connection': 'close', u'x-openstack-request-id': 'req-7bfb5928-b9f9-49b4-9943-6339392b8677'} Body: {"NeutronError": {"message": "Trunk 3841f563-80ea-4512-b7fa-6c6461f5538d could not be found.", "type": "TrunkNotFound", "detail": ""}} _log_request_full /root/.rally/verification/verifier-30bd7221-dd79-42ed-af25-0d075c6a5bd6/repo/tempest/lib/common/rest_client.py:434
2018-10-04 05:13:59.216 11584 INFO tempest.lib.common.rest_client [req-020cb3cc-1b2b-47ea-9639-5bd8c86a385a ] Request (TrunkTestJSON:_run_cleanups): 404 DELETE http://172.30.9.23:9696/v2.0/trunks/3841f563-80ea-4512-b7fa-6c6461f5538d 0.019s
2018-10-04 05:13:59.217 11584 DEBUG tempest.lib.common.rest_client [req-020cb3cc-1b2b-47ea-9639-5bd8c86a385a ] Request - Headers: {'Content-Type': 'application/json', 'Accept': 'application/json', 'X-Auth-Token': ''} Body: None Response - Headers: {'status': '404', u'content-length': '134', 'content-location': 'http://172.30.9.23:9696/v2.0/trunks/3841f563-80ea-4512-b7fa-6c6461f5538d', u'date': 'Thu, 04 Oct 2018 05:13:59 GMT', u'content-type': 'application/json', u'connection': 'close', u'x-openstack-request-id': 'req-020cb3cc-1b2b-47ea-9639-5bd8c86a385a'} Body: {"NeutronError": {"message": "Trunk 3841f563-80ea-4512-b7fa-6c6461f5538d could not be found.", "type": "TrunkNotFound", "detail": ""}} _log_request_full /root/.rally/verification/verifier-30bd7221-dd79-42ed-af25-0d075c6a5bd6/repo/tempest/lib/common/rest_client.py:434
2018-10-04 05:13:59.336 11564 INFO tempest.lib.common.rest_client [req-55854b9e-e46e-4333-b5e1-acf4daeee210 ] Request (TrunkTestJSON:_run_cleanups): 404 DELETE http://172.30.9.23:9696/v2.0/ports/260fda79-d0e9-4971-8d98-19455318659e 0.204s
2018-10-04 05:13:59.336 11564 DEBUG tempest.lib.common.rest_client [req-55854b9e-e46e-4333-b5e1-acf4daeee210 ] Request - Headers: {'Content-Type': 'application/json', 'Accept': 'application/json', 'X-Auth-Token': ''} Body: None Response - Headers: {'status': '404', u'content-length': '132', 'content-location': 'http://172.30.9.23:9696/v2.0/ports/260fda79-d0e9-4971-8d98-19455318659e', u'date': 'Thu, 04 Oct 2018 05:13:59 GMT', u'content-type': 'application/json', u'connection': 'close', u'x-openstack-request-id': 'req-55854b9e-e46e-4333-b5e1-acf4daeee210'} Body: {"NeutronError": {"message": "Port 260fda79-d0e9-4971-8d98-19455318659e could not be found.", "type": "PortNotFound", "detail": ""}} _log_request_full /root/.rally/verification/verifier-30bd7221-dd79-42ed-af25-0d075c6a5bd6/repo/tempest/lib/common/rest_client.py:434
2018-10-04 05:13:59.372 11564 INFO tempest.lib.common.rest_client [req-a1644ff5-ec79-4cc6-9831-71cdc985c514 ] Request (TrunkTestJSON:_run_cleanups): 404 DELETE http://172.30.9.23:9696/v2.0/ports/4958f569-0d0e-4d23-8a95-076e431e89c3 0.035s
