2018-10-02 19:25:24.637 11597 INFO tempest.lib.common.rest_client [req-98158077-644b-4cdb-83fe-e681819a1b38 ] Request (TrunkTestJSON:_run_cleanups): 404 DELETE http://172.30.9.22:9696/v2.0/ports/c8136884-adee-4902-bc45-2599b5bea49f 0.032s
2018-10-02 19:25:24.637 11597 DEBUG tempest.lib.common.rest_client [req-98158077-644b-4cdb-83fe-e681819a1b38 ] Request - Headers: {'Content-Type': 'application/json', 'Accept': 'application/json', 'X-Auth-Token': ''} Body: None Response - Headers: {'status': '404', u'content-length': '132', 'content-location': 'http://172.30.9.22:9696/v2.0/ports/c8136884-adee-4902-bc45-2599b5bea49f', u'date': 'Tue, 02 Oct 2018 19:25:24 GMT', u'content-type': 'application/json', u'connection': 'close', u'x-openstack-request-id': 'req-98158077-644b-4cdb-83fe-e681819a1b38'} Body: {"NeutronError": {"message": "Port c8136884-adee-4902-bc45-2599b5bea49f could not be found.", "type": "PortNotFound", "detail": ""}} _log_request_full /root/.rally/verification/verifier-9a00668e-4ea5-4b6f-8ab7-8fd3b5b98263/repo/tempest/lib/common/rest_client.py:434
2018-10-02 19:25:24.672 11597 INFO tempest.lib.common.rest_client [req-bbb15cd1-93f5-4b6f-9d8d-8f3ac89eb49f ] Request (TrunkTestJSON:_run_cleanups): 404 DELETE http://172.30.9.22:9696/v2.0/ports/943022b8-6652-4d5f-a33e-3459a8b19409 0.034s
2018-10-02 19:25:24.672 11597 DEBUG tempest.lib.common.rest_client [req-bbb15cd1-93f5-4b6f-9d8d-8f3ac89eb49f ] Request - Headers: {'Content-Type': 'application/json', 'Accept': 'application/json', 'X-Auth-Token': ''} Body: None Response - Headers: {'status': '404', u'content-length': '132', 'content-location': 'http://172.30.9.22:9696/v2.0/ports/943022b8-6652-4d5f-a33e-3459a8b19409', u'date': 'Tue, 02 Oct 2018 19:25:24 GMT', u'content-type': 'application/json', u'connection': 'close', u'x-openstack-request-id': 'req-bbb15cd1-93f5-4b6f-9d8d-8f3ac89eb49f'} Body: {"NeutronError": {"message": "Port 943022b8-6652-4d5f-a33e-3459a8b19409 could not be found.", "type": "PortNotFound", "detail": ""}} _log_request_full /root/.rally/verification/verifier-9a00668e-4ea5-4b6f-8ab7-8fd3b5b98263/repo/tempest/lib/common/rest_client.py:434
2018-10-02 19:25:24.701 11618 INFO tempest.lib.common.rest_client [req-f2724dce-eeca-480e-8d6a-177bbb352d82 ] Request (TrunkTestJSON:test_delete_trunk_with_subport_is_allowed): 201 POST http://172.30.9.22:9696/v2.0/trunks 0.366s
2018-10-02 19:25:24.701 11618 DEBUG tempest.lib.common.rest_client [req-f2724dce-eeca-480e-8d6a-177bbb352d82 ] Request - Headers: {'Content-Type': 'application/json', 'Accept': 'application/json', 'X-Auth-Token': ''} Body: {"trunk": {"sub_ports": [{"segmentation_type": "vlan", "port_id": "ee127d92-be6a-46f7-a009-dc6b61a0cfe0", "segmentation_id": 2}], "port_id": "b00c6611-f06b-4eb9-a509-423e3f655b4a"}} Response - Headers: {'status': '201', u'content-length': '509', 'content-location': 'http://172.30.9.22:9696/v2.0/trunks', u'date': 'Tue, 02 Oct 2018 19:25:24 GMT', u'content-type': 'application/json', u'connection': 'close', u'x-openstack-request-id': 'req-f2724dce-eeca-480e-8d6a-177bbb352d82'} Body: {"trunk": {"status": "DOWN", "sub_ports": [{"segmentation_type": "vlan", "port_id": "ee127d92-be6a-46f7-a009-dc6b61a0cfe0", "segmentation_id": 2}], "name": "", "admin_state_up": true, "tenant_id": "3c562dc4abe04d199c41e188b10206a7", "created_at": "2018-10-02T19:25:24Z", "tags": [], "updated_at": "2018-10-02T19:25:24Z", "revision_number": 0, "project_id": "3c562dc4abe04d199c41e188b10206a7", "port_id": "b00c6611-f06b-4eb9-a509-423e3f655b4a", "id": "774bc727-9fc2-498a-910c-9a41b3e6bd83", "description": ""}} _log_request_full /root/.rally/verification/verifier-9a00668e-4ea5-4b6f-8ab7-8fd3b5b98263/repo/tempest/lib/common/rest_client.py:434
2018-10-02 19:25:24.704 11597 INFO tempest.lib.common.rest_client [req-c2512144-d17b-4d99-afc0-6735dc0b6899 ] Request (TrunkTestJSON:_run_cleanups): 404 DELETE http://172.30.9.22:9696/v2.0/ports/1ed2995a-60e8-4751-a8b6-798cddc006b4 0.030s
2018-10-02 19:25:24.704 11597 DEBUG tempest.lib.common.rest_client [req-c2512144-d17b-4d99-afc0-6735dc0b6899 ] Request - Headers: {'Content-Type': 'application/json', 'Accept': 'application/json', 'X-Auth-Token': ''} Body: None Response - Headers: {'status': '404', u'content-length': '132', 'content-location': 'http://172.30.9.22:9696/v2.0/ports/1ed2995a-60e8-4751-a8b6-798cddc006b4', u'date': 'Tue, 02 Oct 2018 19:25:24 GMT', u'content-type': 'application/json', u'connection': 'close', u'x-openstack-request-id': 'req-c2512144-d17b-4d99-afc0-6735dc0b6899'} Body: {"NeutronError": {"message": "Port 1ed2995a-60e8-4751-a8b6-798cddc006b4 could not be found.", "type": "PortNotFound", "detail": ""}} _log_request_full /root/.rally/verification/verifier-9a00668e-4ea5-4b6f-8ab7-8fd3b5b98263/repo/tempest/lib/common/rest_client.py:434
2018-10-02 19:25:24.738 11597 INFO tempest.lib.common.rest_client [req-12d4cd23-85f2-4cf5-8e05-2e13e89ecbf8 ] Request (TrunkTestJSON:_run_cleanups): 404 DELETE http://172.30.9.22:9696/v2.0/ports/dcff3997-18b6-4bac-a63e-fc5fb4ec1e1c 0.033s
2018-10-02 19:25:24.738 11597 DEBUG tempest.lib.common.rest_client [req-12d4cd23-85f2-4cf5-8e05-2e13e89ecbf8 ] Request - Headers: {'Content-Type': 'application/json', 'Accept': 'application/json', 'X-Auth-Token': ''} Body: None Response - Headers: {'status': '404', u'content-length': '132', 'content-location': 'http://172.30.9.22:9696/v2.0/ports/dcff3997-18b6-4bac-a63e-fc5fb4ec1e1c', u'date': 'Tue, 02 Oct 2018 19:25:24 GMT', u'content-type': 'application/json', u'connection': 'close', u'x-openstack-request-id': 'req-12d4cd23-85f2-4cf5-8e05-2e13e89ecbf8'} Body: {"NeutronError": {"message": "Port dcff3997-18b6-4bac-a63e-fc5fb4ec1e1c could not be found.", "type": "PortNotFound", "detail": ""}} _log_request_full /root/.rally/verification/verifier-9a00668e-4ea5-4b6f-8ab7-8fd3b5b98263/repo/tempest/lib/common/rest_client.py:434
2018-10-02 19:25:24.947 11597 INFO tempest.lib.common.rest_client [req-b0e187a7-e7e4-47c4-abcb-ca59d26de772 ] Request (TrunkTestJSON:_run_cleanups): 404 DELETE http://172.30.9.22:9696/v2.0/ports/31877ca1-4909-4856-a60f-1a4edb0baef9 0.208s
2018-10-02 19:25:24.947 11597 DEBUG tempest.lib.common.rest_client [req-b0e187a7-e7e4-47c4-abcb-ca59d26de772 ] Request - Headers: {'Content-Type': 'application/json', 'Accept': 'application/json', 'X-Auth-Token': ''} Body: None Response - Headers: {'status': '404', u'content-length': '132', 'content-location': 'http://172.30.9.22:9696/v2.0/ports/31877ca1-4909-4856-a60f-1a4edb0baef9', u'date': 'Tue, 02 Oct 2018 19:25:24 GMT', u'content-type': 'application/json', u'connection': 'close', u'x-openstack-request-id': 'req-b0e187a7-e7e4-47c4-abcb-ca59d26de772'} Body: {"NeutronError": {"message": "Port 31877ca1-4909-4856-a60f-1a4edb0baef9 could not be found.", "type": "PortNotFound", "detail": ""}} _log_request_full /root/.rally/verification/verifier-9a00668e-4ea5-4b6f-8ab7-8fd3b5b98263/repo/tempest/lib/common/rest_client.py:434
2018-10-02 19:25:24.979 11597 INFO tempest.lib.common.rest_client [req-444ab685-c025-4326-acb1-0e5785341abc ] Request (TrunkTestJSON:_run_cleanups): 404 DELETE http://172.30.9.22:9696/v2.0/ports/dc55a277-ef9a-4b98-9544-c4bf38538483 0.031s
2018-10-02 19:25:24.979 11597 DEBUG tempest.lib.common.rest_client [req-444ab685-c025-4326-acb1-0e5785341abc ] Request - Headers: {'Content-Type': 'application/json', 'Accept': 'application/json', 'X-Auth-Token': ''} Body: None Response - Headers: {'status': '404', u'content-length': '132', 'content-location': 'http://172.30.9.22:9696/v2.0/ports/dc55a277-ef9a-4b98-9544-c4bf38538483', u'date': 'Tue, 02 Oct 2018 19:25:24 GMT', u'content-type': 'application/json', u'connection': 'close', u'x-openstack-request-id': 'req-444ab685-c025-4326-acb1-0e5785341abc'} Body: {"NeutronError": {"message": "Port dc55a277-ef9a-4b98-9544-c4bf38538483 could not be found.", "type": "PortNotFound", "detail": ""}} _log_request_full /root/.rally/verification/verifier-9a00668e-4ea5-4b6f-8ab7-8fd3b5b98263/repo/tempest/lib/common/rest_client.py:434
2018-10-02 19:25:25.011 11597 INFO tempest.lib.common.rest_client [req-75df7b5f-b843-4523-9bee-c043f60f1e7e ] Request (TrunkTestJSON:_run_cleanups): 404 DELETE http://172.30.9.22:9696/v2.0/ports/19def4d0-c5b5-4005-b071-e2f0d9c0bebe 0.030s
2018-10-02 19:25:25.011 11597 DEBUG tempest.lib.common.rest_client [req-75df7b5f-b843-4523-9bee-c043f60f1e7e ] Request - Headers: {'Content-Type': 'application/json', 'Accept': 'application/json', 'X-Auth-Token': ''} Body: None Response - Headers: {'status': '404', u'content-length': '132', 'content-location': 'http://172.30.9.22:9696/v2.0/ports/19def4d0-c5b5-4005-b071-e2f0d9c0bebe', u'date': 'Tue, 02 Oct 2018 19:25:25 GMT', u'content-type': 'application/json', u'connection': 'close', u'x-openstack-request-id': 'req-75df7b5f-b843-4523-9bee-c043f60f1e7e'} Body: {"NeutronError": {"message": "Port 19def4d0-c5b5-4005-b071-e2f0d9c0bebe could not be found.", "type": "PortNotFound", "detail": ""}} _log_request_full /root/.rally/verification/verifier-9a00668e-4ea5-4b6f-8ab7-8fd3b5b98263/repo/tempest/lib/common/rest_client.py:434
2018-10-02 19:25:25.043 11597 INFO tempest.lib.common.rest_client [req-64cdb6fb-2510-4209-8df8-aa173f5a1d23 ] Request (TrunkTestJSON:_run_cleanups): 404 DELETE http://172.30.9.22:9696/v2.0/ports/6cb41356-0352-4292-80e4-84020b3d31b4 0.031s
2018-10-02 19:25:25.043 11597 DEBUG tempest.lib.common.rest_client [req-64cdb6fb-2510-4209-8df8-aa173f5a1d23 ] Request - Headers: {'Content-Type': 'application/json', 'Accept': 'application/json', 'X-Auth-Token': ''} Body: None Response - Headers: {'status': '404', u'content-length': '132', 'content-location': 'http://172.30.9.22:9696/v2.0/ports/6cb41356-0352-4292-80e4-84020b3d31b4', u'date': 'Tue, 02 Oct 2018 19:25:25 GMT', u'content-type': 'application/json', u'connection': 'close', u'x-openstack-request-id': 'req-64cdb6fb-2510-4209-8df8-aa173f5a1d23'} Body: {"NeutronError": {"message": "Port 6cb41356-0352-4292-80e4-84020b3d31b4 could not be found.", "type": "PortNotFound", "detail": ""}} _log_request_full /root/.rally/verification/verifier-9a00668e-4ea5-4b6f-8ab7-8fd3b5b98263/repo/tempest/lib/common/rest_client.py:434
2018-10-02 19:25:25.432 11618 INFO tempest.lib.common.rest_client [req-98ac11a5-13b1-4871-9f80-d2da179a3feb ] Request (TrunkTestJSON:test_delete_trunk_with_subport_is_allowed): 204 DELETE http://172.30.9.22:9696/v2.0/trunks/774bc727-9fc2-498a-910c-9a41b3e6bd83 0.730s
2018-10-02 19:25:25.432 11618 DEBUG tempest.lib.common.rest_client [req-98ac11a5-13b1-4871-9f80-d2da179a3feb ] Request - Headers: {'Content-Type': 'application/json', 'Accept': 'application/json', 'X-Auth-Token': ''} Body: None Response - Headers: {'status': '204', u'content-length': '0', 'content-location': 'http://172.30.9.22:9696/v2.0/trunks/774bc727-9fc2-498a-910c-9a41b3e6bd83', u'date': 'Tue, 02 Oct 2018 19:25:25 GMT', u'connection': 'close', u'x-openstack-request-id': 'req-98ac11a5-13b1-4871-9f80-d2da179a3feb'} Body: _log_request_full /root/.rally/verification/verifier-9a00668e-4ea5-4b6f-8ab7-8fd3b5b98263/repo/tempest/lib/common/rest_client.py:434
2018-10-02 19:25:25.450 11618 INFO tempest.lib.common.rest_client [req-321e0b31-d2b1-4f4d-ba05-6c0f3fd23aa9 ] Request (TrunkTestJSON:_run_cleanups): 404 GET http://172.30.9.22:9696/v2.0/trunks/2d97841f-ddfb-4934-8dc4-c06b4f4c0504/get_subports 0.017s
2018-10-02 19:25:25.451 11618 DEBUG tempest.lib.common.rest_client [req-321e0b31-d2b1-4f4d-ba05-6c0f3fd23aa9 ] Request - Headers: {'Content-Type': 'application/json', 'Accept': 'application/json', 'X-Auth-Token': ''} Body: None Response - Headers: {'status': '404', u'content-length': '134', 'content-location': 'http://172.30.9.22:9696/v2.0/trunks/2d97841f-ddfb-4934-8dc4-c06b4f4c0504/get_subports', u'date': 'Tue, 02 Oct 2018 19:25:25 GMT', u'content-type': 'application/json', u'connection': 'close', u'x-openstack-request-id': 'req-321e0b31-d2b1-4f4d-ba05-6c0f3fd23aa9'} Body: {"NeutronError": {"message": "Trunk 2d97841f-ddfb-4934-8dc4-c06b4f4c0504 could not be found.", "type": "TrunkNotFound", "detail": ""}} _log_request_full /root/.rally/verification/verifier-9a00668e-4ea5-4b6f-8ab7-8fd3b5b98263/repo/tempest/lib/common/rest_client.py:434
2018-10-02 19:25:25.470 11618 INFO tempest.lib.common.rest_client [req-c05dfe9f-dddd-43f4-b922-88468f4a3275 ] Request (TrunkTestJSON:_run_cleanups): 404 DELETE http://172.30.9.22:9696/v2.0/trunks/2d97841f-ddfb-4934-8dc4-c06b4f4c0504 0.019s
2018-10-02 19:25:25.471 11618 DEBUG tempest.lib.common.rest_client [req-c05dfe9f-dddd-43f4-b922-88468f4a3275 ] Request - Headers: {'Content-Type': 'application/json', 'Accept': 'application/json', 'X-Auth-Token': ''} Body: None Response - Headers: {'status': '404', u'content-length': '134', 'content-location': 'http://172.30.9.22:9696/v2.0/trunks/2d97841f-ddfb-4934-8dc4-c06b4f4c0504', u'date': 'Tue, 02 Oct 2018 19:25:25 GMT', u'content-type': 'application/json', u'connection': 'close', u'x-openstack-request-id': 'req-c05dfe9f-dddd-43f4-b922-88468f4a3275'} Body: {"NeutronError": {"message": "Trunk 2d97841f-ddfb-4934-8dc4-c06b4f4c0504 could not be found.", "type": "TrunkNotFound", "detail": ""}} _log_request_full /root/.rally/verification/verifier-9a00668e-4ea5-4b6f-8ab7-8fd3b5b98263/repo/tempest/lib/common/rest_client.py:434
2018-10-02 19:25:25.488 11618 INFO tempest.lib.common.rest_client [req-2b624440-a894-478e-a441-c305e73bc9c9 ] Request (TrunkTestJSON:_run_cleanups): 404 GET http://172.30.9.22:9696/v2.0/trunks/9c95daf2-5de4-404a-b372-acbebfa8dad8/get_subports 0.016s
2018-10-02 19:25:25.488 11618 DEBUG tempest.lib.common.rest_client [req-2b624440-a894-478e-a441-c305e73bc9c9 ] Request - Headers: {'Content-Type': 'application/json', 'Accept': 'application/json', 'X-Auth-Token': ''} Body: None Response - Headers: {'status': '404', u'content-length': '134', 'content-location': 'http://172.30.9.22:9696/v2.0/trunks/9c95daf2-5de4-404a-b372-acbebfa8dad8/get_subports', u'date': 'Tue, 02 Oct 2018 19:25:25 GMT', u'content-type': 'application/json', u'connection': 'close', u'x-openstack-request-id': 'req-2b624440-a894-478e-a441-c305e73bc9c9'} Body: {"NeutronError": {"message": "Trunk 9c95daf2-5de4-404a-b372-acbebfa8dad8 could not be found.", "type": "TrunkNotFound", "detail": ""}} _log_request_full /root/.rally/verification/verifier-9a00668e-4ea5-4b6f-8ab7-8fd3b5b98263/repo/tempest/lib/common/rest_client.py:434
2018-10-02 19:25:25.516 11618 INFO tempest.lib.common.rest_client [req-605664c0-ca7c-4079-8456-b9e435e7ebdb ] Request (TrunkTestJSON:_run_cleanups): 404 DELETE http://172.30.9.22:9696/v2.0/trunks/9c95daf2-5de4-404a-b372-acbebfa8dad8 0.027s
2018-10-02 19:25:25.517 11618 DEBUG tempest.lib.common.rest_client [req-605664c0-ca7c-4079-8456-b9e435e7ebdb ] Request - Headers: {'Content-Type': 'application/json', 'Accept': 'application/json', 'X-Auth-Token': ''} Body: None Response - Headers: {'status': '404', u'content-length': '134', 'content-location': 'http://172.30.9.22:9696/v2.0/trunks/9c95daf2-5de4-404a-b372-acbebfa8dad8', u'date': 'Tue, 02 Oct 2018 19:25:25 GMT', u'content-type': 'application/json', u'connection': 'close', u'x-openstack-request-id': 'req-605664c0-ca7c-4079-8456-b9e435e7ebdb'} Body: {"NeutronError": {"message": "Trunk 9c95daf2-5de4-404a-b372-acbebfa8dad8 could not be found.", "type": "TrunkNotFound", "detail": ""}} _log_request_full /root/.rally/verification/verifier-9a00668e-4ea5-4b6f-8ab7-8fd3b5b98263/repo/tempest/lib/common/rest_client.py:434
2018-10-02 19:25:25.536 11597 INFO tempest.lib.common.rest_client [req-acf12413-4709-4b8f-b85c-b3f1a6a552f6 ] Request (TrunkTestJSON:_run_cleanups): 204 DELETE http://172.30.9.22:9696/v2.0/ports/d8316a34-b3c5-4b64-80a5-23df054bc62b 0.492s
2018-10-02 19:25:25.537 11597 DEBUG tempest.lib.common.rest_client [req-acf12413-4709-4b8f-b85c-b3f1a6a552f6 ] Request - Headers: {'Content-Type': 'application/json', 'Accept': 'application/json', 'X-Auth-Token': ''} Body: None Response - Headers: {'status': '204', u'content-length': '0', 'content-location': 'http://172.30.9.22:9696/v2.0/ports/d8316a34-b3c5-4b64-80a5-23df054bc62b', u'date': 'Tue, 02 Oct 2018 19:25:25 GMT', u'connection': 'close', u'x-openstack-request-id': 'req-acf12413-4709-4b8f-b85c-b3f1a6a552f6'} Body: _log_request_full /root/.rally/verification/verifier-9a00668e-4ea5-4b6f-8ab7-8fd3b5b98263/repo/tempest/lib/common/rest_client.py:434
2018-10-02 19:25:25.545 11618 INFO tempest.lib.common.rest_client [req-d14ca99f-6323-4f44-a7d7-02144de09a88 ] Request (TrunkTestJSON:_run_cleanups): 404 GET http://172.30.9.22:9696/v2.0/trunks/13c8e180-b2f7-48ec-9f36-6dc5ed752b04/get_subports 0.027s
2018-10-02 19:25:25.545 11618 DEBUG tempest.lib.common.rest_client [req-d14ca99f-6323-4f44-a7d7-02144de09a88 ] Request - Headers: {'Content-Type': 'application/json', 'Accept': 'application/json', 'X-Auth-Token': ''} Body: None Response - Headers: {'status': '404', u'content-length': '134', 'content-location': 'http://172.30.9.22:9696/v2.0/trunks/13c8e180-b2f7-48ec-9f36-6dc5ed752b04/get_subports', u'date': 'Tue, 02 Oct 2018 19:25:25 GMT', u'content-type': 'application/json', u'connection': 'close', u'x-openstack-request-id': 'req-d14ca99f-6323-4f44-a7d7-02144de09a88'} Body: {"NeutronError": {"message": "Trunk 13c8e180-b2f7-48ec-9f36-6dc5ed752b04 could not be found.", "type": "TrunkNotFound", "detail": ""}} _log_request_full /root/.rally/verification/verifier-9a00668e-4ea5-4b6f-8ab7-8fd3b5b98263/repo/tempest/lib/common/rest_client.py:434
2018-10-02 19:25:25.565 11597 INFO tempest.lib.common.rest_client [req-0dd151f4-d603-446c-be5a-dbf476bd6117 ] Request (TrunkTestJSON:_run_cleanups): 404 DELETE http://172.30.9.22:9696/v2.0/networks/f879be13-0711-4544-973f-f850c54821e0 0.027s
2018-10-02 19:25:25.565 11597 DEBUG tempest.lib.common.rest_client [req-0dd151f4-d603-446c-be5a-dbf476bd6117 ] Request - Headers: {'Content-Type': 'application/json', 'Accept': 'application/json', 'X-Auth-Token': ''} Body: None Response - Headers: {'status': '404', u'content-length': '138', 'content-location': 'http://172.30.9.22:9696/v2.0/networks/f879be13-0711-4544-973f-f850c54821e0', u'date': 'Tue, 02 Oct 2018 19:25:25 GMT', u'content-type': 'application/json', u'connection': 'close', u'x-openstack-request-id': 'req-0dd151f4-d603-446c-be5a-dbf476bd6117'} Body: {"NeutronError": {"message": "Network f879be13-0711-4544-973f-f850c54821e0 could not be found.", "type": "NetworkNotFound", "detail": ""}} _log_request_full /root/.rally/verification/verifier-9a00668e-4ea5-4b6f-8ab7-8fd3b5b98263/repo/tempest/lib/common/rest_client.py:434
2018-10-02 19:25:25.567 11618 INFO tempest.lib.common.rest_client [req-32e236ed-390c-48ea-8c64-76cf185a1a8c ] Request (TrunkTestJSON:_run_cleanups): 404 DELETE http://172.30.9.22:9696/v2.0/trunks/13c8e180-b2f7-48ec-9f36-6dc5ed752b04 0.021s
2018-10-02 19:25:25.568 11618 DEBUG tempest.lib.common.rest_client [req-32e236ed-390c-48ea-8c64-76cf185a1a8c ] Request - Headers: {'Content-Type': 'application/json', 'Accept': 'application/json', 'X-Auth-Token': ''} Body: None Response - Headers: {'status': '404', u'content-length': '134', 'content-location': 'http://172.30.9.22:9696/v2.0/trunks/13c8e180-b2f7-48ec-9f36-6dc5ed752b04', u'date': 'Tue, 02 Oct 2018 19:25:25 GMT', u'content-type': 'application/json', u'connection': 'close', u'x-openstack-request-id': 'req-32e236ed-390c-48ea-8c64-76cf185a1a8c'} Body: {"NeutronError": {"message": "Trunk 13c8e180-b2f7-48ec-9f36-6dc5ed752b04 could not be found.", "type": "TrunkNotFound", "detail": ""}} _log_request_full /root/.rally/verification/verifier-9a00668e-4ea5-4b6f-8ab7-8fd3b5b98263/repo/tempest/lib/common/rest_client.py:434
2018-10-02 19:25:25.587 11618 INFO tempest.lib.common.rest_client [req-dfecc389-7d57-4a91-8458-6d436409d0e1 ] Request (TrunkTestJSON:_run_cleanups): 404 GET http://172.30.9.22:9696/v2.0/trunks/29e2c731-0271-4e0b-89af-83c0cf16736c/get_subports 0.019s
2018-10-02 19:25:25.588 11618 DEBUG tempest.lib.common.rest_client [req-dfecc389-7d57-4a91-8458-6d436409d0e1 ] Request - Headers: {'Content-Type': 'application/json', 'Accept': 'application/json', 'X-Auth-Token': ''} Body: None Response - Headers: {'status': '404', u'content-length': '134', 'content-location': 'http://172.30.9.22:9696/v2.0/trunks/29e2c731-0271-4e0b-89af-83c0cf16736c/get_subports', u'date': 'Tue, 02 Oct 2018 19:25:25 GMT', u'content-type': 'application/json', u'connection': 'close', u'x-openstack-request-id': 'req-dfecc389-7d57-4a91-8458-6d436409d0e1'} Body: {"NeutronError": {"message": "Trunk 29e2c731-0271-4e0b-89af-83c0cf16736c could not be found.", "type": "TrunkNotFound", "detail": ""}} _log_request_full /root/.rally/verification/verifier-9a00668e-4ea5-4b6f-8ab7-8fd3b5b98263/repo/tempest/lib/common/rest_client.py:434
2018-10-02 19:25:25.590 11597 INFO tempest.lib.common.rest_client [req-1a66736e-df98-48a4-99a7-92d382fa975e ] Request (TrunkTestJSON:_run_cleanups): 404 DELETE http://172.30.9.22:9696/v2.0/networks/4b210b9c-4ab1-4a13-a97f-ac76723d2957 0.024s
2018-10-02 19:25:25.591 11597 DEBUG tempest.lib.common.rest_client [req-1a66736e-df98-48a4-99a7-92d382fa975e ] Request - Headers: {'Content-Type': 'application/json', 'Accept': 'application/json', 'X-Auth-Token': ''} Body: None Response - Headers: {'status': '404', u'content-length': '138', 'content-location': 'http://172.30.9.22:9696/v2.0/networks/4b210b9c-4ab1-4a13-a97f-ac76723d2957', u'date': 'Tue, 02 Oct 2018 19:25:25 GMT', u'content-type': 'application/json', u'connection': 'close', u'x-openstack-request-id': 'req-1a66736e-df98-48a4-99a7-92d382fa975e'} Body: {"NeutronError": {"message": "Network 4b210b9c-4ab1-4a13-a97f-ac76723d2957 could not be found.", "type": "NetworkNotFound", "detail": ""}} _log_request_full /root/.rally/verification/verifier-9a00668e-4ea5-4b6f-8ab7-8fd3b5b98263/repo/tempest/lib/common/rest_client.py:434
2018-10-02 19:25:25.606 11618 INFO tempest.lib.common.rest_client [req-d5b9e5fa-02de-4440-a3f2-d178188d1314 ] Request (TrunkTestJSON:_run_cleanups): 404 DELETE http://172.30.9.22:9696/v2.0/trunks/29e2c731-0271-4e0b-89af-83c0cf16736c 0.018s
2018-10-02 19:25:25.607 11618 DEBUG tempest.lib.common.rest_client [req-d5b9e5fa-02de-4440-a3f2-d178188d1314 ] Request - Headers: {'Content-Type': 'application/json', 'Accept': 'application/json', 'X-Auth-Token': ''} Body: None Response - Headers: {'status': '404', u'content-length': '134', 'content-location': 'http://172.30.9.22:9696/v2.0/trunks/29e2c731-0271-4e0b-89af-83c0cf16736c', u'date': 'Tue, 02 Oct 2018 19:25:25 GMT', u'content-type': 'application/json', u'connection': 'close', u'x-openstack-request-id': 'req-d5b9e5fa-02de-4440-a3f2-d178188d1314'} Body: {"NeutronError": {"message": "Trunk 29e2c731-0271-4e0b-89af-83c0cf16736c could not be found.", "type": "TrunkNotFound", "detail": ""}} _log_request_full /root/.rally/verification/verifier-9a00668e-4ea5-4b6f-8ab7-8fd3b5b98263/repo/tempest/lib/common/rest_client.py:434
2018-10-02 19:25:25.617 11597 INFO tempest.lib.common.rest_client [req-9ce6fabf-3b29-43ea-b1b8-47b0744a4d65 ] Request (TrunkTestJSON:_run_cleanups): 404 DELETE http://172.30.9.22:9696/v2.0/networks/4f0b8987-c99f-4e8d-9775-6c5e61d1a18d 0.026s
2018-10-02 19:25:25.618 11597 DEBUG tempest.lib.common.rest_client [req-9ce6fabf-3b29-43ea-b1b8-47b0744a4d65 ] Request - Headers: {'Content-Type': 'application/json', 'Accept': 'application/json', 'X-Auth-Token': ''} Body: None Response - Headers: {'status': '404', u'content-length': '138', 'content-location': 'http://172.30.9.22:9696/v2.0/networks/4f0b8987-c99f-4e8d-9775-6c5e61d1a18d', u'date': 'Tue, 02 Oct 2018 19:25:25 GMT', u'content-type': 'application/json', u'connection': 'close', u'x-openstack-request-id': 'req-9ce6fabf-3b29-43ea-b1b8-47b0744a4d65'} Body: {"NeutronError": {"message": "Network 4f0b8987-c99f-4e8d-9775-6c5e61d1a18d could not be found.", "type": "NetworkNotFound", "detail": ""}} _log_request_full /root/.rally/verification/verifier-9a00668e-4ea5-4b6f-8ab7-8fd3b5b98263/repo/tempest/lib/common/rest_client.py:434
2018-10-02 19:25:25.627 11618 INFO tempest.lib.common.rest_client [req-88c2fdc8-55ec-4587-8a66-abc2f35d1062 ] Request (TrunkTestJSON:_run_cleanups): 404 GET http://172.30.9.22:9696/v2.0/trunks/01ea1639-9bbc-42a0-85d4-62cbec2ea293/get_subports 0.019s
2018-10-02 19:25:25.628 11618 DEBUG tempest.lib.common.rest_client [req-88c2fdc8-55ec-4587-8a66-abc2f35d1062 ] Request - Headers: {'Content-Type': 'application/json', 'Accept': 'application/json', 'X-Auth-Token': ''} Body: None Response - Headers: {'status': '404', u'content-length': '134', 'content-location': 'http://172.30.9.22:9696/v2.0/trunks/01ea1639-9bbc-42a0-85d4-62cbec2ea293/get_subports', u'date': 'Tue, 02 Oct 2018 19:25:25 GMT', u'content-type': 'application/json', u'connection': 'close', u'x-openstack-request-id': 'req-88c2fdc8-55ec-4587-8a66-abc2f35d1062'} Body: {"NeutronError": {"message": "Trunk 01ea1639-9bbc-42a0-85d4-62cbec2ea293 could not be found.", "type": "TrunkNotFound", "detail": ""}} _log_request_full /root/.rally/verification/verifier-9a00668e-4ea5-4b6f-8ab7-8fd3b5b98263/repo/tempest/lib/common/rest_client.py:434
2018-10-02 19:25:25.647 11618 INFO tempest.lib.common.rest_client [req-7a418648-752f-4185-af1b-2d7a9149d605 ] Request (TrunkTestJSON:_run_cleanups): 404 DELETE http://172.30.9.22:9696/v2.0/trunks/01ea1639-9bbc-42a0-85d4-62cbec2ea293 0.019s
2018-10-02 19:25:25.648 11618 DEBUG tempest.lib.common.rest_client [req-7a418648-752f-4185-af1b-2d7a9149d605 ] Request - Headers: {'Content-Type': 'application/json', 'Accept': 'application/json', 'X-Auth-Token': ''} Body: None Response - Headers: {'status': '404', u'content-length': '134', 'content-location': 'http://172.30.9.22:9696/v2.0/trunks/01ea1639-9bbc-42a0-85d4-62cbec2ea293', u'date': 'Tue, 02 Oct 2018 19:25:25 GMT', u'content-type': 'application/json', u'connection': 'close', u'x-openstack-request-id': 'req-7a418648-752f-4185-af1b-2d7a9149d605'} Body: {"NeutronError": {"message": "Trunk 01ea1639-9bbc-42a0-85d4-62cbec2ea293 could not be found.", "type": "TrunkNotFound", "detail": ""}} _log_request_full /root/.rally/verification/verifier-9a00668e-4ea5-4b6f-8ab7-8fd3b5b98263/repo/tempest/lib/common/rest_client.py:434
2018-10-02 19:25:25.652 11597 INFO tempest.lib.common.rest_client [req-3fe20968-1d03-4125-8e8d-2ce558a9d942 ] Request (TrunkTestJSON:_run_cleanups): 404 DELETE http://172.30.9.22:9696/v2.0/networks/3040abc9-c120-4d91-9fa8-b0b3baa6e618 0.032s
2018-10-02 19:25:25.653 11597 DEBUG tempest.lib.common.rest_client [req-3fe20968-1d03-4125-8e8d-2ce558a9d942 ] Request - Headers: {'Content-Type': 'application/json', 'Accept': 'application/json', 'X-Auth-Token': ''} Body: None Response - Headers: {'status': '404', u'content-length': '138', 'content-location': 'http://172.30.9.22:9696/v2.0/networks/3040abc9-c120-4d91-9fa8-b0b3baa6e618', u'date': 'Tue, 02 Oct 2018 19:25:25 GMT', u'content-type': 'application/json', u'connection': 'close', u'x-openstack-request-id': 'req-3fe20968-1d03-4125-8e8d-2ce558a9d942'} Body: {"NeutronError": {"message": "Network 3040abc9-c120-4d91-9fa8-b0b3baa6e618 could not be found.", "type": "NetworkNotFound", "detail": ""}} _log_request_full /root/.rally/verification/verifier-9a00668e-4ea5-4b6f-8ab7-8fd3b5b98263/repo/tempest/lib/common/rest_client.py:434
2018-10-02 19:25:25.666 11618 INFO tempest.lib.common.rest_client [req-b19825fd-da77-4236-9742-e44b91185830 ] Request (TrunkTestJSON:_run_cleanups): 404 GET http://172.30.9.22:9696/v2.0/trunks/5e66a42d-b833-4475-acb4-83b4689c7068/get_subports 0.017s
2018-10-02 19:25:25.666 11618 DEBUG tempest.lib.common.rest_client [req-b19825fd-da77-4236-9742-e44b91185830 ] Request - Headers: {'Content-Type': 'application/json', 'Accept': 'application/json', 'X-Auth-Token': ''} Body: None Response - Headers: {'status': '404', u'content-length': '134', 'content-location': 'http://172.30.9.22:9696/v2.0/trunks/5e66a42d-b833-4475-acb4-83b4689c7068/get_subports', u'date': 'Tue, 02 Oct 2018 19:25:25 GMT', u'content-type': 'application/json', u'connection': 'close', u'x-openstack-request-id': 'req-b19825fd-da77-4236-9742-e44b91185830'} Body: {"NeutronError": {"message": "Trunk 5e66a42d-b833-4475-acb4-83b4689c7068 could not be found.", "type": "TrunkNotFound", "detail": ""}} _log_request_full /root/.rally/verification/verifier-9a00668e-4ea5-4b6f-8ab7-8fd3b5b98263/repo/tempest/lib/common/rest_client.py:434
2018-10-02 19:25:25.679 11597 INFO tempest.lib.common.rest_client [req-db146f38-a82c-4612-bda0-ca674406f5b7 ] Request (TrunkTestJSON:_run_cleanups): 404 DELETE http://172.30.9.22:9696/v2.0/networks/d6a10e0f-7e52-46b4-9d4d-6666f5706d52 0.023s
2018-10-02 19:25:25.679 11597 DEBUG tempest.lib.common.rest_client [req-db146f38-a82c-4612-bda0-ca674406f5b7 ] Request - Headers: {'Content-Type': 'application/json', 'Accept': 'application/json', 'X-Auth-Token': ''} Body: None Response - Headers: {'status': '404', u'content-length': '138', 'content-location': 'http://172.30.9.22:9696/v2.0/networks/d6a10e0f-7e52-46b4-9d4d-6666f5706d52', u'date': 'Tue, 02 Oct 2018 19:25:25 GMT', u'content-type': 'application/json', u'connection': 'close', u'x-openstack-request-id': 'req-db146f38-a82c-4612-bda0-ca674406f5b7'} Body: {"NeutronError": {"message": "Network d6a10e0f-7e52-46b4-9d4d-6666f5706d52 could not be found.", "type": "NetworkNotFound", "detail": ""}} _log_request_full /root/.rally/verification/verifier-9a00668e-4ea5-4b6f-8ab7-8fd3b5b98263/repo/tempest/lib/common/rest_client.py:434
2018-10-02 19:25:25.689 11618 INFO tempest.lib.common.rest_client [req-5e8ea787-34ed-4111-ba44-6d30eb80839b ] Request (TrunkTestJSON:_run_cleanups): 404 DELETE http://172.30.9.22:9696/v2.0/trunks/5e66a42d-b833-4475-acb4-83b4689c7068 0.022s
2018-10-02 19:25:25.690 11618 DEBUG tempest.lib.common.rest_client [req-5e8ea787-34ed-4111-ba44-6d30eb80839b ] Request - Headers: {'Content-Type': 'application/json', 'Accept': 'application/json', 'X-Auth-Token': ''} Body: None Response - Headers: {'status': '404', u'content-length': '134', 'content-location': 'http://172.30.9.22:9696/v2.0/trunks/5e66a42d-b833-4475-acb4-83b4689c7068', u'date': 'Tue, 02 Oct 2018 19:25:25 GMT', u'content-type': 'application/json', u'connection': 'close', u'x-openstack-request-id': 'req-5e8ea787-34ed-4111-ba44-6d30eb80839b'} Body: {"NeutronError": {"message": "Trunk 5e66a42d-b833-4475-acb4-83b4689c7068 could not be found.", "type": "TrunkNotFound", "detail": ""}} _log_request_full /root/.rally/verification/verifier-9a00668e-4ea5-4b6f-8ab7-8fd3b5b98263/repo/tempest/lib/common/rest_client.py:434
2018-10-02 19:25:25.704 11597 INFO tempest.lib.common.rest_client [req-4f0d3361-f70c-4d52-a0ea-5c588d021375 ] Request (TrunkTestJSON:_run_cleanups): 404 DELETE http://172.30.9.22:9696/v2.0/networks/a4562cca-0822-49a8-9fda-4fcc0a239588 0.024s
2018-10-02 19:25:25.704 11597 DEBUG tempest.lib.common.rest_client [req-4f0d3361-f70c-4d52-a0ea-5c588d021375 ] Request - Headers: {'Content-Type': 'application/json', 'Accept': 'application/json', 'X-Auth-Token': ''} Body: None Response - Headers: {'status': '404', u'content-length': '138', 'content-location': 'http://172.30.9.22:9696/v2.0/networks/a4562cca-0822-49a8-9fda-4fcc0a239588', u'date': 'Tue, 02 Oct 2018 19:25:25 GMT', u'content-type': 'application/json', u'connection': 'close', u'x-openstack-request-id': 'req-4f0d3361-f70c-4d52-a0ea-5c588d021375'} Body: {"NeutronError": {"message": "Network a4562cca-0822-49a8-9fda-4fcc0a239588 could not be found.", "type": "NetworkNotFound", "detail": ""}} _log_request_full /root/.rally/verification/verifier-9a00668e-4ea5-4b6f-8ab7-8fd3b5b98263/repo/tempest/lib/common/rest_client.py:434
2018-10-02 19:25:25.705 11618 INFO tempest.lib.common.rest_client [req-520660bb-5557-4e65-9e6d-8467d8f7f656 ] Request (TrunkTestJSON:_run_cleanups): 404 GET http://172.30.9.22:9696/v2.0/trunks/774bc727-9fc2-498a-910c-9a41b3e6bd83/get_subports 0.015s
2018-10-02 19:25:25.706 11618 DEBUG tempest.lib.common.rest_client [req-520660bb-5557-4e65-9e6d-8467d8f7f656 ] Request - Headers: {'Content-Type': 'application/json', 'Accept': 'application/json', 'X-Auth-Token': ''} Body: None Response - Headers: {'status': '404', u'content-length': '134', 'content-location': 'http://172.30.9.22:9696/v2.0/trunks/774bc727-9fc2-498a-910c-9a41b3e6bd83/get_subports', u'date': 'Tue, 02 Oct 2018 19:25:25 GMT', u'content-type': 'application/json', u'connection': 'close', u'x-openstack-request-id': 'req-520660bb-5557-4e65-9e6d-8467d8f7f656'} Body: {"NeutronError": {"message": "Trunk 774bc727-9fc2-498a-910c-9a41b3e6bd83 could not be found.", "type": "TrunkNotFound", "detail": ""}} _log_request_full /root/.rally/verification/verifier-9a00668e-4ea5-4b6f-8ab7-8fd3b5b98263/repo/tempest/lib/common/rest_client.py:434
2018-10-02 19:25:25.725 11618 INFO tempest.lib.common.rest_client [req-926e7d60-af4e-4d7e-a158-7141662d56fc ] Request (TrunkTestJSON:_run_cleanups): 404 DELETE http://172.30.9.22:9696/v2.0/trunks/774bc727-9fc2-498a-910c-9a41b3e6bd83 0.018s
2018-10-02 19:25:25.725 11618 DEBUG tempest.lib.common.rest_client [req-926e7d60-af4e-4d7e-a158-7141662d56fc ] Request - Headers: {'Content-Type': 'application/json', 'Accept': 'application/json', 'X-Auth-Token': ''} Body: None Response - Headers: {'status': '404', u'content-length': '134', 'content-location': 'http://172.30.9.22:9696/v2.0/trunks/774bc727-9fc2-498a-910c-9a41b3e6bd83', u'date': 'Tue, 02 Oct 2018 19:25:25 GMT', u'content-type': 'application/json', u'connection': 'close', u'x-openstack-request-id': 'req-926e7d60-af4e-4d7e-a158-7141662d56fc'} Body: {"NeutronError": {"message": "Trunk 774bc727-9fc2-498a-910c-9a41b3e6bd83 could not be found.", "type": "TrunkNotFound", "detail": ""}} _log_request_full /root/.rally/verification/verifier-9a00668e-4ea5-4b6f-8ab7-8fd3b5b98263/repo/tempest/lib/common/rest_client.py:434
2018-10-02 19:25:25.729 11597 INFO tempest.lib.common.rest_client [req-db89781e-2ce8-4b35-9567-c2ee3ea1adbc ] Request (TrunkTestJSON:_run_cleanups): 404 DELETE http://172.30.9.22:9696/v2.0/networks/61acd85c-a23b-43ed-a9c6-95005d66f772 0.024s
2018-10-02 19:25:25.730 11597 DEBUG tempest.lib.common.rest_client [req-db89781e-2ce8-4b35-9567-c2ee3ea1adbc ] Request - Headers: {'Content-Type': 'application/json', 'Accept': 'application/json', 'X-Auth-Token': ''} Body: None Response - Headers: {'status': '404', u'content-length': '138', 'content-location': 'http://172.30.9.22:9696/v2.0/networks/61acd85c-a23b-43ed-a9c6-95005d66f772', u'date': 'Tue, 02 Oct 2018 19:25:25 GMT', u'content-type': 'application/json', u'connection': 'close', u'x-openstack-request-id': 'req-db89781e-2ce8-4b35-9567-c2ee3ea1adbc'} Body: {"NeutronError": {"message": "Network 61acd85c-a23b-43ed-a9c6-95005d66f772 could not be found.", "type": "NetworkNotFound", "detail": ""}} _log_request_full /root/.rally/verification/verifier-9a00668e-4ea5-4b6f-8ab7-8fd3b5b98263/repo/tempest/lib/common/rest_client.py:434
2018-10-02 19:25:25.757 11618 INFO tempest.lib.common.rest_client [req-60f92ba0-118f-418b-b396-89d4d4202902 ] Request (TrunkTestJSON:_run_cleanups): 404 DELETE http://172.30.9.22:9696/v2.0/ports/ddbe250b-2d09-4015-bec0-c962520efbbd 0.031s
2018-10-02 19:25:25.757 11618 DEBUG tempest.lib.common.rest_client [req-60f92ba0-118f-418b-b396-89d4d4202902 ] Request - Headers: {'Content-Type': 'application/json', 'Accept': 'application/json', 'X-Auth-Token': ''} Body: None Response - Headers: {'status': '404', u'content-length': '132', 'content-location': 'http://172.30.9.22:9696/v2.0/ports/ddbe250b-2d09-4015-bec0-c962520efbbd', u'date': 'Tue, 02 Oct 2018 19:25:25 GMT', u'content-type': 'application/json', u'connection': 'close', u'x-openstack-request-id': 'req-60f92ba0-118f-418b-b396-89d4d4202902'} Body: {"NeutronError": {"message": "Port ddbe250b-2d09-4015-bec0-c962520efbbd could not be found.", "type": "PortNotFound", "detail": ""}} _log_request_full /root/.rally/verification/verifier-9a00668e-4ea5-4b6f-8ab7-8fd3b5b98263/repo/tempest/lib/common/rest_client.py:434
2018-10-02 19:25:25.791 11618 INFO tempest.lib.common.rest_client [req-c0de11f8-2ae9-4606-9f72-e3f80dff43e7 ] Request (TrunkTestJSON:_run_cleanups): 404 DELETE http://172.30.9.22:9696/v2.0/ports/77e549b2-c93c-4d53-bcd4-4a177ec78b53 0.033s
2018-10-02 19:25:25.791 11618 DEBUG tempest.lib.common.rest_client [req-c0de11f8-2ae9-4606-9f72-e3f80dff43e7 ] Request - Headers: {'Content-Type': 'application/json', 'Accept': 'application/json', 'X-Auth-Token': ''} Body: None Response - Headers: {'status': '404', u'content-length': '132', 'content-location': 'http://172.30.9.22:9696/v2.0/ports/77e549b2-c93c-4d53-bcd4-4a177ec78b53', u'date': 'Tue, 02 Oct 2018 19:25:25 GMT', u'content-type': 'application/json', u'connection': 'close', u'x-openstack-request-id': 'req-c0de11f8-2ae9-4606-9f72-e3f80dff43e7'} Body: {"NeutronError": {"message": "Port 77e549b2-c93c-4d53-bcd4-4a177ec78b53 could not be found.", "type": "PortNotFound", "detail": ""}} _log_request_full /root/.rally/verification/verifier-9a00668e-4ea5-4b6f-8ab7-8fd3b5b98263/repo/tempest/lib/common/rest_client.py:434
2018-10-02 19:25:25.827 11618 INFO tempest.lib.common.rest_client [req-2d2d20ec-080a-449b-84ef-336c46262d71 ] Request (TrunkTestJSON:_run_cleanups): 404 DELETE http://172.30.9.22:9696/v2.0/ports/acb0fa59-ea43-48b6-87c4-c615966e9a42 0.035s
2018-10-02 19:25:25.828 11618 DEBUG tempest.lib.common.rest_client [req-2d2d20ec-080a-449b-84ef-336c46262d71 ] Request - Headers: {'Content-Type': 'application/json', 'Accept': 'application/json', 'X-Auth-Token': ''} Body: None Response - Headers: {'status': '404', u'content-length': '132', 'content-location': 'http://172.30.9.22:9696/v2.0/ports/acb0fa59-ea43-48b6-87c4-c615966e9a42', u'date': 'Tue, 02 Oct 2018 19:25:25 GMT', u'content-type': 'application/json', u'connection': 'close', u'x-openstack-request-id': 'req-2d2d20ec-080a-449b-84ef-336c46262d71'} Body: {"NeutronError": {"message": "Port acb0fa59-ea43-48b6-87c4-c615966e9a42 could not be found.", "type": "PortNotFound", "detail": ""}} _log_request_full /root/.rally/verification/verifier-9a00668e-4ea5-4b6f-8ab7-8fd3b5b98263/repo/tempest/lib/common/rest_client.py:434
2018-10-02 19:25:25.872 11618 INFO tempest.lib.common.rest_client [req-c406d5af-d0de-4763-9bd6-5c933f0125c1 ] Request (TrunkTestJSON:_run_cleanups): 404 DELETE http://172.30.9.22:9696/v2.0/ports/e6954925-4a2b-46ab-821c-fb0254750fe7 0.043s
2018-10-02 19:25:25.872 11618 DEBUG tempest.lib.common.rest_client [req-c406d5af-d0de-4763-9bd6-5c933f0125c1 ] Request - Headers: {'Content-Type': 'application/json', 'Accept': 'application/json', 'X-Auth-Token': ''} Body: None Response - Headers: {'status': '404', u'content-length': '132', 'content-location': 'http://172.30.9.22:9696/v2.0/ports/e6954925-4a2b-46ab-821c-fb0254750fe7', u'date': 'Tue, 02 Oct 2018 19:25:25 GMT', u'content-type': 'application/json', u'connection': 'close', u'x-openstack-request-id': 'req-c406d5af-d0de-4763-9bd6-5c933f0125c1'} Body: {"NeutronError": {"message": "Port e6954925-4a2b-46ab-821c-fb0254750fe7 could not be found.", "type": "PortNotFound", "detail": ""}} _log_request_full /root/.rally/verification/verifier-9a00668e-4ea5-4b6f-8ab7-8fd3b5b98263/repo/tempest/lib/common/rest_client.py:434
2018-10-02 19:25:25.905 11618 INFO tempest.lib.common.rest_client [req-6e890e4a-7f34-44ba-8f92-10663c74f6e2 ] Request (TrunkTestJSON:_run_cleanups): 404 DELETE http://172.30.9.22:9696/v2.0/ports/2cffbff8-b459-47da-b784-6312370f3da1 0.031s
2018-10-02 19:25:25.905 11618 DEBUG tempest.lib.common.rest_client [req-6e890e4a-7f34-44ba-8f92-10663c74f6e2 ] Request - Headers: {'Content-Type': 'application/json', 'Accept': 'application/json', 'X-Auth-Token': ''} Body: None Response - Headers: {'status': '404', u'content-length': '132', 'content-location': 'http://172.30.9.22:9696/v2.0/ports/2cffbff8-b459-47da-b784-6312370f3da1', u'date': 'Tue, 02 Oct 2018 19:25:25 GMT', u'content-type': 'application/json', u'connection': 'close', u'x-openstack-request-id': 'req-6e890e4a-7f34-44ba-8f92-10663c74f6e2'} Body: {"NeutronError": {"message": "Port 2cffbff8-b459-47da-b784-6312370f3da1 could not be found.", "type": "PortNotFound", "detail": ""}} _log_request_full /root/.rally/verification/verifier-9a00668e-4ea5-4b6f-8ab7-8fd3b5b98263/repo/tempest/lib/common/rest_client.py:434
2018-10-02 19:25:25.936 11618 INFO tempest.lib.common.rest_client [req-367942d9-5e5c-4f59-8ee0-9c25ece92bd4 ] Request (TrunkTestJSON:_run_cleanups): 404 DELETE http://172.30.9.22:9696/v2.0/ports/9bd2d4b7-0552-4786-bff2-af0345fdf19b 0.030s
2018-10-02 19:25:25.937 11618 DEBUG tempest.lib.common.rest_client [req-367942d9-5e5c-4f59-8ee0-9c25ece92bd4 ] Request - Headers: {'Content-Type': 'application/json', 'Accept': 'application/json', 'X-Auth-Token': ''} Body: None Response - Headers: {'status': '404', u'content-length': '132', 'content-location': 'http://172.30.9.22:9696/v2.0/ports/9bd2d4b7-0552-4786-bff2-af0345fdf19b', u'date': 'Tue, 02 Oct 2018 19:25:25 GMT', u'content-type': 'application/json', u'connection': 'close', u'x-openstack-request-id': 'req-367942d9-5e5c-4f59-8ee0-9c25ece92bd4'} Body: {"NeutronError": {"message": "Port 9bd2d4b7-0552-4786-bff2-af0345fdf19b could not be found.", "type": "PortNotFound", "detail": ""}} _log_request_full /root/.rally/verification/verifier-9a00668e-4ea5-4b6f-8ab7-8fd3b5b98263/repo/tempest/lib/common/rest_client.py:434
2018-10-02 19:25:25.970 11618 INFO tempest.lib.common.rest_client [req-fc8fd867-6bb9-4738-9f94-29fddaef295a ] Request (TrunkTestJSON:_run_cleanups): 404 DELETE http://172.30.9.22:9696/v2.0/ports/4d42d3a7-8dbb-4072-8240-fec2885803be 0.032s
2018-10-02 19:25:25.971 11618 DEBUG tempest.lib.common.rest_client [req-fc8fd867-6bb9-4738-9f94-29fddaef295a ] Request - Headers: {'Content-Type': 'application/json', 'Accept': 'application/json', 'X-Auth-Token': ''} Body: None Response - Headers: {'status': '404', u'content-length': '132', 'content-location': 'http://172.30.9.22:9696/v2.0/ports/4d42d3a7-8dbb-4072-8240-fec2885803be', u'date': 'Tue, 02 Oct 2018 19:25:25 GMT', u'content-type': 'application/json', u'connection': 'close', u'x-openstack-request-id': 'req-fc8fd867-6bb9-4738-9f94-29fddaef295a'} Body: {"NeutronError": {"message": "Port 4d42d3a7-8dbb-4072-8240-fec2885803be could not be found.", "type": "PortNotFound", "detail": ""}} _log_request_full /root/.rally/verification/verifier-9a00668e-4ea5-4b6f-8ab7-8fd3b5b98263/repo/tempest/lib/common/rest_client.py:434
2018-10-02 19:25:26.268 11597 INFO tempest.lib.common.rest_client [req-3fe17311-b161-420f-b545-2cd858fc34a5 ] Request (TrunkTestJSON:_run_cleanups): 204 DELETE http://172.30.9.22:9696/v2.0/networks/08803ebd-70d3-461a-98e7-6e31cf86c931 0.537s
2018-10-02 19:25:26.268 11597 DEBUG tempest.lib.common.rest_client [req-3fe17311-b161-420f-b545-2cd858fc34a5 ] Request - Headers: {'Content-Type': 'application/json', 'Accept': 'application/json', 'X-Auth-Token': ''} Body: None Response - Headers: {'status': '204', u'content-length': '0', 'content-location': 'http://172.30.9.22:9696/v2.0/networks/08803ebd-70d3-461a-98e7-6e31cf86c931', u'date': 'Tue, 02 Oct 2018 19:25:26 GMT', u'connection': 'close', u'x-openstack-request-id': 'req-3fe17311-b161-420f-b545-2cd858fc34a5'} Body: _log_request_full /root/.rally/verification/verifier-9a00668e-4ea5-4b6f-8ab7-8fd3b5b98263/repo/tempest/lib/common/rest_client.py:434
2018-10-02 19:25:26.294 11618 INFO tempest.lib.common.rest_client [req-38e8ecb2-4457-42d0-b7da-ab551c3fb0a1 ] Request (TrunkTestJSON:_run_cleanups): 204 DELETE http://172.30.9.22:9696/v2.0/ports/ee127d92-be6a-46f7-a009-dc6b61a0cfe0 0.322s
2018-10-02 19:25:26.294 11618 DEBUG tempest.lib.common.rest_client [req-38e8ecb2-4457-42d0-b7da-ab551c3fb0a1 ] Request - Headers: {'Content-Type': 'application/json', 'Accept': 'application/json', 'X-Auth-Token': ''} Body: None Response - Headers: {'status': '204', u'content-length': '0', 'content-location': 'http://172.30.9.22:9696/v2.0/ports/ee127d92-be6a-46f7-a009-dc6b61a0cfe0', u'date': 'Tue, 02 Oct 2018 19:25:26 GMT', u'connection': 'close', u'x-openstack-request-id': 'req-38e8ecb2-4457-42d0-b7da-ab551c3fb0a1'} Body: _log_request_full /root/.rally/verification/verifier-9a00668e-4ea5-4b6f-8ab7-8fd3b5b98263/repo/tempest/lib/common/rest_client.py:434
2018-10-02 19:25:26.525 11597 INFO tempest.lib.common.rest_client [req-5c1523f1-e748-4934-9a0e-82c8a02d094a ] Request (TrunkTestJSON:test_create_subport_nonexistent_trunk): 201 POST http://172.30.9.22:9696/v2.0/networks 0.251s
2018-10-02 19:25:26.525 11597 DEBUG tempest.lib.common.rest_client [req-5c1523f1-e748-4934-9a0e-82c8a02d094a ] Request - Headers: {'Content-Type': 'application/json', 'Accept': 'application/json', 'X-Auth-Token': ''} Body: {"network": {"name": "tempest-test-network--1817394037"}} Response - Headers: {'status': '201', u'content-length': '590', 'content-location': 'http://172.30.9.22:9696/v2.0/networks', u'date': 'Tue, 02 Oct 2018 19:25:26 GMT', u'content-type': 'application/json', u'connection': 'close', u'x-openstack-request-id': 'req-5c1523f1-e748-4934-9a0e-82c8a02d094a'} Body: {"network":{"ipv6_address_scope":null,"revision_number":3,"port_security_enabled":true,"id":"fd8b9a59-65f0-4ee7-9999-cfffd3084fec","router:external":false,"availability_zone_hints":[],"availability_zones":[],"ipv4_address_scope":null,"shared":false,"project_id":"0ad54d353eb1487d98c4db344c38761f","status":"ACTIVE","subnets":[],"description":"","tags":[],"updated_at":"2018-10-02T19:25:26Z","is_default":false,"name":"tempest-test-network--1817394037","qos_policy_id":null,"admin_state_up":true,"tenant_id":"0ad54d353eb1487d98c4db344c38761f","created_at":"2018-10-02T19:25:26Z","mtu":1450}} _log_request_full /root/.rally/verification/verifier-9a00668e-4ea5-4b6f-8ab7-8fd3b5b98263/repo/tempest/lib/common/rest_client.py:434
2018-10-02 19:25:26.650 11615 INFO paramiko.transport [-] Connected (version 2.0, client dropbear_2015.67)
2018-10-02 19:25:26.748 11615 INFO paramiko.transport [-] Authentication (publickey) successful!
2018-10-02 19:25:26.771 11618 INFO tempest.lib.common.rest_client [req-c553a04a-bd93-47c2-b8db-87be4104fabd ] Request (TrunkTestJSON:_run_cleanups): 204 DELETE http://172.30.9.22:9696/v2.0/ports/b00c6611-f06b-4eb9-a509-423e3f655b4a 0.476s
2018-10-02 19:25:26.772 11618 DEBUG tempest.lib.common.rest_client [req-c553a04a-bd93-47c2-b8db-87be4104fabd ] Request - Headers: {'Content-Type': 'application/json', 'Accept': 'application/json', 'X-Auth-Token': ''} Body: None Response - Headers: {'status': '204', u'content-length': '0', 'content-location': 'http://172.30.9.22:9696/v2.0/ports/b00c6611-f06b-4eb9-a509-423e3f655b4a', u'date': 'Tue, 02 Oct 2018 19:25:26 GMT', u'connection': 'close', u'x-openstack-request-id': 'req-c553a04a-bd93-47c2-b8db-87be4104fabd'} Body: _log_request_full /root/.rally/verification/verifier-9a00668e-4ea5-4b6f-8ab7-8fd3b5b98263/repo/tempest/lib/common/rest_client.py:434
2018-10-02 19:25:26.783 11615 INFO tempest.lib.common.ssh [-] ssh connection to cirros@172.30.9.202 successfully created
2018-10-02 19:25:26.798 11618 INFO tempest.lib.common.rest_client [req-907cbc5d-6dd8-4720-b3be-080301d5c2f0 ] Request (TrunkTestJSON:_run_cleanups): 404 DELETE http://172.30.9.22:9696/v2.0/networks/6d805237-3f58-4f48-9e7e-2fc38b6ecd0a 0.025s
2018-10-02 19:25:26.798 11618 DEBUG tempest.lib.common.rest_client [req-907cbc5d-6dd8-4720-b3be-080301d5c2f0 ] Request - Headers: {'Content-Type': 'application/json', 'Accept': 'application/json', 'X-Auth-Token': ''} Body: None Response - Headers: {'status': '404', u'content-length': '138', 'content-location': 'http://172.30.9.22:9696/v2.0/networks/6d805237-3f58-4f48-9e7e-2fc38b6ecd0a', u'date': 'Tue, 02 Oct 2018 19:25:26 GMT', u'content-type': 'application/json', u'connection': 'close', u'x-openstack-request-id': 'req-907cbc5d-6dd8-4720-b3be-080301d5c2f0'} Body: {"NeutronError": {"message": "Network 6d805237-3f58-4f48-9e7e-2fc38b6ecd0a could not be found.", "type": "NetworkNotFound", "detail": ""}} _log_request_full /root/.rally/verification/verifier-9a00668e-4ea5-4b6f-8ab7-8fd3b5b98263/repo/tempest/lib/common/rest_client.py:434
2018-10-02 19:25:26.823 11618 INFO tempest.lib.common.rest_client [req-14c6e523-f088-4f7a-9cf2-4b3cd4190c53 ] Request (TrunkTestJSON:_run_cleanups): 404 DELETE http://172.30.9.22:9696/v2.0/networks/f9f7e574-cea2-40a2-97f8-182ad87eff8f 0.024s
2018-10-02 19:25:26.823 11618 DEBUG tempest.lib.common.rest_client [req-14c6e523-f088-4f7a-9cf2-4b3cd4190c53 ] Request - Headers: {'Content-Type': 'application/json', 'Accept': 'application/json', 'X-Auth-Token': ''} Body: None Response - Headers: {'status': '404', u'content-length': '138', 'content-location': 'http://172.30.9.22:9696/v2.0/networks/f9f7e574-cea2-40a2-97f8-182ad87eff8f', u'date': 'Tue, 02 Oct 2018 19:25:26 GMT', u'content-type': 'application/json', u'connection': 'close', u'x-openstack-request-id': 'req-14c6e523-f088-4f7a-9cf2-4b3cd4190c53'} Body: {"NeutronError": {"message": "Network f9f7e574-cea2-40a2-97f8-182ad87eff8f could not be found.", "type": "NetworkNotFound", "detail": ""}} _log_request_full /root/.rally/verification/verifier-9a00668e-4ea5-4b6f-8ab7-8fd3b5b98263/repo/tempest/lib/common/rest_client.py:434
2018-10-02 19:25:26.849 11618 INFO tempest.lib.common.rest_client [req-bd593df0-f4ce-45d4-a22f-9f1abf163ee1 ] Request (TrunkTestJSON:_run_cleanups): 404 DELETE http://172.30.9.22:9696/v2.0/networks/b3aa2e58-6677-4748-b00c-fac610d9ff82 0.025s
