2018-09-26 05:27:09.479 11625 DEBUG tempest.lib.common.rest_client [req-8d78e64b-9dd3-4c9d-89d9-d515b2c6eace ] Request - Headers: {'Content-Type': 'application/json', 'Accept': 'application/json', 'X-Auth-Token': ''} Body: None Response - Headers: {'status': '404', u'content-length': '134', 'content-location': 'http://172.30.9.30:9696/v2.0/trunks/c8d7acaa-0105-40ef-9fcf-e073f8bebb74', u'date': 'Wed, 26 Sep 2018 05:27:09 GMT', u'content-type': 'application/json', u'connection': 'close', u'x-openstack-request-id': 'req-8d78e64b-9dd3-4c9d-89d9-d515b2c6eace'} Body: {"NeutronError": {"message": "Trunk c8d7acaa-0105-40ef-9fcf-e073f8bebb74 could not be found.", "type": "TrunkNotFound", "detail": ""}} _log_request_full /root/.rally/verification/verifier-16ccf37f-2c90-4848-8270-15753232b26d/repo/tempest/lib/common/rest_client.py:434
2018-09-26 05:27:09.512 11625 INFO tempest.lib.common.rest_client [req-002303a8-bca1-4045-a2f9-388733995fc0 ] Request (TrunkTestJSON:_run_cleanups): 200 GET http://172.30.9.30:9696/v2.0/trunks/f01ebcfd-94c3-4f0a-8fcc-e8311b65f521/get_subports 0.032s
2018-09-26 05:27:09.512 11625 DEBUG tempest.lib.common.rest_client [req-002303a8-bca1-4045-a2f9-388733995fc0 ] Request - Headers: {'Content-Type': 'application/json', 'Accept': 'application/json', 'X-Auth-Token': ''} Body: None Response - Headers: {'status': '200', u'content-length': '17', 'content-location': 'http://172.30.9.30:9696/v2.0/trunks/f01ebcfd-94c3-4f0a-8fcc-e8311b65f521/get_subports', u'date': 'Wed, 26 Sep 2018 05:27:09 GMT', u'content-type': 'application/json', u'connection': 'close', u'x-openstack-request-id': 'req-002303a8-bca1-4045-a2f9-388733995fc0'} Body: {"sub_ports": []} _log_request_full /root/.rally/verification/verifier-16ccf37f-2c90-4848-8270-15753232b26d/repo/tempest/lib/common/rest_client.py:434
2018-09-26 05:27:09.578 11625 INFO tempest.lib.common.rest_client [req-050eaf70-6376-43d0-ae99-79f0cfdf9626 ] Request (TrunkTestJSON:_run_cleanups): 200 PUT http://172.30.9.30:9696/v2.0/trunks/f01ebcfd-94c3-4f0a-8fcc-e8311b65f521/remove_subports 0.065s
2018-09-26 05:27:09.578 11625 DEBUG tempest.lib.common.rest_client [req-050eaf70-6376-43d0-ae99-79f0cfdf9626 ] Request - Headers: {'Content-Type': 'application/json', 'Accept': 'application/json', 'X-Auth-Token': ''} Body: {"sub_ports": []} Response - Headers: {'status': '200', u'content-length': '396', 'content-location': 'http://172.30.9.30:9696/v2.0/trunks/f01ebcfd-94c3-4f0a-8fcc-e8311b65f521/remove_subports', u'date': 'Wed, 26 Sep 2018 05:27:09 GMT', u'content-type': 'application/json', u'connection': 'close', u'x-openstack-request-id': 'req-050eaf70-6376-43d0-ae99-79f0cfdf9626'} Body: {"status": "DOWN", "sub_ports": [], "name": "", "admin_state_up": true, "tenant_id": "907275cbe15c4bd58ceef8dacf28f332", "created_at": "2018-09-26T05:27:07Z", "tags": [], "updated_at": "2018-09-26T05:27:09Z", "revision_number": 1, "project_id": "907275cbe15c4bd58ceef8dacf28f332", "port_id": "059ded60-e433-4115-89d7-a44be5d37f72", "id": "f01ebcfd-94c3-4f0a-8fcc-e8311b65f521", "description": ""} _log_request_full /root/.rally/verification/verifier-16ccf37f-2c90-4848-8270-15753232b26d/repo/tempest/lib/common/rest_client.py:434
2018-09-26 05:27:09.645 11605 INFO tempest.lib.common.rest_client [req-e3d9059e-24ec-489c-81d3-ab635436518a ] Request (TrunkTestJSON:_run_cleanups): 204 DELETE http://172.30.9.30:9696/v2.0/networks/76d75d7c-1d7c-4f16-96cc-c7bb32d9a5bf 0.587s
2018-09-26 05:27:09.645 11605 DEBUG tempest.lib.common.rest_client [req-e3d9059e-24ec-489c-81d3-ab635436518a ] Request - Headers: {'Content-Type': 'application/json', 'Accept': 'application/json', 'X-Auth-Token': ''} Body: None Response - Headers: {'status': '204', u'content-length': '0', 'content-location': 'http://172.30.9.30:9696/v2.0/networks/76d75d7c-1d7c-4f16-96cc-c7bb32d9a5bf', u'date': 'Wed, 26 Sep 2018 05:27:09 GMT', u'connection': 'close', u'x-openstack-request-id': 'req-e3d9059e-24ec-489c-81d3-ab635436518a'} Body: _log_request_full /root/.rally/verification/verifier-16ccf37f-2c90-4848-8270-15753232b26d/repo/tempest/lib/common/rest_client.py:434
2018-09-26 05:27:09.659 11623 INFO tempest.lib.common.rest_client [req-af917a76-e9dd-441f-8b29-f8aead178dc8 ] Request (TrunkTest:test_trunk_subport_lifecycle): 200 GET http://172.30.9.30:9696/v2.0/trunks/cca2e000-c44f-44bc-88f2-9ddc7276932f 0.028s
2018-09-26 05:27:09.660 11623 DEBUG tempest.lib.common.rest_client [req-af917a76-e9dd-441f-8b29-f8aead178dc8 ] Request - Headers: {'Content-Type': 'application/json', 'Accept': 'application/json', 'X-Auth-Token': ''} Body: None Response - Headers: {'status': '200', u'content-length': '822', 'content-location': 'http://172.30.9.30:9696/v2.0/trunks/cca2e000-c44f-44bc-88f2-9ddc7276932f', u'date': 'Wed, 26 Sep 2018 05:27:09 GMT', u'content-type': 'application/json', u'connection': 'close', u'x-openstack-request-id': 'req-af917a76-e9dd-441f-8b29-f8aead178dc8'} Body: {"trunk": {"status": "BUILD", "sub_ports": [{"segmentation_type": "vlan", "port_id": "7b496cd3-67b1-4270-9e78-ec20d5c71885", "segmentation_id": 3}, {"segmentation_type": "vlan", "port_id": "4eb7bbe9-9981-4858-b303-d0ba15e2475a", "segmentation_id": 4}, {"segmentation_type": "vlan", "port_id": "fbfe02b4-bdd0-48a9-b58f-d0b106f6c605", "segmentation_id": 5}, {"segmentation_type": "vlan", "port_id": "005d0508-001b-4c66-84b7-af2f7911f3df", "segmentation_id": 6}], "name": "", "admin_state_up": true, "tenant_id": "9bc4dba64b3e4550aee9beee487b5807", "created_at": "2018-09-26T05:26:36Z", "tags": [], "updated_at": "2018-09-26T05:27:08Z", "revision_number": 3, "project_id": "9bc4dba64b3e4550aee9beee487b5807", "port_id": "f0d39843-beb9-469b-917c-90a51f486015", "id": "cca2e000-c44f-44bc-88f2-9ddc7276932f", "description": ""}} _log_request_full /root/.rally/verification/verifier-16ccf37f-2c90-4848-8270-15753232b26d/repo/tempest/lib/common/rest_client.py:434
2018-09-26 05:27:09.756 11625 INFO tempest.lib.common.rest_client [req-cfb361dc-4ad9-4e08-9d57-1b7a063d37d1 ] Request (TrunkTestJSON:_run_cleanups): 204 DELETE http://172.30.9.30:9696/v2.0/trunks/f01ebcfd-94c3-4f0a-8fcc-e8311b65f521 0.177s
2018-09-26 05:27:09.757 11625 DEBUG tempest.lib.common.rest_client [req-cfb361dc-4ad9-4e08-9d57-1b7a063d37d1 ] Request - Headers: {'Content-Type': 'application/json', 'Accept': 'application/json', 'X-Auth-Token': ''} Body: None Response - Headers: {'status': '204', u'content-length': '0', 'content-location': 'http://172.30.9.30:9696/v2.0/trunks/f01ebcfd-94c3-4f0a-8fcc-e8311b65f521', u'date': 'Wed, 26 Sep 2018 05:27:09 GMT', u'connection': 'close', u'x-openstack-request-id': 'req-cfb361dc-4ad9-4e08-9d57-1b7a063d37d1'} Body: _log_request_full /root/.rally/verification/verifier-16ccf37f-2c90-4848-8270-15753232b26d/repo/tempest/lib/common/rest_client.py:434
2018-09-26 05:27:09.789 11625 INFO tempest.lib.common.rest_client [req-dfccc6ee-94d5-407e-bf6a-b0faeee2a853 ] Request (TrunkTestJSON:_run_cleanups): 200 GET http://172.30.9.30:9696/v2.0/trunks/d1fe0101-af23-4d81-9bef-24bb3b7b89e9/get_subports 0.031s
2018-09-26 05:27:09.789 11625 DEBUG tempest.lib.common.rest_client [req-dfccc6ee-94d5-407e-bf6a-b0faeee2a853 ] Request - Headers: {'Content-Type': 'application/json', 'Accept': 'application/json', 'X-Auth-Token': ''} Body: None Response - Headers: {'status': '200', u'content-length': '17', 'content-location': 'http://172.30.9.30:9696/v2.0/trunks/d1fe0101-af23-4d81-9bef-24bb3b7b89e9/get_subports', u'date': 'Wed, 26 Sep 2018 05:27:09 GMT', u'content-type': 'application/json', u'connection': 'close', u'x-openstack-request-id': 'req-dfccc6ee-94d5-407e-bf6a-b0faeee2a853'} Body: {"sub_ports": []} _log_request_full /root/.rally/verification/verifier-16ccf37f-2c90-4848-8270-15753232b26d/repo/tempest/lib/common/rest_client.py:434
2018-09-26 05:27:09.853 11625 INFO tempest.lib.common.rest_client [req-fe0bce8f-8822-4331-b43c-c22bed233bf8 ] Request (TrunkTestJSON:_run_cleanups): 200 PUT http://172.30.9.30:9696/v2.0/trunks/d1fe0101-af23-4d81-9bef-24bb3b7b89e9/remove_subports 0.063s
2018-09-26 05:27:09.854 11625 DEBUG tempest.lib.common.rest_client [req-fe0bce8f-8822-4331-b43c-c22bed233bf8 ] Request - Headers: {'Content-Type': 'application/json', 'Accept': 'application/json', 'X-Auth-Token': ''} Body: {"sub_ports": []} Response - Headers: {'status': '200', u'content-length': '396', 'content-location': 'http://172.30.9.30:9696/v2.0/trunks/d1fe0101-af23-4d81-9bef-24bb3b7b89e9/remove_subports', u'date': 'Wed, 26 Sep 2018 05:27:09 GMT', u'content-type': 'application/json', u'connection': 'close', u'x-openstack-request-id': 'req-fe0bce8f-8822-4331-b43c-c22bed233bf8'} Body: {"status": "DOWN", "sub_ports": [], "name": "", "admin_state_up": true, "tenant_id": "907275cbe15c4bd58ceef8dacf28f332", "created_at": "2018-09-26T05:27:08Z", "tags": [], "updated_at": "2018-09-26T05:27:09Z", "revision_number": 1, "project_id": "907275cbe15c4bd58ceef8dacf28f332", "port_id": "d73271dd-4326-4b02-890b-e214f7f8b01d", "id": "d1fe0101-af23-4d81-9bef-24bb3b7b89e9", "description": ""} _log_request_full /root/.rally/verification/verifier-16ccf37f-2c90-4848-8270-15753232b26d/repo/tempest/lib/common/rest_client.py:434
2018-09-26 05:27:09.966 11625 INFO tempest.lib.common.rest_client [req-3d6ee916-1cf9-450d-92d5-49944c2d9401 ] Request (TrunkTestJSON:_run_cleanups): 204 DELETE http://172.30.9.30:9696/v2.0/trunks/d1fe0101-af23-4d81-9bef-24bb3b7b89e9 0.111s
2018-09-26 05:27:09.967 11625 DEBUG tempest.lib.common.rest_client [req-3d6ee916-1cf9-450d-92d5-49944c2d9401 ] Request - Headers: {'Content-Type': 'application/json', 'Accept': 'application/json', 'X-Auth-Token': ''} Body: None Response - Headers: {'status': '204', u'content-length': '0', 'content-location': 'http://172.30.9.30:9696/v2.0/trunks/d1fe0101-af23-4d81-9bef-24bb3b7b89e9', u'date': 'Wed, 26 Sep 2018 05:27:09 GMT', u'connection': 'close', u'x-openstack-request-id': 'req-3d6ee916-1cf9-450d-92d5-49944c2d9401'} Body: _log_request_full /root/.rally/verification/verifier-16ccf37f-2c90-4848-8270-15753232b26d/repo/tempest/lib/common/rest_client.py:434
2018-09-26 05:27:10.005 11625 INFO tempest.lib.common.rest_client [req-1035e927-d714-4b23-8966-decc136e1afe ] Request (TrunkTestJSON:_run_cleanups): 404 DELETE http://172.30.9.30:9696/v2.0/ports/b54c8f94-0420-4d83-9284-69ddb93a15a8 0.038s
2018-09-26 05:27:10.006 11625 DEBUG tempest.lib.common.rest_client [req-1035e927-d714-4b23-8966-decc136e1afe ] Request - Headers: {'Content-Type': 'application/json', 'Accept': 'application/json', 'X-Auth-Token': ''} Body: None Response - Headers: {'status': '404', u'content-length': '132', 'content-location': 'http://172.30.9.30:9696/v2.0/ports/b54c8f94-0420-4d83-9284-69ddb93a15a8', u'date': 'Wed, 26 Sep 2018 05:27:10 GMT', u'content-type': 'application/json', u'connection': 'close', u'x-openstack-request-id': 'req-1035e927-d714-4b23-8966-decc136e1afe'} Body: {"NeutronError": {"message": "Port b54c8f94-0420-4d83-9284-69ddb93a15a8 could not be found.", "type": "PortNotFound", "detail": ""}} _log_request_full /root/.rally/verification/verifier-16ccf37f-2c90-4848-8270-15753232b26d/repo/tempest/lib/common/rest_client.py:434
2018-09-26 05:27:10.039 11625 INFO tempest.lib.common.rest_client [req-9e6e5c0f-3f7a-45d9-bd80-795ed95a2b15 ] Request (TrunkTestJSON:_run_cleanups): 404 DELETE http://172.30.9.30:9696/v2.0/ports/3222fb2b-412c-4d8c-91cb-74f265e33434 0.032s
2018-09-26 05:27:10.040 11625 DEBUG tempest.lib.common.rest_client [req-9e6e5c0f-3f7a-45d9-bd80-795ed95a2b15 ] Request - Headers: {'Content-Type': 'application/json', 'Accept': 'application/json', 'X-Auth-Token': ''} Body: None Response - Headers: {'status': '404', u'content-length': '132', 'content-location': 'http://172.30.9.30:9696/v2.0/ports/3222fb2b-412c-4d8c-91cb-74f265e33434', u'date': 'Wed, 26 Sep 2018 05:27:10 GMT', u'content-type': 'application/json', u'connection': 'close', u'x-openstack-request-id': 'req-9e6e5c0f-3f7a-45d9-bd80-795ed95a2b15'} Body: {"NeutronError": {"message": "Port 3222fb2b-412c-4d8c-91cb-74f265e33434 could not be found.", "type": "PortNotFound", "detail": ""}} _log_request_full /root/.rally/verification/verifier-16ccf37f-2c90-4848-8270-15753232b26d/repo/tempest/lib/common/rest_client.py:434
2018-09-26 05:27:10.079 11625 INFO tempest.lib.common.rest_client [req-8107fdec-cd44-4632-b9a5-037e786c4e86 ] Request (TrunkTestJSON:_run_cleanups): 404 DELETE http://172.30.9.30:9696/v2.0/ports/180758c3-c608-41f9-bf43-ec92bbaed009 0.038s
2018-09-26 05:27:10.079 11625 DEBUG tempest.lib.common.rest_client [req-8107fdec-cd44-4632-b9a5-037e786c4e86 ] Request - Headers: {'Content-Type': 'application/json', 'Accept': 'application/json', 'X-Auth-Token': ''} Body: None Response - Headers: {'status': '404', u'content-length': '132', 'content-location': 'http://172.30.9.30:9696/v2.0/ports/180758c3-c608-41f9-bf43-ec92bbaed009', u'date': 'Wed, 26 Sep 2018 05:27:10 GMT', u'content-type': 'application/json', u'connection': 'close', u'x-openstack-request-id': 'req-8107fdec-cd44-4632-b9a5-037e786c4e86'} Body: {"NeutronError": {"message": "Port 180758c3-c608-41f9-bf43-ec92bbaed009 could not be found.", "type": "PortNotFound", "detail": ""}} _log_request_full /root/.rally/verification/verifier-16ccf37f-2c90-4848-8270-15753232b26d/repo/tempest/lib/common/rest_client.py:434
2018-09-26 05:27:10.115 11625 INFO tempest.lib.common.rest_client [req-b051a537-887b-43ef-80b6-15243f23cd4e ] Request (TrunkTestJSON:_run_cleanups): 404 DELETE http://172.30.9.30:9696/v2.0/ports/a880d50f-eb28-4692-a8d6-0d6b10d3bd68 0.035s
2018-09-26 05:27:10.116 11625 DEBUG tempest.lib.common.rest_client [req-b051a537-887b-43ef-80b6-15243f23cd4e ] Request - Headers: {'Content-Type': 'application/json', 'Accept': 'application/json', 'X-Auth-Token': ''} Body: None Response - Headers: {'status': '404', u'content-length': '132', 'content-location': 'http://172.30.9.30:9696/v2.0/ports/a880d50f-eb28-4692-a8d6-0d6b10d3bd68', u'date': 'Wed, 26 Sep 2018 05:27:10 GMT', u'content-type': 'application/json', u'connection': 'close', u'x-openstack-request-id': 'req-b051a537-887b-43ef-80b6-15243f23cd4e'} Body: {"NeutronError": {"message": "Port a880d50f-eb28-4692-a8d6-0d6b10d3bd68 could not be found.", "type": "PortNotFound", "detail": ""}} _log_request_full /root/.rally/verification/verifier-16ccf37f-2c90-4848-8270-15753232b26d/repo/tempest/lib/common/rest_client.py:434
2018-09-26 05:27:10.147 11625 INFO tempest.lib.common.rest_client [req-1314ab15-9dd1-4d1c-8ccc-69a7802ac675 ] Request (TrunkTestJSON:_run_cleanups): 404 DELETE http://172.30.9.30:9696/v2.0/ports/a55fafed-788b-421b-a0d0-07810819b0fc 0.031s
2018-09-26 05:27:10.147 11625 DEBUG tempest.lib.common.rest_client [req-1314ab15-9dd1-4d1c-8ccc-69a7802ac675 ] Request - Headers: {'Content-Type': 'application/json', 'Accept': 'application/json', 'X-Auth-Token': ''} Body: None Response - Headers: {'status': '404', u'content-length': '132', 'content-location': 'http://172.30.9.30:9696/v2.0/ports/a55fafed-788b-421b-a0d0-07810819b0fc', u'date': 'Wed, 26 Sep 2018 05:27:10 GMT', u'content-type': 'application/json', u'connection': 'close', u'x-openstack-request-id': 'req-1314ab15-9dd1-4d1c-8ccc-69a7802ac675'} Body: {"NeutronError": {"message": "Port a55fafed-788b-421b-a0d0-07810819b0fc could not be found.", "type": "PortNotFound", "detail": ""}} _log_request_full /root/.rally/verification/verifier-16ccf37f-2c90-4848-8270-15753232b26d/repo/tempest/lib/common/rest_client.py:434
2018-09-26 05:27:10.180 11625 INFO tempest.lib.common.rest_client [req-f0e64ce6-8503-4cac-8f85-766604f64587 ] Request (TrunkTestJSON:_run_cleanups): 404 DELETE http://172.30.9.30:9696/v2.0/ports/cb6d6472-1e86-4db5-a908-5bb11115bc87 0.032s
2018-09-26 05:27:10.180 11625 DEBUG tempest.lib.common.rest_client [req-f0e64ce6-8503-4cac-8f85-766604f64587 ] Request - Headers: {'Content-Type': 'application/json', 'Accept': 'application/json', 'X-Auth-Token': ''} Body: None Response - Headers: {'status': '404', u'content-length': '132', 'content-location': 'http://172.30.9.30:9696/v2.0/ports/cb6d6472-1e86-4db5-a908-5bb11115bc87', u'date': 'Wed, 26 Sep 2018 05:27:10 GMT', u'content-type': 'application/json', u'connection': 'close', u'x-openstack-request-id': 'req-f0e64ce6-8503-4cac-8f85-766604f64587'} Body: {"NeutronError": {"message": "Port cb6d6472-1e86-4db5-a908-5bb11115bc87 could not be found.", "type": "PortNotFound", "detail": ""}} _log_request_full /root/.rally/verification/verifier-16ccf37f-2c90-4848-8270-15753232b26d/repo/tempest/lib/common/rest_client.py:434
2018-09-26 05:27:10.213 11625 INFO tempest.lib.common.rest_client [req-a861a439-b5ac-43a3-a074-79ae7c3c337b ] Request (TrunkTestJSON:_run_cleanups): 404 DELETE http://172.30.9.30:9696/v2.0/ports/c6fe8bcb-94e6-4361-9904-dc1296b8063b 0.031s
2018-09-26 05:27:10.213 11625 DEBUG tempest.lib.common.rest_client [req-a861a439-b5ac-43a3-a074-79ae7c3c337b ] Request - Headers: {'Content-Type': 'application/json', 'Accept': 'application/json', 'X-Auth-Token': ''} Body: None Response - Headers: {'status': '404', u'content-length': '132', 'content-location': 'http://172.30.9.30:9696/v2.0/ports/c6fe8bcb-94e6-4361-9904-dc1296b8063b', u'date': 'Wed, 26 Sep 2018 05:27:10 GMT', u'content-type': 'application/json', u'connection': 'close', u'x-openstack-request-id': 'req-a861a439-b5ac-43a3-a074-79ae7c3c337b'} Body: {"NeutronError": {"message": "Port c6fe8bcb-94e6-4361-9904-dc1296b8063b could not be found.", "type": "PortNotFound", "detail": ""}} _log_request_full /root/.rally/verification/verifier-16ccf37f-2c90-4848-8270-15753232b26d/repo/tempest/lib/common/rest_client.py:434
2018-09-26 05:27:10.248 11625 INFO tempest.lib.common.rest_client [req-3ddb7c38-8c72-4034-b5a8-9128061a06f1 ] Request (TrunkTestJSON:_run_cleanups): 404 DELETE http://172.30.9.30:9696/v2.0/ports/8a419cb8-caa2-4b32-83f2-8796ff280a32 0.034s
2018-09-26 05:27:10.248 11625 DEBUG tempest.lib.common.rest_client [req-3ddb7c38-8c72-4034-b5a8-9128061a06f1 ] Request - Headers: {'Content-Type': 'application/json', 'Accept': 'application/json', 'X-Auth-Token': ''} Body: None Response - Headers: {'status': '404', u'content-length': '132', 'content-location': 'http://172.30.9.30:9696/v2.0/ports/8a419cb8-caa2-4b32-83f2-8796ff280a32', u'date': 'Wed, 26 Sep 2018 05:27:10 GMT', u'content-type': 'application/json', u'connection': 'close', u'x-openstack-request-id': 'req-3ddb7c38-8c72-4034-b5a8-9128061a06f1'} Body: {"NeutronError": {"message": "Port 8a419cb8-caa2-4b32-83f2-8796ff280a32 could not be found.", "type": "PortNotFound", "detail": ""}} _log_request_full /root/.rally/verification/verifier-16ccf37f-2c90-4848-8270-15753232b26d/repo/tempest/lib/common/rest_client.py:434
2018-09-26 05:27:10.280 11625 INFO tempest.lib.common.rest_client [req-30bb7fda-948c-4635-8ed1-1c4ebf326da8 ] Request (TrunkTestJSON:_run_cleanups): 404 DELETE http://172.30.9.30:9696/v2.0/ports/c356713b-a0a3-4008-ba2e-d1087710efb6 0.030s
2018-09-26 05:27:10.280 11625 DEBUG tempest.lib.common.rest_client [req-30bb7fda-948c-4635-8ed1-1c4ebf326da8 ] Request - Headers: {'Content-Type': 'application/json', 'Accept': 'application/json', 'X-Auth-Token': ''} Body: None Response - Headers: {'status': '404', u'content-length': '132', 'content-location': 'http://172.30.9.30:9696/v2.0/ports/c356713b-a0a3-4008-ba2e-d1087710efb6', u'date': 'Wed, 26 Sep 2018 05:27:10 GMT', u'content-type': 'application/json', u'connection': 'close', u'x-openstack-request-id': 'req-30bb7fda-948c-4635-8ed1-1c4ebf326da8'} Body: {"NeutronError": {"message": "Port c356713b-a0a3-4008-ba2e-d1087710efb6 could not be found.", "type": "PortNotFound", "detail": ""}} _log_request_full /root/.rally/verification/verifier-16ccf37f-2c90-4848-8270-15753232b26d/repo/tempest/lib/common/rest_client.py:434
2018-09-26 05:27:10.318 11625 INFO tempest.lib.common.rest_client [req-2335c352-2c9a-4752-8e3d-e4639318d306 ] Request (TrunkTestJSON:_run_cleanups): 404 DELETE http://172.30.9.30:9696/v2.0/ports/2277a16c-955d-4c21-b423-37439c977906 0.036s
2018-09-26 05:27:10.318 11625 DEBUG tempest.lib.common.rest_client [req-2335c352-2c9a-4752-8e3d-e4639318d306 ] Request - Headers: {'Content-Type': 'application/json', 'Accept': 'application/json', 'X-Auth-Token': ''} Body: None Response - Headers: {'status': '404', u'content-length': '132', 'content-location': 'http://172.30.9.30:9696/v2.0/ports/2277a16c-955d-4c21-b423-37439c977906', u'date': 'Wed, 26 Sep 2018 05:27:10 GMT', u'content-type': 'application/json', u'connection': 'close', u'x-openstack-request-id': 'req-2335c352-2c9a-4752-8e3d-e4639318d306'} Body: {"NeutronError": {"message": "Port 2277a16c-955d-4c21-b423-37439c977906 could not be found.", "type": "PortNotFound", "detail": ""}} _log_request_full /root/.rally/verification/verifier-16ccf37f-2c90-4848-8270-15753232b26d/repo/tempest/lib/common/rest_client.py:434
2018-09-26 05:27:10.342 11605 INFO tempest.lib.common.rest_client [req-2f024c8b-eaea-45a8-99f4-26d97a03182e ] Request (TrunkTestJSON:_run_cleanups): 204 DELETE http://172.30.9.30:9696/v2.0/networks/a9165bc7-be77-418d-90cc-e5611ea427f0 0.696s
2018-09-26 05:27:10.343 11605 DEBUG tempest.lib.common.rest_client [req-2f024c8b-eaea-45a8-99f4-26d97a03182e ] Request - Headers: {'Content-Type': 'application/json', 'Accept': 'application/json', 'X-Auth-Token': ''} Body: None Response - Headers: {'status': '204', u'content-length': '0', 'content-location': 'http://172.30.9.30:9696/v2.0/networks/a9165bc7-be77-418d-90cc-e5611ea427f0', u'date': 'Wed, 26 Sep 2018 05:27:10 GMT', u'connection': 'close', u'x-openstack-request-id': 'req-2f024c8b-eaea-45a8-99f4-26d97a03182e'} Body: _log_request_full /root/.rally/verification/verifier-16ccf37f-2c90-4848-8270-15753232b26d/repo/tempest/lib/common/rest_client.py:434
2018-09-26 05:27:10.355 11625 INFO tempest.lib.common.rest_client [req-9a5ab2fa-0923-4ecf-bc01-36c88526eee8 ] Request (TrunkTestJSON:_run_cleanups): 404 DELETE http://172.30.9.30:9696/v2.0/ports/d8795d2c-471f-401a-ba0b-d836fc15df12 0.036s
2018-09-26 05:27:10.355 11625 DEBUG tempest.lib.common.rest_client [req-9a5ab2fa-0923-4ecf-bc01-36c88526eee8 ] Request - Headers: {'Content-Type': 'application/json', 'Accept': 'application/json', 'X-Auth-Token': ''} Body: None Response - Headers: {'status': '404', u'content-length': '132', 'content-location': 'http://172.30.9.30:9696/v2.0/ports/d8795d2c-471f-401a-ba0b-d836fc15df12', u'date': 'Wed, 26 Sep 2018 05:27:10 GMT', u'content-type': 'application/json', u'connection': 'close', u'x-openstack-request-id': 'req-9a5ab2fa-0923-4ecf-bc01-36c88526eee8'} Body: {"NeutronError": {"message": "Port d8795d2c-471f-401a-ba0b-d836fc15df12 could not be found.", "type": "PortNotFound", "detail": ""}} _log_request_full /root/.rally/verification/verifier-16ccf37f-2c90-4848-8270-15753232b26d/repo/tempest/lib/common/rest_client.py:434
2018-09-26 05:27:10.686 11623 INFO tempest.lib.common.rest_client [req-fb73fde4-6331-4cda-91a1-531dd96af2ad ] Request (TrunkTest:test_trunk_subport_lifecycle): 200 GET http://172.30.9.30:9696/v2.0/trunks/cca2e000-c44f-44bc-88f2-9ddc7276932f 0.025s
2018-09-26 05:27:10.687 11623 DEBUG tempest.lib.common.rest_client [req-fb73fde4-6331-4cda-91a1-531dd96af2ad ] Request - Headers: {'Content-Type': 'application/json', 'Accept': 'application/json', 'X-Auth-Token': ''} Body: None Response - Headers: {'status': '200', u'content-length': '822', 'content-location': 'http://172.30.9.30:9696/v2.0/trunks/cca2e000-c44f-44bc-88f2-9ddc7276932f', u'date': 'Wed, 26 Sep 2018 05:27:10 GMT', u'content-type': 'application/json', u'connection': 'close', u'x-openstack-request-id': 'req-fb73fde4-6331-4cda-91a1-531dd96af2ad'} Body: {"trunk": {"status": "BUILD", "sub_ports": [{"segmentation_type": "vlan", "port_id": "7b496cd3-67b1-4270-9e78-ec20d5c71885", "segmentation_id": 3}, {"segmentation_type": "vlan", "port_id": "4eb7bbe9-9981-4858-b303-d0ba15e2475a", "segmentation_id": 4}, {"segmentation_type": "vlan", "port_id": "fbfe02b4-bdd0-48a9-b58f-d0b106f6c605", "segmentation_id": 5}, {"segmentation_type": "vlan", "port_id": "005d0508-001b-4c66-84b7-af2f7911f3df", "segmentation_id": 6}], "name": "", "admin_state_up": true, "tenant_id": "9bc4dba64b3e4550aee9beee487b5807", "created_at": "2018-09-26T05:26:36Z", "tags": [], "updated_at": "2018-09-26T05:27:08Z", "revision_number": 3, "project_id": "9bc4dba64b3e4550aee9beee487b5807", "port_id": "f0d39843-beb9-469b-917c-90a51f486015", "id": "cca2e000-c44f-44bc-88f2-9ddc7276932f", "description": ""}} _log_request_full /root/.rally/verification/verifier-16ccf37f-2c90-4848-8270-15753232b26d/repo/tempest/lib/common/rest_client.py:434
2018-09-26 05:27:10.689 11625 INFO tempest.lib.common.rest_client [req-0630bff8-c700-4075-b71f-d6ffe2fa2d6a ] Request (TrunkTestJSON:_run_cleanups): 204 DELETE http://172.30.9.30:9696/v2.0/ports/059ded60-e433-4115-89d7-a44be5d37f72 0.333s
2018-09-26 05:27:10.689 11625 DEBUG tempest.lib.common.rest_client [req-0630bff8-c700-4075-b71f-d6ffe2fa2d6a ] Request - Headers: {'Content-Type': 'application/json', 'Accept': 'application/json', 'X-Auth-Token': ''} Body: None Response - Headers: {'status': '204', u'content-length': '0', 'content-location': 'http://172.30.9.30:9696/v2.0/ports/059ded60-e433-4115-89d7-a44be5d37f72', u'date': 'Wed, 26 Sep 2018 05:27:10 GMT', u'connection': 'close', u'x-openstack-request-id': 'req-0630bff8-c700-4075-b71f-d6ffe2fa2d6a'} Body: _log_request_full /root/.rally/verification/verifier-16ccf37f-2c90-4848-8270-15753232b26d/repo/tempest/lib/common/rest_client.py:434
2018-09-26 05:27:11.043 11605 INFO tempest.lib.common.rest_client [req-e0b74d79-6a8d-421c-966d-0064002c21a2 ] Request (TrunkTestJSON:_run_cleanups): 204 DELETE http://172.30.9.30:9696/v2.0/networks/e0256e73-9f70-4fe7-bcd2-4eb0d8e50973 0.700s
2018-09-26 05:27:11.044 11605 DEBUG tempest.lib.common.rest_client [req-e0b74d79-6a8d-421c-966d-0064002c21a2 ] Request - Headers: {'Content-Type': 'application/json', 'Accept': 'application/json', 'X-Auth-Token': ''} Body: None Response - Headers: {'status': '204', u'content-length': '0', 'content-location': 'http://172.30.9.30:9696/v2.0/networks/e0256e73-9f70-4fe7-bcd2-4eb0d8e50973', u'date': 'Wed, 26 Sep 2018 05:27:11 GMT', u'connection': 'close', u'x-openstack-request-id': 'req-e0b74d79-6a8d-421c-966d-0064002c21a2'} Body: _log_request_full /root/.rally/verification/verifier-16ccf37f-2c90-4848-8270-15753232b26d/repo/tempest/lib/common/rest_client.py:434
2018-09-26 05:27:11.080 11625 INFO tempest.lib.common.rest_client [req-36aa3120-2dd8-4e09-a7c8-85a01686ec1b ] Request (TrunkTestJSON:_run_cleanups): 204 DELETE http://172.30.9.30:9696/v2.0/ports/d73271dd-4326-4b02-890b-e214f7f8b01d 0.390s
2018-09-26 05:27:11.080 11625 DEBUG tempest.lib.common.rest_client [req-36aa3120-2dd8-4e09-a7c8-85a01686ec1b ] Request - Headers: {'Content-Type': 'application/json', 'Accept': 'application/json', 'X-Auth-Token': ''} Body: None Response - Headers: {'status': '204', u'content-length': '0', 'content-location': 'http://172.30.9.30:9696/v2.0/ports/d73271dd-4326-4b02-890b-e214f7f8b01d', u'date': 'Wed, 26 Sep 2018 05:27:11 GMT', u'connection': 'close', u'x-openstack-request-id': 'req-36aa3120-2dd8-4e09-a7c8-85a01686ec1b'} Body: _log_request_full /root/.rally/verification/verifier-16ccf37f-2c90-4848-8270-15753232b26d/repo/tempest/lib/common/rest_client.py:434
2018-09-26 05:27:11.116 11625 INFO tempest.lib.common.rest_client [req-e1977029-11b3-421d-afb6-4b7475a09fa9 ] Request (TrunkTestJSON:_run_cleanups): 404 DELETE http://172.30.9.30:9696/v2.0/networks/26e90eb3-2358-45ea-8342-ed1f8fd8f967 0.035s
2018-09-26 05:27:11.117 11625 DEBUG tempest.lib.common.rest_client [req-e1977029-11b3-421d-afb6-4b7475a09fa9 ] Request - Headers: {'Content-Type': 'application/json', 'Accept': 'application/json', 'X-Auth-Token': ''} Body: None Response - Headers: {'status': '404', u'content-length': '138', 'content-location': 'http://172.30.9.30:9696/v2.0/networks/26e90eb3-2358-45ea-8342-ed1f8fd8f967', u'date': 'Wed, 26 Sep 2018 05:27:11 GMT', u'content-type': 'application/json', u'connection': 'close', u'x-openstack-request-id': 'req-e1977029-11b3-421d-afb6-4b7475a09fa9'} Body: {"NeutronError": {"message": "Network 26e90eb3-2358-45ea-8342-ed1f8fd8f967 could not be found.", "type": "NetworkNotFound", "detail": ""}} _log_request_full /root/.rally/verification/verifier-16ccf37f-2c90-4848-8270-15753232b26d/repo/tempest/lib/common/rest_client.py:434
2018-09-26 05:27:11.144 11625 INFO tempest.lib.common.rest_client [req-1a183cf9-faca-416e-bce4-a0f58c2597dd ] Request (TrunkTestJSON:_run_cleanups): 404 DELETE http://172.30.9.30:9696/v2.0/networks/4e59af8b-6c2a-46b1-be50-086a7e2e3b46 0.026s
2018-09-26 05:27:11.144 11625 DEBUG tempest.lib.common.rest_client [req-1a183cf9-faca-416e-bce4-a0f58c2597dd ] Request - Headers: {'Content-Type': 'application/json', 'Accept': 'application/json', 'X-Auth-Token': ''} Body: None Response - Headers: {'status': '404', u'content-length': '138', 'content-location': 'http://172.30.9.30:9696/v2.0/networks/4e59af8b-6c2a-46b1-be50-086a7e2e3b46', u'date': 'Wed, 26 Sep 2018 05:27:11 GMT', u'content-type': 'application/json', u'connection': 'close', u'x-openstack-request-id': 'req-1a183cf9-faca-416e-bce4-a0f58c2597dd'} Body: {"NeutronError": {"message": "Network 4e59af8b-6c2a-46b1-be50-086a7e2e3b46 could not be found.", "type": "NetworkNotFound", "detail": ""}} _log_request_full /root/.rally/verification/verifier-16ccf37f-2c90-4848-8270-15753232b26d/repo/tempest/lib/common/rest_client.py:434
2018-09-26 05:27:11.174 11625 INFO tempest.lib.common.rest_client [req-011265d9-cf71-498e-87b8-7b5fd129b0d7 ] Request (TrunkTestJSON:_run_cleanups): 404 DELETE http://172.30.9.30:9696/v2.0/networks/17460fb3-4cb3-4d05-a050-f2ee731dea21 0.029s
2018-09-26 05:27:11.174 11625 DEBUG tempest.lib.common.rest_client [req-011265d9-cf71-498e-87b8-7b5fd129b0d7 ] Request - Headers: {'Content-Type': 'application/json', 'Accept': 'application/json', 'X-Auth-Token': ''} Body: None Response - Headers: {'status': '404', u'content-length': '138', 'content-location': 'http://172.30.9.30:9696/v2.0/networks/17460fb3-4cb3-4d05-a050-f2ee731dea21', u'date': 'Wed, 26 Sep 2018 05:27:11 GMT', u'content-type': 'application/json', u'connection': 'close', u'x-openstack-request-id': 'req-011265d9-cf71-498e-87b8-7b5fd129b0d7'} Body: {"NeutronError": {"message": "Network 17460fb3-4cb3-4d05-a050-f2ee731dea21 could not be found.", "type": "NetworkNotFound", "detail": ""}} _log_request_full /root/.rally/verification/verifier-16ccf37f-2c90-4848-8270-15753232b26d/repo/tempest/lib/common/rest_client.py:434
2018-09-26 05:27:11.181 11605 INFO tempest.lib.common.rest_client [req-34589f4b-37df-4018-be2a-7161df70bab9 ] Request (TrunkTestJSON:test_create_trunk_nonexistent_port_id): 404 POST http://172.30.9.30:9696/v2.0/trunks 0.133s
2018-09-26 05:27:11.182 11605 DEBUG tempest.lib.common.rest_client [req-34589f4b-37df-4018-be2a-7161df70bab9 ] Request - Headers: {'Content-Type': 'application/json', 'Accept': 'application/json', 'X-Auth-Token': ''} Body: {"trunk": {"sub_ports": [], "port_id": "16938fa1-5b69-4aee-a414-4a488b4c539b"}} Response - Headers: {'status': '404', u'content-length': '132', 'content-location': 'http://172.30.9.30:9696/v2.0/trunks', u'date': 'Wed, 26 Sep 2018 05:27:11 GMT', u'content-type': 'application/json', u'connection': 'close', u'x-openstack-request-id': 'req-34589f4b-37df-4018-be2a-7161df70bab9'} Body: {"NeutronError": {"message": "Port 16938fa1-5b69-4aee-a414-4a488b4c539b could not be found.", "type": "PortNotFound", "detail": ""}} _log_request_full /root/.rally/verification/verifier-16ccf37f-2c90-4848-8270-15753232b26d/repo/tempest/lib/common/rest_client.py:434
2018-09-26 05:27:11.198 11605 INFO tempest.lib.common.rest_client [req-10479ec5-d21c-4731-8338-1220a2794b4d ] Request (TrunkTestJSON:_run_cleanups): 404 GET http://172.30.9.30:9696/v2.0/trunks/1ada0304-aaad-4988-8ddb-e33a67b908a7/get_subports 0.015s
2018-09-26 05:27:11.199 11605 DEBUG tempest.lib.common.rest_client [req-10479ec5-d21c-4731-8338-1220a2794b4d ] Request - Headers: {'Content-Type': 'application/json', 'Accept': 'application/json', 'X-Auth-Token': ''} Body: None Response - Headers: {'status': '404', u'content-length': '134', 'content-location': 'http://172.30.9.30:9696/v2.0/trunks/1ada0304-aaad-4988-8ddb-e33a67b908a7/get_subports', u'date': 'Wed, 26 Sep 2018 05:27:11 GMT', u'content-type': 'application/json', u'connection': 'close', u'x-openstack-request-id': 'req-10479ec5-d21c-4731-8338-1220a2794b4d'} Body: {"NeutronError": {"message": "Trunk 1ada0304-aaad-4988-8ddb-e33a67b908a7 could not be found.", "type": "TrunkNotFound", "detail": ""}} _log_request_full /root/.rally/verification/verifier-16ccf37f-2c90-4848-8270-15753232b26d/repo/tempest/lib/common/rest_client.py:434
2018-09-26 05:27:11.203 11625 INFO tempest.lib.common.rest_client [req-cbba4ccc-6016-42db-a960-5d2d6c21e2ad ] Request (TrunkTestJSON:_run_cleanups): 404 DELETE http://172.30.9.30:9696/v2.0/networks/ae1e8d08-71a8-4487-bf08-c42e76cdca13 0.028s
2018-09-26 05:27:11.204 11625 DEBUG tempest.lib.common.rest_client [req-cbba4ccc-6016-42db-a960-5d2d6c21e2ad ] Request - Headers: {'Content-Type': 'application/json', 'Accept': 'application/json', 'X-Auth-Token': ''} Body: None Response - Headers: {'status': '404', u'content-length': '138', 'content-location': 'http://172.30.9.30:9696/v2.0/networks/ae1e8d08-71a8-4487-bf08-c42e76cdca13', u'date': 'Wed, 26 Sep 2018 05:27:11 GMT', u'content-type': 'application/json', u'connection': 'close', u'x-openstack-request-id': 'req-cbba4ccc-6016-42db-a960-5d2d6c21e2ad'} Body: {"NeutronError": {"message": "Network ae1e8d08-71a8-4487-bf08-c42e76cdca13 could not be found.", "type": "NetworkNotFound", "detail": ""}} _log_request_full /root/.rally/verification/verifier-16ccf37f-2c90-4848-8270-15753232b26d/repo/tempest/lib/common/rest_client.py:434
2018-09-26 05:27:11.217 11605 INFO tempest.lib.common.rest_client [req-72176d0b-9bc8-48dd-a363-34e7c93bc46a ] Request (TrunkTestJSON:_run_cleanups): 404 DELETE http://172.30.9.30:9696/v2.0/trunks/1ada0304-aaad-4988-8ddb-e33a67b908a7 0.018s
2018-09-26 05:27:11.218 11605 DEBUG tempest.lib.common.rest_client [req-72176d0b-9bc8-48dd-a363-34e7c93bc46a ] Request - Headers: {'Content-Type': 'application/json', 'Accept': 'application/json', 'X-Auth-Token': ''} Body: None Response - Headers: {'status': '404', u'content-length': '134', 'content-location': 'http://172.30.9.30:9696/v2.0/trunks/1ada0304-aaad-4988-8ddb-e33a67b908a7', u'date': 'Wed, 26 Sep 2018 05:27:11 GMT', u'content-type': 'application/json', u'connection': 'close', u'x-openstack-request-id': 'req-72176d0b-9bc8-48dd-a363-34e7c93bc46a'} Body: {"NeutronError": {"message": "Trunk 1ada0304-aaad-4988-8ddb-e33a67b908a7 could not be found.", "type": "TrunkNotFound", "detail": ""}} _log_request_full /root/.rally/verification/verifier-16ccf37f-2c90-4848-8270-15753232b26d/repo/tempest/lib/common/rest_client.py:434
2018-09-26 05:27:11.227 11625 INFO tempest.lib.common.rest_client [req-7d1c6af0-db0f-4f31-bafe-2d540840c85a ] Request (TrunkTestJSON:_run_cleanups): 404 DELETE http://172.30.9.30:9696/v2.0/networks/5e490d51-264d-4e79-9f78-17ea6c4aa77d 0.022s
2018-09-26 05:27:11.227 11625 DEBUG tempest.lib.common.rest_client [req-7d1c6af0-db0f-4f31-bafe-2d540840c85a ] Request - Headers: {'Content-Type': 'application/json', 'Accept': 'application/json', 'X-Auth-Token': ''} Body: None Response - Headers: {'status': '404', u'content-length': '138', 'content-location': 'http://172.30.9.30:9696/v2.0/networks/5e490d51-264d-4e79-9f78-17ea6c4aa77d', u'date': 'Wed, 26 Sep 2018 05:27:11 GMT', u'content-type': 'application/json', u'connection': 'close', u'x-openstack-request-id': 'req-7d1c6af0-db0f-4f31-bafe-2d540840c85a'} Body: {"NeutronError": {"message": "Network 5e490d51-264d-4e79-9f78-17ea6c4aa77d could not be found.", "type": "NetworkNotFound", "detail": ""}} _log_request_full /root/.rally/verification/verifier-16ccf37f-2c90-4848-8270-15753232b26d/repo/tempest/lib/common/rest_client.py:434
2018-09-26 05:27:11.234 11605 INFO tempest.lib.common.rest_client [req-d452848c-e036-4212-87a1-9b05b875fba8 ] Request (TrunkTestJSON:_run_cleanups): 404 GET http://172.30.9.30:9696/v2.0/trunks/6545c6f0-d70a-4054-b337-5661e066bbdf/get_subports 0.015s
2018-09-26 05:27:11.234 11605 DEBUG tempest.lib.common.rest_client [req-d452848c-e036-4212-87a1-9b05b875fba8 ] Request - Headers: {'Content-Type': 'application/json', 'Accept': 'application/json', 'X-Auth-Token': ''} Body: None Response - Headers: {'status': '404', u'content-length': '134', 'content-location': 'http://172.30.9.30:9696/v2.0/trunks/6545c6f0-d70a-4054-b337-5661e066bbdf/get_subports', u'date': 'Wed, 26 Sep 2018 05:27:11 GMT', u'content-type': 'application/json', u'connection': 'close', u'x-openstack-request-id': 'req-d452848c-e036-4212-87a1-9b05b875fba8'} Body: {"NeutronError": {"message": "Trunk 6545c6f0-d70a-4054-b337-5661e066bbdf could not be found.", "type": "TrunkNotFound", "detail": ""}} _log_request_full /root/.rally/verification/verifier-16ccf37f-2c90-4848-8270-15753232b26d/repo/tempest/lib/common/rest_client.py:434
2018-09-26 05:27:11.253 11605 INFO tempest.lib.common.rest_client [req-d4373dd7-c4f4-4178-9b00-9c1c369a22b0 ] Request (TrunkTestJSON:_run_cleanups): 404 DELETE http://172.30.9.30:9696/v2.0/trunks/6545c6f0-d70a-4054-b337-5661e066bbdf 0.017s
2018-09-26 05:27:11.253 11605 DEBUG tempest.lib.common.rest_client [req-d4373dd7-c4f4-4178-9b00-9c1c369a22b0 ] Request - Headers: {'Content-Type': 'application/json', 'Accept': 'application/json', 'X-Auth-Token': ''} Body: None Response - Headers: {'status': '404', u'content-length': '134', 'content-location': 'http://172.30.9.30:9696/v2.0/trunks/6545c6f0-d70a-4054-b337-5661e066bbdf', u'date': 'Wed, 26 Sep 2018 05:27:11 GMT', u'content-type': 'application/json', u'connection': 'close', u'x-openstack-request-id': 'req-d4373dd7-c4f4-4178-9b00-9c1c369a22b0'} Body: {"NeutronError": {"message": "Trunk 6545c6f0-d70a-4054-b337-5661e066bbdf could not be found.", "type": "TrunkNotFound", "detail": ""}} _log_request_full /root/.rally/verification/verifier-16ccf37f-2c90-4848-8270-15753232b26d/repo/tempest/lib/common/rest_client.py:434
2018-09-26 05:27:11.270 11605 INFO tempest.lib.common.rest_client [req-b099edf7-c73b-4ae3-adc8-8a02b0a53c27 ] Request (TrunkTestJSON:_run_cleanups): 404 GET http://172.30.9.30:9696/v2.0/trunks/1e2d9d20-1916-4202-92ee-9ff2921c83c0/get_subports 0.016s
2018-09-26 05:27:11.271 11605 DEBUG tempest.lib.common.rest_client [req-b099edf7-c73b-4ae3-adc8-8a02b0a53c27 ] Request - Headers: {'Content-Type': 'application/json', 'Accept': 'application/json', 'X-Auth-Token': ''} Body: None Response - Headers: {'status': '404', u'content-length': '134', 'content-location': 'http://172.30.9.30:9696/v2.0/trunks/1e2d9d20-1916-4202-92ee-9ff2921c83c0/get_subports', u'date': 'Wed, 26 Sep 2018 05:27:11 GMT', u'content-type': 'application/json', u'connection': 'close', u'x-openstack-request-id': 'req-b099edf7-c73b-4ae3-adc8-8a02b0a53c27'} Body: {"NeutronError": {"message": "Trunk 1e2d9d20-1916-4202-92ee-9ff2921c83c0 could not be found.", "type": "TrunkNotFound", "detail": ""}} _log_request_full /root/.rally/verification/verifier-16ccf37f-2c90-4848-8270-15753232b26d/repo/tempest/lib/common/rest_client.py:434
2018-09-26 05:27:11.290 11605 INFO tempest.lib.common.rest_client [req-1dbc47e3-a0d0-4514-bf80-994ab8b4e508 ] Request (TrunkTestJSON:_run_cleanups): 404 DELETE http://172.30.9.30:9696/v2.0/trunks/1e2d9d20-1916-4202-92ee-9ff2921c83c0 0.019s
2018-09-26 05:27:11.291 11605 DEBUG tempest.lib.common.rest_client [req-1dbc47e3-a0d0-4514-bf80-994ab8b4e508 ] Request - Headers: {'Content-Type': 'application/json', 'Accept': 'application/json', 'X-Auth-Token': ''} Body: None Response - Headers: {'status': '404', u'content-length': '134', 'content-location': 'http://172.30.9.30:9696/v2.0/trunks/1e2d9d20-1916-4202-92ee-9ff2921c83c0', u'date': 'Wed, 26 Sep 2018 05:27:11 GMT', u'content-type': 'application/json', u'connection': 'close', u'x-openstack-request-id': 'req-1dbc47e3-a0d0-4514-bf80-994ab8b4e508'} Body: {"NeutronError": {"message": "Trunk 1e2d9d20-1916-4202-92ee-9ff2921c83c0 could not be found.", "type": "TrunkNotFound", "detail": ""}} _log_request_full /root/.rally/verification/verifier-16ccf37f-2c90-4848-8270-15753232b26d/repo/tempest/lib/common/rest_client.py:434
2018-09-26 05:27:11.307 11605 INFO tempest.lib.common.rest_client [req-cf33a732-0ac8-4426-bbfa-3d7e03bd46d2 ] Request (TrunkTestJSON:_run_cleanups): 404 GET http://172.30.9.30:9696/v2.0/trunks/74f733cd-e197-4c5e-859e-50867beccae6/get_subports 0.016s
2018-09-26 05:27:11.308 11605 DEBUG tempest.lib.common.rest_client [req-cf33a732-0ac8-4426-bbfa-3d7e03bd46d2 ] Request - Headers: {'Content-Type': 'application/json', 'Accept': 'application/json', 'X-Auth-Token': ''} Body: None Response - Headers: {'status': '404', u'content-length': '134', 'content-location': 'http://172.30.9.30:9696/v2.0/trunks/74f733cd-e197-4c5e-859e-50867beccae6/get_subports', u'date': 'Wed, 26 Sep 2018 05:27:11 GMT', u'content-type': 'application/json', u'connection': 'close', u'x-openstack-request-id': 'req-cf33a732-0ac8-4426-bbfa-3d7e03bd46d2'} Body: {"NeutronError": {"message": "Trunk 74f733cd-e197-4c5e-859e-50867beccae6 could not be found.", "type": "TrunkNotFound", "detail": ""}} _log_request_full /root/.rally/verification/verifier-16ccf37f-2c90-4848-8270-15753232b26d/repo/tempest/lib/common/rest_client.py:434
2018-09-26 05:27:11.328 11605 INFO tempest.lib.common.rest_client [req-39dedf3c-1305-40e9-9dfc-5c23b6f2b27c ] Request (TrunkTestJSON:_run_cleanups): 404 DELETE http://172.30.9.30:9696/v2.0/trunks/74f733cd-e197-4c5e-859e-50867beccae6 0.020s
2018-09-26 05:27:11.329 11605 DEBUG tempest.lib.common.rest_client [req-39dedf3c-1305-40e9-9dfc-5c23b6f2b27c ] Request - Headers: {'Content-Type': 'application/json', 'Accept': 'application/json', 'X-Auth-Token': ''} Body: None Response - Headers: {'status': '404', u'content-length': '134', 'content-location': 'http://172.30.9.30:9696/v2.0/trunks/74f733cd-e197-4c5e-859e-50867beccae6', u'date': 'Wed, 26 Sep 2018 05:27:11 GMT', u'content-type': 'application/json', u'connection': 'close', u'x-openstack-request-id': 'req-39dedf3c-1305-40e9-9dfc-5c23b6f2b27c'} Body: {"NeutronError": {"message": "Trunk 74f733cd-e197-4c5e-859e-50867beccae6 could not be found.", "type": "TrunkNotFound", "detail": ""}} _log_request_full /root/.rally/verification/verifier-16ccf37f-2c90-4848-8270-15753232b26d/repo/tempest/lib/common/rest_client.py:434
2018-09-26 05:27:11.350 11605 INFO tempest.lib.common.rest_client [req-7fec7697-f0df-4ca2-93b8-a7fc8a5f0403 ] Request (TrunkTestJSON:_run_cleanups): 404 GET http://172.30.9.30:9696/v2.0/trunks/bbaa156f-c4ac-4a8f-a874-114fe58e5299/get_subports 0.020s
2018-09-26 05:27:11.350 11605 DEBUG tempest.lib.common.rest_client [req-7fec7697-f0df-4ca2-93b8-a7fc8a5f0403 ] Request - Headers: {'Content-Type': 'application/json', 'Accept': 'application/json', 'X-Auth-Token': ''} Body: None Response - Headers: {'status': '404', u'content-length': '134', 'content-location': 'http://172.30.9.30:9696/v2.0/trunks/bbaa156f-c4ac-4a8f-a874-114fe58e5299/get_subports', u'date': 'Wed, 26 Sep 2018 05:27:11 GMT', u'content-type': 'application/json', u'connection': 'close', u'x-openstack-request-id': 'req-7fec7697-f0df-4ca2-93b8-a7fc8a5f0403'} Body: {"NeutronError": {"message": "Trunk bbaa156f-c4ac-4a8f-a874-114fe58e5299 could not be found.", "type": "TrunkNotFound", "detail": ""}} _log_request_full /root/.rally/verification/verifier-16ccf37f-2c90-4848-8270-15753232b26d/repo/tempest/lib/common/rest_client.py:434
2018-09-26 05:27:11.371 11605 INFO tempest.lib.common.rest_client [req-a281a22b-dc1f-4b08-a04a-4437cacfa279 ] Request (TrunkTestJSON:_run_cleanups): 404 DELETE http://172.30.9.30:9696/v2.0/trunks/bbaa156f-c4ac-4a8f-a874-114fe58e5299 0.020s
2018-09-26 05:27:11.371 11605 DEBUG tempest.lib.common.rest_client [req-a281a22b-dc1f-4b08-a04a-4437cacfa279 ] Request - Headers: {'Content-Type': 'application/json', 'Accept': 'application/json', 'X-Auth-Token': ''} Body: None Response - Headers: {'status': '404', u'content-length': '134', 'content-location': 'http://172.30.9.30:9696/v2.0/trunks/bbaa156f-c4ac-4a8f-a874-114fe58e5299', u'date': 'Wed, 26 Sep 2018 05:27:11 GMT', u'content-type': 'application/json', u'connection': 'close', u'x-openstack-request-id': 'req-a281a22b-dc1f-4b08-a04a-4437cacfa279'} Body: {"NeutronError": {"message": "Trunk bbaa156f-c4ac-4a8f-a874-114fe58e5299 could not be found.", "type": "TrunkNotFound", "detail": ""}} _log_request_full /root/.rally/verification/verifier-16ccf37f-2c90-4848-8270-15753232b26d/repo/tempest/lib/common/rest_client.py:434
2018-09-26 05:27:11.389 11605 INFO tempest.lib.common.rest_client [req-2151466a-d4ca-48e1-89f2-2cf55051f7e5 ] Request (TrunkTestJSON:_run_cleanups): 404 GET http://172.30.9.30:9696/v2.0/trunks/4ea790ed-8da9-4c77-889a-78a12b521c58/get_subports 0.017s
2018-09-26 05:27:11.390 11625 INFO tempest.lib.common.rest_client [req-0a82fe51-ac51-4d76-a177-9334da9e075c ] Request (TrunkTestJSON:_run_cleanups): 404 DELETE http://172.30.9.30:9696/v2.0/networks/38c84b5a-7059-47b6-9b39-b218915eedf5 0.162s
2018-09-26 05:27:11.390 11605 DEBUG tempest.lib.common.rest_client [req-2151466a-d4ca-48e1-89f2-2cf55051f7e5 ] Request - Headers: {'Content-Type': 'application/json', 'Accept': 'application/json', 'X-Auth-Token': ''} Body: None Response - Headers: {'status': '404', u'content-length': '134', 'content-location': 'http://172.30.9.30:9696/v2.0/trunks/4ea790ed-8da9-4c77-889a-78a12b521c58/get_subports', u'date': 'Wed, 26 Sep 2018 05:27:11 GMT', u'content-type': 'application/json', u'connection': 'close', u'x-openstack-request-id': 'req-2151466a-d4ca-48e1-89f2-2cf55051f7e5'} Body: {"NeutronError": {"message": "Trunk 4ea790ed-8da9-4c77-889a-78a12b521c58 could not be found.", "type": "TrunkNotFound", "detail": ""}} _log_request_full /root/.rally/verification/verifier-16ccf37f-2c90-4848-8270-15753232b26d/repo/tempest/lib/common/rest_client.py:434
2018-09-26 05:27:11.390 11625 DEBUG tempest.lib.common.rest_client [req-0a82fe51-ac51-4d76-a177-9334da9e075c ] Request - Headers: {'Content-Type': 'application/json', 'Accept': 'application/json', 'X-Auth-Token': ''} Body: None Response - Headers: {'status': '404', u'content-length': '138', 'content-location': 'http://172.30.9.30:9696/v2.0/networks/38c84b5a-7059-47b6-9b39-b218915eedf5', u'date': 'Wed, 26 Sep 2018 05:27:11 GMT', u'content-type': 'application/json', u'connection': 'close', u'x-openstack-request-id': 'req-0a82fe51-ac51-4d76-a177-9334da9e075c'} Body: {"NeutronError": {"message": "Network 38c84b5a-7059-47b6-9b39-b218915eedf5 could not be found.", "type": "NetworkNotFound", "detail": ""}} _log_request_full /root/.rally/verification/verifier-16ccf37f-2c90-4848-8270-15753232b26d/repo/tempest/lib/common/rest_client.py:434
2018-09-26 05:27:11.410 11605 INFO tempest.lib.common.rest_client [req-aea8d14e-ede1-4afa-91e1-109d3d41edbd ] Request (TrunkTestJSON:_run_cleanups): 404 DELETE http://172.30.9.30:9696/v2.0/trunks/4ea790ed-8da9-4c77-889a-78a12b521c58 0.019s
2018-09-26 05:27:11.410 11605 DEBUG tempest.lib.common.rest_client [req-aea8d14e-ede1-4afa-91e1-109d3d41edbd ] Request - Headers: {'Content-Type': 'application/json', 'Accept': 'application/json', 'X-Auth-Token': ''} Body: None Response - Headers: {'status': '404', u'content-length': '134', 'content-location': 'http://172.30.9.30:9696/v2.0/trunks/4ea790ed-8da9-4c77-889a-78a12b521c58', u'date': 'Wed, 26 Sep 2018 05:27:11 GMT', u'content-type': 'application/json', u'connection': 'close', u'x-openstack-request-id': 'req-aea8d14e-ede1-4afa-91e1-109d3d41edbd'} Body: {"NeutronError": {"message": "Trunk 4ea790ed-8da9-4c77-889a-78a12b521c58 could not be found.", "type": "TrunkNotFound", "detail": ""}} _log_request_full /root/.rally/verification/verifier-16ccf37f-2c90-4848-8270-15753232b26d/repo/tempest/lib/common/rest_client.py:434
2018-09-26 05:27:11.416 11625 INFO tempest.lib.common.rest_client [req-f97c1f78-860d-4d6c-8a9a-a344996a2eaf ] Request (TrunkTestJSON:_run_cleanups): 404 DELETE http://172.30.9.30:9696/v2.0/networks/73b5186e-a751-4fcd-be87-6628abbd0c22 0.024s
2018-09-26 05:27:11.416 11625 DEBUG tempest.lib.common.rest_client [req-f97c1f78-860d-4d6c-8a9a-a344996a2eaf ] Request - Headers: {'Content-Type': 'application/json', 'Accept': 'application/json', 'X-Auth-Token': ''} Body: None Response - Headers: {'status': '404', u'content-length': '138', 'content-location': 'http://172.30.9.30:9696/v2.0/networks/73b5186e-a751-4fcd-be87-6628abbd0c22', u'date': 'Wed, 26 Sep 2018 05:27:11 GMT', u'content-type': 'application/json', u'connection': 'close', u'x-openstack-request-id': 'req-f97c1f78-860d-4d6c-8a9a-a344996a2eaf'} Body: {"NeutronError": {"message": "Network 73b5186e-a751-4fcd-be87-6628abbd0c22 could not be found.", "type": "NetworkNotFound", "detail": ""}} _log_request_full /root/.rally/verification/verifier-16ccf37f-2c90-4848-8270-15753232b26d/repo/tempest/lib/common/rest_client.py:434
2018-09-26 05:27:11.427 11605 INFO tempest.lib.common.rest_client [req-4013fc63-233a-4e1b-b9d4-0ee6f62a37aa ] Request (TrunkTestJSON:_run_cleanups): 404 GET http://172.30.9.30:9696/v2.0/trunks/9bd460cf-fdf3-48d1-ae1d-94137e3b1800/get_subports 0.016s
