2019-04-17 08:17:15.799 12983 DEBUG tempest.lib.common.rest_client [req-ae8d0954-cfc1-41b7-b6a5-8ab56a79fd9f ] Request - Headers: {'Content-Type': 'application/json', 'Accept': 'application/json', 'X-Auth-Token': ''} Body: None Response - Headers: {'status': '404', u'content-length': '132', 'content-location': 'http://172.30.9.22:9696/v2.0/ports/3f45a7a6-3ced-4ab0-b0ca-b03e9cebb53f', u'date': 'Wed, 17 Apr 2019 08:17:15 GMT', u'content-type': 'application/json', u'connection': 'close', u'x-openstack-request-id': 'req-ae8d0954-cfc1-41b7-b6a5-8ab56a79fd9f'} Body: {"NeutronError": {"message": "Port 3f45a7a6-3ced-4ab0-b0ca-b03e9cebb53f could not be found.", "type": "PortNotFound", "detail": ""}} _log_request_full /root/.rally/verification/verifier-83731f17-6872-4969-8e25-9c5451810558/repo/tempest/lib/common/rest_client.py:437
2019-04-17 08:17:16.124 12980 WARNING tempest.lib.common.ssh [-] Failed to establish authenticated ssh connection to cirros@172.30.9.200 ([Errno None] Unable to connect to port 22 on 172.30.9.200). Number attempts: 1. Retry after 2 seconds.: NoValidConnectionsError: [Errno None] Unable to connect to port 22 on 172.30.9.200
2019-04-17 08:17:16.171 12983 INFO tempest.lib.common.rest_client [req-1820afdc-a753-41e8-9162-9b18a44b9ccd ] Request (TrunkTestJSON:_run_cleanups): 404 DELETE http://172.30.9.22:9696/v2.0/ports/58612127-591f-4609-b4b5-17680959a9f1 0.371s
2019-04-17 08:17:16.172 12983 DEBUG tempest.lib.common.rest_client [req-1820afdc-a753-41e8-9162-9b18a44b9ccd ] Request - Headers: {'Content-Type': 'application/json', 'Accept': 'application/json', 'X-Auth-Token': ''} Body: None Response - Headers: {'status': '404', u'content-length': '132', 'content-location': 'http://172.30.9.22:9696/v2.0/ports/58612127-591f-4609-b4b5-17680959a9f1', u'date': 'Wed, 17 Apr 2019 08:17:16 GMT', u'content-type': 'application/json', u'connection': 'close', u'x-openstack-request-id': 'req-1820afdc-a753-41e8-9162-9b18a44b9ccd'} Body: {"NeutronError": {"message": "Port 58612127-591f-4609-b4b5-17680959a9f1 could not be found.", "type": "PortNotFound", "detail": ""}} _log_request_full /root/.rally/verification/verifier-83731f17-6872-4969-8e25-9c5451810558/repo/tempest/lib/common/rest_client.py:437
2019-04-17 08:17:16.206 12983 INFO tempest.lib.common.rest_client [req-69955ab9-2883-4a9b-a26a-dc0ac4f66b14 ] Request (TrunkTestJSON:_run_cleanups): 404 DELETE http://172.30.9.22:9696/v2.0/ports/d51072a4-76b6-489d-a3f0-5363a251456d 0.033s
2019-04-17 08:17:16.206 12983 DEBUG tempest.lib.common.rest_client [req-69955ab9-2883-4a9b-a26a-dc0ac4f66b14 ] Request - Headers: {'Content-Type': 'application/json', 'Accept': 'application/json', 'X-Auth-Token': ''} Body: None Response - Headers: {'status': '404', u'content-length': '132', 'content-location': 'http://172.30.9.22:9696/v2.0/ports/d51072a4-76b6-489d-a3f0-5363a251456d', u'date': 'Wed, 17 Apr 2019 08:17:16 GMT', u'content-type': 'application/json', u'connection': 'close', u'x-openstack-request-id': 'req-69955ab9-2883-4a9b-a26a-dc0ac4f66b14'} Body: {"NeutronError": {"message": "Port d51072a4-76b6-489d-a3f0-5363a251456d could not be found.", "type": "PortNotFound", "detail": ""}} _log_request_full /root/.rally/verification/verifier-83731f17-6872-4969-8e25-9c5451810558/repo/tempest/lib/common/rest_client.py:437
2019-04-17 08:17:16.237 12983 INFO tempest.lib.common.rest_client [req-df7ec09b-bbbc-4b2d-ac37-295d15b612d3 ] Request (TrunkTestJSON:_run_cleanups): 404 DELETE http://172.30.9.22:9696/v2.0/ports/d6dc57ab-5bb7-4496-a3e2-ffabfe66c789 0.030s
2019-04-17 08:17:16.237 12983 DEBUG tempest.lib.common.rest_client [req-df7ec09b-bbbc-4b2d-ac37-295d15b612d3 ] Request - Headers: {'Content-Type': 'application/json', 'Accept': 'application/json', 'X-Auth-Token': ''} Body: None Response - Headers: {'status': '404', u'content-length': '132', 'content-location': 'http://172.30.9.22:9696/v2.0/ports/d6dc57ab-5bb7-4496-a3e2-ffabfe66c789', u'date': 'Wed, 17 Apr 2019 08:17:16 GMT', u'content-type': 'application/json', u'connection': 'close', u'x-openstack-request-id': 'req-df7ec09b-bbbc-4b2d-ac37-295d15b612d3'} Body: {"NeutronError": {"message": "Port d6dc57ab-5bb7-4496-a3e2-ffabfe66c789 could not be found.", "type": "PortNotFound", "detail": ""}} _log_request_full /root/.rally/verification/verifier-83731f17-6872-4969-8e25-9c5451810558/repo/tempest/lib/common/rest_client.py:437
2019-04-17 08:17:16.272 12983 INFO tempest.lib.common.rest_client [req-e699dae5-a835-4e61-b27b-fa3639b77dbb ] Request (TrunkTestJSON:_run_cleanups): 404 DELETE http://172.30.9.22:9696/v2.0/ports/961e107c-3601-445d-8da6-af999c7a6e54 0.033s
2019-04-17 08:17:16.272 12983 DEBUG tempest.lib.common.rest_client [req-e699dae5-a835-4e61-b27b-fa3639b77dbb ] Request - Headers: {'Content-Type': 'application/json', 'Accept': 'application/json', 'X-Auth-Token': ''} Body: None Response - Headers: {'status': '404', u'content-length': '132', 'content-location': 'http://172.30.9.22:9696/v2.0/ports/961e107c-3601-445d-8da6-af999c7a6e54', u'date': 'Wed, 17 Apr 2019 08:17:16 GMT', u'content-type': 'application/json', u'connection': 'close', u'x-openstack-request-id': 'req-e699dae5-a835-4e61-b27b-fa3639b77dbb'} Body: {"NeutronError": {"message": "Port 961e107c-3601-445d-8da6-af999c7a6e54 could not be found.", "type": "PortNotFound", "detail": ""}} _log_request_full /root/.rally/verification/verifier-83731f17-6872-4969-8e25-9c5451810558/repo/tempest/lib/common/rest_client.py:437
2019-04-17 08:17:16.453 12979 INFO tempest.lib.common.rest_client [req-03326b11-37ff-45a4-9cfc-4cac9c77b0cd ] Request (TrunkTestJSON:_run_cleanups): 204 DELETE http://172.30.9.22:9696/v2.0/networks/f29dc16b-0377-4f9d-8b2a-0bd469cd54b8 0.943s
2019-04-17 08:17:16.454 12979 DEBUG tempest.lib.common.rest_client [req-03326b11-37ff-45a4-9cfc-4cac9c77b0cd ] Request - Headers: {'Content-Type': 'application/json', 'Accept': 'application/json', 'X-Auth-Token': ''} Body: None Response - Headers: {'status': '204', u'content-length': '0', 'content-location': 'http://172.30.9.22:9696/v2.0/networks/f29dc16b-0377-4f9d-8b2a-0bd469cd54b8', u'date': 'Wed, 17 Apr 2019 08:17:16 GMT', u'connection': 'close', u'x-openstack-request-id': 'req-03326b11-37ff-45a4-9cfc-4cac9c77b0cd'} Body: _log_request_full /root/.rally/verification/verifier-83731f17-6872-4969-8e25-9c5451810558/repo/tempest/lib/common/rest_client.py:437
2019-04-17 08:17:16.795 12979 INFO tempest.lib.common.rest_client [req-2e283f73-98ff-45e1-b8b8-3e80851ae167 ] Request (TrunkTestJSON:test_create_update_trunk): 201 POST http://172.30.9.22:9696/v2.0/networks 0.339s
2019-04-17 08:17:16.795 12979 DEBUG tempest.lib.common.rest_client [req-2e283f73-98ff-45e1-b8b8-3e80851ae167 ] Request - Headers: {'Content-Type': 'application/json', 'Accept': 'application/json', 'X-Auth-Token': ''} Body: {"network": {"name": "tempest-test-network--1482634659"}} Response - Headers: {'status': '201', u'content-length': '610', 'content-location': 'http://172.30.9.22:9696/v2.0/networks', u'date': 'Wed, 17 Apr 2019 08:17:16 GMT', u'content-type': 'application/json', u'connection': 'close', u'x-openstack-request-id': 'req-2e283f73-98ff-45e1-b8b8-3e80851ae167'} Body: {"network":{"ipv6_address_scope":null,"revision_number":2,"port_security_enabled":true,"id":"4a7dae49-8f54-485e-9cb8-67622e9517a5","router:external":false,"availability_zone_hints":[],"availability_zones":[],"ipv4_address_scope":null,"shared":false,"project_id":"7ba28b2e225e4d9b8a469ba0ec37d61a","l2_adjacency":true,"status":"ACTIVE","subnets":[],"description":"","tags":[],"updated_at":"2019-04-17T08:17:16Z","is_default":false,"name":"tempest-test-network--1482634659","qos_policy_id":null,"admin_state_up":true,"tenant_id":"7ba28b2e225e4d9b8a469ba0ec37d61a","created_at":"2019-04-17T08:17:16Z","mtu":1450}} _log_request_full /root/.rally/verification/verifier-83731f17-6872-4969-8e25-9c5451810558/repo/tempest/lib/common/rest_client.py:437
2019-04-17 08:17:16.905 12983 INFO tempest.lib.common.rest_client [req-ee982b3e-545d-4384-b2ef-4058250382f6 ] Request (TrunkTestJSON:_run_cleanups): 204 DELETE http://172.30.9.22:9696/v2.0/ports/de3f7299-e1eb-4fca-96b9-eff053315076 0.632s
2019-04-17 08:17:16.906 12983 DEBUG tempest.lib.common.rest_client [req-ee982b3e-545d-4384-b2ef-4058250382f6 ] Request - Headers: {'Content-Type': 'application/json', 'Accept': 'application/json', 'X-Auth-Token': ''} Body: None Response - Headers: {'status': '204', u'content-length': '0', 'content-location': 'http://172.30.9.22:9696/v2.0/ports/de3f7299-e1eb-4fca-96b9-eff053315076', u'date': 'Wed, 17 Apr 2019 08:17:16 GMT', u'connection': 'close', u'x-openstack-request-id': 'req-ee982b3e-545d-4384-b2ef-4058250382f6'} Body: _log_request_full /root/.rally/verification/verifier-83731f17-6872-4969-8e25-9c5451810558/repo/tempest/lib/common/rest_client.py:437
2019-04-17 08:17:16.936 12983 INFO tempest.lib.common.rest_client [req-cbde5555-706a-4bd3-84a1-bf8a53cda32b ] Request (TrunkTestJSON:_run_cleanups): 404 DELETE http://172.30.9.22:9696/v2.0/networks/aceb23f9-b09f-4d59-9c16-0402028426d2 0.029s
2019-04-17 08:17:16.936 12983 DEBUG tempest.lib.common.rest_client [req-cbde5555-706a-4bd3-84a1-bf8a53cda32b ] Request - Headers: {'Content-Type': 'application/json', 'Accept': 'application/json', 'X-Auth-Token': ''} Body: None Response - Headers: {'status': '404', u'content-length': '138', 'content-location': 'http://172.30.9.22:9696/v2.0/networks/aceb23f9-b09f-4d59-9c16-0402028426d2', u'date': 'Wed, 17 Apr 2019 08:17:16 GMT', u'content-type': 'application/json', u'connection': 'close', u'x-openstack-request-id': 'req-cbde5555-706a-4bd3-84a1-bf8a53cda32b'} Body: {"NeutronError": {"message": "Network aceb23f9-b09f-4d59-9c16-0402028426d2 could not be found.", "type": "NetworkNotFound", "detail": ""}} _log_request_full /root/.rally/verification/verifier-83731f17-6872-4969-8e25-9c5451810558/repo/tempest/lib/common/rest_client.py:437
2019-04-17 08:17:16.965 12983 INFO tempest.lib.common.rest_client [req-abf4f66f-1565-4468-9149-82e8f525998f ] Request (TrunkTestJSON:_run_cleanups): 404 DELETE http://172.30.9.22:9696/v2.0/networks/5fc2b165-a356-46ed-b90b-7937b9f5602c 0.028s
2019-04-17 08:17:16.965 12983 DEBUG tempest.lib.common.rest_client [req-abf4f66f-1565-4468-9149-82e8f525998f ] Request - Headers: {'Content-Type': 'application/json', 'Accept': 'application/json', 'X-Auth-Token': ''} Body: None Response - Headers: {'status': '404', u'content-length': '138', 'content-location': 'http://172.30.9.22:9696/v2.0/networks/5fc2b165-a356-46ed-b90b-7937b9f5602c', u'date': 'Wed, 17 Apr 2019 08:17:16 GMT', u'content-type': 'application/json', u'connection': 'close', u'x-openstack-request-id': 'req-abf4f66f-1565-4468-9149-82e8f525998f'} Body: {"NeutronError": {"message": "Network 5fc2b165-a356-46ed-b90b-7937b9f5602c could not be found.", "type": "NetworkNotFound", "detail": ""}} _log_request_full /root/.rally/verification/verifier-83731f17-6872-4969-8e25-9c5451810558/repo/tempest/lib/common/rest_client.py:437
2019-04-17 08:17:16.988 12983 INFO tempest.lib.common.rest_client [req-7cc593a5-ecae-437b-9d00-ad53f812a9bf ] Request (TrunkTestJSON:_run_cleanups): 404 DELETE http://172.30.9.22:9696/v2.0/networks/64a5fd4a-11f5-48b2-9b5c-b3b6592f2747 0.022s
2019-04-17 08:17:16.989 12983 DEBUG tempest.lib.common.rest_client [req-7cc593a5-ecae-437b-9d00-ad53f812a9bf ] Request - Headers: {'Content-Type': 'application/json', 'Accept': 'application/json', 'X-Auth-Token': ''} Body: None Response - Headers: {'status': '404', u'content-length': '138', 'content-location': 'http://172.30.9.22:9696/v2.0/networks/64a5fd4a-11f5-48b2-9b5c-b3b6592f2747', u'date': 'Wed, 17 Apr 2019 08:17:16 GMT', u'content-type': 'application/json', u'connection': 'close', u'x-openstack-request-id': 'req-7cc593a5-ecae-437b-9d00-ad53f812a9bf'} Body: {"NeutronError": {"message": "Network 64a5fd4a-11f5-48b2-9b5c-b3b6592f2747 could not be found.", "type": "NetworkNotFound", "detail": ""}} _log_request_full /root/.rally/verification/verifier-83731f17-6872-4969-8e25-9c5451810558/repo/tempest/lib/common/rest_client.py:437
2019-04-17 08:17:17.010 12983 INFO tempest.lib.common.rest_client [req-26ee18c8-ee70-41e3-92a2-e2a2726d36bf ] Request (TrunkTestJSON:_run_cleanups): 404 DELETE http://172.30.9.22:9696/v2.0/networks/e760370f-8c08-488d-ad07-8a588edf0b98 0.021s
2019-04-17 08:17:17.011 12983 DEBUG tempest.lib.common.rest_client [req-26ee18c8-ee70-41e3-92a2-e2a2726d36bf ] Request - Headers: {'Content-Type': 'application/json', 'Accept': 'application/json', 'X-Auth-Token': ''} Body: None Response - Headers: {'status': '404', u'content-length': '138', 'content-location': 'http://172.30.9.22:9696/v2.0/networks/e760370f-8c08-488d-ad07-8a588edf0b98', u'date': 'Wed, 17 Apr 2019 08:17:17 GMT', u'content-type': 'application/json', u'connection': 'close', u'x-openstack-request-id': 'req-26ee18c8-ee70-41e3-92a2-e2a2726d36bf'} Body: {"NeutronError": {"message": "Network e760370f-8c08-488d-ad07-8a588edf0b98 could not be found.", "type": "NetworkNotFound", "detail": ""}} _log_request_full /root/.rally/verification/verifier-83731f17-6872-4969-8e25-9c5451810558/repo/tempest/lib/common/rest_client.py:437
2019-04-17 08:17:17.528 12979 INFO tempest.lib.common.rest_client [req-9dfabad9-9daf-4b88-bc13-eebc0a3a32e1 ] Request (TrunkTestJSON:test_create_update_trunk): 201 POST http://172.30.9.22:9696/v2.0/ports 0.732s
2019-04-17 08:17:17.529 12979 DEBUG tempest.lib.common.rest_client [req-9dfabad9-9daf-4b88-bc13-eebc0a3a32e1 ] Request - Headers: {'Content-Type': 'application/json', 'Accept': 'application/json', 'X-Auth-Token': ''} Body: {"port": {"network_id": "4a7dae49-8f54-485e-9cb8-67622e9517a5"}} Response - Headers: {'status': '201', u'content-length': '664', 'content-location': 'http://172.30.9.22:9696/v2.0/ports', u'date': 'Wed, 17 Apr 2019 08:17:17 GMT', u'content-type': 'application/json', u'connection': 'close', u'x-openstack-request-id': 'req-9dfabad9-9daf-4b88-bc13-eebc0a3a32e1'} Body: {"port":{"allowed_address_pairs":[],"extra_dhcp_opts":[],"updated_at":"2019-04-17T08:17:17Z","device_owner":"","revision_number":2,"port_security_enabled":true,"fixed_ips":[],"id":"f0e49d20-eb47-448f-a12b-b694c02f5645","security_groups":["3b3a40c1-6e72-4b8b-9479-d11e99a101b4"],"mac_address":"fa:16:3e:79:2e:6c","device_id":"","status":"DOWN","description":"","tags":[],"name":"","project_id":"7ba28b2e225e4d9b8a469ba0ec37d61a","qos_policy_id":null,"admin_state_up":true,"network_id":"4a7dae49-8f54-485e-9cb8-67622e9517a5","tenant_id":"7ba28b2e225e4d9b8a469ba0ec37d61a","created_at":"2019-04-17T08:17:17Z","binding:vnic_type":"normal","ip_allocation":"immediate"}} _log_request_full /root/.rally/verification/verifier-83731f17-6872-4969-8e25-9c5451810558/repo/tempest/lib/common/rest_client.py:437
2019-04-17 08:17:17.681 12983 INFO tempest.lib.common.rest_client [req-c26e4abc-a228-42d3-9fdc-4fe820ef753e ] Request (TrunkTestJSON:_run_cleanups): 204 DELETE http://172.30.9.22:9696/v2.0/networks/0c5908b1-1671-4bb2-a6b2-e4ad728edadd 0.670s
2019-04-17 08:17:17.682 12983 DEBUG tempest.lib.common.rest_client [req-c26e4abc-a228-42d3-9fdc-4fe820ef753e ] Request - Headers: {'Content-Type': 'application/json', 'Accept': 'application/json', 'X-Auth-Token': ''} Body: None Response - Headers: {'status': '204', u'content-length': '0', 'content-location': 'http://172.30.9.22:9696/v2.0/networks/0c5908b1-1671-4bb2-a6b2-e4ad728edadd', u'date': 'Wed, 17 Apr 2019 08:17:17 GMT', u'connection': 'close', u'x-openstack-request-id': 'req-c26e4abc-a228-42d3-9fdc-4fe820ef753e'} Body: _log_request_full /root/.rally/verification/verifier-83731f17-6872-4969-8e25-9c5451810558/repo/tempest/lib/common/rest_client.py:437
2019-04-17 08:17:17.701 12983 INFO tempest.lib.common.rest_client [req-13a7ce9c-e9bd-4ffe-83bf-9152f1c03aff ] Request (TrunkTestJSON:_run_cleanups): 404 GET http://172.30.9.22:9696/v2.0/trunks/a4c4d557-0287-4120-b85b-1ac466d5b889/get_subports 0.016s
2019-04-17 08:17:17.701 12983 DEBUG tempest.lib.common.rest_client [req-13a7ce9c-e9bd-4ffe-83bf-9152f1c03aff ] Request - Headers: {'Content-Type': 'application/json', 'Accept': 'application/json', 'X-Auth-Token': ''} Body: None Response - Headers: {'status': '404', u'content-length': '134', 'content-location': 'http://172.30.9.22:9696/v2.0/trunks/a4c4d557-0287-4120-b85b-1ac466d5b889/get_subports', u'date': 'Wed, 17 Apr 2019 08:17:17 GMT', u'content-type': 'application/json', u'connection': 'close', u'x-openstack-request-id': 'req-13a7ce9c-e9bd-4ffe-83bf-9152f1c03aff'} Body: {"NeutronError": {"message": "Trunk a4c4d557-0287-4120-b85b-1ac466d5b889 could not be found.", "type": "TrunkNotFound", "detail": ""}} _log_request_full /root/.rally/verification/verifier-83731f17-6872-4969-8e25-9c5451810558/repo/tempest/lib/common/rest_client.py:437
2019-04-17 08:17:17.720 12983 INFO tempest.lib.common.rest_client [req-fe10073c-709b-4e22-bb88-09df875f3951 ] Request (TrunkTestJSON:_run_cleanups): 404 DELETE http://172.30.9.22:9696/v2.0/trunks/a4c4d557-0287-4120-b85b-1ac466d5b889 0.017s
2019-04-17 08:17:17.720 12983 DEBUG tempest.lib.common.rest_client [req-fe10073c-709b-4e22-bb88-09df875f3951 ] Request - Headers: {'Content-Type': 'application/json', 'Accept': 'application/json', 'X-Auth-Token': ''} Body: None Response - Headers: {'status': '404', u'content-length': '134', 'content-location': 'http://172.30.9.22:9696/v2.0/trunks/a4c4d557-0287-4120-b85b-1ac466d5b889', u'date': 'Wed, 17 Apr 2019 08:17:17 GMT', u'content-type': 'application/json', u'connection': 'close', u'x-openstack-request-id': 'req-fe10073c-709b-4e22-bb88-09df875f3951'} Body: {"NeutronError": {"message": "Trunk a4c4d557-0287-4120-b85b-1ac466d5b889 could not be found.", "type": "TrunkNotFound", "detail": ""}} _log_request_full /root/.rally/verification/verifier-83731f17-6872-4969-8e25-9c5451810558/repo/tempest/lib/common/rest_client.py:437
2019-04-17 08:17:17.740 12983 INFO tempest.lib.common.rest_client [req-50615057-875a-4b75-b229-aae7f5c8916b ] Request (TrunkTestJSON:_run_cleanups): 404 GET http://172.30.9.22:9696/v2.0/trunks/e13fc795-352b-4e51-9240-7e49f6bd9881/get_subports 0.019s
2019-04-17 08:17:17.740 12983 DEBUG tempest.lib.common.rest_client [req-50615057-875a-4b75-b229-aae7f5c8916b ] Request - Headers: {'Content-Type': 'application/json', 'Accept': 'application/json', 'X-Auth-Token': ''} Body: None Response - Headers: {'status': '404', u'content-length': '134', 'content-location': 'http://172.30.9.22:9696/v2.0/trunks/e13fc795-352b-4e51-9240-7e49f6bd9881/get_subports', u'date': 'Wed, 17 Apr 2019 08:17:17 GMT', u'content-type': 'application/json', u'connection': 'close', u'x-openstack-request-id': 'req-50615057-875a-4b75-b229-aae7f5c8916b'} Body: {"NeutronError": {"message": "Trunk e13fc795-352b-4e51-9240-7e49f6bd9881 could not be found.", "type": "TrunkNotFound", "detail": ""}} _log_request_full /root/.rally/verification/verifier-83731f17-6872-4969-8e25-9c5451810558/repo/tempest/lib/common/rest_client.py:437
2019-04-17 08:17:17.760 12983 INFO tempest.lib.common.rest_client [req-bb4a9b67-caa4-48b9-a010-71acf20b0616 ] Request (TrunkTestJSON:_run_cleanups): 404 DELETE http://172.30.9.22:9696/v2.0/trunks/e13fc795-352b-4e51-9240-7e49f6bd9881 0.019s
2019-04-17 08:17:17.761 12983 DEBUG tempest.lib.common.rest_client [req-bb4a9b67-caa4-48b9-a010-71acf20b0616 ] Request - Headers: {'Content-Type': 'application/json', 'Accept': 'application/json', 'X-Auth-Token': ''} Body: None Response - Headers: {'status': '404', u'content-length': '134', 'content-location': 'http://172.30.9.22:9696/v2.0/trunks/e13fc795-352b-4e51-9240-7e49f6bd9881', u'date': 'Wed, 17 Apr 2019 08:17:17 GMT', u'content-type': 'application/json', u'connection': 'close', u'x-openstack-request-id': 'req-bb4a9b67-caa4-48b9-a010-71acf20b0616'} Body: {"NeutronError": {"message": "Trunk e13fc795-352b-4e51-9240-7e49f6bd9881 could not be found.", "type": "TrunkNotFound", "detail": ""}} _log_request_full /root/.rally/verification/verifier-83731f17-6872-4969-8e25-9c5451810558/repo/tempest/lib/common/rest_client.py:437
2019-04-17 08:17:17.779 12983 INFO tempest.lib.common.rest_client [req-666d0ba0-5d90-4f29-b09a-375c436cc210 ] Request (TrunkTestJSON:_run_cleanups): 404 GET http://172.30.9.22:9696/v2.0/trunks/1bb3141c-b110-4c35-bf1c-ba8d34dacfd6/get_subports 0.017s
2019-04-17 08:17:17.779 12983 DEBUG tempest.lib.common.rest_client [req-666d0ba0-5d90-4f29-b09a-375c436cc210 ] Request - Headers: {'Content-Type': 'application/json', 'Accept': 'application/json', 'X-Auth-Token': ''} Body: None Response - Headers: {'status': '404', u'content-length': '134', 'content-location': 'http://172.30.9.22:9696/v2.0/trunks/1bb3141c-b110-4c35-bf1c-ba8d34dacfd6/get_subports', u'date': 'Wed, 17 Apr 2019 08:17:17 GMT', u'content-type': 'application/json', u'connection': 'close', u'x-openstack-request-id': 'req-666d0ba0-5d90-4f29-b09a-375c436cc210'} Body: {"NeutronError": {"message": "Trunk 1bb3141c-b110-4c35-bf1c-ba8d34dacfd6 could not be found.", "type": "TrunkNotFound", "detail": ""}} _log_request_full /root/.rally/verification/verifier-83731f17-6872-4969-8e25-9c5451810558/repo/tempest/lib/common/rest_client.py:437
2019-04-17 08:17:17.799 12983 INFO tempest.lib.common.rest_client [req-4300e3e8-5c18-46d5-bd4f-7681b41c1362 ] Request (TrunkTestJSON:_run_cleanups): 404 DELETE http://172.30.9.22:9696/v2.0/trunks/1bb3141c-b110-4c35-bf1c-ba8d34dacfd6 0.019s
2019-04-17 08:17:17.799 12983 DEBUG tempest.lib.common.rest_client [req-4300e3e8-5c18-46d5-bd4f-7681b41c1362 ] Request - Headers: {'Content-Type': 'application/json', 'Accept': 'application/json', 'X-Auth-Token': ''} Body: None Response - Headers: {'status': '404', u'content-length': '134', 'content-location': 'http://172.30.9.22:9696/v2.0/trunks/1bb3141c-b110-4c35-bf1c-ba8d34dacfd6', u'date': 'Wed, 17 Apr 2019 08:17:17 GMT', u'content-type': 'application/json', u'connection': 'close', u'x-openstack-request-id': 'req-4300e3e8-5c18-46d5-bd4f-7681b41c1362'} Body: {"NeutronError": {"message": "Trunk 1bb3141c-b110-4c35-bf1c-ba8d34dacfd6 could not be found.", "type": "TrunkNotFound", "detail": ""}} _log_request_full /root/.rally/verification/verifier-83731f17-6872-4969-8e25-9c5451810558/repo/tempest/lib/common/rest_client.py:437
2019-04-17 08:17:17.802 12979 INFO tempest.lib.common.rest_client [req-1cbc3ea1-5b59-41f8-ab9a-c35aa762082e ] Request (TrunkTestJSON:test_create_update_trunk): 201 POST http://172.30.9.22:9696/v2.0/trunks 0.272s
2019-04-17 08:17:17.802 12979 DEBUG tempest.lib.common.rest_client [req-1cbc3ea1-5b59-41f8-ab9a-c35aa762082e ] Request - Headers: {'Content-Type': 'application/json', 'Accept': 'application/json', 'X-Auth-Token': ''} Body: {"trunk": {"port_id": "f0e49d20-eb47-448f-a12b-b694c02f5645"}} Response - Headers: {'status': '201', u'content-length': '407', 'content-location': 'http://172.30.9.22:9696/v2.0/trunks', u'date': 'Wed, 17 Apr 2019 08:17:17 GMT', u'content-type': 'application/json', u'connection': 'close', u'x-openstack-request-id': 'req-1cbc3ea1-5b59-41f8-ab9a-c35aa762082e'} Body: {"trunk": {"status": "DOWN", "sub_ports": [], "name": "", "admin_state_up": true, "tenant_id": "7ba28b2e225e4d9b8a469ba0ec37d61a", "created_at": "2019-04-17T08:17:17Z", "tags": [], "updated_at": "2019-04-17T08:17:17Z", "revision_number": 0, "project_id": "7ba28b2e225e4d9b8a469ba0ec37d61a", "port_id": "f0e49d20-eb47-448f-a12b-b694c02f5645", "id": "77c33e69-9ea8-419c-8969-aecb8f117431", "description": ""}} _log_request_full /root/.rally/verification/verifier-83731f17-6872-4969-8e25-9c5451810558/repo/tempest/lib/common/rest_client.py:437
2019-04-17 08:17:17.818 12983 INFO tempest.lib.common.rest_client [req-becebec8-2dcf-496c-be50-c5e4fc712cfe ] Request (TrunkTestJSON:_run_cleanups): 404 GET http://172.30.9.22:9696/v2.0/trunks/58ac7b92-a09e-4f4b-9a43-67f847c3bb1c/get_subports 0.019s
2019-04-17 08:17:17.819 12983 DEBUG tempest.lib.common.rest_client [req-becebec8-2dcf-496c-be50-c5e4fc712cfe ] Request - Headers: {'Content-Type': 'application/json', 'Accept': 'application/json', 'X-Auth-Token': ''} Body: None Response - Headers: {'status': '404', u'content-length': '134', 'content-location': 'http://172.30.9.22:9696/v2.0/trunks/58ac7b92-a09e-4f4b-9a43-67f847c3bb1c/get_subports', u'date': 'Wed, 17 Apr 2019 08:17:17 GMT', u'content-type': 'application/json', u'connection': 'close', u'x-openstack-request-id': 'req-becebec8-2dcf-496c-be50-c5e4fc712cfe'} Body: {"NeutronError": {"message": "Trunk 58ac7b92-a09e-4f4b-9a43-67f847c3bb1c could not be found.", "type": "TrunkNotFound", "detail": ""}} _log_request_full /root/.rally/verification/verifier-83731f17-6872-4969-8e25-9c5451810558/repo/tempest/lib/common/rest_client.py:437
2019-04-17 08:17:17.823 12979 INFO tempest.lib.common.rest_client [req-7546bb6d-567f-45c5-8526-387fd9c4d73a ] Request (TrunkTestJSON:test_create_update_trunk): 200 GET http://172.30.9.22:9696/v2.0/trunks/77c33e69-9ea8-419c-8969-aecb8f117431 0.020s
2019-04-17 08:17:17.824 12979 DEBUG tempest.lib.common.rest_client [req-7546bb6d-567f-45c5-8526-387fd9c4d73a ] Request - Headers: {'Content-Type': 'application/json', 'Accept': 'application/json', 'X-Auth-Token': ''} Body: None Response - Headers: {'status': '200', u'content-length': '407', 'content-location': 'http://172.30.9.22:9696/v2.0/trunks/77c33e69-9ea8-419c-8969-aecb8f117431', u'date': 'Wed, 17 Apr 2019 08:17:17 GMT', u'content-type': 'application/json', u'connection': 'close', u'x-openstack-request-id': 'req-7546bb6d-567f-45c5-8526-387fd9c4d73a'} Body: {"trunk": {"status": "DOWN", "sub_ports": [], "name": "", "admin_state_up": true, "tenant_id": "7ba28b2e225e4d9b8a469ba0ec37d61a", "created_at": "2019-04-17T08:17:17Z", "tags": [], "updated_at": "2019-04-17T08:17:17Z", "revision_number": 0, "project_id": "7ba28b2e225e4d9b8a469ba0ec37d61a", "port_id": "f0e49d20-eb47-448f-a12b-b694c02f5645", "id": "77c33e69-9ea8-419c-8969-aecb8f117431", "description": ""}} _log_request_full /root/.rally/verification/verifier-83731f17-6872-4969-8e25-9c5451810558/repo/tempest/lib/common/rest_client.py:437
2019-04-17 08:17:17.876 12979 INFO tempest.lib.common.rest_client [req-e784db9e-307d-45eb-b84a-b7e8bd723968 ] Request (TrunkTestJSON:test_create_update_trunk): 200 PUT http://172.30.9.22:9696/v2.0/trunks/77c33e69-9ea8-419c-8969-aecb8f117431 0.051s
2019-04-17 08:17:17.876 12979 DEBUG tempest.lib.common.rest_client [req-e784db9e-307d-45eb-b84a-b7e8bd723968 ] Request - Headers: {'Content-Type': 'application/json', 'Accept': 'application/json', 'X-Auth-Token': ''} Body: {"trunk": {"name": "foo", "admin_state_up": false}} Response - Headers: {'status': '200', u'content-length': '411', 'content-location': 'http://172.30.9.22:9696/v2.0/trunks/77c33e69-9ea8-419c-8969-aecb8f117431', u'date': 'Wed, 17 Apr 2019 08:17:17 GMT', u'content-type': 'application/json', u'connection': 'close', u'x-openstack-request-id': 'req-e784db9e-307d-45eb-b84a-b7e8bd723968'} Body: {"trunk": {"status": "DOWN", "sub_ports": [], "name": "foo", "admin_state_up": false, "tenant_id": "7ba28b2e225e4d9b8a469ba0ec37d61a", "created_at": "2019-04-17T08:17:17Z", "tags": [], "updated_at": "2019-04-17T08:17:17Z", "revision_number": 1, "project_id": "7ba28b2e225e4d9b8a469ba0ec37d61a", "port_id": "f0e49d20-eb47-448f-a12b-b694c02f5645", "id": "77c33e69-9ea8-419c-8969-aecb8f117431", "description": ""}} _log_request_full /root/.rally/verification/verifier-83731f17-6872-4969-8e25-9c5451810558/repo/tempest/lib/common/rest_client.py:437
2019-04-17 08:17:17.932 12979 INFO tempest.lib.common.rest_client [req-4aa90837-2d20-48b4-bbaa-7734f85a1eb8 ] Request (TrunkTestJSON:test_create_update_trunk): 200 PUT http://172.30.9.22:9696/v2.0/trunks/77c33e69-9ea8-419c-8969-aecb8f117431 0.055s
2019-04-17 08:17:17.933 12979 DEBUG tempest.lib.common.rest_client [req-4aa90837-2d20-48b4-bbaa-7734f85a1eb8 ] Request - Headers: {'Content-Type': 'application/json', 'Accept': 'application/json', 'X-Auth-Token': ''} Body: {"trunk": {"admin_state_up": true}} Response - Headers: {'status': '200', u'content-length': '410', 'content-location': 'http://172.30.9.22:9696/v2.0/trunks/77c33e69-9ea8-419c-8969-aecb8f117431', u'date': 'Wed, 17 Apr 2019 08:17:17 GMT', u'content-type': 'application/json', u'connection': 'close', u'x-openstack-request-id': 'req-4aa90837-2d20-48b4-bbaa-7734f85a1eb8'} Body: {"trunk": {"status": "DOWN", "sub_ports": [], "name": "foo", "admin_state_up": true, "tenant_id": "7ba28b2e225e4d9b8a469ba0ec37d61a", "created_at": "2019-04-17T08:17:17Z", "tags": [], "updated_at": "2019-04-17T08:17:17Z", "revision_number": 2, "project_id": "7ba28b2e225e4d9b8a469ba0ec37d61a", "port_id": "f0e49d20-eb47-448f-a12b-b694c02f5645", "id": "77c33e69-9ea8-419c-8969-aecb8f117431", "description": ""}} _log_request_full /root/.rally/verification/verifier-83731f17-6872-4969-8e25-9c5451810558/repo/tempest/lib/common/rest_client.py:437
2019-04-17 08:17:17.950 12979 INFO tempest.lib.common.rest_client [req-30bc0a0e-3513-4d4c-8625-83cda22f3405 ] Request (TrunkTestJSON:_run_cleanups): 404 GET http://172.30.9.22:9696/v2.0/trunks/d859b21f-6590-4d22-a408-baf2f61c06e6/get_subports 0.016s
2019-04-17 08:17:17.950 12979 DEBUG tempest.lib.common.rest_client [req-30bc0a0e-3513-4d4c-8625-83cda22f3405 ] Request - Headers: {'Content-Type': 'application/json', 'Accept': 'application/json', 'X-Auth-Token': ''} Body: None Response - Headers: {'status': '404', u'content-length': '134', 'content-location': 'http://172.30.9.22:9696/v2.0/trunks/d859b21f-6590-4d22-a408-baf2f61c06e6/get_subports', u'date': 'Wed, 17 Apr 2019 08:17:17 GMT', u'content-type': 'application/json', u'connection': 'close', u'x-openstack-request-id': 'req-30bc0a0e-3513-4d4c-8625-83cda22f3405'} Body: {"NeutronError": {"message": "Trunk d859b21f-6590-4d22-a408-baf2f61c06e6 could not be found.", "type": "TrunkNotFound", "detail": ""}} _log_request_full /root/.rally/verification/verifier-83731f17-6872-4969-8e25-9c5451810558/repo/tempest/lib/common/rest_client.py:437
2019-04-17 08:17:17.971 12979 INFO tempest.lib.common.rest_client [req-314768d2-39fa-4c6f-afa4-4ba2339360d3 ] Request (TrunkTestJSON:_run_cleanups): 404 DELETE http://172.30.9.22:9696/v2.0/trunks/d859b21f-6590-4d22-a408-baf2f61c06e6 0.020s
2019-04-17 08:17:17.972 12979 DEBUG tempest.lib.common.rest_client [req-314768d2-39fa-4c6f-afa4-4ba2339360d3 ] Request - Headers: {'Content-Type': 'application/json', 'Accept': 'application/json', 'X-Auth-Token': ''} Body: None Response - Headers: {'status': '404', u'content-length': '134', 'content-location': 'http://172.30.9.22:9696/v2.0/trunks/d859b21f-6590-4d22-a408-baf2f61c06e6', u'date': 'Wed, 17 Apr 2019 08:17:17 GMT', u'content-type': 'application/json', u'connection': 'close', u'x-openstack-request-id': 'req-314768d2-39fa-4c6f-afa4-4ba2339360d3'} Body: {"NeutronError": {"message": "Trunk d859b21f-6590-4d22-a408-baf2f61c06e6 could not be found.", "type": "TrunkNotFound", "detail": ""}} _log_request_full /root/.rally/verification/verifier-83731f17-6872-4969-8e25-9c5451810558/repo/tempest/lib/common/rest_client.py:437
2019-04-17 08:17:17.995 12979 INFO tempest.lib.common.rest_client [req-e689955a-c9bb-4964-8ba1-f5f802feb473 ] Request (TrunkTestJSON:_run_cleanups): 404 GET http://172.30.9.22:9696/v2.0/trunks/33d75b18-6777-4979-8002-974295a4a403/get_subports 0.022s
2019-04-17 08:17:17.995 12979 DEBUG tempest.lib.common.rest_client [req-e689955a-c9bb-4964-8ba1-f5f802feb473 ] Request - Headers: {'Content-Type': 'application/json', 'Accept': 'application/json', 'X-Auth-Token': ''} Body: None Response - Headers: {'status': '404', u'content-length': '134', 'content-location': 'http://172.30.9.22:9696/v2.0/trunks/33d75b18-6777-4979-8002-974295a4a403/get_subports', u'date': 'Wed, 17 Apr 2019 08:17:17 GMT', u'content-type': 'application/json', u'connection': 'close', u'x-openstack-request-id': 'req-e689955a-c9bb-4964-8ba1-f5f802feb473'} Body: {"NeutronError": {"message": "Trunk 33d75b18-6777-4979-8002-974295a4a403 could not be found.", "type": "TrunkNotFound", "detail": ""}} _log_request_full /root/.rally/verification/verifier-83731f17-6872-4969-8e25-9c5451810558/repo/tempest/lib/common/rest_client.py:437
2019-04-17 08:17:18.013 12979 INFO tempest.lib.common.rest_client [req-c3ccf307-d522-4167-b6e0-6eef1bd22fa4 ] Request (TrunkTestJSON:_run_cleanups): 404 DELETE http://172.30.9.22:9696/v2.0/trunks/33d75b18-6777-4979-8002-974295a4a403 0.017s
2019-04-17 08:17:18.013 12979 DEBUG tempest.lib.common.rest_client [req-c3ccf307-d522-4167-b6e0-6eef1bd22fa4 ] Request - Headers: {'Content-Type': 'application/json', 'Accept': 'application/json', 'X-Auth-Token': ''} Body: None Response - Headers: {'status': '404', u'content-length': '134', 'content-location': 'http://172.30.9.22:9696/v2.0/trunks/33d75b18-6777-4979-8002-974295a4a403', u'date': 'Wed, 17 Apr 2019 08:17:18 GMT', u'content-type': 'application/json', u'connection': 'close', u'x-openstack-request-id': 'req-c3ccf307-d522-4167-b6e0-6eef1bd22fa4'} Body: {"NeutronError": {"message": "Trunk 33d75b18-6777-4979-8002-974295a4a403 could not be found.", "type": "TrunkNotFound", "detail": ""}} _log_request_full /root/.rally/verification/verifier-83731f17-6872-4969-8e25-9c5451810558/repo/tempest/lib/common/rest_client.py:437
2019-04-17 08:17:18.219 12983 INFO tempest.lib.common.rest_client [req-aa952275-8fbe-4574-b604-d7c48ce81b4f ] Request (TrunkTestJSON:_run_cleanups): 404 DELETE http://172.30.9.22:9696/v2.0/trunks/58ac7b92-a09e-4f4b-9a43-67f847c3bb1c 0.399s
2019-04-17 08:17:18.220 12983 DEBUG tempest.lib.common.rest_client [req-aa952275-8fbe-4574-b604-d7c48ce81b4f ] Request - Headers: {'Content-Type': 'application/json', 'Accept': 'application/json', 'X-Auth-Token': ''} Body: None Response - Headers: {'status': '404', u'content-length': '134', 'content-location': 'http://172.30.9.22:9696/v2.0/trunks/58ac7b92-a09e-4f4b-9a43-67f847c3bb1c', u'date': 'Wed, 17 Apr 2019 08:17:18 GMT', u'content-type': 'application/json', u'connection': 'close', u'x-openstack-request-id': 'req-aa952275-8fbe-4574-b604-d7c48ce81b4f'} Body: {"NeutronError": {"message": "Trunk 58ac7b92-a09e-4f4b-9a43-67f847c3bb1c could not be found.", "type": "TrunkNotFound", "detail": ""}} _log_request_full /root/.rally/verification/verifier-83731f17-6872-4969-8e25-9c5451810558/repo/tempest/lib/common/rest_client.py:437
2019-04-17 08:17:18.234 12983 INFO tempest.lib.common.rest_client [req-110be225-045d-45b2-baab-cb7dd6da9111 ] Request (TrunkTestJSON:_run_cleanups): 404 GET http://172.30.9.22:9696/v2.0/trunks/a4c4d557-0287-4120-b85b-1ac466d5b889 0.013s
2019-04-17 08:17:18.234 12983 DEBUG tempest.lib.common.rest_client [req-110be225-045d-45b2-baab-cb7dd6da9111 ] Request - Headers: {'Content-Type': 'application/json', 'Accept': 'application/json', 'X-Auth-Token': ''} Body: None Response - Headers: {'status': '404', u'content-length': '134', 'content-location': 'http://172.30.9.22:9696/v2.0/trunks/a4c4d557-0287-4120-b85b-1ac466d5b889', u'date': 'Wed, 17 Apr 2019 08:17:18 GMT', u'content-type': 'application/json', u'connection': 'close', u'x-openstack-request-id': 'req-110be225-045d-45b2-baab-cb7dd6da9111'} Body: {"NeutronError": {"message": "Trunk a4c4d557-0287-4120-b85b-1ac466d5b889 could not be found.", "type": "TrunkNotFound", "detail": ""}} _log_request_full /root/.rally/verification/verifier-83731f17-6872-4969-8e25-9c5451810558/repo/tempest/lib/common/rest_client.py:437
2019-04-17 08:17:18.257 12983 INFO tempest.lib.common.rest_client [req-ab519e22-aea2-4bb5-863e-d1b3aefdb4fb ] Request (TrunkTestJSON:_run_cleanups): 404 GET http://172.30.9.22:9696/v2.0/trunks/e13fc795-352b-4e51-9240-7e49f6bd9881 0.022s
2019-04-17 08:17:18.257 12983 DEBUG tempest.lib.common.rest_client [req-ab519e22-aea2-4bb5-863e-d1b3aefdb4fb ] Request - Headers: {'Content-Type': 'application/json', 'Accept': 'application/json', 'X-Auth-Token': ''} Body: None Response - Headers: {'status': '404', u'content-length': '134', 'content-location': 'http://172.30.9.22:9696/v2.0/trunks/e13fc795-352b-4e51-9240-7e49f6bd9881', u'date': 'Wed, 17 Apr 2019 08:17:18 GMT', u'content-type': 'application/json', u'connection': 'close', u'x-openstack-request-id': 'req-ab519e22-aea2-4bb5-863e-d1b3aefdb4fb'} Body: {"NeutronError": {"message": "Trunk e13fc795-352b-4e51-9240-7e49f6bd9881 could not be found.", "type": "TrunkNotFound", "detail": ""}} _log_request_full /root/.rally/verification/verifier-83731f17-6872-4969-8e25-9c5451810558/repo/tempest/lib/common/rest_client.py:437
2019-04-17 08:17:18.276 12983 INFO tempest.lib.common.rest_client [req-2d7c231f-8369-4f94-be4a-8ce3a6c131a0 ] Request (TrunkTestJSON:_run_cleanups): 404 GET http://172.30.9.22:9696/v2.0/trunks/1bb3141c-b110-4c35-bf1c-ba8d34dacfd6 0.017s
2019-04-17 08:17:18.276 12983 DEBUG tempest.lib.common.rest_client [req-2d7c231f-8369-4f94-be4a-8ce3a6c131a0 ] Request - Headers: {'Content-Type': 'application/json', 'Accept': 'application/json', 'X-Auth-Token': ''} Body: None Response - Headers: {'status': '404', u'content-length': '134', 'content-location': 'http://172.30.9.22:9696/v2.0/trunks/1bb3141c-b110-4c35-bf1c-ba8d34dacfd6', u'date': 'Wed, 17 Apr 2019 08:17:18 GMT', u'content-type': 'application/json', u'connection': 'close', u'x-openstack-request-id': 'req-2d7c231f-8369-4f94-be4a-8ce3a6c131a0'} Body: {"NeutronError": {"message": "Trunk 1bb3141c-b110-4c35-bf1c-ba8d34dacfd6 could not be found.", "type": "TrunkNotFound", "detail": ""}} _log_request_full /root/.rally/verification/verifier-83731f17-6872-4969-8e25-9c5451810558/repo/tempest/lib/common/rest_client.py:437
2019-04-17 08:17:18.285 12979 INFO tempest.lib.common.rest_client [req-c064a11a-b332-464a-9b6d-1400a23f7424 ] Request (TrunkTestJSON:_run_cleanups): 404 GET http://172.30.9.22:9696/v2.0/trunks/d8c1b8e7-2029-4623-bfe6-313a714f332d/get_subports 0.271s
2019-04-17 08:17:18.285 12979 DEBUG tempest.lib.common.rest_client [req-c064a11a-b332-464a-9b6d-1400a23f7424 ] Request - Headers: {'Content-Type': 'application/json', 'Accept': 'application/json', 'X-Auth-Token': ''} Body: None Response - Headers: {'status': '404', u'content-length': '134', 'content-location': 'http://172.30.9.22:9696/v2.0/trunks/d8c1b8e7-2029-4623-bfe6-313a714f332d/get_subports', u'date': 'Wed, 17 Apr 2019 08:17:18 GMT', u'content-type': 'application/json', u'connection': 'close', u'x-openstack-request-id': 'req-c064a11a-b332-464a-9b6d-1400a23f7424'} Body: {"NeutronError": {"message": "Trunk d8c1b8e7-2029-4623-bfe6-313a714f332d could not be found.", "type": "TrunkNotFound", "detail": ""}} _log_request_full /root/.rally/verification/verifier-83731f17-6872-4969-8e25-9c5451810558/repo/tempest/lib/common/rest_client.py:437
2019-04-17 08:17:18.293 12983 INFO tempest.lib.common.rest_client [req-ef22a5bc-3302-49ff-b3f8-ec3f32e9146a ] Request (TrunkTestJSON:_run_cleanups): 404 GET http://172.30.9.22:9696/v2.0/trunks/58ac7b92-a09e-4f4b-9a43-67f847c3bb1c 0.016s
2019-04-17 08:17:18.293 12983 DEBUG tempest.lib.common.rest_client [req-ef22a5bc-3302-49ff-b3f8-ec3f32e9146a ] Request - Headers: {'Content-Type': 'application/json', 'Accept': 'application/json', 'X-Auth-Token': ''} Body: None Response - Headers: {'status': '404', u'content-length': '134', 'content-location': 'http://172.30.9.22:9696/v2.0/trunks/58ac7b92-a09e-4f4b-9a43-67f847c3bb1c', u'date': 'Wed, 17 Apr 2019 08:17:18 GMT', u'content-type': 'application/json', u'connection': 'close', u'x-openstack-request-id': 'req-ef22a5bc-3302-49ff-b3f8-ec3f32e9146a'} Body: {"NeutronError": {"message": "Trunk 58ac7b92-a09e-4f4b-9a43-67f847c3bb1c could not be found.", "type": "TrunkNotFound", "detail": ""}} _log_request_full /root/.rally/verification/verifier-83731f17-6872-4969-8e25-9c5451810558/repo/tempest/lib/common/rest_client.py:437
2019-04-17 08:17:18.307 12979 INFO tempest.lib.common.rest_client [req-47750091-eca2-4410-975f-9b6d750ad52d ] Request (TrunkTestJSON:_run_cleanups): 404 DELETE http://172.30.9.22:9696/v2.0/trunks/d8c1b8e7-2029-4623-bfe6-313a714f332d 0.021s
2019-04-17 08:17:18.308 12979 DEBUG tempest.lib.common.rest_client [req-47750091-eca2-4410-975f-9b6d750ad52d ] Request - Headers: {'Content-Type': 'application/json', 'Accept': 'application/json', 'X-Auth-Token': ''} Body: None Response - Headers: {'status': '404', u'content-length': '134', 'content-location': 'http://172.30.9.22:9696/v2.0/trunks/d8c1b8e7-2029-4623-bfe6-313a714f332d', u'date': 'Wed, 17 Apr 2019 08:17:18 GMT', u'content-type': 'application/json', u'connection': 'close', u'x-openstack-request-id': 'req-47750091-eca2-4410-975f-9b6d750ad52d'} Body: {"NeutronError": {"message": "Trunk d8c1b8e7-2029-4623-bfe6-313a714f332d could not be found.", "type": "TrunkNotFound", "detail": ""}} _log_request_full /root/.rally/verification/verifier-83731f17-6872-4969-8e25-9c5451810558/repo/tempest/lib/common/rest_client.py:437
2019-04-17 08:17:18.326 12979 INFO tempest.lib.common.rest_client [req-147806ea-4a1e-478f-ac11-29cb5ed4355c ] Request (TrunkTestJSON:_run_cleanups): 404 GET http://172.30.9.22:9696/v2.0/trunks/cf8c0907-ee8f-4a11-9816-a20c3ad756c0/get_subports 0.018s
2019-04-17 08:17:18.327 12979 DEBUG tempest.lib.common.rest_client [req-147806ea-4a1e-478f-ac11-29cb5ed4355c ] Request - Headers: {'Content-Type': 'application/json', 'Accept': 'application/json', 'X-Auth-Token': ''} Body: None Response - Headers: {'status': '404', u'content-length': '134', 'content-location': 'http://172.30.9.22:9696/v2.0/trunks/cf8c0907-ee8f-4a11-9816-a20c3ad756c0/get_subports', u'date': 'Wed, 17 Apr 2019 08:17:18 GMT', u'content-type': 'application/json', u'connection': 'close', u'x-openstack-request-id': 'req-147806ea-4a1e-478f-ac11-29cb5ed4355c'} Body: {"NeutronError": {"message": "Trunk cf8c0907-ee8f-4a11-9816-a20c3ad756c0 could not be found.", "type": "TrunkNotFound", "detail": ""}} _log_request_full /root/.rally/verification/verifier-83731f17-6872-4969-8e25-9c5451810558/repo/tempest/lib/common/rest_client.py:437
2019-04-17 08:17:18.337 12983 INFO tempest.lib.common.rest_client [req-55ea8211-2b79-4c32-a283-6a3a17c03ec1 ] Request (TrunkTestJSON:_run_cleanups): 404 DELETE http://172.30.9.22:9696/v2.0/ports/3f45a7a6-3ced-4ab0-b0ca-b03e9cebb53f 0.043s
2019-04-17 08:17:18.337 12983 DEBUG tempest.lib.common.rest_client [req-55ea8211-2b79-4c32-a283-6a3a17c03ec1 ] Request - Headers: {'Content-Type': 'application/json', 'Accept': 'application/json', 'X-Auth-Token': ''} Body: None Response - Headers: {'status': '404', u'content-length': '132', 'content-location': 'http://172.30.9.22:9696/v2.0/ports/3f45a7a6-3ced-4ab0-b0ca-b03e9cebb53f', u'date': 'Wed, 17 Apr 2019 08:17:18 GMT', u'content-type': 'application/json', u'connection': 'close', u'x-openstack-request-id': 'req-55ea8211-2b79-4c32-a283-6a3a17c03ec1'} Body: {"NeutronError": {"message": "Port 3f45a7a6-3ced-4ab0-b0ca-b03e9cebb53f could not be found.", "type": "PortNotFound", "detail": ""}} _log_request_full /root/.rally/verification/verifier-83731f17-6872-4969-8e25-9c5451810558/repo/tempest/lib/common/rest_client.py:437
2019-04-17 08:17:18.342 12979 INFO tempest.lib.common.rest_client [req-9d9a662a-5cf5-4141-88fb-f10a212b8508 ] Request (TrunkTestJSON:_run_cleanups): 404 DELETE http://172.30.9.22:9696/v2.0/trunks/cf8c0907-ee8f-4a11-9816-a20c3ad756c0 0.015s
2019-04-17 08:17:18.343 12979 DEBUG tempest.lib.common.rest_client [req-9d9a662a-5cf5-4141-88fb-f10a212b8508 ] Request - Headers: {'Content-Type': 'application/json', 'Accept': 'application/json', 'X-Auth-Token': ''} Body: None Response - Headers: {'status': '404', u'content-length': '134', 'content-location': 'http://172.30.9.22:9696/v2.0/trunks/cf8c0907-ee8f-4a11-9816-a20c3ad756c0', u'date': 'Wed, 17 Apr 2019 08:17:18 GMT', u'content-type': 'application/json', u'connection': 'close', u'x-openstack-request-id': 'req-9d9a662a-5cf5-4141-88fb-f10a212b8508'} Body: {"NeutronError": {"message": "Trunk cf8c0907-ee8f-4a11-9816-a20c3ad756c0 could not be found.", "type": "TrunkNotFound", "detail": ""}} _log_request_full /root/.rally/verification/verifier-83731f17-6872-4969-8e25-9c5451810558/repo/tempest/lib/common/rest_client.py:437
2019-04-17 08:17:18.369 12983 INFO tempest.lib.common.rest_client [req-12a15f77-0fba-478a-8a75-19cdccd4d8eb ] Request (TrunkTestJSON:_run_cleanups): 404 DELETE http://172.30.9.22:9696/v2.0/ports/58612127-591f-4609-b4b5-17680959a9f1 0.031s
2019-04-17 08:17:18.370 12983 DEBUG tempest.lib.common.rest_client [req-12a15f77-0fba-478a-8a75-19cdccd4d8eb ] Request - Headers: {'Content-Type': 'application/json', 'Accept': 'application/json', 'X-Auth-Token': ''} Body: None Response - Headers: {'status': '404', u'content-length': '132', 'content-location': 'http://172.30.9.22:9696/v2.0/ports/58612127-591f-4609-b4b5-17680959a9f1', u'date': 'Wed, 17 Apr 2019 08:17:18 GMT', u'content-type': 'application/json', u'connection': 'close', u'x-openstack-request-id': 'req-12a15f77-0fba-478a-8a75-19cdccd4d8eb'} Body: {"NeutronError": {"message": "Port 58612127-591f-4609-b4b5-17680959a9f1 could not be found.", "type": "PortNotFound", "detail": ""}} _log_request_full /root/.rally/verification/verifier-83731f17-6872-4969-8e25-9c5451810558/repo/tempest/lib/common/rest_client.py:437
2019-04-17 08:17:18.374 12979 INFO tempest.lib.common.rest_client [req-066e5216-85b0-4f3e-a9aa-392650fcf155 ] Request (TrunkTestJSON:_run_cleanups): 200 GET http://172.30.9.22:9696/v2.0/trunks/77c33e69-9ea8-419c-8969-aecb8f117431/get_subports 0.030s
2019-04-17 08:17:18.374 12979 DEBUG tempest.lib.common.rest_client [req-066e5216-85b0-4f3e-a9aa-392650fcf155 ] Request - Headers: {'Content-Type': 'application/json', 'Accept': 'application/json', 'X-Auth-Token': ''} Body: None Response - Headers: {'status': '200', u'content-length': '17', 'content-location': 'http://172.30.9.22:9696/v2.0/trunks/77c33e69-9ea8-419c-8969-aecb8f117431/get_subports', u'date': 'Wed, 17 Apr 2019 08:17:18 GMT', u'content-type': 'application/json', u'connection': 'close', u'x-openstack-request-id': 'req-066e5216-85b0-4f3e-a9aa-392650fcf155'} Body: {"sub_ports": []} _log_request_full /root/.rally/verification/verifier-83731f17-6872-4969-8e25-9c5451810558/repo/tempest/lib/common/rest_client.py:437
2019-04-17 08:17:18.402 12983 INFO tempest.lib.common.rest_client [req-94ef9345-1394-41b6-9fc6-db0d45e13340 ] Request (TrunkTestJSON:_run_cleanups): 404 DELETE http://172.30.9.22:9696/v2.0/ports/d51072a4-76b6-489d-a3f0-5363a251456d 0.032s
2019-04-17 08:17:18.403 12983 DEBUG tempest.lib.common.rest_client [req-94ef9345-1394-41b6-9fc6-db0d45e13340 ] Request - Headers: {'Content-Type': 'application/json', 'Accept': 'application/json', 'X-Auth-Token': ''} Body: None Response - Headers: {'status': '404', u'content-length': '132', 'content-location': 'http://172.30.9.22:9696/v2.0/ports/d51072a4-76b6-489d-a3f0-5363a251456d', u'date': 'Wed, 17 Apr 2019 08:17:18 GMT', u'content-type': 'application/json', u'connection': 'close', u'x-openstack-request-id': 'req-94ef9345-1394-41b6-9fc6-db0d45e13340'} Body: {"NeutronError": {"message": "Port d51072a4-76b6-489d-a3f0-5363a251456d could not be found.", "type": "PortNotFound", "detail": ""}} _log_request_full /root/.rally/verification/verifier-83731f17-6872-4969-8e25-9c5451810558/repo/tempest/lib/common/rest_client.py:437
2019-04-17 08:17:18.423 12979 INFO tempest.lib.common.rest_client [req-944383e0-24cf-487b-890d-31a64c52d15a ] Request (TrunkTestJSON:_run_cleanups): 200 PUT http://172.30.9.22:9696/v2.0/trunks/77c33e69-9ea8-419c-8969-aecb8f117431/remove_subports 0.048s
2019-04-17 08:17:18.423 12979 DEBUG tempest.lib.common.rest_client [req-944383e0-24cf-487b-890d-31a64c52d15a ] Request - Headers: {'Content-Type': 'application/json', 'Accept': 'application/json', 'X-Auth-Token': ''} Body: {"sub_ports": []} Response - Headers: {'status': '200', u'content-length': '399', 'content-location': 'http://172.30.9.22:9696/v2.0/trunks/77c33e69-9ea8-419c-8969-aecb8f117431/remove_subports', u'date': 'Wed, 17 Apr 2019 08:17:18 GMT', u'content-type': 'application/json', u'connection': 'close', u'x-openstack-request-id': 'req-944383e0-24cf-487b-890d-31a64c52d15a'} Body: {"status": "DOWN", "sub_ports": [], "name": "foo", "admin_state_up": true, "tenant_id": "7ba28b2e225e4d9b8a469ba0ec37d61a", "created_at": "2019-04-17T08:17:17Z", "tags": [], "updated_at": "2019-04-17T08:17:18Z", "revision_number": 3, "project_id": "7ba28b2e225e4d9b8a469ba0ec37d61a", "port_id": "f0e49d20-eb47-448f-a12b-b694c02f5645", "id": "77c33e69-9ea8-419c-8969-aecb8f117431", "description": ""} _log_request_full /root/.rally/verification/verifier-83731f17-6872-4969-8e25-9c5451810558/repo/tempest/lib/common/rest_client.py:437
2019-04-17 08:17:18.449 12983 INFO tempest.lib.common.rest_client [req-b13b55e1-7617-4572-9a0a-f5067f7517f1 ] Request (TrunkTestJSON:_run_cleanups): 404 DELETE http://172.30.9.22:9696/v2.0/ports/d6dc57ab-5bb7-4496-a3e2-ffabfe66c789 0.045s
2019-04-17 08:17:18.449 12983 DEBUG tempest.lib.common.rest_client [req-b13b55e1-7617-4572-9a0a-f5067f7517f1 ] Request - Headers: {'Content-Type': 'application/json', 'Accept': 'application/json', 'X-Auth-Token': ''} Body: None Response - Headers: {'status': '404', u'content-length': '132', 'content-location': 'http://172.30.9.22:9696/v2.0/ports/d6dc57ab-5bb7-4496-a3e2-ffabfe66c789', u'date': 'Wed, 17 Apr 2019 08:17:18 GMT', u'content-type': 'application/json', u'connection': 'close', u'x-openstack-request-id': 'req-b13b55e1-7617-4572-9a0a-f5067f7517f1'} Body: {"NeutronError": {"message": "Port d6dc57ab-5bb7-4496-a3e2-ffabfe66c789 could not be found.", "type": "PortNotFound", "detail": ""}} _log_request_full /root/.rally/verification/verifier-83731f17-6872-4969-8e25-9c5451810558/repo/tempest/lib/common/rest_client.py:437
2019-04-17 08:17:18.506 12983 INFO tempest.lib.common.rest_client [req-e4beb1c3-e3ba-4f6e-a14d-e0a0ca845d02 ] Request (TrunkTestJSON:_run_cleanups): 404 DELETE http://172.30.9.22:9696/v2.0/ports/961e107c-3601-445d-8da6-af999c7a6e54 0.056s
