2019-04-08 12:34:37.904 9132 DEBUG tempest.lib.common.rest_client [req-12edf48d-a415-44a2-948a-89c2802d9bea ] Request - Headers: {'Content-Type': 'application/json', 'Accept': 'application/json', 'X-Auth-Token': ''} Body: {"port": {"network_id": "3c0622c7-fad6-44a7-9a2a-c4c9bdd50073"}} Response - Headers: {'status': '201', u'content-length': '670', 'content-location': 'http://172.30.9.21:9696/v2.0/ports', u'date': 'Mon, 08 Apr 2019 12:34:37 GMT', u'content-type': 'application/json', u'connection': 'close', u'x-openstack-request-id': 'req-12edf48d-a415-44a2-948a-89c2802d9bea'} Body: {"port":{"allowed_address_pairs":[],"extra_dhcp_opts":[],"updated_at":"2019-04-08T12:34:37Z","device_owner":"","revision_number":2,"port_security_enabled":true,"fixed_ips":[],"id":"5c68c671-8c43-4d1b-8c8e-9222537ed890","security_groups":["8d3bdc9e-f729-45bf-8d1c-5dbda9934414"],"mac_address":"fa:16:3e:47:a5:8f","device_id":"","status":"DOWN","description":"","tags":[],"dns_assignment":[],"name":"","project_id":"87fe57936afb42e9b6c422389c8e6223","qos_policy_id":null,"admin_state_up":true,"network_id":"3c0622c7-fad6-44a7-9a2a-c4c9bdd50073","dns_name":"","created_at":"2019-04-08T12:34:37Z","binding:vnic_type":"normal","tenant_id":"87fe57936afb42e9b6c422389c8e6223"}} _log_request_full /root/.rally/verification/verifier-cd2cea36-a874-4464-9914-3057a5d63bf3/repo/tempest/lib/common/rest_client.py:437
2019-04-08 12:34:38.093 9136 INFO tempest.lib.common.rest_client [req-962be13a-3f44-4a2c-ac0a-68fad307700b ] Request (TrunkTestJSON:_run_cleanups): 204 DELETE http://172.30.9.21:9696/v2.0/networks/021546dd-3118-4a73-a8bd-ca0be49907a5 1.421s
2019-04-08 12:34:38.093 9136 DEBUG tempest.lib.common.rest_client [req-962be13a-3f44-4a2c-ac0a-68fad307700b ] Request - Headers: {'Content-Type': 'application/json', 'Accept': 'application/json', 'X-Auth-Token': ''} Body: None Response - Headers: {'status': '204', u'content-length': '0', 'content-location': 'http://172.30.9.21:9696/v2.0/networks/021546dd-3118-4a73-a8bd-ca0be49907a5', u'date': 'Mon, 08 Apr 2019 12:34:38 GMT', u'connection': 'close', u'x-openstack-request-id': 'req-962be13a-3f44-4a2c-ac0a-68fad307700b'} Body: _log_request_full /root/.rally/verification/verifier-cd2cea36-a874-4464-9914-3057a5d63bf3/repo/tempest/lib/common/rest_client.py:437
2019-04-08 12:34:38.209 9136 INFO tempest.lib.common.rest_client [req-36bf7fb0-ffe2-4269-a307-ff197ad196ff ] Request (TrunkTestJSON:test_create_trunk_nonexistent_port_id): 404 POST http://172.30.9.21:9696/v2.0/trunks 0.113s
2019-04-08 12:34:38.210 9136 DEBUG tempest.lib.common.rest_client [req-36bf7fb0-ffe2-4269-a307-ff197ad196ff ] Request - Headers: {'Content-Type': 'application/json', 'Accept': 'application/json', 'X-Auth-Token': ''} Body: {"trunk": {"sub_ports": [], "port_id": "96c68c92-3db3-43b7-97fc-358375c8b56a"}} Response - Headers: {'status': '404', u'content-length': '132', 'content-location': 'http://172.30.9.21:9696/v2.0/trunks', u'date': 'Mon, 08 Apr 2019 12:34:38 GMT', u'content-type': 'application/json', u'connection': 'close', u'x-openstack-request-id': 'req-36bf7fb0-ffe2-4269-a307-ff197ad196ff'} Body: {"NeutronError": {"message": "Port 96c68c92-3db3-43b7-97fc-358375c8b56a could not be found.", "type": "PortNotFound", "detail": ""}} _log_request_full /root/.rally/verification/verifier-cd2cea36-a874-4464-9914-3057a5d63bf3/repo/tempest/lib/common/rest_client.py:437
2019-04-08 12:34:38.227 9136 INFO tempest.lib.common.rest_client [req-25f6309d-efb2-420d-842b-c49e6f9d5040 ] Request (TrunkTestJSON:_run_cleanups): 404 GET http://172.30.9.21:9696/v2.0/trunks/d79f13be-2194-41d2-b4d4-591cdcb50283/get_subports 0.016s
2019-04-08 12:34:38.227 9136 DEBUG tempest.lib.common.rest_client [req-25f6309d-efb2-420d-842b-c49e6f9d5040 ] Request - Headers: {'Content-Type': 'application/json', 'Accept': 'application/json', 'X-Auth-Token': ''} Body: None Response - Headers: {'status': '404', u'content-length': '134', 'content-location': 'http://172.30.9.21:9696/v2.0/trunks/d79f13be-2194-41d2-b4d4-591cdcb50283/get_subports', u'date': 'Mon, 08 Apr 2019 12:34:38 GMT', u'content-type': 'application/json', u'connection': 'close', u'x-openstack-request-id': 'req-25f6309d-efb2-420d-842b-c49e6f9d5040'} Body: {"NeutronError": {"message": "Trunk d79f13be-2194-41d2-b4d4-591cdcb50283 could not be found.", "type": "TrunkNotFound", "detail": ""}} _log_request_full /root/.rally/verification/verifier-cd2cea36-a874-4464-9914-3057a5d63bf3/repo/tempest/lib/common/rest_client.py:437
2019-04-08 12:34:38.246 9136 INFO tempest.lib.common.rest_client [req-71e51ff2-7b40-453d-8f03-37ce12b273c9 ] Request (TrunkTestJSON:_run_cleanups): 404 DELETE http://172.30.9.21:9696/v2.0/trunks/d79f13be-2194-41d2-b4d4-591cdcb50283 0.017s
2019-04-08 12:34:38.246 9136 DEBUG tempest.lib.common.rest_client [req-71e51ff2-7b40-453d-8f03-37ce12b273c9 ] Request - Headers: {'Content-Type': 'application/json', 'Accept': 'application/json', 'X-Auth-Token': ''} Body: None Response - Headers: {'status': '404', u'content-length': '134', 'content-location': 'http://172.30.9.21:9696/v2.0/trunks/d79f13be-2194-41d2-b4d4-591cdcb50283', u'date': 'Mon, 08 Apr 2019 12:34:38 GMT', u'content-type': 'application/json', u'connection': 'close', u'x-openstack-request-id': 'req-71e51ff2-7b40-453d-8f03-37ce12b273c9'} Body: {"NeutronError": {"message": "Trunk d79f13be-2194-41d2-b4d4-591cdcb50283 could not be found.", "type": "TrunkNotFound", "detail": ""}} _log_request_full /root/.rally/verification/verifier-cd2cea36-a874-4464-9914-3057a5d63bf3/repo/tempest/lib/common/rest_client.py:437
2019-04-08 12:34:38.252 9132 INFO tempest.lib.common.rest_client [req-39c4f5a0-5fa7-42bc-b1b8-98b2486df80c ] Request (TrunkTestJSON:test_list_trunks): 201 POST http://172.30.9.21:9696/v2.0/trunks 0.347s
2019-04-08 12:34:38.253 9132 DEBUG tempest.lib.common.rest_client [req-39c4f5a0-5fa7-42bc-b1b8-98b2486df80c ] Request - Headers: {'Content-Type': 'application/json', 'Accept': 'application/json', 'X-Auth-Token': ''} Body: {"trunk": {"port_id": "5c68c671-8c43-4d1b-8c8e-9222537ed890"}} Response - Headers: {'status': '201', u'content-length': '409', 'content-location': 'http://172.30.9.21:9696/v2.0/trunks', u'date': 'Mon, 08 Apr 2019 12:34:38 GMT', u'content-type': 'application/json', u'connection': 'close', u'x-openstack-request-id': 'req-39c4f5a0-5fa7-42bc-b1b8-98b2486df80c'} Body: {"trunk": {"status": "ACTIVE", "sub_ports": [], "name": "", "admin_state_up": true, "tenant_id": "87fe57936afb42e9b6c422389c8e6223", "created_at": "2019-04-08T12:34:38Z", "tags": [], "updated_at": "2019-04-08T12:34:38Z", "revision_number": 1, "project_id": "87fe57936afb42e9b6c422389c8e6223", "port_id": "5c68c671-8c43-4d1b-8c8e-9222537ed890", "id": "2cf3eacf-a66a-4ae0-86c8-80925c982ef5", "description": ""}} _log_request_full /root/.rally/verification/verifier-cd2cea36-a874-4464-9914-3057a5d63bf3/repo/tempest/lib/common/rest_client.py:437
2019-04-08 12:34:38.263 9136 INFO tempest.lib.common.rest_client [req-4ff9b9c7-36ae-4823-97b3-8c05808b3de4 ] Request (TrunkTestJSON:_run_cleanups): 404 GET http://172.30.9.21:9696/v2.0/trunks/8747fd8f-ebd1-4f32-bd3a-31f08bffea33/get_subports 0.016s
2019-04-08 12:34:38.264 9136 DEBUG tempest.lib.common.rest_client [req-4ff9b9c7-36ae-4823-97b3-8c05808b3de4 ] Request - Headers: {'Content-Type': 'application/json', 'Accept': 'application/json', 'X-Auth-Token': ''} Body: None Response - Headers: {'status': '404', u'content-length': '134', 'content-location': 'http://172.30.9.21:9696/v2.0/trunks/8747fd8f-ebd1-4f32-bd3a-31f08bffea33/get_subports', u'date': 'Mon, 08 Apr 2019 12:34:38 GMT', u'content-type': 'application/json', u'connection': 'close', u'x-openstack-request-id': 'req-4ff9b9c7-36ae-4823-97b3-8c05808b3de4'} Body: {"NeutronError": {"message": "Trunk 8747fd8f-ebd1-4f32-bd3a-31f08bffea33 could not be found.", "type": "TrunkNotFound", "detail": ""}} _log_request_full /root/.rally/verification/verifier-cd2cea36-a874-4464-9914-3057a5d63bf3/repo/tempest/lib/common/rest_client.py:437
2019-04-08 12:34:38.278 9132 INFO tempest.lib.common.rest_client [req-f50a35b4-480a-4521-b4f6-1ffe93bf14da ] Request (TrunkTestJSON:test_list_trunks): 200 GET http://172.30.9.21:9696/v2.0/trunks 0.024s
2019-04-08 12:34:38.279 9132 DEBUG tempest.lib.common.rest_client [req-f50a35b4-480a-4521-b4f6-1ffe93bf14da ] Request - Headers: {'Content-Type': 'application/json', 'Accept': 'application/json', 'X-Auth-Token': ''} Body: None Response - Headers: {'status': '200', u'content-length': '812', 'content-location': 'http://172.30.9.21:9696/v2.0/trunks', u'date': 'Mon, 08 Apr 2019 12:34:38 GMT', u'content-type': 'application/json', u'connection': 'close', u'x-openstack-request-id': 'req-f50a35b4-480a-4521-b4f6-1ffe93bf14da'} Body: {"trunks": [{"status": "ACTIVE", "sub_ports": [], "name": "", "admin_state_up": true, "tenant_id": "87fe57936afb42e9b6c422389c8e6223", "created_at": "2019-04-08T12:34:38Z", "tags": [], "updated_at": "2019-04-08T12:34:38Z", "revision_number": 1, "project_id": "87fe57936afb42e9b6c422389c8e6223", "port_id": "5c68c671-8c43-4d1b-8c8e-9222537ed890", "id": "2cf3eacf-a66a-4ae0-86c8-80925c982ef5", "description": ""}, {"status": "ACTIVE", "sub_ports": [], "name": "", "admin_state_up": true, "tenant_id": "87fe57936afb42e9b6c422389c8e6223", "created_at": "2019-04-08T12:34:35Z", "tags": [], "updated_at": "2019-04-08T12:34:35Z", "revision_number": 1, "project_id": "87fe57936afb42e9b6c422389c8e6223", "port_id": "d4bd1859-72e8-452d-a1ba-68ce7988e1b6", "id": "320f00b1-791d-4544-9b57-2c1a50f5ca30", "description": ""}]} _log_request_full /root/.rally/verification/verifier-cd2cea36-a874-4464-9914-3057a5d63bf3/repo/tempest/lib/common/rest_client.py:437
2019-04-08 12:34:38.287 9136 INFO tempest.lib.common.rest_client [req-71e786d5-d065-4d8f-ab65-a7506afb2468 ] Request (TrunkTestJSON:_run_cleanups): 404 DELETE http://172.30.9.21:9696/v2.0/trunks/8747fd8f-ebd1-4f32-bd3a-31f08bffea33 0.022s
2019-04-08 12:34:38.287 9136 DEBUG tempest.lib.common.rest_client [req-71e786d5-d065-4d8f-ab65-a7506afb2468 ] Request - Headers: {'Content-Type': 'application/json', 'Accept': 'application/json', 'X-Auth-Token': ''} Body: None Response - Headers: {'status': '404', u'content-length': '134', 'content-location': 'http://172.30.9.21:9696/v2.0/trunks/8747fd8f-ebd1-4f32-bd3a-31f08bffea33', u'date': 'Mon, 08 Apr 2019 12:34:38 GMT', u'content-type': 'application/json', u'connection': 'close', u'x-openstack-request-id': 'req-71e786d5-d065-4d8f-ab65-a7506afb2468'} Body: {"NeutronError": {"message": "Trunk 8747fd8f-ebd1-4f32-bd3a-31f08bffea33 could not be found.", "type": "TrunkNotFound", "detail": ""}} _log_request_full /root/.rally/verification/verifier-cd2cea36-a874-4464-9914-3057a5d63bf3/repo/tempest/lib/common/rest_client.py:437
2019-04-08 12:34:38.294 9132 INFO tempest.lib.common.rest_client [req-497d4d46-eff5-4cf9-ba17-59acdfb9800a ] Request (TrunkTestJSON:_run_cleanups): 404 GET http://172.30.9.21:9696/v2.0/trunks/3dbeb263-5378-4036-9c02-e0e93da1da5d/get_subports 0.014s
2019-04-08 12:34:38.294 9132 DEBUG tempest.lib.common.rest_client [req-497d4d46-eff5-4cf9-ba17-59acdfb9800a ] Request - Headers: {'Content-Type': 'application/json', 'Accept': 'application/json', 'X-Auth-Token': ''} Body: None Response - Headers: {'status': '404', u'content-length': '134', 'content-location': 'http://172.30.9.21:9696/v2.0/trunks/3dbeb263-5378-4036-9c02-e0e93da1da5d/get_subports', u'date': 'Mon, 08 Apr 2019 12:34:38 GMT', u'content-type': 'application/json', u'connection': 'close', u'x-openstack-request-id': 'req-497d4d46-eff5-4cf9-ba17-59acdfb9800a'} Body: {"NeutronError": {"message": "Trunk 3dbeb263-5378-4036-9c02-e0e93da1da5d could not be found.", "type": "TrunkNotFound", "detail": ""}} _log_request_full /root/.rally/verification/verifier-cd2cea36-a874-4464-9914-3057a5d63bf3/repo/tempest/lib/common/rest_client.py:437
2019-04-08 12:34:38.304 9136 INFO tempest.lib.common.rest_client [req-83327d0e-cb09-4bab-98da-ab39df3848b7 ] Request (TrunkTestJSON:_run_cleanups): 404 GET http://172.30.9.21:9696/v2.0/trunks/7e7756ae-73ef-472b-9b55-7256a240ae6e/get_subports 0.016s
2019-04-08 12:34:38.304 9136 DEBUG tempest.lib.common.rest_client [req-83327d0e-cb09-4bab-98da-ab39df3848b7 ] Request - Headers: {'Content-Type': 'application/json', 'Accept': 'application/json', 'X-Auth-Token': ''} Body: None Response - Headers: {'status': '404', u'content-length': '134', 'content-location': 'http://172.30.9.21:9696/v2.0/trunks/7e7756ae-73ef-472b-9b55-7256a240ae6e/get_subports', u'date': 'Mon, 08 Apr 2019 12:34:38 GMT', u'content-type': 'application/json', u'connection': 'close', u'x-openstack-request-id': 'req-83327d0e-cb09-4bab-98da-ab39df3848b7'} Body: {"NeutronError": {"message": "Trunk 7e7756ae-73ef-472b-9b55-7256a240ae6e could not be found.", "type": "TrunkNotFound", "detail": ""}} _log_request_full /root/.rally/verification/verifier-cd2cea36-a874-4464-9914-3057a5d63bf3/repo/tempest/lib/common/rest_client.py:437
2019-04-08 12:34:38.312 9132 INFO tempest.lib.common.rest_client [req-a35ddf35-4d00-482e-824f-6b4da48ac557 ] Request (TrunkTestJSON:_run_cleanups): 404 DELETE http://172.30.9.21:9696/v2.0/trunks/3dbeb263-5378-4036-9c02-e0e93da1da5d 0.017s
2019-04-08 12:34:38.313 9132 DEBUG tempest.lib.common.rest_client [req-a35ddf35-4d00-482e-824f-6b4da48ac557 ] Request - Headers: {'Content-Type': 'application/json', 'Accept': 'application/json', 'X-Auth-Token': ''} Body: None Response - Headers: {'status': '404', u'content-length': '134', 'content-location': 'http://172.30.9.21:9696/v2.0/trunks/3dbeb263-5378-4036-9c02-e0e93da1da5d', u'date': 'Mon, 08 Apr 2019 12:34:38 GMT', u'content-type': 'application/json', u'connection': 'close', u'x-openstack-request-id': 'req-a35ddf35-4d00-482e-824f-6b4da48ac557'} Body: {"NeutronError": {"message": "Trunk 3dbeb263-5378-4036-9c02-e0e93da1da5d could not be found.", "type": "TrunkNotFound", "detail": ""}} _log_request_full /root/.rally/verification/verifier-cd2cea36-a874-4464-9914-3057a5d63bf3/repo/tempest/lib/common/rest_client.py:437
2019-04-08 12:34:38.330 9132 INFO tempest.lib.common.rest_client [req-8c2250fb-2233-4f08-bfed-661fc0b5971b ] Request (TrunkTestJSON:_run_cleanups): 404 GET http://172.30.9.21:9696/v2.0/trunks/010a3874-0ea3-479b-8922-4625a9d73287/get_subports 0.016s
2019-04-08 12:34:38.330 9132 DEBUG tempest.lib.common.rest_client [req-8c2250fb-2233-4f08-bfed-661fc0b5971b ] Request - Headers: {'Content-Type': 'application/json', 'Accept': 'application/json', 'X-Auth-Token': ''} Body: None Response - Headers: {'status': '404', u'content-length': '134', 'content-location': 'http://172.30.9.21:9696/v2.0/trunks/010a3874-0ea3-479b-8922-4625a9d73287/get_subports', u'date': 'Mon, 08 Apr 2019 12:34:38 GMT', u'content-type': 'application/json', u'connection': 'close', u'x-openstack-request-id': 'req-8c2250fb-2233-4f08-bfed-661fc0b5971b'} Body: {"NeutronError": {"message": "Trunk 010a3874-0ea3-479b-8922-4625a9d73287 could not be found.", "type": "TrunkNotFound", "detail": ""}} _log_request_full /root/.rally/verification/verifier-cd2cea36-a874-4464-9914-3057a5d63bf3/repo/tempest/lib/common/rest_client.py:437
2019-04-08 12:34:38.333 9136 INFO tempest.lib.common.rest_client [req-474aa262-0cf5-4fd1-ba96-48ef0a6c2831 ] Request (TrunkTestJSON:_run_cleanups): 404 DELETE http://172.30.9.21:9696/v2.0/trunks/7e7756ae-73ef-472b-9b55-7256a240ae6e 0.028s
2019-04-08 12:34:38.333 9136 DEBUG tempest.lib.common.rest_client [req-474aa262-0cf5-4fd1-ba96-48ef0a6c2831 ] Request - Headers: {'Content-Type': 'application/json', 'Accept': 'application/json', 'X-Auth-Token': ''} Body: None Response - Headers: {'status': '404', u'content-length': '134', 'content-location': 'http://172.30.9.21:9696/v2.0/trunks/7e7756ae-73ef-472b-9b55-7256a240ae6e', u'date': 'Mon, 08 Apr 2019 12:34:38 GMT', u'content-type': 'application/json', u'connection': 'close', u'x-openstack-request-id': 'req-474aa262-0cf5-4fd1-ba96-48ef0a6c2831'} Body: {"NeutronError": {"message": "Trunk 7e7756ae-73ef-472b-9b55-7256a240ae6e could not be found.", "type": "TrunkNotFound", "detail": ""}} _log_request_full /root/.rally/verification/verifier-cd2cea36-a874-4464-9914-3057a5d63bf3/repo/tempest/lib/common/rest_client.py:437
2019-04-08 12:34:38.349 9132 INFO tempest.lib.common.rest_client [req-29d6030d-4fbc-4b8a-9cd9-2e796466926c ] Request (TrunkTestJSON:_run_cleanups): 404 DELETE http://172.30.9.21:9696/v2.0/trunks/010a3874-0ea3-479b-8922-4625a9d73287 0.018s
2019-04-08 12:34:38.349 9132 DEBUG tempest.lib.common.rest_client [req-29d6030d-4fbc-4b8a-9cd9-2e796466926c ] Request - Headers: {'Content-Type': 'application/json', 'Accept': 'application/json', 'X-Auth-Token': ''} Body: None Response - Headers: {'status': '404', u'content-length': '134', 'content-location': 'http://172.30.9.21:9696/v2.0/trunks/010a3874-0ea3-479b-8922-4625a9d73287', u'date': 'Mon, 08 Apr 2019 12:34:38 GMT', u'content-type': 'application/json', u'connection': 'close', u'x-openstack-request-id': 'req-29d6030d-4fbc-4b8a-9cd9-2e796466926c'} Body: {"NeutronError": {"message": "Trunk 010a3874-0ea3-479b-8922-4625a9d73287 could not be found.", "type": "TrunkNotFound", "detail": ""}} _log_request_full /root/.rally/verification/verifier-cd2cea36-a874-4464-9914-3057a5d63bf3/repo/tempest/lib/common/rest_client.py:437
2019-04-08 12:34:38.362 9136 INFO tempest.lib.common.rest_client [req-2de531c9-e3ea-4fa0-95ed-e0388b601eb1 ] Request (TrunkTestJSON:_run_cleanups): 404 GET http://172.30.9.21:9696/v2.0/trunks/efd034bf-bd80-4100-94c5-11f7abab80b7/get_subports 0.028s
2019-04-08 12:34:38.362 9136 DEBUG tempest.lib.common.rest_client [req-2de531c9-e3ea-4fa0-95ed-e0388b601eb1 ] Request - Headers: {'Content-Type': 'application/json', 'Accept': 'application/json', 'X-Auth-Token': ''} Body: None Response - Headers: {'status': '404', u'content-length': '134', 'content-location': 'http://172.30.9.21:9696/v2.0/trunks/efd034bf-bd80-4100-94c5-11f7abab80b7/get_subports', u'date': 'Mon, 08 Apr 2019 12:34:38 GMT', u'content-type': 'application/json', u'connection': 'close', u'x-openstack-request-id': 'req-2de531c9-e3ea-4fa0-95ed-e0388b601eb1'} Body: {"NeutronError": {"message": "Trunk efd034bf-bd80-4100-94c5-11f7abab80b7 could not be found.", "type": "TrunkNotFound", "detail": ""}} _log_request_full /root/.rally/verification/verifier-cd2cea36-a874-4464-9914-3057a5d63bf3/repo/tempest/lib/common/rest_client.py:437
2019-04-08 12:34:38.369 9132 INFO tempest.lib.common.rest_client [req-2ffee18f-2880-4087-b51a-1bb97772010b ] Request (TrunkTestJSON:_run_cleanups): 404 GET http://172.30.9.21:9696/v2.0/trunks/05a5540b-1e26-4a43-af83-344f153c02d1/get_subports 0.019s
2019-04-08 12:34:38.370 9132 DEBUG tempest.lib.common.rest_client [req-2ffee18f-2880-4087-b51a-1bb97772010b ] Request - Headers: {'Content-Type': 'application/json', 'Accept': 'application/json', 'X-Auth-Token': ''} Body: None Response - Headers: {'status': '404', u'content-length': '134', 'content-location': 'http://172.30.9.21:9696/v2.0/trunks/05a5540b-1e26-4a43-af83-344f153c02d1/get_subports', u'date': 'Mon, 08 Apr 2019 12:34:38 GMT', u'content-type': 'application/json', u'connection': 'close', u'x-openstack-request-id': 'req-2ffee18f-2880-4087-b51a-1bb97772010b'} Body: {"NeutronError": {"message": "Trunk 05a5540b-1e26-4a43-af83-344f153c02d1 could not be found.", "type": "TrunkNotFound", "detail": ""}} _log_request_full /root/.rally/verification/verifier-cd2cea36-a874-4464-9914-3057a5d63bf3/repo/tempest/lib/common/rest_client.py:437
2019-04-08 12:34:38.381 9136 INFO tempest.lib.common.rest_client [req-052dd7be-4c86-413a-817f-bdf77c97a705 ] Request (TrunkTestJSON:_run_cleanups): 404 DELETE http://172.30.9.21:9696/v2.0/trunks/efd034bf-bd80-4100-94c5-11f7abab80b7 0.018s
2019-04-08 12:34:38.382 9136 DEBUG tempest.lib.common.rest_client [req-052dd7be-4c86-413a-817f-bdf77c97a705 ] Request - Headers: {'Content-Type': 'application/json', 'Accept': 'application/json', 'X-Auth-Token': ''} Body: None Response - Headers: {'status': '404', u'content-length': '134', 'content-location': 'http://172.30.9.21:9696/v2.0/trunks/efd034bf-bd80-4100-94c5-11f7abab80b7', u'date': 'Mon, 08 Apr 2019 12:34:38 GMT', u'content-type': 'application/json', u'connection': 'close', u'x-openstack-request-id': 'req-052dd7be-4c86-413a-817f-bdf77c97a705'} Body: {"NeutronError": {"message": "Trunk efd034bf-bd80-4100-94c5-11f7abab80b7 could not be found.", "type": "TrunkNotFound", "detail": ""}} _log_request_full /root/.rally/verification/verifier-cd2cea36-a874-4464-9914-3057a5d63bf3/repo/tempest/lib/common/rest_client.py:437
2019-04-08 12:34:38.390 9132 INFO tempest.lib.common.rest_client [req-57569b9c-a6b2-4776-b20a-bc118701a6e6 ] Request (TrunkTestJSON:_run_cleanups): 404 DELETE http://172.30.9.21:9696/v2.0/trunks/05a5540b-1e26-4a43-af83-344f153c02d1 0.020s
2019-04-08 12:34:38.391 9132 DEBUG tempest.lib.common.rest_client [req-57569b9c-a6b2-4776-b20a-bc118701a6e6 ] Request - Headers: {'Content-Type': 'application/json', 'Accept': 'application/json', 'X-Auth-Token': ''} Body: None Response - Headers: {'status': '404', u'content-length': '134', 'content-location': 'http://172.30.9.21:9696/v2.0/trunks/05a5540b-1e26-4a43-af83-344f153c02d1', u'date': 'Mon, 08 Apr 2019 12:34:38 GMT', u'content-type': 'application/json', u'connection': 'close', u'x-openstack-request-id': 'req-57569b9c-a6b2-4776-b20a-bc118701a6e6'} Body: {"NeutronError": {"message": "Trunk 05a5540b-1e26-4a43-af83-344f153c02d1 could not be found.", "type": "TrunkNotFound", "detail": ""}} _log_request_full /root/.rally/verification/verifier-cd2cea36-a874-4464-9914-3057a5d63bf3/repo/tempest/lib/common/rest_client.py:437
2019-04-08 12:34:38.402 9136 INFO tempest.lib.common.rest_client [req-c8c52124-77f2-4c3d-9669-21f7c1101d65 ] Request (TrunkTestJSON:_run_cleanups): 404 GET http://172.30.9.21:9696/v2.0/trunks/f565745c-a63c-427d-8a70-2513a4f38fbd/get_subports 0.020s
2019-04-08 12:34:38.403 9136 DEBUG tempest.lib.common.rest_client [req-c8c52124-77f2-4c3d-9669-21f7c1101d65 ] Request - Headers: {'Content-Type': 'application/json', 'Accept': 'application/json', 'X-Auth-Token': ''} Body: None Response - Headers: {'status': '404', u'content-length': '134', 'content-location': 'http://172.30.9.21:9696/v2.0/trunks/f565745c-a63c-427d-8a70-2513a4f38fbd/get_subports', u'date': 'Mon, 08 Apr 2019 12:34:38 GMT', u'content-type': 'application/json', u'connection': 'close', u'x-openstack-request-id': 'req-c8c52124-77f2-4c3d-9669-21f7c1101d65'} Body: {"NeutronError": {"message": "Trunk f565745c-a63c-427d-8a70-2513a4f38fbd could not be found.", "type": "TrunkNotFound", "detail": ""}} _log_request_full /root/.rally/verification/verifier-cd2cea36-a874-4464-9914-3057a5d63bf3/repo/tempest/lib/common/rest_client.py:437
2019-04-08 12:34:38.404 9132 INFO tempest.lib.common.rest_client [req-03271098-1030-42f6-bfbd-3c3fbf2c4d10 ] Request (TrunkTestJSON:_run_cleanups): 404 GET http://172.30.9.21:9696/v2.0/trunks/ef8ed876-a071-4229-b9a8-4cecd65a4cfa/get_subports 0.013s
2019-04-08 12:34:38.405 9132 DEBUG tempest.lib.common.rest_client [req-03271098-1030-42f6-bfbd-3c3fbf2c4d10 ] Request - Headers: {'Content-Type': 'application/json', 'Accept': 'application/json', 'X-Auth-Token': ''} Body: None Response - Headers: {'status': '404', u'content-length': '134', 'content-location': 'http://172.30.9.21:9696/v2.0/trunks/ef8ed876-a071-4229-b9a8-4cecd65a4cfa/get_subports', u'date': 'Mon, 08 Apr 2019 12:34:38 GMT', u'content-type': 'application/json', u'connection': 'close', u'x-openstack-request-id': 'req-03271098-1030-42f6-bfbd-3c3fbf2c4d10'} Body: {"NeutronError": {"message": "Trunk ef8ed876-a071-4229-b9a8-4cecd65a4cfa could not be found.", "type": "TrunkNotFound", "detail": ""}} _log_request_full /root/.rally/verification/verifier-cd2cea36-a874-4464-9914-3057a5d63bf3/repo/tempest/lib/common/rest_client.py:437
2019-04-08 12:34:38.420 9136 INFO tempest.lib.common.rest_client [req-caa3e9da-527f-4eb6-9a12-43243033f2ac ] Request (TrunkTestJSON:_run_cleanups): 404 DELETE http://172.30.9.21:9696/v2.0/trunks/f565745c-a63c-427d-8a70-2513a4f38fbd 0.016s
2019-04-08 12:34:38.420 9136 DEBUG tempest.lib.common.rest_client [req-caa3e9da-527f-4eb6-9a12-43243033f2ac ] Request - Headers: {'Content-Type': 'application/json', 'Accept': 'application/json', 'X-Auth-Token': ''} Body: None Response - Headers: {'status': '404', u'content-length': '134', 'content-location': 'http://172.30.9.21:9696/v2.0/trunks/f565745c-a63c-427d-8a70-2513a4f38fbd', u'date': 'Mon, 08 Apr 2019 12:34:38 GMT', u'content-type': 'application/json', u'connection': 'close', u'x-openstack-request-id': 'req-caa3e9da-527f-4eb6-9a12-43243033f2ac'} Body: {"NeutronError": {"message": "Trunk f565745c-a63c-427d-8a70-2513a4f38fbd could not be found.", "type": "TrunkNotFound", "detail": ""}} _log_request_full /root/.rally/verification/verifier-cd2cea36-a874-4464-9914-3057a5d63bf3/repo/tempest/lib/common/rest_client.py:437
2019-04-08 12:34:38.426 9132 INFO tempest.lib.common.rest_client [req-12dbea4f-1adb-47d3-a429-da6a9d675676 ] Request (TrunkTestJSON:_run_cleanups): 404 DELETE http://172.30.9.21:9696/v2.0/trunks/ef8ed876-a071-4229-b9a8-4cecd65a4cfa 0.020s
2019-04-08 12:34:38.427 9132 DEBUG tempest.lib.common.rest_client [req-12dbea4f-1adb-47d3-a429-da6a9d675676 ] Request - Headers: {'Content-Type': 'application/json', 'Accept': 'application/json', 'X-Auth-Token': ''} Body: None Response - Headers: {'status': '404', u'content-length': '134', 'content-location': 'http://172.30.9.21:9696/v2.0/trunks/ef8ed876-a071-4229-b9a8-4cecd65a4cfa', u'date': 'Mon, 08 Apr 2019 12:34:38 GMT', u'content-type': 'application/json', u'connection': 'close', u'x-openstack-request-id': 'req-12dbea4f-1adb-47d3-a429-da6a9d675676'} Body: {"NeutronError": {"message": "Trunk ef8ed876-a071-4229-b9a8-4cecd65a4cfa could not be found.", "type": "TrunkNotFound", "detail": ""}} _log_request_full /root/.rally/verification/verifier-cd2cea36-a874-4464-9914-3057a5d63bf3/repo/tempest/lib/common/rest_client.py:437
2019-04-08 12:34:38.437 9136 INFO tempest.lib.common.rest_client [req-eba48f34-4df7-4b66-a8bc-36058cf7cfa3 ] Request (TrunkTestJSON:_run_cleanups): 404 GET http://172.30.9.21:9696/v2.0/trunks/37b1d749-e60c-4941-a0fa-6866c614667d/get_subports 0.016s
2019-04-08 12:34:38.438 9136 DEBUG tempest.lib.common.rest_client [req-eba48f34-4df7-4b66-a8bc-36058cf7cfa3 ] Request - Headers: {'Content-Type': 'application/json', 'Accept': 'application/json', 'X-Auth-Token': ''} Body: None Response - Headers: {'status': '404', u'content-length': '134', 'content-location': 'http://172.30.9.21:9696/v2.0/trunks/37b1d749-e60c-4941-a0fa-6866c614667d/get_subports', u'date': 'Mon, 08 Apr 2019 12:34:38 GMT', u'content-type': 'application/json', u'connection': 'close', u'x-openstack-request-id': 'req-eba48f34-4df7-4b66-a8bc-36058cf7cfa3'} Body: {"NeutronError": {"message": "Trunk 37b1d749-e60c-4941-a0fa-6866c614667d could not be found.", "type": "TrunkNotFound", "detail": ""}} _log_request_full /root/.rally/verification/verifier-cd2cea36-a874-4464-9914-3057a5d63bf3/repo/tempest/lib/common/rest_client.py:437
2019-04-08 12:34:38.440 9132 INFO tempest.lib.common.rest_client [req-eaa83d16-fcad-453f-aa7a-c3b72eb4ea6a ] Request (TrunkTestJSON:_run_cleanups): 404 GET http://172.30.9.21:9696/v2.0/trunks/6b620d9b-6f31-4fe7-be4c-51831e83dbea/get_subports 0.012s
2019-04-08 12:34:38.441 9132 DEBUG tempest.lib.common.rest_client [req-eaa83d16-fcad-453f-aa7a-c3b72eb4ea6a ] Request - Headers: {'Content-Type': 'application/json', 'Accept': 'application/json', 'X-Auth-Token': ''} Body: None Response - Headers: {'status': '404', u'content-length': '134', 'content-location': 'http://172.30.9.21:9696/v2.0/trunks/6b620d9b-6f31-4fe7-be4c-51831e83dbea/get_subports', u'date': 'Mon, 08 Apr 2019 12:34:38 GMT', u'content-type': 'application/json', u'connection': 'close', u'x-openstack-request-id': 'req-eaa83d16-fcad-453f-aa7a-c3b72eb4ea6a'} Body: {"NeutronError": {"message": "Trunk 6b620d9b-6f31-4fe7-be4c-51831e83dbea could not be found.", "type": "TrunkNotFound", "detail": ""}} _log_request_full /root/.rally/verification/verifier-cd2cea36-a874-4464-9914-3057a5d63bf3/repo/tempest/lib/common/rest_client.py:437
2019-04-08 12:34:38.456 9132 INFO tempest.lib.common.rest_client [req-9aaf87ef-5407-4c90-a66a-6f5d3df6900e ] Request (TrunkTestJSON:_run_cleanups): 404 DELETE http://172.30.9.21:9696/v2.0/trunks/6b620d9b-6f31-4fe7-be4c-51831e83dbea 0.015s
2019-04-08 12:34:38.456 9132 DEBUG tempest.lib.common.rest_client [req-9aaf87ef-5407-4c90-a66a-6f5d3df6900e ] Request - Headers: {'Content-Type': 'application/json', 'Accept': 'application/json', 'X-Auth-Token': ''} Body: None Response - Headers: {'status': '404', u'content-length': '134', 'content-location': 'http://172.30.9.21:9696/v2.0/trunks/6b620d9b-6f31-4fe7-be4c-51831e83dbea', u'date': 'Mon, 08 Apr 2019 12:34:38 GMT', u'content-type': 'application/json', u'connection': 'close', u'x-openstack-request-id': 'req-9aaf87ef-5407-4c90-a66a-6f5d3df6900e'} Body: {"NeutronError": {"message": "Trunk 6b620d9b-6f31-4fe7-be4c-51831e83dbea could not be found.", "type": "TrunkNotFound", "detail": ""}} _log_request_full /root/.rally/verification/verifier-cd2cea36-a874-4464-9914-3057a5d63bf3/repo/tempest/lib/common/rest_client.py:437
2019-04-08 12:34:38.472 9132 INFO tempest.lib.common.rest_client [req-f00c6ed9-b118-4d9c-bfaf-fa96379f29f3 ] Request (TrunkTestJSON:_run_cleanups): 404 GET http://172.30.9.21:9696/v2.0/trunks/350aba19-9b2d-431f-b06d-4934d0ecdc46/get_subports 0.014s
2019-04-08 12:34:38.472 9132 DEBUG tempest.lib.common.rest_client [req-f00c6ed9-b118-4d9c-bfaf-fa96379f29f3 ] Request - Headers: {'Content-Type': 'application/json', 'Accept': 'application/json', 'X-Auth-Token': ''} Body: None Response - Headers: {'status': '404', u'content-length': '134', 'content-location': 'http://172.30.9.21:9696/v2.0/trunks/350aba19-9b2d-431f-b06d-4934d0ecdc46/get_subports', u'date': 'Mon, 08 Apr 2019 12:34:38 GMT', u'content-type': 'application/json', u'connection': 'close', u'x-openstack-request-id': 'req-f00c6ed9-b118-4d9c-bfaf-fa96379f29f3'} Body: {"NeutronError": {"message": "Trunk 350aba19-9b2d-431f-b06d-4934d0ecdc46 could not be found.", "type": "TrunkNotFound", "detail": ""}} _log_request_full /root/.rally/verification/verifier-cd2cea36-a874-4464-9914-3057a5d63bf3/repo/tempest/lib/common/rest_client.py:437
2019-04-08 12:34:38.490 9132 INFO tempest.lib.common.rest_client [req-66b2a284-1cea-4aa0-bfb0-6f92f3a04f15 ] Request (TrunkTestJSON:_run_cleanups): 404 DELETE http://172.30.9.21:9696/v2.0/trunks/350aba19-9b2d-431f-b06d-4934d0ecdc46 0.017s
2019-04-08 12:34:38.490 9132 DEBUG tempest.lib.common.rest_client [req-66b2a284-1cea-4aa0-bfb0-6f92f3a04f15 ] Request - Headers: {'Content-Type': 'application/json', 'Accept': 'application/json', 'X-Auth-Token': ''} Body: None Response - Headers: {'status': '404', u'content-length': '134', 'content-location': 'http://172.30.9.21:9696/v2.0/trunks/350aba19-9b2d-431f-b06d-4934d0ecdc46', u'date': 'Mon, 08 Apr 2019 12:34:38 GMT', u'content-type': 'application/json', u'connection': 'close', u'x-openstack-request-id': 'req-66b2a284-1cea-4aa0-bfb0-6f92f3a04f15'} Body: {"NeutronError": {"message": "Trunk 350aba19-9b2d-431f-b06d-4934d0ecdc46 could not be found.", "type": "TrunkNotFound", "detail": ""}} _log_request_full /root/.rally/verification/verifier-cd2cea36-a874-4464-9914-3057a5d63bf3/repo/tempest/lib/common/rest_client.py:437
2019-04-08 12:34:38.508 9132 INFO tempest.lib.common.rest_client [req-1447ce76-9174-44e7-899e-fe23c912f287 ] Request (TrunkTestJSON:_run_cleanups): 404 GET http://172.30.9.21:9696/v2.0/trunks/ce738384-26b4-4187-9b33-1a839e068025/get_subports 0.017s
2019-04-08 12:34:38.509 9132 DEBUG tempest.lib.common.rest_client [req-1447ce76-9174-44e7-899e-fe23c912f287 ] Request - Headers: {'Content-Type': 'application/json', 'Accept': 'application/json', 'X-Auth-Token': ''} Body: None Response - Headers: {'status': '404', u'content-length': '134', 'content-location': 'http://172.30.9.21:9696/v2.0/trunks/ce738384-26b4-4187-9b33-1a839e068025/get_subports', u'date': 'Mon, 08 Apr 2019 12:34:38 GMT', u'content-type': 'application/json', u'connection': 'close', u'x-openstack-request-id': 'req-1447ce76-9174-44e7-899e-fe23c912f287'} Body: {"NeutronError": {"message": "Trunk ce738384-26b4-4187-9b33-1a839e068025 could not be found.", "type": "TrunkNotFound", "detail": ""}} _log_request_full /root/.rally/verification/verifier-cd2cea36-a874-4464-9914-3057a5d63bf3/repo/tempest/lib/common/rest_client.py:437
2019-04-08 12:34:38.532 9132 INFO tempest.lib.common.rest_client [req-1e8ea71d-eb02-4276-9937-62526b984c9d ] Request (TrunkTestJSON:_run_cleanups): 404 DELETE http://172.30.9.21:9696/v2.0/trunks/ce738384-26b4-4187-9b33-1a839e068025 0.022s
2019-04-08 12:34:38.532 9132 DEBUG tempest.lib.common.rest_client [req-1e8ea71d-eb02-4276-9937-62526b984c9d ] Request - Headers: {'Content-Type': 'application/json', 'Accept': 'application/json', 'X-Auth-Token': ''} Body: None Response - Headers: {'status': '404', u'content-length': '134', 'content-location': 'http://172.30.9.21:9696/v2.0/trunks/ce738384-26b4-4187-9b33-1a839e068025', u'date': 'Mon, 08 Apr 2019 12:34:38 GMT', u'content-type': 'application/json', u'connection': 'close', u'x-openstack-request-id': 'req-1e8ea71d-eb02-4276-9937-62526b984c9d'} Body: {"NeutronError": {"message": "Trunk ce738384-26b4-4187-9b33-1a839e068025 could not be found.", "type": "TrunkNotFound", "detail": ""}} _log_request_full /root/.rally/verification/verifier-cd2cea36-a874-4464-9914-3057a5d63bf3/repo/tempest/lib/common/rest_client.py:437
2019-04-08 12:34:38.534 9133 INFO tempest.lib.common.rest_client [req-55d31bae-f7a4-4fe9-85ac-2a36666d556e ] Request (TrunkTest:test_trunk_subport_lifecycle): 200 GET http://172.30.9.21:9696/v2.0/ports/c6e219e1-dc7a-4f4c-9a9a-8dc9729ee839 0.048s
2019-04-08 12:34:38.535 9133 DEBUG tempest.lib.common.rest_client [req-55d31bae-f7a4-4fe9-85ac-2a36666d556e ] Request - Headers: {'Content-Type': 'application/json', 'Accept': 'application/json', 'X-Auth-Token': ''} Body: None Response - Headers: {'status': '200', u'content-length': '670', 'content-location': 'http://172.30.9.21:9696/v2.0/ports/c6e219e1-dc7a-4f4c-9a9a-8dc9729ee839', u'date': 'Mon, 08 Apr 2019 12:34:38 GMT', u'content-type': 'application/json', u'connection': 'close', u'x-openstack-request-id': 'req-55d31bae-f7a4-4fe9-85ac-2a36666d556e'} Body: {"port":{"allowed_address_pairs":[],"extra_dhcp_opts":[],"updated_at":"2019-04-08T12:34:14Z","device_owner":"","revision_number":3,"port_security_enabled":true,"fixed_ips":[],"id":"c6e219e1-dc7a-4f4c-9a9a-8dc9729ee839","security_groups":["3bc9897b-67b0-4afe-a43a-0f3ae166d791"],"mac_address":"fa:16:3e:a2:e3:04","device_id":"","status":"DOWN","description":"","tags":[],"dns_assignment":[],"name":"","project_id":"63e9d404d70640b9ac3dc7a7b3e76a2a","qos_policy_id":null,"admin_state_up":true,"network_id":"ae1743cb-3c91-40fa-aa1f-846e96ac1198","dns_name":"","created_at":"2019-04-08T12:34:07Z","binding:vnic_type":"normal","tenant_id":"63e9d404d70640b9ac3dc7a7b3e76a2a"}} _log_request_full /root/.rally/verification/verifier-cd2cea36-a874-4464-9914-3057a5d63bf3/repo/tempest/lib/common/rest_client.py:437
2019-04-08 12:34:38.550 9132 INFO tempest.lib.common.rest_client [req-4d19960e-cf2b-4fbc-88ed-b58ddcc962e3 ] Request (TrunkTestJSON:_run_cleanups): 404 GET http://172.30.9.21:9696/v2.0/trunks/a7654e4c-323a-4e19-9ef8-f86f6169417e/get_subports 0.016s
2019-04-08 12:34:38.550 9132 DEBUG tempest.lib.common.rest_client [req-4d19960e-cf2b-4fbc-88ed-b58ddcc962e3 ] Request - Headers: {'Content-Type': 'application/json', 'Accept': 'application/json', 'X-Auth-Token': ''} Body: None Response - Headers: {'status': '404', u'content-length': '134', 'content-location': 'http://172.30.9.21:9696/v2.0/trunks/a7654e4c-323a-4e19-9ef8-f86f6169417e/get_subports', u'date': 'Mon, 08 Apr 2019 12:34:38 GMT', u'content-type': 'application/json', u'connection': 'close', u'x-openstack-request-id': 'req-4d19960e-cf2b-4fbc-88ed-b58ddcc962e3'} Body: {"NeutronError": {"message": "Trunk a7654e4c-323a-4e19-9ef8-f86f6169417e could not be found.", "type": "TrunkNotFound", "detail": ""}} _log_request_full /root/.rally/verification/verifier-cd2cea36-a874-4464-9914-3057a5d63bf3/repo/tempest/lib/common/rest_client.py:437
2019-04-08 12:34:38.569 9132 INFO tempest.lib.common.rest_client [req-3121041f-4e37-4994-8946-08ee25e1753d ] Request (TrunkTestJSON:_run_cleanups): 404 DELETE http://172.30.9.21:9696/v2.0/trunks/a7654e4c-323a-4e19-9ef8-f86f6169417e 0.018s
2019-04-08 12:34:38.569 9132 DEBUG tempest.lib.common.rest_client [req-3121041f-4e37-4994-8946-08ee25e1753d ] Request - Headers: {'Content-Type': 'application/json', 'Accept': 'application/json', 'X-Auth-Token': ''} Body: None Response - Headers: {'status': '404', u'content-length': '134', 'content-location': 'http://172.30.9.21:9696/v2.0/trunks/a7654e4c-323a-4e19-9ef8-f86f6169417e', u'date': 'Mon, 08 Apr 2019 12:34:38 GMT', u'content-type': 'application/json', u'connection': 'close', u'x-openstack-request-id': 'req-3121041f-4e37-4994-8946-08ee25e1753d'} Body: {"NeutronError": {"message": "Trunk a7654e4c-323a-4e19-9ef8-f86f6169417e could not be found.", "type": "TrunkNotFound", "detail": ""}} _log_request_full /root/.rally/verification/verifier-cd2cea36-a874-4464-9914-3057a5d63bf3/repo/tempest/lib/common/rest_client.py:437
2019-04-08 12:34:38.601 9132 INFO tempest.lib.common.rest_client [req-e1a3615b-f18b-483b-86bb-327f7e0e80f9 ] Request (TrunkTestJSON:_run_cleanups): 200 GET http://172.30.9.21:9696/v2.0/trunks/320f00b1-791d-4544-9b57-2c1a50f5ca30/get_subports 0.031s
2019-04-08 12:34:38.601 9132 DEBUG tempest.lib.common.rest_client [req-e1a3615b-f18b-483b-86bb-327f7e0e80f9 ] Request - Headers: {'Content-Type': 'application/json', 'Accept': 'application/json', 'X-Auth-Token': ''} Body: None Response - Headers: {'status': '200', u'content-length': '17', 'content-location': 'http://172.30.9.21:9696/v2.0/trunks/320f00b1-791d-4544-9b57-2c1a50f5ca30/get_subports', u'date': 'Mon, 08 Apr 2019 12:34:38 GMT', u'content-type': 'application/json', u'connection': 'close', u'x-openstack-request-id': 'req-e1a3615b-f18b-483b-86bb-327f7e0e80f9'} Body: {"sub_ports": []} _log_request_full /root/.rally/verification/verifier-cd2cea36-a874-4464-9914-3057a5d63bf3/repo/tempest/lib/common/rest_client.py:437
2019-04-08 12:34:38.671 9132 INFO tempest.lib.common.rest_client [req-7bf13a44-8e54-44e4-bf0d-e4cc12da8760 ] Request (TrunkTestJSON:_run_cleanups): 200 PUT http://172.30.9.21:9696/v2.0/trunks/320f00b1-791d-4544-9b57-2c1a50f5ca30/remove_subports 0.069s
2019-04-08 12:34:38.672 9132 DEBUG tempest.lib.common.rest_client [req-7bf13a44-8e54-44e4-bf0d-e4cc12da8760 ] Request - Headers: {'Content-Type': 'application/json', 'Accept': 'application/json', 'X-Auth-Token': ''} Body: {"sub_ports": []} Response - Headers: {'status': '200', u'content-length': '396', 'content-location': 'http://172.30.9.21:9696/v2.0/trunks/320f00b1-791d-4544-9b57-2c1a50f5ca30/remove_subports', u'date': 'Mon, 08 Apr 2019 12:34:38 GMT', u'content-type': 'application/json', u'connection': 'close', u'x-openstack-request-id': 'req-7bf13a44-8e54-44e4-bf0d-e4cc12da8760'} Body: {"status": "DOWN", "sub_ports": [], "name": "", "admin_state_up": true, "tenant_id": "87fe57936afb42e9b6c422389c8e6223", "created_at": "2019-04-08T12:34:35Z", "tags": [], "updated_at": "2019-04-08T12:34:38Z", "revision_number": 2, "project_id": "87fe57936afb42e9b6c422389c8e6223", "port_id": "d4bd1859-72e8-452d-a1ba-68ce7988e1b6", "id": "320f00b1-791d-4544-9b57-2c1a50f5ca30", "description": ""} _log_request_full /root/.rally/verification/verifier-cd2cea36-a874-4464-9914-3057a5d63bf3/repo/tempest/lib/common/rest_client.py:437
2019-04-08 12:34:38.695 9136 INFO tempest.lib.common.rest_client [req-336b30d7-51db-4e0e-82ac-0f9b254b0c48 ] Request (TrunkTestJSON:_run_cleanups): 404 DELETE http://172.30.9.21:9696/v2.0/trunks/37b1d749-e60c-4941-a0fa-6866c614667d 0.257s
2019-04-08 12:34:38.696 9136 DEBUG tempest.lib.common.rest_client [req-336b30d7-51db-4e0e-82ac-0f9b254b0c48 ] Request - Headers: {'Content-Type': 'application/json', 'Accept': 'application/json', 'X-Auth-Token': ''} Body: None Response - Headers: {'status': '404', u'content-length': '134', 'content-location': 'http://172.30.9.21:9696/v2.0/trunks/37b1d749-e60c-4941-a0fa-6866c614667d', u'date': 'Mon, 08 Apr 2019 12:34:38 GMT', u'content-type': 'application/json', u'connection': 'close', u'x-openstack-request-id': 'req-336b30d7-51db-4e0e-82ac-0f9b254b0c48'} Body: {"NeutronError": {"message": "Trunk 37b1d749-e60c-4941-a0fa-6866c614667d could not be found.", "type": "TrunkNotFound", "detail": ""}} _log_request_full /root/.rally/verification/verifier-cd2cea36-a874-4464-9914-3057a5d63bf3/repo/tempest/lib/common/rest_client.py:437
2019-04-08 12:34:38.710 9136 INFO tempest.lib.common.rest_client [req-39217ed7-d7f3-44dd-b9d2-adaa7c061365 ] Request (TrunkTestJSON:_run_cleanups): 404 GET http://172.30.9.21:9696/v2.0/trunks/88682e46-35ea-470f-adc0-dfdb76f444e0/get_subports 0.013s
2019-04-08 12:34:38.710 9136 DEBUG tempest.lib.common.rest_client [req-39217ed7-d7f3-44dd-b9d2-adaa7c061365 ] Request - Headers: {'Content-Type': 'application/json', 'Accept': 'application/json', 'X-Auth-Token': ''} Body: None Response - Headers: {'status': '404', u'content-length': '134', 'content-location': 'http://172.30.9.21:9696/v2.0/trunks/88682e46-35ea-470f-adc0-dfdb76f444e0/get_subports', u'date': 'Mon, 08 Apr 2019 12:34:38 GMT', u'content-type': 'application/json', u'connection': 'close', u'x-openstack-request-id': 'req-39217ed7-d7f3-44dd-b9d2-adaa7c061365'} Body: {"NeutronError": {"message": "Trunk 88682e46-35ea-470f-adc0-dfdb76f444e0 could not be found.", "type": "TrunkNotFound", "detail": ""}} _log_request_full /root/.rally/verification/verifier-cd2cea36-a874-4464-9914-3057a5d63bf3/repo/tempest/lib/common/rest_client.py:437
2019-04-08 12:34:38.727 9136 INFO tempest.lib.common.rest_client [req-6425092e-02ae-455e-88ca-dc1ec0786106 ] Request (TrunkTestJSON:_run_cleanups): 404 DELETE http://172.30.9.21:9696/v2.0/trunks/88682e46-35ea-470f-adc0-dfdb76f444e0 0.016s
2019-04-08 12:34:38.727 9136 DEBUG tempest.lib.common.rest_client [req-6425092e-02ae-455e-88ca-dc1ec0786106 ] Request - Headers: {'Content-Type': 'application/json', 'Accept': 'application/json', 'X-Auth-Token': ''} Body: None Response - Headers: {'status': '404', u'content-length': '134', 'content-location': 'http://172.30.9.21:9696/v2.0/trunks/88682e46-35ea-470f-adc0-dfdb76f444e0', u'date': 'Mon, 08 Apr 2019 12:34:38 GMT', u'content-type': 'application/json', u'connection': 'close', u'x-openstack-request-id': 'req-6425092e-02ae-455e-88ca-dc1ec0786106'} Body: {"NeutronError": {"message": "Trunk 88682e46-35ea-470f-adc0-dfdb76f444e0 could not be found.", "type": "TrunkNotFound", "detail": ""}} _log_request_full /root/.rally/verification/verifier-cd2cea36-a874-4464-9914-3057a5d63bf3/repo/tempest/lib/common/rest_client.py:437
2019-04-08 12:34:38.743 9136 INFO tempest.lib.common.rest_client [req-0a5f308e-89cf-442d-8bc6-82e66027d458 ] Request (TrunkTestJSON:_run_cleanups): 404 GET http://172.30.9.21:9696/v2.0/trunks/d79f13be-2194-41d2-b4d4-591cdcb50283 0.015s
2019-04-08 12:34:38.744 9136 DEBUG tempest.lib.common.rest_client [req-0a5f308e-89cf-442d-8bc6-82e66027d458 ] Request - Headers: {'Content-Type': 'application/json', 'Accept': 'application/json', 'X-Auth-Token': ''} Body: None Response - Headers: {'status': '404', u'content-length': '134', 'content-location': 'http://172.30.9.21:9696/v2.0/trunks/d79f13be-2194-41d2-b4d4-591cdcb50283', u'date': 'Mon, 08 Apr 2019 12:34:38 GMT', u'content-type': 'application/json', u'connection': 'close', u'x-openstack-request-id': 'req-0a5f308e-89cf-442d-8bc6-82e66027d458'} Body: {"NeutronError": {"message": "Trunk d79f13be-2194-41d2-b4d4-591cdcb50283 could not be found.", "type": "TrunkNotFound", "detail": ""}} _log_request_full /root/.rally/verification/verifier-cd2cea36-a874-4464-9914-3057a5d63bf3/repo/tempest/lib/common/rest_client.py:437
2019-04-08 12:34:38.758 9136 INFO tempest.lib.common.rest_client [req-a53a07fe-f39b-4f9a-89fc-68d934523138 ] Request (TrunkTestJSON:_run_cleanups): 404 GET http://172.30.9.21:9696/v2.0/trunks/8747fd8f-ebd1-4f32-bd3a-31f08bffea33 0.013s
2019-04-08 12:34:38.758 9136 DEBUG tempest.lib.common.rest_client [req-a53a07fe-f39b-4f9a-89fc-68d934523138 ] Request - Headers: {'Content-Type': 'application/json', 'Accept': 'application/json', 'X-Auth-Token': ''} Body: None Response - Headers: {'status': '404', u'content-length': '134', 'content-location': 'http://172.30.9.21:9696/v2.0/trunks/8747fd8f-ebd1-4f32-bd3a-31f08bffea33', u'date': 'Mon, 08 Apr 2019 12:34:38 GMT', u'content-type': 'application/json', u'connection': 'close', u'x-openstack-request-id': 'req-a53a07fe-f39b-4f9a-89fc-68d934523138'} Body: {"NeutronError": {"message": "Trunk 8747fd8f-ebd1-4f32-bd3a-31f08bffea33 could not be found.", "type": "TrunkNotFound", "detail": ""}} _log_request_full /root/.rally/verification/verifier-cd2cea36-a874-4464-9914-3057a5d63bf3/repo/tempest/lib/common/rest_client.py:437
2019-04-08 12:34:38.773 9136 INFO tempest.lib.common.rest_client [req-b96a3a12-9b50-4c04-a117-ed11e3b0727f ] Request (TrunkTestJSON:_run_cleanups): 404 GET http://172.30.9.21:9696/v2.0/trunks/7e7756ae-73ef-472b-9b55-7256a240ae6e 0.014s
2019-04-08 12:34:38.773 9136 DEBUG tempest.lib.common.rest_client [req-b96a3a12-9b50-4c04-a117-ed11e3b0727f ] Request - Headers: {'Content-Type': 'application/json', 'Accept': 'application/json', 'X-Auth-Token': ''} Body: None Response - Headers: {'status': '404', u'content-length': '134', 'content-location': 'http://172.30.9.21:9696/v2.0/trunks/7e7756ae-73ef-472b-9b55-7256a240ae6e', u'date': 'Mon, 08 Apr 2019 12:34:38 GMT', u'content-type': 'application/json', u'connection': 'close', u'x-openstack-request-id': 'req-b96a3a12-9b50-4c04-a117-ed11e3b0727f'} Body: {"NeutronError": {"message": "Trunk 7e7756ae-73ef-472b-9b55-7256a240ae6e could not be found.", "type": "TrunkNotFound", "detail": ""}} _log_request_full /root/.rally/verification/verifier-cd2cea36-a874-4464-9914-3057a5d63bf3/repo/tempest/lib/common/rest_client.py:437
2019-04-08 12:34:38.788 9136 INFO tempest.lib.common.rest_client [req-204c9864-994b-4346-be52-8f4a6f05e998 ] Request (TrunkTestJSON:_run_cleanups): 404 GET http://172.30.9.21:9696/v2.0/trunks/efd034bf-bd80-4100-94c5-11f7abab80b7 0.014s
2019-04-08 12:34:38.789 9136 DEBUG tempest.lib.common.rest_client [req-204c9864-994b-4346-be52-8f4a6f05e998 ] Request - Headers: {'Content-Type': 'application/json', 'Accept': 'application/json', 'X-Auth-Token': ''} Body: None Response - Headers: {'status': '404', u'content-length': '134', 'content-location': 'http://172.30.9.21:9696/v2.0/trunks/efd034bf-bd80-4100-94c5-11f7abab80b7', u'date': 'Mon, 08 Apr 2019 12:34:38 GMT', u'content-type': 'application/json', u'connection': 'close', u'x-openstack-request-id': 'req-204c9864-994b-4346-be52-8f4a6f05e998'} Body: {"NeutronError": {"message": "Trunk efd034bf-bd80-4100-94c5-11f7abab80b7 could not be found.", "type": "TrunkNotFound", "detail": ""}} _log_request_full /root/.rally/verification/verifier-cd2cea36-a874-4464-9914-3057a5d63bf3/repo/tempest/lib/common/rest_client.py:437
2019-04-08 12:34:38.804 9136 INFO tempest.lib.common.rest_client [req-bd9c2a62-ee39-46ba-830d-5916fd8ebf6b ] Request (TrunkTestJSON:_run_cleanups): 404 GET http://172.30.9.21:9696/v2.0/trunks/f565745c-a63c-427d-8a70-2513a4f38fbd 0.014s
2019-04-08 12:34:38.804 9136 DEBUG tempest.lib.common.rest_client [req-bd9c2a62-ee39-46ba-830d-5916fd8ebf6b ] Request - Headers: {'Content-Type': 'application/json', 'Accept': 'application/json', 'X-Auth-Token': ''} Body: None Response - Headers: {'status': '404', u'content-length': '134', 'content-location': 'http://172.30.9.21:9696/v2.0/trunks/f565745c-a63c-427d-8a70-2513a4f38fbd', u'date': 'Mon, 08 Apr 2019 12:34:38 GMT', u'content-type': 'application/json', u'connection': 'close', u'x-openstack-request-id': 'req-bd9c2a62-ee39-46ba-830d-5916fd8ebf6b'} Body: {"NeutronError": {"message": "Trunk f565745c-a63c-427d-8a70-2513a4f38fbd could not be found.", "type": "TrunkNotFound", "detail": ""}} _log_request_full /root/.rally/verification/verifier-cd2cea36-a874-4464-9914-3057a5d63bf3/repo/tempest/lib/common/rest_client.py:437
2019-04-08 12:34:38.805 9132 INFO tempest.lib.common.rest_client [req-0d8f6443-c46b-47b1-ae1a-253abff6fb73 ] Request (TrunkTestJSON:_run_cleanups): 204 DELETE http://172.30.9.21:9696/v2.0/trunks/320f00b1-791d-4544-9b57-2c1a50f5ca30 0.132s
2019-04-08 12:34:38.805 9132 DEBUG tempest.lib.common.rest_client [req-0d8f6443-c46b-47b1-ae1a-253abff6fb73 ] Request - Headers: {'Content-Type': 'application/json', 'Accept': 'application/json', 'X-Auth-Token': ''} Body: None Response - Headers: {'status': '204', u'content-length': '0', 'content-location': 'http://172.30.9.21:9696/v2.0/trunks/320f00b1-791d-4544-9b57-2c1a50f5ca30', u'date': 'Mon, 08 Apr 2019 12:34:38 GMT', u'connection': 'close', u'x-openstack-request-id': 'req-0d8f6443-c46b-47b1-ae1a-253abff6fb73'} Body: _log_request_full /root/.rally/verification/verifier-cd2cea36-a874-4464-9914-3057a5d63bf3/repo/tempest/lib/common/rest_client.py:437
2019-04-08 12:34:38.820 9136 INFO tempest.lib.common.rest_client [req-c4c4dd58-3cd9-47db-8dda-bc8c4e38bb60 ] Request (TrunkTestJSON:_run_cleanups): 404 GET http://172.30.9.21:9696/v2.0/trunks/37b1d749-e60c-4941-a0fa-6866c614667d 0.015s
