2019-04-07 08:05:14.151 9144 DEBUG tempest.lib.common.rest_client [req-aa940dc0-7787-4c56-a90e-dfef75c1e849 ] Request - Headers: {'Content-Type': 'application/json', 'Accept': 'application/json', 'X-Auth-Token': ''} Body: None Response - Headers: {'status': '404', u'content-length': '134', 'content-location': 'http://172.30.9.39:9696/v2.0/trunks/16ee150e-fc9e-441e-95ca-08a140b15eed', u'date': 'Sun, 07 Apr 2019 08:05:14 GMT', u'content-type': 'application/json', u'connection': 'close', u'x-openstack-request-id': 'req-aa940dc0-7787-4c56-a90e-dfef75c1e849'} Body: {"NeutronError": {"message": "Trunk 16ee150e-fc9e-441e-95ca-08a140b15eed could not be found.", "type": "TrunkNotFound", "detail": ""}} _log_request_full /root/.rally/verification/verifier-39a41282-9178-44cc-b04b-28f702a30296/repo/tempest/lib/common/rest_client.py:437
2019-04-07 08:05:14.192 9144 INFO tempest.lib.common.rest_client [req-177ff139-0079-4d98-b574-3c3cc136046a ] Request (TrunkTestJSON:_run_cleanups): 404 DELETE http://172.30.9.39:9696/v2.0/ports/9ce8c585-3b13-4b17-9381-a4d388dd2321 0.040s
2019-04-07 08:05:14.193 9144 DEBUG tempest.lib.common.rest_client [req-177ff139-0079-4d98-b574-3c3cc136046a ] Request - Headers: {'Content-Type': 'application/json', 'Accept': 'application/json', 'X-Auth-Token': ''} Body: None Response - Headers: {'status': '404', u'content-length': '132', 'content-location': 'http://172.30.9.39:9696/v2.0/ports/9ce8c585-3b13-4b17-9381-a4d388dd2321', u'date': 'Sun, 07 Apr 2019 08:05:14 GMT', u'content-type': 'application/json', u'connection': 'close', u'x-openstack-request-id': 'req-177ff139-0079-4d98-b574-3c3cc136046a'} Body: {"NeutronError": {"message": "Port 9ce8c585-3b13-4b17-9381-a4d388dd2321 could not be found.", "type": "PortNotFound", "detail": ""}} _log_request_full /root/.rally/verification/verifier-39a41282-9178-44cc-b04b-28f702a30296/repo/tempest/lib/common/rest_client.py:437
2019-04-07 08:05:14.244 9144 INFO tempest.lib.common.rest_client [req-ba8afed9-fc01-4b3d-b807-1ac986e91048 ] Request (TrunkTestJSON:_run_cleanups): 404 DELETE http://172.30.9.39:9696/v2.0/ports/ffe6403c-ad1c-4ab4-925e-79c5ee858a00 0.051s
2019-04-07 08:05:14.245 9144 DEBUG tempest.lib.common.rest_client [req-ba8afed9-fc01-4b3d-b807-1ac986e91048 ] Request - Headers: {'Content-Type': 'application/json', 'Accept': 'application/json', 'X-Auth-Token': ''} Body: None Response - Headers: {'status': '404', u'content-length': '132', 'content-location': 'http://172.30.9.39:9696/v2.0/ports/ffe6403c-ad1c-4ab4-925e-79c5ee858a00', u'date': 'Sun, 07 Apr 2019 08:05:14 GMT', u'content-type': 'application/json', u'connection': 'close', u'x-openstack-request-id': 'req-ba8afed9-fc01-4b3d-b807-1ac986e91048'} Body: {"NeutronError": {"message": "Port ffe6403c-ad1c-4ab4-925e-79c5ee858a00 could not be found.", "type": "PortNotFound", "detail": ""}} _log_request_full /root/.rally/verification/verifier-39a41282-9178-44cc-b04b-28f702a30296/repo/tempest/lib/common/rest_client.py:437
2019-04-07 08:05:14.275 9144 INFO tempest.lib.common.rest_client [req-e9b57a8e-9cdb-477e-8220-4bee6194b501 ] Request (TrunkTestJSON:_run_cleanups): 404 DELETE http://172.30.9.39:9696/v2.0/ports/0b8bda66-b814-4bba-9e95-5fc65eb1dc70 0.029s
2019-04-07 08:05:14.276 9144 DEBUG tempest.lib.common.rest_client [req-e9b57a8e-9cdb-477e-8220-4bee6194b501 ] Request - Headers: {'Content-Type': 'application/json', 'Accept': 'application/json', 'X-Auth-Token': ''} Body: None Response - Headers: {'status': '404', u'content-length': '132', 'content-location': 'http://172.30.9.39:9696/v2.0/ports/0b8bda66-b814-4bba-9e95-5fc65eb1dc70', u'date': 'Sun, 07 Apr 2019 08:05:14 GMT', u'content-type': 'application/json', u'connection': 'close', u'x-openstack-request-id': 'req-e9b57a8e-9cdb-477e-8220-4bee6194b501'} Body: {"NeutronError": {"message": "Port 0b8bda66-b814-4bba-9e95-5fc65eb1dc70 could not be found.", "type": "PortNotFound", "detail": ""}} _log_request_full /root/.rally/verification/verifier-39a41282-9178-44cc-b04b-28f702a30296/repo/tempest/lib/common/rest_client.py:437
2019-04-07 08:05:14.306 9144 INFO tempest.lib.common.rest_client [req-c12da0ef-9508-455c-92da-6c369fb8d1a8 ] Request (TrunkTestJSON:_run_cleanups): 404 DELETE http://172.30.9.39:9696/v2.0/ports/f21f5653-1b7c-4cd5-8b75-57c808c477f7 0.029s
2019-04-07 08:05:14.306 9144 DEBUG tempest.lib.common.rest_client [req-c12da0ef-9508-455c-92da-6c369fb8d1a8 ] Request - Headers: {'Content-Type': 'application/json', 'Accept': 'application/json', 'X-Auth-Token': ''} Body: None Response - Headers: {'status': '404', u'content-length': '132', 'content-location': 'http://172.30.9.39:9696/v2.0/ports/f21f5653-1b7c-4cd5-8b75-57c808c477f7', u'date': 'Sun, 07 Apr 2019 08:05:14 GMT', u'content-type': 'application/json', u'connection': 'close', u'x-openstack-request-id': 'req-c12da0ef-9508-455c-92da-6c369fb8d1a8'} Body: {"NeutronError": {"message": "Port f21f5653-1b7c-4cd5-8b75-57c808c477f7 could not be found.", "type": "PortNotFound", "detail": ""}} _log_request_full /root/.rally/verification/verifier-39a41282-9178-44cc-b04b-28f702a30296/repo/tempest/lib/common/rest_client.py:437
2019-04-07 08:05:14.345 9144 INFO tempest.lib.common.rest_client [req-ff19b458-0093-4fba-b007-4e3be62133f6 ] Request (TrunkTestJSON:_run_cleanups): 404 DELETE http://172.30.9.39:9696/v2.0/ports/e9f282e0-c980-473b-a06a-afcc03b8f04f 0.038s
2019-04-07 08:05:14.346 9144 DEBUG tempest.lib.common.rest_client [req-ff19b458-0093-4fba-b007-4e3be62133f6 ] Request - Headers: {'Content-Type': 'application/json', 'Accept': 'application/json', 'X-Auth-Token': ''} Body: None Response - Headers: {'status': '404', u'content-length': '132', 'content-location': 'http://172.30.9.39:9696/v2.0/ports/e9f282e0-c980-473b-a06a-afcc03b8f04f', u'date': 'Sun, 07 Apr 2019 08:05:14 GMT', u'content-type': 'application/json', u'connection': 'close', u'x-openstack-request-id': 'req-ff19b458-0093-4fba-b007-4e3be62133f6'} Body: {"NeutronError": {"message": "Port e9f282e0-c980-473b-a06a-afcc03b8f04f could not be found.", "type": "PortNotFound", "detail": ""}} _log_request_full /root/.rally/verification/verifier-39a41282-9178-44cc-b04b-28f702a30296/repo/tempest/lib/common/rest_client.py:437
2019-04-07 08:05:14.378 9144 INFO tempest.lib.common.rest_client [req-b0a6a9d6-d5e2-48ca-ba3c-f8360509a70e ] Request (TrunkTestJSON:_run_cleanups): 404 DELETE http://172.30.9.39:9696/v2.0/ports/e6007da5-26c4-4c47-b2a0-80b407964430 0.032s
2019-04-07 08:05:14.379 9144 DEBUG tempest.lib.common.rest_client [req-b0a6a9d6-d5e2-48ca-ba3c-f8360509a70e ] Request - Headers: {'Content-Type': 'application/json', 'Accept': 'application/json', 'X-Auth-Token': ''} Body: None Response - Headers: {'status': '404', u'content-length': '132', 'content-location': 'http://172.30.9.39:9696/v2.0/ports/e6007da5-26c4-4c47-b2a0-80b407964430', u'date': 'Sun, 07 Apr 2019 08:05:14 GMT', u'content-type': 'application/json', u'connection': 'close', u'x-openstack-request-id': 'req-b0a6a9d6-d5e2-48ca-ba3c-f8360509a70e'} Body: {"NeutronError": {"message": "Port e6007da5-26c4-4c47-b2a0-80b407964430 could not be found.", "type": "PortNotFound", "detail": ""}} _log_request_full /root/.rally/verification/verifier-39a41282-9178-44cc-b04b-28f702a30296/repo/tempest/lib/common/rest_client.py:437
2019-04-07 08:05:14.408 9144 INFO tempest.lib.common.rest_client [req-8cb82108-dfc1-481b-a575-f4f6e0009f28 ] Request (TrunkTestJSON:_run_cleanups): 404 DELETE http://172.30.9.39:9696/v2.0/ports/6b933eb5-c834-45e4-a9c3-6bdf75ef3f0d 0.029s
2019-04-07 08:05:14.409 9144 DEBUG tempest.lib.common.rest_client [req-8cb82108-dfc1-481b-a575-f4f6e0009f28 ] Request - Headers: {'Content-Type': 'application/json', 'Accept': 'application/json', 'X-Auth-Token': ''} Body: None Response - Headers: {'status': '404', u'content-length': '132', 'content-location': 'http://172.30.9.39:9696/v2.0/ports/6b933eb5-c834-45e4-a9c3-6bdf75ef3f0d', u'date': 'Sun, 07 Apr 2019 08:05:14 GMT', u'content-type': 'application/json', u'connection': 'close', u'x-openstack-request-id': 'req-8cb82108-dfc1-481b-a575-f4f6e0009f28'} Body: {"NeutronError": {"message": "Port 6b933eb5-c834-45e4-a9c3-6bdf75ef3f0d could not be found.", "type": "PortNotFound", "detail": ""}} _log_request_full /root/.rally/verification/verifier-39a41282-9178-44cc-b04b-28f702a30296/repo/tempest/lib/common/rest_client.py:437
2019-04-07 08:05:14.443 9144 INFO tempest.lib.common.rest_client [req-c2d07f41-9cfd-4714-98e2-ba6f5f4a0512 ] Request (TrunkTestJSON:_run_cleanups): 404 DELETE http://172.30.9.39:9696/v2.0/ports/3a81022e-10b2-4f9a-8c25-f67ecd900da4 0.033s
2019-04-07 08:05:14.444 9144 DEBUG tempest.lib.common.rest_client [req-c2d07f41-9cfd-4714-98e2-ba6f5f4a0512 ] Request - Headers: {'Content-Type': 'application/json', 'Accept': 'application/json', 'X-Auth-Token': ''} Body: None Response - Headers: {'status': '404', u'content-length': '132', 'content-location': 'http://172.30.9.39:9696/v2.0/ports/3a81022e-10b2-4f9a-8c25-f67ecd900da4', u'date': 'Sun, 07 Apr 2019 08:05:14 GMT', u'content-type': 'application/json', u'connection': 'close', u'x-openstack-request-id': 'req-c2d07f41-9cfd-4714-98e2-ba6f5f4a0512'} Body: {"NeutronError": {"message": "Port 3a81022e-10b2-4f9a-8c25-f67ecd900da4 could not be found.", "type": "PortNotFound", "detail": ""}} _log_request_full /root/.rally/verification/verifier-39a41282-9178-44cc-b04b-28f702a30296/repo/tempest/lib/common/rest_client.py:437
2019-04-07 08:05:14.474 9144 INFO tempest.lib.common.rest_client [req-df31f3a3-cd82-4aab-9363-5c90ea49b3f5 ] Request (TrunkTestJSON:_run_cleanups): 404 DELETE http://172.30.9.39:9696/v2.0/ports/d2b5791c-a856-4a89-913b-d5c39014166d 0.029s
2019-04-07 08:05:14.474 9144 DEBUG tempest.lib.common.rest_client [req-df31f3a3-cd82-4aab-9363-5c90ea49b3f5 ] Request - Headers: {'Content-Type': 'application/json', 'Accept': 'application/json', 'X-Auth-Token': ''} Body: None Response - Headers: {'status': '404', u'content-length': '132', 'content-location': 'http://172.30.9.39:9696/v2.0/ports/d2b5791c-a856-4a89-913b-d5c39014166d', u'date': 'Sun, 07 Apr 2019 08:05:14 GMT', u'content-type': 'application/json', u'connection': 'close', u'x-openstack-request-id': 'req-df31f3a3-cd82-4aab-9363-5c90ea49b3f5'} Body: {"NeutronError": {"message": "Port d2b5791c-a856-4a89-913b-d5c39014166d could not be found.", "type": "PortNotFound", "detail": ""}} _log_request_full /root/.rally/verification/verifier-39a41282-9178-44cc-b04b-28f702a30296/repo/tempest/lib/common/rest_client.py:437
2019-04-07 08:05:14.505 9144 INFO tempest.lib.common.rest_client [req-faa30754-190c-4584-ab12-d54d8b2e78ba ] Request (TrunkTestJSON:_run_cleanups): 404 DELETE http://172.30.9.39:9696/v2.0/ports/8bdf5fa2-a4f8-4c05-b994-612f2abdf705 0.029s
2019-04-07 08:05:14.505 9144 DEBUG tempest.lib.common.rest_client [req-faa30754-190c-4584-ab12-d54d8b2e78ba ] Request - Headers: {'Content-Type': 'application/json', 'Accept': 'application/json', 'X-Auth-Token': ''} Body: None Response - Headers: {'status': '404', u'content-length': '132', 'content-location': 'http://172.30.9.39:9696/v2.0/ports/8bdf5fa2-a4f8-4c05-b994-612f2abdf705', u'date': 'Sun, 07 Apr 2019 08:05:14 GMT', u'content-type': 'application/json', u'connection': 'close', u'x-openstack-request-id': 'req-faa30754-190c-4584-ab12-d54d8b2e78ba'} Body: {"NeutronError": {"message": "Port 8bdf5fa2-a4f8-4c05-b994-612f2abdf705 could not be found.", "type": "PortNotFound", "detail": ""}} _log_request_full /root/.rally/verification/verifier-39a41282-9178-44cc-b04b-28f702a30296/repo/tempest/lib/common/rest_client.py:437
2019-04-07 08:05:14.538 9144 INFO tempest.lib.common.rest_client [req-c92c9a9d-dabb-4999-91c9-93173ad2534e ] Request (TrunkTestJSON:_run_cleanups): 404 DELETE http://172.30.9.39:9696/v2.0/ports/4aa05ff9-7060-45bf-947c-0a96ca87c804 0.032s
2019-04-07 08:05:14.538 9144 DEBUG tempest.lib.common.rest_client [req-c92c9a9d-dabb-4999-91c9-93173ad2534e ] Request - Headers: {'Content-Type': 'application/json', 'Accept': 'application/json', 'X-Auth-Token': ''} Body: None Response - Headers: {'status': '404', u'content-length': '132', 'content-location': 'http://172.30.9.39:9696/v2.0/ports/4aa05ff9-7060-45bf-947c-0a96ca87c804', u'date': 'Sun, 07 Apr 2019 08:05:14 GMT', u'content-type': 'application/json', u'connection': 'close', u'x-openstack-request-id': 'req-c92c9a9d-dabb-4999-91c9-93173ad2534e'} Body: {"NeutronError": {"message": "Port 4aa05ff9-7060-45bf-947c-0a96ca87c804 could not be found.", "type": "PortNotFound", "detail": ""}} _log_request_full /root/.rally/verification/verifier-39a41282-9178-44cc-b04b-28f702a30296/repo/tempest/lib/common/rest_client.py:437
2019-04-07 08:05:14.576 9144 INFO tempest.lib.common.rest_client [req-033aee9f-dd92-4a42-8952-5ee9f88e2d11 ] Request (TrunkTestJSON:_run_cleanups): 404 DELETE http://172.30.9.39:9696/v2.0/ports/00cf5e60-63ac-49ab-bc2d-063daa148fa4 0.037s
2019-04-07 08:05:14.577 9144 DEBUG tempest.lib.common.rest_client [req-033aee9f-dd92-4a42-8952-5ee9f88e2d11 ] Request - Headers: {'Content-Type': 'application/json', 'Accept': 'application/json', 'X-Auth-Token': ''} Body: None Response - Headers: {'status': '404', u'content-length': '132', 'content-location': 'http://172.30.9.39:9696/v2.0/ports/00cf5e60-63ac-49ab-bc2d-063daa148fa4', u'date': 'Sun, 07 Apr 2019 08:05:14 GMT', u'content-type': 'application/json', u'connection': 'close', u'x-openstack-request-id': 'req-033aee9f-dd92-4a42-8952-5ee9f88e2d11'} Body: {"NeutronError": {"message": "Port 00cf5e60-63ac-49ab-bc2d-063daa148fa4 could not be found.", "type": "PortNotFound", "detail": ""}} _log_request_full /root/.rally/verification/verifier-39a41282-9178-44cc-b04b-28f702a30296/repo/tempest/lib/common/rest_client.py:437
2019-04-07 08:05:14.607 9144 INFO tempest.lib.common.rest_client [req-dcb7b6c5-b64b-4a8f-8d16-5cd571b074d9 ] Request (TrunkTestJSON:_run_cleanups): 404 DELETE http://172.30.9.39:9696/v2.0/ports/ee4390c3-abba-469a-b5c3-30166418592d 0.030s
2019-04-07 08:05:14.608 9144 DEBUG tempest.lib.common.rest_client [req-dcb7b6c5-b64b-4a8f-8d16-5cd571b074d9 ] Request - Headers: {'Content-Type': 'application/json', 'Accept': 'application/json', 'X-Auth-Token': ''} Body: None Response - Headers: {'status': '404', u'content-length': '132', 'content-location': 'http://172.30.9.39:9696/v2.0/ports/ee4390c3-abba-469a-b5c3-30166418592d', u'date': 'Sun, 07 Apr 2019 08:05:14 GMT', u'content-type': 'application/json', u'connection': 'close', u'x-openstack-request-id': 'req-dcb7b6c5-b64b-4a8f-8d16-5cd571b074d9'} Body: {"NeutronError": {"message": "Port ee4390c3-abba-469a-b5c3-30166418592d could not be found.", "type": "PortNotFound", "detail": ""}} _log_request_full /root/.rally/verification/verifier-39a41282-9178-44cc-b04b-28f702a30296/repo/tempest/lib/common/rest_client.py:437
2019-04-07 08:05:14.729 9141 INFO tempest.lib.common.rest_client [req-7c7e5a78-93ac-43e2-9b2f-935858d18e11 ] Request (TrunkTest:test_trunk_subport_lifecycle): 200 GET http://172.30.9.39:9696/v2.0/trunks/bd76fb64-8935-46a2-a377-ef5071ed0f95 0.019s
2019-04-07 08:05:14.730 9141 DEBUG tempest.lib.common.rest_client [req-7c7e5a78-93ac-43e2-9b2f-935858d18e11 ] Request - Headers: {'Content-Type': 'application/json', 'Accept': 'application/json', 'X-Auth-Token': ''} Body: None Response - Headers: {'status': '200', u'content-length': '822', 'content-location': 'http://172.30.9.39:9696/v2.0/trunks/bd76fb64-8935-46a2-a377-ef5071ed0f95', u'date': 'Sun, 07 Apr 2019 08:05:14 GMT', u'content-type': 'application/json', u'connection': 'close', u'x-openstack-request-id': 'req-7c7e5a78-93ac-43e2-9b2f-935858d18e11'} Body: {"trunk": {"status": "BUILD", "sub_ports": [{"segmentation_type": "vlan", "port_id": "ccbd3805-610d-472e-bda5-b7ad883a4199", "segmentation_id": 3}, {"segmentation_type": "vlan", "port_id": "41157ee7-38e4-4d0e-940f-d813c9dd396e", "segmentation_id": 4}, {"segmentation_type": "vlan", "port_id": "4be524bf-f741-4142-b5d0-f66d0c5980ec", "segmentation_id": 5}, {"segmentation_type": "vlan", "port_id": "08573edf-f299-471e-b043-cc5bb7d7435c", "segmentation_id": 6}], "name": "", "admin_state_up": true, "tenant_id": "684cf125975b415c9ffe3885e9ab44d6", "created_at": "2019-04-07T08:04:35Z", "tags": [], "updated_at": "2019-04-07T08:05:12Z", "revision_number": 3, "project_id": "684cf125975b415c9ffe3885e9ab44d6", "port_id": "76a96bd8-f48f-4d17-a9d4-b46f78a67dc2", "id": "bd76fb64-8935-46a2-a377-ef5071ed0f95", "description": ""}} _log_request_full /root/.rally/verification/verifier-39a41282-9178-44cc-b04b-28f702a30296/repo/tempest/lib/common/rest_client.py:437
2019-04-07 08:05:14.849 9140 INFO tempest.lib.common.rest_client [req-83b9a6fb-8094-4f3b-995e-92dd0628dc4f ] Request (TrunkTestJSON:test_remove_subport): 201 POST http://172.30.9.39:9696/v2.0/trunks 0.731s
2019-04-07 08:05:14.850 9140 DEBUG tempest.lib.common.rest_client [req-83b9a6fb-8094-4f3b-995e-92dd0628dc4f ] Request - Headers: {'Content-Type': 'application/json', 'Accept': 'application/json', 'X-Auth-Token': ''} Body: {"trunk": {"sub_ports": [{"segmentation_type": "vlan", "port_id": "8d489cb1-1be0-469f-9141-c8595a56f84f", "segmentation_id": 2}, {"segmentation_type": "vlan", "port_id": "02901ca1-799a-4b0f-b4a0-d32af027f9d8", "segmentation_id": 4}], "port_id": "8d6ec72d-5fdb-487e-8b7d-9db20065918e"}} Response - Headers: {'status': '201', u'content-length': '613', 'content-location': 'http://172.30.9.39:9696/v2.0/trunks', u'date': 'Sun, 07 Apr 2019 08:05:14 GMT', u'content-type': 'application/json', u'connection': 'close', u'x-openstack-request-id': 'req-83b9a6fb-8094-4f3b-995e-92dd0628dc4f'} Body: {"trunk": {"status": "DOWN", "sub_ports": [{"segmentation_type": "vlan", "port_id": "8d489cb1-1be0-469f-9141-c8595a56f84f", "segmentation_id": 2}, {"segmentation_type": "vlan", "port_id": "02901ca1-799a-4b0f-b4a0-d32af027f9d8", "segmentation_id": 4}], "name": "", "admin_state_up": true, "tenant_id": "cdc667f3ca304ceeba242594be8293c2", "created_at": "2019-04-07T08:05:14Z", "tags": [], "updated_at": "2019-04-07T08:05:14Z", "revision_number": 0, "project_id": "cdc667f3ca304ceeba242594be8293c2", "port_id": "8d6ec72d-5fdb-487e-8b7d-9db20065918e", "id": "ea633e28-c903-438e-a9ae-e6c5f74eaf42", "description": ""}} _log_request_full /root/.rally/verification/verifier-39a41282-9178-44cc-b04b-28f702a30296/repo/tempest/lib/common/rest_client.py:437
2019-04-07 08:05:14.929 9140 INFO tempest.lib.common.rest_client [req-6cbac394-5568-4530-bef4-d0f1d4495d4b ] Request (TrunkTestJSON:test_remove_subport): 200 PUT http://172.30.9.39:9696/v2.0/trunks/ea633e28-c903-438e-a9ae-e6c5f74eaf42/remove_subports 0.078s
2019-04-07 08:05:14.930 9140 DEBUG tempest.lib.common.rest_client [req-6cbac394-5568-4530-bef4-d0f1d4495d4b ] Request - Headers: {'Content-Type': 'application/json', 'Accept': 'application/json', 'X-Auth-Token': ''} Body: {"sub_ports": [{"port_id": "8d489cb1-1be0-469f-9141-c8595a56f84f", "segmentation_type": "vlan", "segmentation_id": 2}]} Response - Headers: {'status': '200', u'content-length': '498', 'content-location': 'http://172.30.9.39:9696/v2.0/trunks/ea633e28-c903-438e-a9ae-e6c5f74eaf42/remove_subports', u'date': 'Sun, 07 Apr 2019 08:05:14 GMT', u'content-type': 'application/json', u'connection': 'close', u'x-openstack-request-id': 'req-6cbac394-5568-4530-bef4-d0f1d4495d4b'} Body: {"status": "DOWN", "sub_ports": [{"segmentation_type": "vlan", "port_id": "02901ca1-799a-4b0f-b4a0-d32af027f9d8", "segmentation_id": 4}], "name": "", "admin_state_up": true, "tenant_id": "cdc667f3ca304ceeba242594be8293c2", "created_at": "2019-04-07T08:05:14Z", "tags": [], "updated_at": "2019-04-07T08:05:14Z", "revision_number": 1, "project_id": "cdc667f3ca304ceeba242594be8293c2", "port_id": "8d6ec72d-5fdb-487e-8b7d-9db20065918e", "id": "ea633e28-c903-438e-a9ae-e6c5f74eaf42", "description": ""} _log_request_full /root/.rally/verification/verifier-39a41282-9178-44cc-b04b-28f702a30296/repo/tempest/lib/common/rest_client.py:437
2019-04-07 08:05:14.950 9140 INFO tempest.lib.common.rest_client [req-a3f35588-95c1-4228-a4a5-501e9762b95a ] Request (TrunkTestJSON:test_remove_subport): 200 GET http://172.30.9.39:9696/v2.0/trunks/ea633e28-c903-438e-a9ae-e6c5f74eaf42 0.020s
2019-04-07 08:05:14.951 9140 DEBUG tempest.lib.common.rest_client [req-a3f35588-95c1-4228-a4a5-501e9762b95a ] Request - Headers: {'Content-Type': 'application/json', 'Accept': 'application/json', 'X-Auth-Token': ''} Body: None Response - Headers: {'status': '200', u'content-length': '509', 'content-location': 'http://172.30.9.39:9696/v2.0/trunks/ea633e28-c903-438e-a9ae-e6c5f74eaf42', u'date': 'Sun, 07 Apr 2019 08:05:14 GMT', u'content-type': 'application/json', u'connection': 'close', u'x-openstack-request-id': 'req-a3f35588-95c1-4228-a4a5-501e9762b95a'} Body: {"trunk": {"status": "DOWN", "sub_ports": [{"segmentation_type": "vlan", "port_id": "02901ca1-799a-4b0f-b4a0-d32af027f9d8", "segmentation_id": 4}], "name": "", "admin_state_up": true, "tenant_id": "cdc667f3ca304ceeba242594be8293c2", "created_at": "2019-04-07T08:05:14Z", "tags": [], "updated_at": "2019-04-07T08:05:14Z", "revision_number": 1, "project_id": "cdc667f3ca304ceeba242594be8293c2", "port_id": "8d6ec72d-5fdb-487e-8b7d-9db20065918e", "id": "ea633e28-c903-438e-a9ae-e6c5f74eaf42", "description": ""}} _log_request_full /root/.rally/verification/verifier-39a41282-9178-44cc-b04b-28f702a30296/repo/tempest/lib/common/rest_client.py:437
2019-04-07 08:05:14.966 9140 INFO tempest.lib.common.rest_client [req-5c204027-5cac-49a4-affe-4f523d0b4929 ] Request (TrunkTestJSON:_run_cleanups): 404 GET http://172.30.9.39:9696/v2.0/trunks/1cf6e981-095f-4951-a339-16edd597b2c2/get_subports 0.013s
2019-04-07 08:05:14.966 9140 DEBUG tempest.lib.common.rest_client [req-5c204027-5cac-49a4-affe-4f523d0b4929 ] Request - Headers: {'Content-Type': 'application/json', 'Accept': 'application/json', 'X-Auth-Token': ''} Body: None Response - Headers: {'status': '404', u'content-length': '134', 'content-location': 'http://172.30.9.39:9696/v2.0/trunks/1cf6e981-095f-4951-a339-16edd597b2c2/get_subports', u'date': 'Sun, 07 Apr 2019 08:05:14 GMT', u'content-type': 'application/json', u'connection': 'close', u'x-openstack-request-id': 'req-5c204027-5cac-49a4-affe-4f523d0b4929'} Body: {"NeutronError": {"message": "Trunk 1cf6e981-095f-4951-a339-16edd597b2c2 could not be found.", "type": "TrunkNotFound", "detail": ""}} _log_request_full /root/.rally/verification/verifier-39a41282-9178-44cc-b04b-28f702a30296/repo/tempest/lib/common/rest_client.py:437
2019-04-07 08:05:14.981 9140 INFO tempest.lib.common.rest_client [req-282681fe-71fa-4b4c-8c64-4aca8ab578d6 ] Request (TrunkTestJSON:_run_cleanups): 404 DELETE http://172.30.9.39:9696/v2.0/trunks/1cf6e981-095f-4951-a339-16edd597b2c2 0.014s
2019-04-07 08:05:14.982 9140 DEBUG tempest.lib.common.rest_client [req-282681fe-71fa-4b4c-8c64-4aca8ab578d6 ] Request - Headers: {'Content-Type': 'application/json', 'Accept': 'application/json', 'X-Auth-Token': ''} Body: None Response - Headers: {'status': '404', u'content-length': '134', 'content-location': 'http://172.30.9.39:9696/v2.0/trunks/1cf6e981-095f-4951-a339-16edd597b2c2', u'date': 'Sun, 07 Apr 2019 08:05:14 GMT', u'content-type': 'application/json', u'connection': 'close', u'x-openstack-request-id': 'req-282681fe-71fa-4b4c-8c64-4aca8ab578d6'} Body: {"NeutronError": {"message": "Trunk 1cf6e981-095f-4951-a339-16edd597b2c2 could not be found.", "type": "TrunkNotFound", "detail": ""}} _log_request_full /root/.rally/verification/verifier-39a41282-9178-44cc-b04b-28f702a30296/repo/tempest/lib/common/rest_client.py:437
2019-04-07 08:05:15.002 9140 INFO tempest.lib.common.rest_client [req-d04b33a6-2ea9-4bc1-9489-786183d0cad5 ] Request (TrunkTestJSON:_run_cleanups): 404 GET http://172.30.9.39:9696/v2.0/trunks/c2a846a7-0f32-4446-912c-89c7bcc0071a/get_subports 0.020s
2019-04-07 08:05:15.003 9140 DEBUG tempest.lib.common.rest_client [req-d04b33a6-2ea9-4bc1-9489-786183d0cad5 ] Request - Headers: {'Content-Type': 'application/json', 'Accept': 'application/json', 'X-Auth-Token': ''} Body: None Response - Headers: {'status': '404', u'content-length': '134', 'content-location': 'http://172.30.9.39:9696/v2.0/trunks/c2a846a7-0f32-4446-912c-89c7bcc0071a/get_subports', u'date': 'Sun, 07 Apr 2019 08:05:15 GMT', u'content-type': 'application/json', u'connection': 'close', u'x-openstack-request-id': 'req-d04b33a6-2ea9-4bc1-9489-786183d0cad5'} Body: {"NeutronError": {"message": "Trunk c2a846a7-0f32-4446-912c-89c7bcc0071a could not be found.", "type": "TrunkNotFound", "detail": ""}} _log_request_full /root/.rally/verification/verifier-39a41282-9178-44cc-b04b-28f702a30296/repo/tempest/lib/common/rest_client.py:437
2019-04-07 08:05:15.007 9144 INFO tempest.lib.common.rest_client [req-f49fdd37-5460-49ab-afcd-ef7e1fbc29c7 ] Request (TrunkTestJSON:_run_cleanups): 204 DELETE http://172.30.9.39:9696/v2.0/ports/9cfe52b8-e558-4764-85b0-7a719145bfe2 0.398s
2019-04-07 08:05:15.007 9144 DEBUG tempest.lib.common.rest_client [req-f49fdd37-5460-49ab-afcd-ef7e1fbc29c7 ] Request - Headers: {'Content-Type': 'application/json', 'Accept': 'application/json', 'X-Auth-Token': ''} Body: None Response - Headers: {'status': '204', u'content-length': '0', 'content-location': 'http://172.30.9.39:9696/v2.0/ports/9cfe52b8-e558-4764-85b0-7a719145bfe2', u'date': 'Sun, 07 Apr 2019 08:05:15 GMT', u'connection': 'close', u'x-openstack-request-id': 'req-f49fdd37-5460-49ab-afcd-ef7e1fbc29c7'} Body: _log_request_full /root/.rally/verification/verifier-39a41282-9178-44cc-b04b-28f702a30296/repo/tempest/lib/common/rest_client.py:437
2019-04-07 08:05:15.019 9140 INFO tempest.lib.common.rest_client [req-a7505f5d-d151-4d4c-be50-d9b36f8bb40b ] Request (TrunkTestJSON:_run_cleanups): 404 DELETE http://172.30.9.39:9696/v2.0/trunks/c2a846a7-0f32-4446-912c-89c7bcc0071a 0.015s
2019-04-07 08:05:15.019 9140 DEBUG tempest.lib.common.rest_client [req-a7505f5d-d151-4d4c-be50-d9b36f8bb40b ] Request - Headers: {'Content-Type': 'application/json', 'Accept': 'application/json', 'X-Auth-Token': ''} Body: None Response - Headers: {'status': '404', u'content-length': '134', 'content-location': 'http://172.30.9.39:9696/v2.0/trunks/c2a846a7-0f32-4446-912c-89c7bcc0071a', u'date': 'Sun, 07 Apr 2019 08:05:15 GMT', u'content-type': 'application/json', u'connection': 'close', u'x-openstack-request-id': 'req-a7505f5d-d151-4d4c-be50-d9b36f8bb40b'} Body: {"NeutronError": {"message": "Trunk c2a846a7-0f32-4446-912c-89c7bcc0071a could not be found.", "type": "TrunkNotFound", "detail": ""}} _log_request_full /root/.rally/verification/verifier-39a41282-9178-44cc-b04b-28f702a30296/repo/tempest/lib/common/rest_client.py:437
2019-04-07 08:05:15.030 9144 INFO tempest.lib.common.rest_client [req-d17c1fcc-f5c9-482a-8b66-19bdb5c6a88a ] Request (TrunkTestJSON:_run_cleanups): 404 DELETE http://172.30.9.39:9696/v2.0/networks/5a87a9fa-103d-4ca9-bb5f-61251955a03b 0.022s
2019-04-07 08:05:15.030 9144 DEBUG tempest.lib.common.rest_client [req-d17c1fcc-f5c9-482a-8b66-19bdb5c6a88a ] Request - Headers: {'Content-Type': 'application/json', 'Accept': 'application/json', 'X-Auth-Token': ''} Body: None Response - Headers: {'status': '404', u'content-length': '138', 'content-location': 'http://172.30.9.39:9696/v2.0/networks/5a87a9fa-103d-4ca9-bb5f-61251955a03b', u'date': 'Sun, 07 Apr 2019 08:05:15 GMT', u'content-type': 'application/json', u'connection': 'close', u'x-openstack-request-id': 'req-d17c1fcc-f5c9-482a-8b66-19bdb5c6a88a'} Body: {"NeutronError": {"message": "Network 5a87a9fa-103d-4ca9-bb5f-61251955a03b could not be found.", "type": "NetworkNotFound", "detail": ""}} _log_request_full /root/.rally/verification/verifier-39a41282-9178-44cc-b04b-28f702a30296/repo/tempest/lib/common/rest_client.py:437
2019-04-07 08:05:15.033 9140 INFO tempest.lib.common.rest_client [req-f8399ac4-1028-482c-a4b8-37ae479bb19d ] Request (TrunkTestJSON:_run_cleanups): 404 GET http://172.30.9.39:9696/v2.0/trunks/d6cbdd40-d0ad-414f-8a02-c5c4c242a177/get_subports 0.013s
2019-04-07 08:05:15.033 9140 DEBUG tempest.lib.common.rest_client [req-f8399ac4-1028-482c-a4b8-37ae479bb19d ] Request - Headers: {'Content-Type': 'application/json', 'Accept': 'application/json', 'X-Auth-Token': ''} Body: None Response - Headers: {'status': '404', u'content-length': '134', 'content-location': 'http://172.30.9.39:9696/v2.0/trunks/d6cbdd40-d0ad-414f-8a02-c5c4c242a177/get_subports', u'date': 'Sun, 07 Apr 2019 08:05:15 GMT', u'content-type': 'application/json', u'connection': 'close', u'x-openstack-request-id': 'req-f8399ac4-1028-482c-a4b8-37ae479bb19d'} Body: {"NeutronError": {"message": "Trunk d6cbdd40-d0ad-414f-8a02-c5c4c242a177 could not be found.", "type": "TrunkNotFound", "detail": ""}} _log_request_full /root/.rally/verification/verifier-39a41282-9178-44cc-b04b-28f702a30296/repo/tempest/lib/common/rest_client.py:437
2019-04-07 08:05:15.053 9140 INFO tempest.lib.common.rest_client [req-eaed8252-4c88-4a00-bf98-4167a4cea857 ] Request (TrunkTestJSON:_run_cleanups): 404 DELETE http://172.30.9.39:9696/v2.0/trunks/d6cbdd40-d0ad-414f-8a02-c5c4c242a177 0.019s
2019-04-07 08:05:15.053 9140 DEBUG tempest.lib.common.rest_client [req-eaed8252-4c88-4a00-bf98-4167a4cea857 ] Request - Headers: {'Content-Type': 'application/json', 'Accept': 'application/json', 'X-Auth-Token': ''} Body: None Response - Headers: {'status': '404', u'content-length': '134', 'content-location': 'http://172.30.9.39:9696/v2.0/trunks/d6cbdd40-d0ad-414f-8a02-c5c4c242a177', u'date': 'Sun, 07 Apr 2019 08:05:15 GMT', u'content-type': 'application/json', u'connection': 'close', u'x-openstack-request-id': 'req-eaed8252-4c88-4a00-bf98-4167a4cea857'} Body: {"NeutronError": {"message": "Trunk d6cbdd40-d0ad-414f-8a02-c5c4c242a177 could not be found.", "type": "TrunkNotFound", "detail": ""}} _log_request_full /root/.rally/verification/verifier-39a41282-9178-44cc-b04b-28f702a30296/repo/tempest/lib/common/rest_client.py:437
2019-04-07 08:05:15.060 9144 INFO tempest.lib.common.rest_client [req-278fa0ea-4462-479b-981d-114ac2823401 ] Request (TrunkTestJSON:_run_cleanups): 404 DELETE http://172.30.9.39:9696/v2.0/networks/77802985-de24-4f2a-83df-d81fc9156215 0.028s
2019-04-07 08:05:15.060 9144 DEBUG tempest.lib.common.rest_client [req-278fa0ea-4462-479b-981d-114ac2823401 ] Request - Headers: {'Content-Type': 'application/json', 'Accept': 'application/json', 'X-Auth-Token': ''} Body: None Response - Headers: {'status': '404', u'content-length': '138', 'content-location': 'http://172.30.9.39:9696/v2.0/networks/77802985-de24-4f2a-83df-d81fc9156215', u'date': 'Sun, 07 Apr 2019 08:05:15 GMT', u'content-type': 'application/json', u'connection': 'close', u'x-openstack-request-id': 'req-278fa0ea-4462-479b-981d-114ac2823401'} Body: {"NeutronError": {"message": "Network 77802985-de24-4f2a-83df-d81fc9156215 could not be found.", "type": "NetworkNotFound", "detail": ""}} _log_request_full /root/.rally/verification/verifier-39a41282-9178-44cc-b04b-28f702a30296/repo/tempest/lib/common/rest_client.py:437
2019-04-07 08:05:15.066 9140 INFO tempest.lib.common.rest_client [req-0a4e47db-718c-47d1-931c-45c2c0c71c25 ] Request (TrunkTestJSON:_run_cleanups): 404 GET http://172.30.9.39:9696/v2.0/trunks/db169b36-5200-450e-9a7c-2dcdec679ac1/get_subports 0.012s
2019-04-07 08:05:15.066 9140 DEBUG tempest.lib.common.rest_client [req-0a4e47db-718c-47d1-931c-45c2c0c71c25 ] Request - Headers: {'Content-Type': 'application/json', 'Accept': 'application/json', 'X-Auth-Token': ''} Body: None Response - Headers: {'status': '404', u'content-length': '134', 'content-location': 'http://172.30.9.39:9696/v2.0/trunks/db169b36-5200-450e-9a7c-2dcdec679ac1/get_subports', u'date': 'Sun, 07 Apr 2019 08:05:15 GMT', u'content-type': 'application/json', u'connection': 'close', u'x-openstack-request-id': 'req-0a4e47db-718c-47d1-931c-45c2c0c71c25'} Body: {"NeutronError": {"message": "Trunk db169b36-5200-450e-9a7c-2dcdec679ac1 could not be found.", "type": "TrunkNotFound", "detail": ""}} _log_request_full /root/.rally/verification/verifier-39a41282-9178-44cc-b04b-28f702a30296/repo/tempest/lib/common/rest_client.py:437
2019-04-07 08:05:15.080 9140 INFO tempest.lib.common.rest_client [req-8dc60ee3-f47c-49b2-8c22-d65ae642dd72 ] Request (TrunkTestJSON:_run_cleanups): 404 DELETE http://172.30.9.39:9696/v2.0/trunks/db169b36-5200-450e-9a7c-2dcdec679ac1 0.014s
2019-04-07 08:05:15.081 9140 DEBUG tempest.lib.common.rest_client [req-8dc60ee3-f47c-49b2-8c22-d65ae642dd72 ] Request - Headers: {'Content-Type': 'application/json', 'Accept': 'application/json', 'X-Auth-Token': ''} Body: None Response - Headers: {'status': '404', u'content-length': '134', 'content-location': 'http://172.30.9.39:9696/v2.0/trunks/db169b36-5200-450e-9a7c-2dcdec679ac1', u'date': 'Sun, 07 Apr 2019 08:05:15 GMT', u'content-type': 'application/json', u'connection': 'close', u'x-openstack-request-id': 'req-8dc60ee3-f47c-49b2-8c22-d65ae642dd72'} Body: {"NeutronError": {"message": "Trunk db169b36-5200-450e-9a7c-2dcdec679ac1 could not be found.", "type": "TrunkNotFound", "detail": ""}} _log_request_full /root/.rally/verification/verifier-39a41282-9178-44cc-b04b-28f702a30296/repo/tempest/lib/common/rest_client.py:437
2019-04-07 08:05:15.093 9140 INFO tempest.lib.common.rest_client [req-2561b1ff-82ae-44a2-b3e7-5940928386a3 ] Request (TrunkTestJSON:_run_cleanups): 404 GET http://172.30.9.39:9696/v2.0/trunks/f393ee1d-37cb-4945-9d41-d371f04d5ff7/get_subports 0.012s
2019-04-07 08:05:15.093 9140 DEBUG tempest.lib.common.rest_client [req-2561b1ff-82ae-44a2-b3e7-5940928386a3 ] Request - Headers: {'Content-Type': 'application/json', 'Accept': 'application/json', 'X-Auth-Token': ''} Body: None Response - Headers: {'status': '404', u'content-length': '134', 'content-location': 'http://172.30.9.39:9696/v2.0/trunks/f393ee1d-37cb-4945-9d41-d371f04d5ff7/get_subports', u'date': 'Sun, 07 Apr 2019 08:05:15 GMT', u'content-type': 'application/json', u'connection': 'close', u'x-openstack-request-id': 'req-2561b1ff-82ae-44a2-b3e7-5940928386a3'} Body: {"NeutronError": {"message": "Trunk f393ee1d-37cb-4945-9d41-d371f04d5ff7 could not be found.", "type": "TrunkNotFound", "detail": ""}} _log_request_full /root/.rally/verification/verifier-39a41282-9178-44cc-b04b-28f702a30296/repo/tempest/lib/common/rest_client.py:437
2019-04-07 08:05:15.096 9144 INFO tempest.lib.common.rest_client [req-3503b77e-30b5-4a76-aab2-d4851faca4a9 ] Request (TrunkTestJSON:_run_cleanups): 404 DELETE http://172.30.9.39:9696/v2.0/networks/ae142754-5d38-4e21-af07-e3e41ee50061 0.035s
2019-04-07 08:05:15.096 9144 DEBUG tempest.lib.common.rest_client [req-3503b77e-30b5-4a76-aab2-d4851faca4a9 ] Request - Headers: {'Content-Type': 'application/json', 'Accept': 'application/json', 'X-Auth-Token': ''} Body: None Response - Headers: {'status': '404', u'content-length': '138', 'content-location': 'http://172.30.9.39:9696/v2.0/networks/ae142754-5d38-4e21-af07-e3e41ee50061', u'date': 'Sun, 07 Apr 2019 08:05:15 GMT', u'content-type': 'application/json', u'connection': 'close', u'x-openstack-request-id': 'req-3503b77e-30b5-4a76-aab2-d4851faca4a9'} Body: {"NeutronError": {"message": "Network ae142754-5d38-4e21-af07-e3e41ee50061 could not be found.", "type": "NetworkNotFound", "detail": ""}} _log_request_full /root/.rally/verification/verifier-39a41282-9178-44cc-b04b-28f702a30296/repo/tempest/lib/common/rest_client.py:437
2019-04-07 08:05:15.115 9140 INFO tempest.lib.common.rest_client [req-200fa074-1e74-483c-899a-780bfc2459af ] Request (TrunkTestJSON:_run_cleanups): 404 DELETE http://172.30.9.39:9696/v2.0/trunks/f393ee1d-37cb-4945-9d41-d371f04d5ff7 0.021s
2019-04-07 08:05:15.116 9140 DEBUG tempest.lib.common.rest_client [req-200fa074-1e74-483c-899a-780bfc2459af ] Request - Headers: {'Content-Type': 'application/json', 'Accept': 'application/json', 'X-Auth-Token': ''} Body: None Response - Headers: {'status': '404', u'content-length': '134', 'content-location': 'http://172.30.9.39:9696/v2.0/trunks/f393ee1d-37cb-4945-9d41-d371f04d5ff7', u'date': 'Sun, 07 Apr 2019 08:05:15 GMT', u'content-type': 'application/json', u'connection': 'close', u'x-openstack-request-id': 'req-200fa074-1e74-483c-899a-780bfc2459af'} Body: {"NeutronError": {"message": "Trunk f393ee1d-37cb-4945-9d41-d371f04d5ff7 could not be found.", "type": "TrunkNotFound", "detail": ""}} _log_request_full /root/.rally/verification/verifier-39a41282-9178-44cc-b04b-28f702a30296/repo/tempest/lib/common/rest_client.py:437
2019-04-07 08:05:15.132 9144 INFO tempest.lib.common.rest_client [req-0c34b019-3a5c-46c0-a5f0-8e45f1b9f443 ] Request (TrunkTestJSON:_run_cleanups): 404 DELETE http://172.30.9.39:9696/v2.0/networks/023a211c-d8bb-4cbc-9092-9522b0024c70 0.035s
2019-04-07 08:05:15.132 9144 DEBUG tempest.lib.common.rest_client [req-0c34b019-3a5c-46c0-a5f0-8e45f1b9f443 ] Request - Headers: {'Content-Type': 'application/json', 'Accept': 'application/json', 'X-Auth-Token': ''} Body: None Response - Headers: {'status': '404', u'content-length': '138', 'content-location': 'http://172.30.9.39:9696/v2.0/networks/023a211c-d8bb-4cbc-9092-9522b0024c70', u'date': 'Sun, 07 Apr 2019 08:05:15 GMT', u'content-type': 'application/json', u'connection': 'close', u'x-openstack-request-id': 'req-0c34b019-3a5c-46c0-a5f0-8e45f1b9f443'} Body: {"NeutronError": {"message": "Network 023a211c-d8bb-4cbc-9092-9522b0024c70 could not be found.", "type": "NetworkNotFound", "detail": ""}} _log_request_full /root/.rally/verification/verifier-39a41282-9178-44cc-b04b-28f702a30296/repo/tempest/lib/common/rest_client.py:437
2019-04-07 08:05:15.134 9140 INFO tempest.lib.common.rest_client [req-f352245a-15e1-4c78-a1f0-8bda04516684 ] Request (TrunkTestJSON:_run_cleanups): 404 GET http://172.30.9.39:9696/v2.0/trunks/37a822ad-473f-4829-b43d-d69bc759b92c/get_subports 0.017s
2019-04-07 08:05:15.134 9140 DEBUG tempest.lib.common.rest_client [req-f352245a-15e1-4c78-a1f0-8bda04516684 ] Request - Headers: {'Content-Type': 'application/json', 'Accept': 'application/json', 'X-Auth-Token': ''} Body: None Response - Headers: {'status': '404', u'content-length': '134', 'content-location': 'http://172.30.9.39:9696/v2.0/trunks/37a822ad-473f-4829-b43d-d69bc759b92c/get_subports', u'date': 'Sun, 07 Apr 2019 08:05:15 GMT', u'content-type': 'application/json', u'connection': 'close', u'x-openstack-request-id': 'req-f352245a-15e1-4c78-a1f0-8bda04516684'} Body: {"NeutronError": {"message": "Trunk 37a822ad-473f-4829-b43d-d69bc759b92c could not be found.", "type": "TrunkNotFound", "detail": ""}} _log_request_full /root/.rally/verification/verifier-39a41282-9178-44cc-b04b-28f702a30296/repo/tempest/lib/common/rest_client.py:437
2019-04-07 08:05:15.154 9140 INFO tempest.lib.common.rest_client [req-1bda18e4-bcec-4d24-b1e5-3cd1799f0cdd ] Request (TrunkTestJSON:_run_cleanups): 404 DELETE http://172.30.9.39:9696/v2.0/trunks/37a822ad-473f-4829-b43d-d69bc759b92c 0.019s
2019-04-07 08:05:15.155 9140 DEBUG tempest.lib.common.rest_client [req-1bda18e4-bcec-4d24-b1e5-3cd1799f0cdd ] Request - Headers: {'Content-Type': 'application/json', 'Accept': 'application/json', 'X-Auth-Token': ''} Body: None Response - Headers: {'status': '404', u'content-length': '134', 'content-location': 'http://172.30.9.39:9696/v2.0/trunks/37a822ad-473f-4829-b43d-d69bc759b92c', u'date': 'Sun, 07 Apr 2019 08:05:15 GMT', u'content-type': 'application/json', u'connection': 'close', u'x-openstack-request-id': 'req-1bda18e4-bcec-4d24-b1e5-3cd1799f0cdd'} Body: {"NeutronError": {"message": "Trunk 37a822ad-473f-4829-b43d-d69bc759b92c could not be found.", "type": "TrunkNotFound", "detail": ""}} _log_request_full /root/.rally/verification/verifier-39a41282-9178-44cc-b04b-28f702a30296/repo/tempest/lib/common/rest_client.py:437
2019-04-07 08:05:15.159 9144 INFO tempest.lib.common.rest_client [req-5b5af31a-c402-4eca-b6e1-b6f752c6db1e ] Request (TrunkTestJSON:_run_cleanups): 404 DELETE http://172.30.9.39:9696/v2.0/networks/b1c06a4c-9b3e-4bcb-bab3-a2b1b1a538c0 0.027s
2019-04-07 08:05:15.159 9144 DEBUG tempest.lib.common.rest_client [req-5b5af31a-c402-4eca-b6e1-b6f752c6db1e ] Request - Headers: {'Content-Type': 'application/json', 'Accept': 'application/json', 'X-Auth-Token': ''} Body: None Response - Headers: {'status': '404', u'content-length': '138', 'content-location': 'http://172.30.9.39:9696/v2.0/networks/b1c06a4c-9b3e-4bcb-bab3-a2b1b1a538c0', u'date': 'Sun, 07 Apr 2019 08:05:15 GMT', u'content-type': 'application/json', u'connection': 'close', u'x-openstack-request-id': 'req-5b5af31a-c402-4eca-b6e1-b6f752c6db1e'} Body: {"NeutronError": {"message": "Network b1c06a4c-9b3e-4bcb-bab3-a2b1b1a538c0 could not be found.", "type": "NetworkNotFound", "detail": ""}} _log_request_full /root/.rally/verification/verifier-39a41282-9178-44cc-b04b-28f702a30296/repo/tempest/lib/common/rest_client.py:437
2019-04-07 08:05:15.168 9140 INFO tempest.lib.common.rest_client [req-263ba239-5934-4ebc-b6b9-eac55fbe6368 ] Request (TrunkTestJSON:_run_cleanups): 404 GET http://172.30.9.39:9696/v2.0/trunks/0cbb0a0b-5a60-411d-90cf-6dd2d2473c11/get_subports 0.013s
2019-04-07 08:05:15.169 9140 DEBUG tempest.lib.common.rest_client [req-263ba239-5934-4ebc-b6b9-eac55fbe6368 ] Request - Headers: {'Content-Type': 'application/json', 'Accept': 'application/json', 'X-Auth-Token': ''} Body: None Response - Headers: {'status': '404', u'content-length': '134', 'content-location': 'http://172.30.9.39:9696/v2.0/trunks/0cbb0a0b-5a60-411d-90cf-6dd2d2473c11/get_subports', u'date': 'Sun, 07 Apr 2019 08:05:15 GMT', u'content-type': 'application/json', u'connection': 'close', u'x-openstack-request-id': 'req-263ba239-5934-4ebc-b6b9-eac55fbe6368'} Body: {"NeutronError": {"message": "Trunk 0cbb0a0b-5a60-411d-90cf-6dd2d2473c11 could not be found.", "type": "TrunkNotFound", "detail": ""}} _log_request_full /root/.rally/verification/verifier-39a41282-9178-44cc-b04b-28f702a30296/repo/tempest/lib/common/rest_client.py:437
2019-04-07 08:05:15.181 9144 INFO tempest.lib.common.rest_client [req-72f2d43b-9131-40ee-9af7-5fcef04f196e ] Request (TrunkTestJSON:_run_cleanups): 404 DELETE http://172.30.9.39:9696/v2.0/networks/eb6113ca-c712-4725-b0eb-ba896e452dbe 0.021s
2019-04-07 08:05:15.181 9144 DEBUG tempest.lib.common.rest_client [req-72f2d43b-9131-40ee-9af7-5fcef04f196e ] Request - Headers: {'Content-Type': 'application/json', 'Accept': 'application/json', 'X-Auth-Token': ''} Body: None Response - Headers: {'status': '404', u'content-length': '138', 'content-location': 'http://172.30.9.39:9696/v2.0/networks/eb6113ca-c712-4725-b0eb-ba896e452dbe', u'date': 'Sun, 07 Apr 2019 08:05:15 GMT', u'content-type': 'application/json', u'connection': 'close', u'x-openstack-request-id': 'req-72f2d43b-9131-40ee-9af7-5fcef04f196e'} Body: {"NeutronError": {"message": "Network eb6113ca-c712-4725-b0eb-ba896e452dbe could not be found.", "type": "NetworkNotFound", "detail": ""}} _log_request_full /root/.rally/verification/verifier-39a41282-9178-44cc-b04b-28f702a30296/repo/tempest/lib/common/rest_client.py:437
2019-04-07 08:05:15.197 9140 INFO tempest.lib.common.rest_client [req-c9829aae-35f2-4d8b-aa2d-db3262ea58a2 ] Request (TrunkTestJSON:_run_cleanups): 404 DELETE http://172.30.9.39:9696/v2.0/trunks/0cbb0a0b-5a60-411d-90cf-6dd2d2473c11 0.028s
2019-04-07 08:05:15.197 9140 DEBUG tempest.lib.common.rest_client [req-c9829aae-35f2-4d8b-aa2d-db3262ea58a2 ] Request - Headers: {'Content-Type': 'application/json', 'Accept': 'application/json', 'X-Auth-Token': ''} Body: None Response - Headers: {'status': '404', u'content-length': '134', 'content-location': 'http://172.30.9.39:9696/v2.0/trunks/0cbb0a0b-5a60-411d-90cf-6dd2d2473c11', u'date': 'Sun, 07 Apr 2019 08:05:15 GMT', u'content-type': 'application/json', u'connection': 'close', u'x-openstack-request-id': 'req-c9829aae-35f2-4d8b-aa2d-db3262ea58a2'} Body: {"NeutronError": {"message": "Trunk 0cbb0a0b-5a60-411d-90cf-6dd2d2473c11 could not be found.", "type": "TrunkNotFound", "detail": ""}} _log_request_full /root/.rally/verification/verifier-39a41282-9178-44cc-b04b-28f702a30296/repo/tempest/lib/common/rest_client.py:437
2019-04-07 08:05:15.203 9144 INFO tempest.lib.common.rest_client [req-ad382344-d9bf-4c90-9aa9-5d7548dcede1 ] Request (TrunkTestJSON:_run_cleanups): 404 DELETE http://172.30.9.39:9696/v2.0/networks/f1da2f45-84ab-46c7-b71e-9e6095cdcf45 0.021s
2019-04-07 08:05:15.203 9144 DEBUG tempest.lib.common.rest_client [req-ad382344-d9bf-4c90-9aa9-5d7548dcede1 ] Request - Headers: {'Content-Type': 'application/json', 'Accept': 'application/json', 'X-Auth-Token': ''} Body: None Response - Headers: {'status': '404', u'content-length': '138', 'content-location': 'http://172.30.9.39:9696/v2.0/networks/f1da2f45-84ab-46c7-b71e-9e6095cdcf45', u'date': 'Sun, 07 Apr 2019 08:05:15 GMT', u'content-type': 'application/json', u'connection': 'close', u'x-openstack-request-id': 'req-ad382344-d9bf-4c90-9aa9-5d7548dcede1'} Body: {"NeutronError": {"message": "Network f1da2f45-84ab-46c7-b71e-9e6095cdcf45 could not be found.", "type": "NetworkNotFound", "detail": ""}} _log_request_full /root/.rally/verification/verifier-39a41282-9178-44cc-b04b-28f702a30296/repo/tempest/lib/common/rest_client.py:437
2019-04-07 08:05:15.213 9140 INFO tempest.lib.common.rest_client [req-9e8e25f5-6d9b-4e82-b9bd-b0c3e47ea51e ] Request (TrunkTestJSON:_run_cleanups): 404 GET http://172.30.9.39:9696/v2.0/trunks/1f1fdaa1-dcab-4390-864e-7069a8a2fdfd/get_subports 0.015s
2019-04-07 08:05:15.214 9140 DEBUG tempest.lib.common.rest_client [req-9e8e25f5-6d9b-4e82-b9bd-b0c3e47ea51e ] Request - Headers: {'Content-Type': 'application/json', 'Accept': 'application/json', 'X-Auth-Token': ''} Body: None Response - Headers: {'status': '404', u'content-length': '134', 'content-location': 'http://172.30.9.39:9696/v2.0/trunks/1f1fdaa1-dcab-4390-864e-7069a8a2fdfd/get_subports', u'date': 'Sun, 07 Apr 2019 08:05:15 GMT', u'content-type': 'application/json', u'connection': 'close', u'x-openstack-request-id': 'req-9e8e25f5-6d9b-4e82-b9bd-b0c3e47ea51e'} Body: {"NeutronError": {"message": "Trunk 1f1fdaa1-dcab-4390-864e-7069a8a2fdfd could not be found.", "type": "TrunkNotFound", "detail": ""}} _log_request_full /root/.rally/verification/verifier-39a41282-9178-44cc-b04b-28f702a30296/repo/tempest/lib/common/rest_client.py:437
2019-04-07 08:05:15.229 9144 INFO tempest.lib.common.rest_client [req-5b13723f-d91b-48aa-bf00-8135cce50855 ] Request (TrunkTestJSON:_run_cleanups): 404 DELETE http://172.30.9.39:9696/v2.0/networks/6e3cbdae-ada6-4574-83e3-f702164ca322 0.025s
2019-04-07 08:05:15.229 9144 DEBUG tempest.lib.common.rest_client [req-5b13723f-d91b-48aa-bf00-8135cce50855 ] Request - Headers: {'Content-Type': 'application/json', 'Accept': 'application/json', 'X-Auth-Token': ''} Body: None Response - Headers: {'status': '404', u'content-length': '138', 'content-location': 'http://172.30.9.39:9696/v2.0/networks/6e3cbdae-ada6-4574-83e3-f702164ca322', u'date': 'Sun, 07 Apr 2019 08:05:15 GMT', u'content-type': 'application/json', u'connection': 'close', u'x-openstack-request-id': 'req-5b13723f-d91b-48aa-bf00-8135cce50855'} Body: {"NeutronError": {"message": "Network 6e3cbdae-ada6-4574-83e3-f702164ca322 could not be found.", "type": "NetworkNotFound", "detail": ""}} _log_request_full /root/.rally/verification/verifier-39a41282-9178-44cc-b04b-28f702a30296/repo/tempest/lib/common/rest_client.py:437
2019-04-07 08:05:15.231 9140 INFO tempest.lib.common.rest_client [req-691c7479-f8ea-46f5-a06a-4b3dd464429e ] Request (TrunkTestJSON:_run_cleanups): 404 DELETE http://172.30.9.39:9696/v2.0/trunks/1f1fdaa1-dcab-4390-864e-7069a8a2fdfd 0.016s
2019-04-07 08:05:15.231 9140 DEBUG tempest.lib.common.rest_client [req-691c7479-f8ea-46f5-a06a-4b3dd464429e ] Request - Headers: {'Content-Type': 'application/json', 'Accept': 'application/json', 'X-Auth-Token': ''} Body: None Response - Headers: {'status': '404', u'content-length': '134', 'content-location': 'http://172.30.9.39:9696/v2.0/trunks/1f1fdaa1-dcab-4390-864e-7069a8a2fdfd', u'date': 'Sun, 07 Apr 2019 08:05:15 GMT', u'content-type': 'application/json', u'connection': 'close', u'x-openstack-request-id': 'req-691c7479-f8ea-46f5-a06a-4b3dd464429e'} Body: {"NeutronError": {"message": "Trunk 1f1fdaa1-dcab-4390-864e-7069a8a2fdfd could not be found.", "type": "TrunkNotFound", "detail": ""}} _log_request_full /root/.rally/verification/verifier-39a41282-9178-44cc-b04b-28f702a30296/repo/tempest/lib/common/rest_client.py:437
2019-04-07 08:05:15.248 9140 INFO tempest.lib.common.rest_client [req-405edc5f-6d47-4a49-9893-a9aaba724e20 ] Request (TrunkTestJSON:_run_cleanups): 404 GET http://172.30.9.39:9696/v2.0/trunks/e571fd81-904a-426e-bf66-1cda6d7cbc4e/get_subports 0.016s
2019-04-07 08:05:15.248 9140 DEBUG tempest.lib.common.rest_client [req-405edc5f-6d47-4a49-9893-a9aaba724e20 ] Request - Headers: {'Content-Type': 'application/json', 'Accept': 'application/json', 'X-Auth-Token': ''} Body: None Response - Headers: {'status': '404', u'content-length': '134', 'content-location': 'http://172.30.9.39:9696/v2.0/trunks/e571fd81-904a-426e-bf66-1cda6d7cbc4e/get_subports', u'date': 'Sun, 07 Apr 2019 08:05:15 GMT', u'content-type': 'application/json', u'connection': 'close', u'x-openstack-request-id': 'req-405edc5f-6d47-4a49-9893-a9aaba724e20'} Body: {"NeutronError": {"message": "Trunk e571fd81-904a-426e-bf66-1cda6d7cbc4e could not be found.", "type": "TrunkNotFound", "detail": ""}} _log_request_full /root/.rally/verification/verifier-39a41282-9178-44cc-b04b-28f702a30296/repo/tempest/lib/common/rest_client.py:437
2019-04-07 08:05:15.251 9144 INFO tempest.lib.common.rest_client [req-32068d0f-021d-4a3b-b8e9-0ca9f79f18a6 ] Request (TrunkTestJSON:_run_cleanups): 404 DELETE http://172.30.9.39:9696/v2.0/networks/7a23cf84-e984-4217-ae15-d72f0de8ce85 0.021s
