2019-04-05 08:00:35.728 9141 DEBUG tempest.lib.common.rest_client [req-c7e19833-3c1f-48cd-aa1e-88b9273e2a32 ] Request - Headers: {'Content-Type': 'application/json', 'Accept': 'application/json', 'X-Auth-Token': ''} Body: None Response - Headers: {'status': '404', u'content-length': '132', 'content-location': 'http://172.30.9.23:9696/v2.0/ports/b9b8bc79-291d-48ca-a8f1-d29bb859cad7', u'date': 'Fri, 05 Apr 2019 08:00:35 GMT', u'content-type': 'application/json', u'connection': 'close', u'x-openstack-request-id': 'req-c7e19833-3c1f-48cd-aa1e-88b9273e2a32'} Body: {"NeutronError": {"message": "Port b9b8bc79-291d-48ca-a8f1-d29bb859cad7 could not be found.", "type": "PortNotFound", "detail": ""}} _log_request_full /root/.rally/verification/verifier-69358898-56b7-401b-9990-a468e9097503/repo/tempest/lib/common/rest_client.py:437
2019-04-05 08:00:35.773 9141 INFO tempest.lib.common.rest_client [req-855b50fb-df24-4ceb-b293-3397d4664c37 ] Request (TrunkTestJSON:_run_cleanups): 404 DELETE http://172.30.9.23:9696/v2.0/ports/22083aab-1733-4e2d-8470-c1cbf6f2d34a 0.043s
2019-04-05 08:00:35.773 9141 DEBUG tempest.lib.common.rest_client [req-855b50fb-df24-4ceb-b293-3397d4664c37 ] Request - Headers: {'Content-Type': 'application/json', 'Accept': 'application/json', 'X-Auth-Token': ''} Body: None Response - Headers: {'status': '404', u'content-length': '132', 'content-location': 'http://172.30.9.23:9696/v2.0/ports/22083aab-1733-4e2d-8470-c1cbf6f2d34a', u'date': 'Fri, 05 Apr 2019 08:00:35 GMT', u'content-type': 'application/json', u'connection': 'close', u'x-openstack-request-id': 'req-855b50fb-df24-4ceb-b293-3397d4664c37'} Body: {"NeutronError": {"message": "Port 22083aab-1733-4e2d-8470-c1cbf6f2d34a could not be found.", "type": "PortNotFound", "detail": ""}} _log_request_full /root/.rally/verification/verifier-69358898-56b7-401b-9990-a468e9097503/repo/tempest/lib/common/rest_client.py:437
2019-04-05 08:00:35.855 9141 INFO tempest.lib.common.rest_client [req-ed707e74-c1f2-40de-b096-7950b0dedb86 ] Request (TrunkTestJSON:_run_cleanups): 404 DELETE http://172.30.9.23:9696/v2.0/ports/82e80c0b-7563-48dd-b50f-0c0d6deda20e 0.080s
2019-04-05 08:00:35.855 9141 DEBUG tempest.lib.common.rest_client [req-ed707e74-c1f2-40de-b096-7950b0dedb86 ] Request - Headers: {'Content-Type': 'application/json', 'Accept': 'application/json', 'X-Auth-Token': ''} Body: None Response - Headers: {'status': '404', u'content-length': '132', 'content-location': 'http://172.30.9.23:9696/v2.0/ports/82e80c0b-7563-48dd-b50f-0c0d6deda20e', u'date': 'Fri, 05 Apr 2019 08:00:35 GMT', u'content-type': 'application/json', u'connection': 'close', u'x-openstack-request-id': 'req-ed707e74-c1f2-40de-b096-7950b0dedb86'} Body: {"NeutronError": {"message": "Port 82e80c0b-7563-48dd-b50f-0c0d6deda20e could not be found.", "type": "PortNotFound", "detail": ""}} _log_request_full /root/.rally/verification/verifier-69358898-56b7-401b-9990-a468e9097503/repo/tempest/lib/common/rest_client.py:437
2019-04-05 08:00:35.888 9141 INFO tempest.lib.common.rest_client [req-080c6019-a080-4563-a2dd-3fcbaf0eb249 ] Request (TrunkTestJSON:_run_cleanups): 404 DELETE http://172.30.9.23:9696/v2.0/ports/7680265a-9338-4e5a-a189-61ae88742272 0.031s
2019-04-05 08:00:35.888 9141 DEBUG tempest.lib.common.rest_client [req-080c6019-a080-4563-a2dd-3fcbaf0eb249 ] Request - Headers: {'Content-Type': 'application/json', 'Accept': 'application/json', 'X-Auth-Token': ''} Body: None Response - Headers: {'status': '404', u'content-length': '132', 'content-location': 'http://172.30.9.23:9696/v2.0/ports/7680265a-9338-4e5a-a189-61ae88742272', u'date': 'Fri, 05 Apr 2019 08:00:35 GMT', u'content-type': 'application/json', u'connection': 'close', u'x-openstack-request-id': 'req-080c6019-a080-4563-a2dd-3fcbaf0eb249'} Body: {"NeutronError": {"message": "Port 7680265a-9338-4e5a-a189-61ae88742272 could not be found.", "type": "PortNotFound", "detail": ""}} _log_request_full /root/.rally/verification/verifier-69358898-56b7-401b-9990-a468e9097503/repo/tempest/lib/common/rest_client.py:437
2019-04-05 08:00:35.921 9141 INFO tempest.lib.common.rest_client [req-7dc26541-d494-4b00-9a54-5d99e9f32541 ] Request (TrunkTestJSON:_run_cleanups): 404 DELETE http://172.30.9.23:9696/v2.0/ports/814b6bc6-a23c-40b1-b4e0-54fc7bbb1be4 0.032s
2019-04-05 08:00:35.922 9141 DEBUG tempest.lib.common.rest_client [req-7dc26541-d494-4b00-9a54-5d99e9f32541 ] Request - Headers: {'Content-Type': 'application/json', 'Accept': 'application/json', 'X-Auth-Token': ''} Body: None Response - Headers: {'status': '404', u'content-length': '132', 'content-location': 'http://172.30.9.23:9696/v2.0/ports/814b6bc6-a23c-40b1-b4e0-54fc7bbb1be4', u'date': 'Fri, 05 Apr 2019 08:00:35 GMT', u'content-type': 'application/json', u'connection': 'close', u'x-openstack-request-id': 'req-7dc26541-d494-4b00-9a54-5d99e9f32541'} Body: {"NeutronError": {"message": "Port 814b6bc6-a23c-40b1-b4e0-54fc7bbb1be4 could not be found.", "type": "PortNotFound", "detail": ""}} _log_request_full /root/.rally/verification/verifier-69358898-56b7-401b-9990-a468e9097503/repo/tempest/lib/common/rest_client.py:437
2019-04-05 08:00:35.954 9141 INFO tempest.lib.common.rest_client [req-3d234bfd-5a04-40f5-8465-2ebc4d9f82bd ] Request (TrunkTestJSON:_run_cleanups): 404 DELETE http://172.30.9.23:9696/v2.0/ports/48369246-9e12-4307-b671-a1cbc05d28e6 0.031s
2019-04-05 08:00:35.955 9141 DEBUG tempest.lib.common.rest_client [req-3d234bfd-5a04-40f5-8465-2ebc4d9f82bd ] Request - Headers: {'Content-Type': 'application/json', 'Accept': 'application/json', 'X-Auth-Token': ''} Body: None Response - Headers: {'status': '404', u'content-length': '132', 'content-location': 'http://172.30.9.23:9696/v2.0/ports/48369246-9e12-4307-b671-a1cbc05d28e6', u'date': 'Fri, 05 Apr 2019 08:00:35 GMT', u'content-type': 'application/json', u'connection': 'close', u'x-openstack-request-id': 'req-3d234bfd-5a04-40f5-8465-2ebc4d9f82bd'} Body: {"NeutronError": {"message": "Port 48369246-9e12-4307-b671-a1cbc05d28e6 could not be found.", "type": "PortNotFound", "detail": ""}} _log_request_full /root/.rally/verification/verifier-69358898-56b7-401b-9990-a468e9097503/repo/tempest/lib/common/rest_client.py:437
2019-04-05 08:00:35.985 9137 INFO tempest.lib.common.rest_client [req-11bf35ac-368c-42a3-b348-4c02912304ef ] Request (TrunkTestJSON:test_get_subports): 201 POST http://172.30.9.23:9696/v2.0/ports 0.765s
2019-04-05 08:00:35.986 9137 DEBUG tempest.lib.common.rest_client [req-11bf35ac-368c-42a3-b348-4c02912304ef ] Request - Headers: {'Content-Type': 'application/json', 'Accept': 'application/json', 'X-Auth-Token': ''} Body: {"port": {"network_id": "3188b0d3-a745-495b-8f40-5e1285601923"}} Response - Headers: {'status': '201', u'content-length': '664', 'content-location': 'http://172.30.9.23:9696/v2.0/ports', u'date': 'Fri, 05 Apr 2019 08:00:35 GMT', u'content-type': 'application/json', u'connection': 'close', u'x-openstack-request-id': 'req-11bf35ac-368c-42a3-b348-4c02912304ef'} Body: {"port":{"allowed_address_pairs":[],"extra_dhcp_opts":[],"updated_at":"2019-04-05T08:00:35Z","device_owner":"","revision_number":2,"port_security_enabled":true,"fixed_ips":[],"id":"d8e2e0d0-f15c-4983-80e4-e25e3a42262e","security_groups":["fa8d754f-465f-4780-9472-a231f0454621"],"mac_address":"fa:16:3e:9d:4d:92","device_id":"","status":"DOWN","description":"","tags":[],"name":"","project_id":"b9466098443d4753b15d7e8f8dca66d7","qos_policy_id":null,"admin_state_up":true,"network_id":"3188b0d3-a745-495b-8f40-5e1285601923","tenant_id":"b9466098443d4753b15d7e8f8dca66d7","created_at":"2019-04-05T08:00:35Z","binding:vnic_type":"normal","ip_allocation":"immediate"}} _log_request_full /root/.rally/verification/verifier-69358898-56b7-401b-9990-a468e9097503/repo/tempest/lib/common/rest_client.py:437
2019-04-05 08:00:35.986 9141 INFO tempest.lib.common.rest_client [req-d28954a6-0040-492a-9f98-3e9f32825488 ] Request (TrunkTestJSON:_run_cleanups): 404 DELETE http://172.30.9.23:9696/v2.0/ports/8a310d3b-20e2-44d6-8a3a-b4df0f5d5f35 0.031s
2019-04-05 08:00:35.987 9141 DEBUG tempest.lib.common.rest_client [req-d28954a6-0040-492a-9f98-3e9f32825488 ] Request - Headers: {'Content-Type': 'application/json', 'Accept': 'application/json', 'X-Auth-Token': ''} Body: None Response - Headers: {'status': '404', u'content-length': '132', 'content-location': 'http://172.30.9.23:9696/v2.0/ports/8a310d3b-20e2-44d6-8a3a-b4df0f5d5f35', u'date': 'Fri, 05 Apr 2019 08:00:35 GMT', u'content-type': 'application/json', u'connection': 'close', u'x-openstack-request-id': 'req-d28954a6-0040-492a-9f98-3e9f32825488'} Body: {"NeutronError": {"message": "Port 8a310d3b-20e2-44d6-8a3a-b4df0f5d5f35 could not be found.", "type": "PortNotFound", "detail": ""}} _log_request_full /root/.rally/verification/verifier-69358898-56b7-401b-9990-a468e9097503/repo/tempest/lib/common/rest_client.py:437
2019-04-05 08:00:36.024 9141 INFO tempest.lib.common.rest_client [req-6be3eb27-fb5b-4ad6-8267-6b3b17ed8440 ] Request (TrunkTestJSON:_run_cleanups): 404 DELETE http://172.30.9.23:9696/v2.0/ports/d96518f5-a5bf-4d78-b870-a7686b0a809b 0.036s
2019-04-05 08:00:36.024 9141 DEBUG tempest.lib.common.rest_client [req-6be3eb27-fb5b-4ad6-8267-6b3b17ed8440 ] Request - Headers: {'Content-Type': 'application/json', 'Accept': 'application/json', 'X-Auth-Token': ''} Body: None Response - Headers: {'status': '404', u'content-length': '132', 'content-location': 'http://172.30.9.23:9696/v2.0/ports/d96518f5-a5bf-4d78-b870-a7686b0a809b', u'date': 'Fri, 05 Apr 2019 08:00:36 GMT', u'content-type': 'application/json', u'connection': 'close', u'x-openstack-request-id': 'req-6be3eb27-fb5b-4ad6-8267-6b3b17ed8440'} Body: {"NeutronError": {"message": "Port d96518f5-a5bf-4d78-b870-a7686b0a809b could not be found.", "type": "PortNotFound", "detail": ""}} _log_request_full /root/.rally/verification/verifier-69358898-56b7-401b-9990-a468e9097503/repo/tempest/lib/common/rest_client.py:437
2019-04-05 08:00:36.358 9137 INFO tempest.lib.common.rest_client [req-8f15d3a9-1e0c-4c85-b198-1e440b05e318 ] Request (TrunkTestJSON:test_get_subports): 201 POST http://172.30.9.23:9696/v2.0/trunks 0.371s
2019-04-05 08:00:36.359 9137 DEBUG tempest.lib.common.rest_client [req-8f15d3a9-1e0c-4c85-b198-1e440b05e318 ] Request - Headers: {'Content-Type': 'application/json', 'Accept': 'application/json', 'X-Auth-Token': ''} Body: {"trunk": {"sub_ports": [{"segmentation_type": "vlan", "port_id": "5d7017fc-0d80-42eb-9060-eed5ae32e1cc", "segmentation_id": 2}], "port_id": "d8e2e0d0-f15c-4983-80e4-e25e3a42262e"}} Response - Headers: {'status': '201', u'content-length': '509', 'content-location': 'http://172.30.9.23:9696/v2.0/trunks', u'date': 'Fri, 05 Apr 2019 08:00:36 GMT', u'content-type': 'application/json', u'connection': 'close', u'x-openstack-request-id': 'req-8f15d3a9-1e0c-4c85-b198-1e440b05e318'} Body: {"trunk": {"status": "DOWN", "sub_ports": [{"segmentation_type": "vlan", "port_id": "5d7017fc-0d80-42eb-9060-eed5ae32e1cc", "segmentation_id": 2}], "name": "", "admin_state_up": true, "tenant_id": "b9466098443d4753b15d7e8f8dca66d7", "created_at": "2019-04-05T08:00:36Z", "tags": [], "updated_at": "2019-04-05T08:00:36Z", "revision_number": 0, "project_id": "b9466098443d4753b15d7e8f8dca66d7", "port_id": "d8e2e0d0-f15c-4983-80e4-e25e3a42262e", "id": "9b14cb95-1bb2-4d40-9628-56e88b436cf3", "description": ""}} _log_request_full /root/.rally/verification/verifier-69358898-56b7-401b-9990-a468e9097503/repo/tempest/lib/common/rest_client.py:437
2019-04-05 08:00:36.393 9137 INFO tempest.lib.common.rest_client [req-a6a54ef8-7a58-43a8-8565-4a99c8d7df1c ] Request (TrunkTestJSON:test_get_subports): 200 GET http://172.30.9.23:9696/v2.0/trunks/9b14cb95-1bb2-4d40-9628-56e88b436cf3/get_subports 0.033s
2019-04-05 08:00:36.393 9137 DEBUG tempest.lib.common.rest_client [req-a6a54ef8-7a58-43a8-8565-4a99c8d7df1c ] Request - Headers: {'Content-Type': 'application/json', 'Accept': 'application/json', 'X-Auth-Token': ''} Body: None Response - Headers: {'status': '200', u'content-length': '119', 'content-location': 'http://172.30.9.23:9696/v2.0/trunks/9b14cb95-1bb2-4d40-9628-56e88b436cf3/get_subports', u'date': 'Fri, 05 Apr 2019 08:00:36 GMT', u'content-type': 'application/json', u'connection': 'close', u'x-openstack-request-id': 'req-a6a54ef8-7a58-43a8-8565-4a99c8d7df1c'} Body: {"sub_ports": [{"segmentation_type": "vlan", "port_id": "5d7017fc-0d80-42eb-9060-eed5ae32e1cc", "segmentation_id": 2}]} _log_request_full /root/.rally/verification/verifier-69358898-56b7-401b-9990-a468e9097503/repo/tempest/lib/common/rest_client.py:437
2019-04-05 08:00:36.410 9137 INFO tempest.lib.common.rest_client [req-2b93f44e-dc55-4524-8bf3-e2b5180022d9 ] Request (TrunkTestJSON:_run_cleanups): 404 GET http://172.30.9.23:9696/v2.0/trunks/9d317908-c128-4c4c-9a8c-18e7502454e2/get_subports 0.015s
2019-04-05 08:00:36.410 9137 DEBUG tempest.lib.common.rest_client [req-2b93f44e-dc55-4524-8bf3-e2b5180022d9 ] Request - Headers: {'Content-Type': 'application/json', 'Accept': 'application/json', 'X-Auth-Token': ''} Body: None Response - Headers: {'status': '404', u'content-length': '134', 'content-location': 'http://172.30.9.23:9696/v2.0/trunks/9d317908-c128-4c4c-9a8c-18e7502454e2/get_subports', u'date': 'Fri, 05 Apr 2019 08:00:36 GMT', u'content-type': 'application/json', u'connection': 'close', u'x-openstack-request-id': 'req-2b93f44e-dc55-4524-8bf3-e2b5180022d9'} Body: {"NeutronError": {"message": "Trunk 9d317908-c128-4c4c-9a8c-18e7502454e2 could not be found.", "type": "TrunkNotFound", "detail": ""}} _log_request_full /root/.rally/verification/verifier-69358898-56b7-401b-9990-a468e9097503/repo/tempest/lib/common/rest_client.py:437
2019-04-05 08:00:36.432 9137 INFO tempest.lib.common.rest_client [req-170fb0ee-498d-4d54-ba1b-58502b9e3e62 ] Request (TrunkTestJSON:_run_cleanups): 404 DELETE http://172.30.9.23:9696/v2.0/trunks/9d317908-c128-4c4c-9a8c-18e7502454e2 0.021s
2019-04-05 08:00:36.433 9137 DEBUG tempest.lib.common.rest_client [req-170fb0ee-498d-4d54-ba1b-58502b9e3e62 ] Request - Headers: {'Content-Type': 'application/json', 'Accept': 'application/json', 'X-Auth-Token': ''} Body: None Response - Headers: {'status': '404', u'content-length': '134', 'content-location': 'http://172.30.9.23:9696/v2.0/trunks/9d317908-c128-4c4c-9a8c-18e7502454e2', u'date': 'Fri, 05 Apr 2019 08:00:36 GMT', u'content-type': 'application/json', u'connection': 'close', u'x-openstack-request-id': 'req-170fb0ee-498d-4d54-ba1b-58502b9e3e62'} Body: {"NeutronError": {"message": "Trunk 9d317908-c128-4c4c-9a8c-18e7502454e2 could not be found.", "type": "TrunkNotFound", "detail": ""}} _log_request_full /root/.rally/verification/verifier-69358898-56b7-401b-9990-a468e9097503/repo/tempest/lib/common/rest_client.py:437
2019-04-05 08:00:36.433 9141 INFO tempest.lib.common.rest_client [req-a4b91dca-de4c-4cbe-9ace-12ef26a31577 ] Request (TrunkTestJSON:_run_cleanups): 204 DELETE http://172.30.9.23:9696/v2.0/ports/6a0dc6c4-953d-4e83-9f82-09d9e97b3228 0.408s
2019-04-05 08:00:36.434 9141 DEBUG tempest.lib.common.rest_client [req-a4b91dca-de4c-4cbe-9ace-12ef26a31577 ] Request - Headers: {'Content-Type': 'application/json', 'Accept': 'application/json', 'X-Auth-Token': ''} Body: None Response - Headers: {'status': '204', u'content-length': '0', 'content-location': 'http://172.30.9.23:9696/v2.0/ports/6a0dc6c4-953d-4e83-9f82-09d9e97b3228', u'date': 'Fri, 05 Apr 2019 08:00:36 GMT', u'connection': 'close', u'x-openstack-request-id': 'req-a4b91dca-de4c-4cbe-9ace-12ef26a31577'} Body: _log_request_full /root/.rally/verification/verifier-69358898-56b7-401b-9990-a468e9097503/repo/tempest/lib/common/rest_client.py:437
2019-04-05 08:00:36.447 9137 INFO tempest.lib.common.rest_client [req-155ea78b-0233-4c2e-a1f2-a1313da68680 ] Request (TrunkTestJSON:_run_cleanups): 404 GET http://172.30.9.23:9696/v2.0/trunks/b96396f1-eec1-43ac-821c-dc80a5db5fbe/get_subports 0.014s
2019-04-05 08:00:36.448 9137 DEBUG tempest.lib.common.rest_client [req-155ea78b-0233-4c2e-a1f2-a1313da68680 ] Request - Headers: {'Content-Type': 'application/json', 'Accept': 'application/json', 'X-Auth-Token': ''} Body: None Response - Headers: {'status': '404', u'content-length': '134', 'content-location': 'http://172.30.9.23:9696/v2.0/trunks/b96396f1-eec1-43ac-821c-dc80a5db5fbe/get_subports', u'date': 'Fri, 05 Apr 2019 08:00:36 GMT', u'content-type': 'application/json', u'connection': 'close', u'x-openstack-request-id': 'req-155ea78b-0233-4c2e-a1f2-a1313da68680'} Body: {"NeutronError": {"message": "Trunk b96396f1-eec1-43ac-821c-dc80a5db5fbe could not be found.", "type": "TrunkNotFound", "detail": ""}} _log_request_full /root/.rally/verification/verifier-69358898-56b7-401b-9990-a468e9097503/repo/tempest/lib/common/rest_client.py:437
2019-04-05 08:00:36.458 9141 INFO tempest.lib.common.rest_client [req-19acac7b-424b-4393-814a-242146ba445e ] Request (TrunkTestJSON:_run_cleanups): 404 DELETE http://172.30.9.23:9696/v2.0/networks/41272a81-a455-4829-9785-82cb6ee37dc2 0.023s
2019-04-05 08:00:36.458 9141 DEBUG tempest.lib.common.rest_client [req-19acac7b-424b-4393-814a-242146ba445e ] Request - Headers: {'Content-Type': 'application/json', 'Accept': 'application/json', 'X-Auth-Token': ''} Body: None Response - Headers: {'status': '404', u'content-length': '138', 'content-location': 'http://172.30.9.23:9696/v2.0/networks/41272a81-a455-4829-9785-82cb6ee37dc2', u'date': 'Fri, 05 Apr 2019 08:00:36 GMT', u'content-type': 'application/json', u'connection': 'close', u'x-openstack-request-id': 'req-19acac7b-424b-4393-814a-242146ba445e'} Body: {"NeutronError": {"message": "Network 41272a81-a455-4829-9785-82cb6ee37dc2 could not be found.", "type": "NetworkNotFound", "detail": ""}} _log_request_full /root/.rally/verification/verifier-69358898-56b7-401b-9990-a468e9097503/repo/tempest/lib/common/rest_client.py:437
2019-04-05 08:00:36.462 9137 INFO tempest.lib.common.rest_client [req-bd51eab2-ae6a-460c-bbf2-18d4fe5d3d36 ] Request (TrunkTestJSON:_run_cleanups): 404 DELETE http://172.30.9.23:9696/v2.0/trunks/b96396f1-eec1-43ac-821c-dc80a5db5fbe 0.014s
2019-04-05 08:00:36.462 9137 DEBUG tempest.lib.common.rest_client [req-bd51eab2-ae6a-460c-bbf2-18d4fe5d3d36 ] Request - Headers: {'Content-Type': 'application/json', 'Accept': 'application/json', 'X-Auth-Token': ''} Body: None Response - Headers: {'status': '404', u'content-length': '134', 'content-location': 'http://172.30.9.23:9696/v2.0/trunks/b96396f1-eec1-43ac-821c-dc80a5db5fbe', u'date': 'Fri, 05 Apr 2019 08:00:36 GMT', u'content-type': 'application/json', u'connection': 'close', u'x-openstack-request-id': 'req-bd51eab2-ae6a-460c-bbf2-18d4fe5d3d36'} Body: {"NeutronError": {"message": "Trunk b96396f1-eec1-43ac-821c-dc80a5db5fbe could not be found.", "type": "TrunkNotFound", "detail": ""}} _log_request_full /root/.rally/verification/verifier-69358898-56b7-401b-9990-a468e9097503/repo/tempest/lib/common/rest_client.py:437
2019-04-05 08:00:36.484 9137 INFO tempest.lib.common.rest_client [req-496de331-8ffd-4a80-bfdf-ca865b9778cb ] Request (TrunkTestJSON:_run_cleanups): 404 GET http://172.30.9.23:9696/v2.0/trunks/245d295c-7e3f-4f2f-b4d2-14ff4e531842/get_subports 0.021s
2019-04-05 08:00:36.484 9137 DEBUG tempest.lib.common.rest_client [req-496de331-8ffd-4a80-bfdf-ca865b9778cb ] Request - Headers: {'Content-Type': 'application/json', 'Accept': 'application/json', 'X-Auth-Token': ''} Body: None Response - Headers: {'status': '404', u'content-length': '134', 'content-location': 'http://172.30.9.23:9696/v2.0/trunks/245d295c-7e3f-4f2f-b4d2-14ff4e531842/get_subports', u'date': 'Fri, 05 Apr 2019 08:00:36 GMT', u'content-type': 'application/json', u'connection': 'close', u'x-openstack-request-id': 'req-496de331-8ffd-4a80-bfdf-ca865b9778cb'} Body: {"NeutronError": {"message": "Trunk 245d295c-7e3f-4f2f-b4d2-14ff4e531842 could not be found.", "type": "TrunkNotFound", "detail": ""}} _log_request_full /root/.rally/verification/verifier-69358898-56b7-401b-9990-a468e9097503/repo/tempest/lib/common/rest_client.py:437
2019-04-05 08:00:36.492 9141 INFO tempest.lib.common.rest_client [req-10d0a3d4-54a2-491b-903a-60e9691e3286 ] Request (TrunkTestJSON:_run_cleanups): 404 DELETE http://172.30.9.23:9696/v2.0/networks/909bc959-5d2f-48cf-a7b0-22cf2a269ce9 0.032s
2019-04-05 08:00:36.492 9141 DEBUG tempest.lib.common.rest_client [req-10d0a3d4-54a2-491b-903a-60e9691e3286 ] Request - Headers: {'Content-Type': 'application/json', 'Accept': 'application/json', 'X-Auth-Token': ''} Body: None Response - Headers: {'status': '404', u'content-length': '138', 'content-location': 'http://172.30.9.23:9696/v2.0/networks/909bc959-5d2f-48cf-a7b0-22cf2a269ce9', u'date': 'Fri, 05 Apr 2019 08:00:36 GMT', u'content-type': 'application/json', u'connection': 'close', u'x-openstack-request-id': 'req-10d0a3d4-54a2-491b-903a-60e9691e3286'} Body: {"NeutronError": {"message": "Network 909bc959-5d2f-48cf-a7b0-22cf2a269ce9 could not be found.", "type": "NetworkNotFound", "detail": ""}} _log_request_full /root/.rally/verification/verifier-69358898-56b7-401b-9990-a468e9097503/repo/tempest/lib/common/rest_client.py:437
2019-04-05 08:00:36.499 9137 INFO tempest.lib.common.rest_client [req-e4264072-c9b8-45b3-9a5c-27896998297f ] Request (TrunkTestJSON:_run_cleanups): 404 DELETE http://172.30.9.23:9696/v2.0/trunks/245d295c-7e3f-4f2f-b4d2-14ff4e531842 0.014s
2019-04-05 08:00:36.500 9137 DEBUG tempest.lib.common.rest_client [req-e4264072-c9b8-45b3-9a5c-27896998297f ] Request - Headers: {'Content-Type': 'application/json', 'Accept': 'application/json', 'X-Auth-Token': ''} Body: None Response - Headers: {'status': '404', u'content-length': '134', 'content-location': 'http://172.30.9.23:9696/v2.0/trunks/245d295c-7e3f-4f2f-b4d2-14ff4e531842', u'date': 'Fri, 05 Apr 2019 08:00:36 GMT', u'content-type': 'application/json', u'connection': 'close', u'x-openstack-request-id': 'req-e4264072-c9b8-45b3-9a5c-27896998297f'} Body: {"NeutronError": {"message": "Trunk 245d295c-7e3f-4f2f-b4d2-14ff4e531842 could not be found.", "type": "TrunkNotFound", "detail": ""}} _log_request_full /root/.rally/verification/verifier-69358898-56b7-401b-9990-a468e9097503/repo/tempest/lib/common/rest_client.py:437
2019-04-05 08:00:36.518 9141 INFO tempest.lib.common.rest_client [req-1c9aca80-154a-42fe-a255-eb654a65053a ] Request (TrunkTestJSON:_run_cleanups): 404 DELETE http://172.30.9.23:9696/v2.0/networks/f923aeb7-53bf-4fed-9758-3a6a766c3687 0.025s
2019-04-05 08:00:36.518 9141 DEBUG tempest.lib.common.rest_client [req-1c9aca80-154a-42fe-a255-eb654a65053a ] Request - Headers: {'Content-Type': 'application/json', 'Accept': 'application/json', 'X-Auth-Token': ''} Body: None Response - Headers: {'status': '404', u'content-length': '138', 'content-location': 'http://172.30.9.23:9696/v2.0/networks/f923aeb7-53bf-4fed-9758-3a6a766c3687', u'date': 'Fri, 05 Apr 2019 08:00:36 GMT', u'content-type': 'application/json', u'connection': 'close', u'x-openstack-request-id': 'req-1c9aca80-154a-42fe-a255-eb654a65053a'} Body: {"NeutronError": {"message": "Network f923aeb7-53bf-4fed-9758-3a6a766c3687 could not be found.", "type": "NetworkNotFound", "detail": ""}} _log_request_full /root/.rally/verification/verifier-69358898-56b7-401b-9990-a468e9097503/repo/tempest/lib/common/rest_client.py:437
2019-04-05 08:00:36.520 9137 INFO tempest.lib.common.rest_client [req-ab45f2aa-54bf-446f-b5cc-fcacdaa5ac70 ] Request (TrunkTestJSON:_run_cleanups): 404 GET http://172.30.9.23:9696/v2.0/trunks/8e62f79f-83d4-414f-9370-9ffb73fa637e/get_subports 0.019s
2019-04-05 08:00:36.520 9137 DEBUG tempest.lib.common.rest_client [req-ab45f2aa-54bf-446f-b5cc-fcacdaa5ac70 ] Request - Headers: {'Content-Type': 'application/json', 'Accept': 'application/json', 'X-Auth-Token': ''} Body: None Response - Headers: {'status': '404', u'content-length': '134', 'content-location': 'http://172.30.9.23:9696/v2.0/trunks/8e62f79f-83d4-414f-9370-9ffb73fa637e/get_subports', u'date': 'Fri, 05 Apr 2019 08:00:36 GMT', u'content-type': 'application/json', u'connection': 'close', u'x-openstack-request-id': 'req-ab45f2aa-54bf-446f-b5cc-fcacdaa5ac70'} Body: {"NeutronError": {"message": "Trunk 8e62f79f-83d4-414f-9370-9ffb73fa637e could not be found.", "type": "TrunkNotFound", "detail": ""}} _log_request_full /root/.rally/verification/verifier-69358898-56b7-401b-9990-a468e9097503/repo/tempest/lib/common/rest_client.py:437
2019-04-05 08:00:36.535 9137 INFO tempest.lib.common.rest_client [req-8d7eeb51-4e17-4dca-976a-65a1554cf5d2 ] Request (TrunkTestJSON:_run_cleanups): 404 DELETE http://172.30.9.23:9696/v2.0/trunks/8e62f79f-83d4-414f-9370-9ffb73fa637e 0.014s
2019-04-05 08:00:36.535 9137 DEBUG tempest.lib.common.rest_client [req-8d7eeb51-4e17-4dca-976a-65a1554cf5d2 ] Request - Headers: {'Content-Type': 'application/json', 'Accept': 'application/json', 'X-Auth-Token': ''} Body: None Response - Headers: {'status': '404', u'content-length': '134', 'content-location': 'http://172.30.9.23:9696/v2.0/trunks/8e62f79f-83d4-414f-9370-9ffb73fa637e', u'date': 'Fri, 05 Apr 2019 08:00:36 GMT', u'content-type': 'application/json', u'connection': 'close', u'x-openstack-request-id': 'req-8d7eeb51-4e17-4dca-976a-65a1554cf5d2'} Body: {"NeutronError": {"message": "Trunk 8e62f79f-83d4-414f-9370-9ffb73fa637e could not be found.", "type": "TrunkNotFound", "detail": ""}} _log_request_full /root/.rally/verification/verifier-69358898-56b7-401b-9990-a468e9097503/repo/tempest/lib/common/rest_client.py:437
2019-04-05 08:00:36.542 9141 INFO tempest.lib.common.rest_client [req-518148b3-ba2e-4aa3-b5d7-e7e2531d9bc8 ] Request (TrunkTestJSON:_run_cleanups): 404 DELETE http://172.30.9.23:9696/v2.0/networks/bb0a1911-63a2-4f50-97a6-835b64a2e272 0.023s
2019-04-05 08:00:36.543 9141 DEBUG tempest.lib.common.rest_client [req-518148b3-ba2e-4aa3-b5d7-e7e2531d9bc8 ] Request - Headers: {'Content-Type': 'application/json', 'Accept': 'application/json', 'X-Auth-Token': ''} Body: None Response - Headers: {'status': '404', u'content-length': '138', 'content-location': 'http://172.30.9.23:9696/v2.0/networks/bb0a1911-63a2-4f50-97a6-835b64a2e272', u'date': 'Fri, 05 Apr 2019 08:00:36 GMT', u'content-type': 'application/json', u'connection': 'close', u'x-openstack-request-id': 'req-518148b3-ba2e-4aa3-b5d7-e7e2531d9bc8'} Body: {"NeutronError": {"message": "Network bb0a1911-63a2-4f50-97a6-835b64a2e272 could not be found.", "type": "NetworkNotFound", "detail": ""}} _log_request_full /root/.rally/verification/verifier-69358898-56b7-401b-9990-a468e9097503/repo/tempest/lib/common/rest_client.py:437
2019-04-05 08:00:36.547 9137 INFO tempest.lib.common.rest_client [req-27817164-bb94-4619-badb-6a68c3ec27df ] Request (TrunkTestJSON:_run_cleanups): 404 GET http://172.30.9.23:9696/v2.0/trunks/619e2cf6-5e56-48ba-aec6-f8af9c8275cb/get_subports 0.011s
2019-04-05 08:00:36.547 9137 DEBUG tempest.lib.common.rest_client [req-27817164-bb94-4619-badb-6a68c3ec27df ] Request - Headers: {'Content-Type': 'application/json', 'Accept': 'application/json', 'X-Auth-Token': ''} Body: None Response - Headers: {'status': '404', u'content-length': '134', 'content-location': 'http://172.30.9.23:9696/v2.0/trunks/619e2cf6-5e56-48ba-aec6-f8af9c8275cb/get_subports', u'date': 'Fri, 05 Apr 2019 08:00:36 GMT', u'content-type': 'application/json', u'connection': 'close', u'x-openstack-request-id': 'req-27817164-bb94-4619-badb-6a68c3ec27df'} Body: {"NeutronError": {"message": "Trunk 619e2cf6-5e56-48ba-aec6-f8af9c8275cb could not be found.", "type": "TrunkNotFound", "detail": ""}} _log_request_full /root/.rally/verification/verifier-69358898-56b7-401b-9990-a468e9097503/repo/tempest/lib/common/rest_client.py:437
2019-04-05 08:00:36.565 9141 INFO tempest.lib.common.rest_client [req-c23a17d1-b955-44e1-a6d5-30ab28a8f19e ] Request (TrunkTestJSON:_run_cleanups): 404 DELETE http://172.30.9.23:9696/v2.0/networks/bbd63170-2843-4781-bd94-c95d03fae3da 0.021s
2019-04-05 08:00:36.565 9141 DEBUG tempest.lib.common.rest_client [req-c23a17d1-b955-44e1-a6d5-30ab28a8f19e ] Request - Headers: {'Content-Type': 'application/json', 'Accept': 'application/json', 'X-Auth-Token': ''} Body: None Response - Headers: {'status': '404', u'content-length': '138', 'content-location': 'http://172.30.9.23:9696/v2.0/networks/bbd63170-2843-4781-bd94-c95d03fae3da', u'date': 'Fri, 05 Apr 2019 08:00:36 GMT', u'content-type': 'application/json', u'connection': 'close', u'x-openstack-request-id': 'req-c23a17d1-b955-44e1-a6d5-30ab28a8f19e'} Body: {"NeutronError": {"message": "Network bbd63170-2843-4781-bd94-c95d03fae3da could not be found.", "type": "NetworkNotFound", "detail": ""}} _log_request_full /root/.rally/verification/verifier-69358898-56b7-401b-9990-a468e9097503/repo/tempest/lib/common/rest_client.py:437
2019-04-05 08:00:36.567 9137 INFO tempest.lib.common.rest_client [req-5b34b87a-b38c-4692-957e-7ed71c48dc89 ] Request (TrunkTestJSON:_run_cleanups): 404 DELETE http://172.30.9.23:9696/v2.0/trunks/619e2cf6-5e56-48ba-aec6-f8af9c8275cb 0.019s
2019-04-05 08:00:36.567 9137 DEBUG tempest.lib.common.rest_client [req-5b34b87a-b38c-4692-957e-7ed71c48dc89 ] Request - Headers: {'Content-Type': 'application/json', 'Accept': 'application/json', 'X-Auth-Token': ''} Body: None Response - Headers: {'status': '404', u'content-length': '134', 'content-location': 'http://172.30.9.23:9696/v2.0/trunks/619e2cf6-5e56-48ba-aec6-f8af9c8275cb', u'date': 'Fri, 05 Apr 2019 08:00:36 GMT', u'content-type': 'application/json', u'connection': 'close', u'x-openstack-request-id': 'req-5b34b87a-b38c-4692-957e-7ed71c48dc89'} Body: {"NeutronError": {"message": "Trunk 619e2cf6-5e56-48ba-aec6-f8af9c8275cb could not be found.", "type": "TrunkNotFound", "detail": ""}} _log_request_full /root/.rally/verification/verifier-69358898-56b7-401b-9990-a468e9097503/repo/tempest/lib/common/rest_client.py:437
2019-04-05 08:00:36.582 9137 INFO tempest.lib.common.rest_client [req-48bf4f95-a1e6-41bc-a276-45e177503368 ] Request (TrunkTestJSON:_run_cleanups): 404 GET http://172.30.9.23:9696/v2.0/trunks/814906f3-1eb6-413f-9b71-6b464bc90814/get_subports 0.014s
2019-04-05 08:00:36.582 9137 DEBUG tempest.lib.common.rest_client [req-48bf4f95-a1e6-41bc-a276-45e177503368 ] Request - Headers: {'Content-Type': 'application/json', 'Accept': 'application/json', 'X-Auth-Token': ''} Body: None Response - Headers: {'status': '404', u'content-length': '134', 'content-location': 'http://172.30.9.23:9696/v2.0/trunks/814906f3-1eb6-413f-9b71-6b464bc90814/get_subports', u'date': 'Fri, 05 Apr 2019 08:00:36 GMT', u'content-type': 'application/json', u'connection': 'close', u'x-openstack-request-id': 'req-48bf4f95-a1e6-41bc-a276-45e177503368'} Body: {"NeutronError": {"message": "Trunk 814906f3-1eb6-413f-9b71-6b464bc90814 could not be found.", "type": "TrunkNotFound", "detail": ""}} _log_request_full /root/.rally/verification/verifier-69358898-56b7-401b-9990-a468e9097503/repo/tempest/lib/common/rest_client.py:437
2019-04-05 08:00:36.587 9141 INFO tempest.lib.common.rest_client [req-a3bcfe2d-1f2d-4f52-877a-937db441c42d ] Request (TrunkTestJSON:_run_cleanups): 404 DELETE http://172.30.9.23:9696/v2.0/networks/d34ee9c1-d67d-4918-97eb-13c80f25e265 0.022s
2019-04-05 08:00:36.588 9141 DEBUG tempest.lib.common.rest_client [req-a3bcfe2d-1f2d-4f52-877a-937db441c42d ] Request - Headers: {'Content-Type': 'application/json', 'Accept': 'application/json', 'X-Auth-Token': ''} Body: None Response - Headers: {'status': '404', u'content-length': '138', 'content-location': 'http://172.30.9.23:9696/v2.0/networks/d34ee9c1-d67d-4918-97eb-13c80f25e265', u'date': 'Fri, 05 Apr 2019 08:00:36 GMT', u'content-type': 'application/json', u'connection': 'close', u'x-openstack-request-id': 'req-a3bcfe2d-1f2d-4f52-877a-937db441c42d'} Body: {"NeutronError": {"message": "Network d34ee9c1-d67d-4918-97eb-13c80f25e265 could not be found.", "type": "NetworkNotFound", "detail": ""}} _log_request_full /root/.rally/verification/verifier-69358898-56b7-401b-9990-a468e9097503/repo/tempest/lib/common/rest_client.py:437
2019-04-05 08:00:36.595 9137 INFO tempest.lib.common.rest_client [req-e1b08495-0bbe-457a-9b12-4a87eaa10906 ] Request (TrunkTestJSON:_run_cleanups): 404 DELETE http://172.30.9.23:9696/v2.0/trunks/814906f3-1eb6-413f-9b71-6b464bc90814 0.013s
2019-04-05 08:00:36.596 9137 DEBUG tempest.lib.common.rest_client [req-e1b08495-0bbe-457a-9b12-4a87eaa10906 ] Request - Headers: {'Content-Type': 'application/json', 'Accept': 'application/json', 'X-Auth-Token': ''} Body: None Response - Headers: {'status': '404', u'content-length': '134', 'content-location': 'http://172.30.9.23:9696/v2.0/trunks/814906f3-1eb6-413f-9b71-6b464bc90814', u'date': 'Fri, 05 Apr 2019 08:00:36 GMT', u'content-type': 'application/json', u'connection': 'close', u'x-openstack-request-id': 'req-e1b08495-0bbe-457a-9b12-4a87eaa10906'} Body: {"NeutronError": {"message": "Trunk 814906f3-1eb6-413f-9b71-6b464bc90814 could not be found.", "type": "TrunkNotFound", "detail": ""}} _log_request_full /root/.rally/verification/verifier-69358898-56b7-401b-9990-a468e9097503/repo/tempest/lib/common/rest_client.py:437
2019-04-05 08:00:36.608 9141 INFO tempest.lib.common.rest_client [req-5023dba6-afb2-41d0-b44f-1141cb87761a ] Request (TrunkTestJSON:_run_cleanups): 404 DELETE http://172.30.9.23:9696/v2.0/networks/c2e17215-89f0-4ad5-97f9-cc1ab6056868 0.020s
2019-04-05 08:00:36.608 9141 DEBUG tempest.lib.common.rest_client [req-5023dba6-afb2-41d0-b44f-1141cb87761a ] Request - Headers: {'Content-Type': 'application/json', 'Accept': 'application/json', 'X-Auth-Token': ''} Body: None Response - Headers: {'status': '404', u'content-length': '138', 'content-location': 'http://172.30.9.23:9696/v2.0/networks/c2e17215-89f0-4ad5-97f9-cc1ab6056868', u'date': 'Fri, 05 Apr 2019 08:00:36 GMT', u'content-type': 'application/json', u'connection': 'close', u'x-openstack-request-id': 'req-5023dba6-afb2-41d0-b44f-1141cb87761a'} Body: {"NeutronError": {"message": "Network c2e17215-89f0-4ad5-97f9-cc1ab6056868 could not be found.", "type": "NetworkNotFound", "detail": ""}} _log_request_full /root/.rally/verification/verifier-69358898-56b7-401b-9990-a468e9097503/repo/tempest/lib/common/rest_client.py:437
2019-04-05 08:00:36.610 9137 INFO tempest.lib.common.rest_client [req-2266a3bd-87bd-4211-bc3b-f1e3bcae243c ] Request (TrunkTestJSON:_run_cleanups): 404 GET http://172.30.9.23:9696/v2.0/trunks/6114d881-e352-49ef-a130-651fa506ced1/get_subports 0.014s
2019-04-05 08:00:36.610 9137 DEBUG tempest.lib.common.rest_client [req-2266a3bd-87bd-4211-bc3b-f1e3bcae243c ] Request - Headers: {'Content-Type': 'application/json', 'Accept': 'application/json', 'X-Auth-Token': ''} Body: None Response - Headers: {'status': '404', u'content-length': '134', 'content-location': 'http://172.30.9.23:9696/v2.0/trunks/6114d881-e352-49ef-a130-651fa506ced1/get_subports', u'date': 'Fri, 05 Apr 2019 08:00:36 GMT', u'content-type': 'application/json', u'connection': 'close', u'x-openstack-request-id': 'req-2266a3bd-87bd-4211-bc3b-f1e3bcae243c'} Body: {"NeutronError": {"message": "Trunk 6114d881-e352-49ef-a130-651fa506ced1 could not be found.", "type": "TrunkNotFound", "detail": ""}} _log_request_full /root/.rally/verification/verifier-69358898-56b7-401b-9990-a468e9097503/repo/tempest/lib/common/rest_client.py:437
2019-04-05 08:00:36.625 9137 INFO tempest.lib.common.rest_client [req-cc8271fb-f691-4994-ba9c-1cd65bda786a ] Request (TrunkTestJSON:_run_cleanups): 404 DELETE http://172.30.9.23:9696/v2.0/trunks/6114d881-e352-49ef-a130-651fa506ced1 0.014s
2019-04-05 08:00:36.625 9137 DEBUG tempest.lib.common.rest_client [req-cc8271fb-f691-4994-ba9c-1cd65bda786a ] Request - Headers: {'Content-Type': 'application/json', 'Accept': 'application/json', 'X-Auth-Token': ''} Body: None Response - Headers: {'status': '404', u'content-length': '134', 'content-location': 'http://172.30.9.23:9696/v2.0/trunks/6114d881-e352-49ef-a130-651fa506ced1', u'date': 'Fri, 05 Apr 2019 08:00:36 GMT', u'content-type': 'application/json', u'connection': 'close', u'x-openstack-request-id': 'req-cc8271fb-f691-4994-ba9c-1cd65bda786a'} Body: {"NeutronError": {"message": "Trunk 6114d881-e352-49ef-a130-651fa506ced1 could not be found.", "type": "TrunkNotFound", "detail": ""}} _log_request_full /root/.rally/verification/verifier-69358898-56b7-401b-9990-a468e9097503/repo/tempest/lib/common/rest_client.py:437
2019-04-05 08:00:36.634 9141 INFO tempest.lib.common.rest_client [req-5a3f68eb-dc0c-4c1b-9340-936d36703ac3 ] Request (TrunkTestJSON:_run_cleanups): 404 DELETE http://172.30.9.23:9696/v2.0/networks/75aef683-124c-49e1-84b5-35dc1248b020 0.026s
2019-04-05 08:00:36.634 9141 DEBUG tempest.lib.common.rest_client [req-5a3f68eb-dc0c-4c1b-9340-936d36703ac3 ] Request - Headers: {'Content-Type': 'application/json', 'Accept': 'application/json', 'X-Auth-Token': ''} Body: None Response - Headers: {'status': '404', u'content-length': '138', 'content-location': 'http://172.30.9.23:9696/v2.0/networks/75aef683-124c-49e1-84b5-35dc1248b020', u'date': 'Fri, 05 Apr 2019 08:00:36 GMT', u'content-type': 'application/json', u'connection': 'close', u'x-openstack-request-id': 'req-5a3f68eb-dc0c-4c1b-9340-936d36703ac3'} Body: {"NeutronError": {"message": "Network 75aef683-124c-49e1-84b5-35dc1248b020 could not be found.", "type": "NetworkNotFound", "detail": ""}} _log_request_full /root/.rally/verification/verifier-69358898-56b7-401b-9990-a468e9097503/repo/tempest/lib/common/rest_client.py:437
2019-04-05 08:00:36.652 9137 INFO tempest.lib.common.rest_client [req-bfdb6ef7-1e13-424c-a8cc-232d2d8b7cfc ] Request (TrunkTestJSON:_run_cleanups): 200 GET http://172.30.9.23:9696/v2.0/trunks/9b14cb95-1bb2-4d40-9628-56e88b436cf3/get_subports 0.026s
2019-04-05 08:00:36.652 9137 DEBUG tempest.lib.common.rest_client [req-bfdb6ef7-1e13-424c-a8cc-232d2d8b7cfc ] Request - Headers: {'Content-Type': 'application/json', 'Accept': 'application/json', 'X-Auth-Token': ''} Body: None Response - Headers: {'status': '200', u'content-length': '119', 'content-location': 'http://172.30.9.23:9696/v2.0/trunks/9b14cb95-1bb2-4d40-9628-56e88b436cf3/get_subports', u'date': 'Fri, 05 Apr 2019 08:00:36 GMT', u'content-type': 'application/json', u'connection': 'close', u'x-openstack-request-id': 'req-bfdb6ef7-1e13-424c-a8cc-232d2d8b7cfc'} Body: {"sub_ports": [{"segmentation_type": "vlan", "port_id": "5d7017fc-0d80-42eb-9060-eed5ae32e1cc", "segmentation_id": 2}]} _log_request_full /root/.rally/verification/verifier-69358898-56b7-401b-9990-a468e9097503/repo/tempest/lib/common/rest_client.py:437
2019-04-05 08:00:36.713 9137 INFO tempest.lib.common.rest_client [req-a0bfd5ab-597d-4d66-b1c5-da0fd35021fa ] Request (TrunkTestJSON:_run_cleanups): 200 PUT http://172.30.9.23:9696/v2.0/trunks/9b14cb95-1bb2-4d40-9628-56e88b436cf3/remove_subports 0.060s
2019-04-05 08:00:36.714 9137 DEBUG tempest.lib.common.rest_client [req-a0bfd5ab-597d-4d66-b1c5-da0fd35021fa ] Request - Headers: {'Content-Type': 'application/json', 'Accept': 'application/json', 'X-Auth-Token': ''} Body: {"sub_ports": [{"port_id": "5d7017fc-0d80-42eb-9060-eed5ae32e1cc", "segmentation_type": "vlan", "segmentation_id": 2}]} Response - Headers: {'status': '200', u'content-length': '396', 'content-location': 'http://172.30.9.23:9696/v2.0/trunks/9b14cb95-1bb2-4d40-9628-56e88b436cf3/remove_subports', u'date': 'Fri, 05 Apr 2019 08:00:36 GMT', u'content-type': 'application/json', u'connection': 'close', u'x-openstack-request-id': 'req-a0bfd5ab-597d-4d66-b1c5-da0fd35021fa'} Body: {"status": "DOWN", "sub_ports": [], "name": "", "admin_state_up": true, "tenant_id": "b9466098443d4753b15d7e8f8dca66d7", "created_at": "2019-04-05T08:00:36Z", "tags": [], "updated_at": "2019-04-05T08:00:36Z", "revision_number": 1, "project_id": "b9466098443d4753b15d7e8f8dca66d7", "port_id": "d8e2e0d0-f15c-4983-80e4-e25e3a42262e", "id": "9b14cb95-1bb2-4d40-9628-56e88b436cf3", "description": ""} _log_request_full /root/.rally/verification/verifier-69358898-56b7-401b-9990-a468e9097503/repo/tempest/lib/common/rest_client.py:437
2019-04-05 08:00:36.830 9137 INFO tempest.lib.common.rest_client [req-dfd54553-ad40-47cf-b52b-be3729ba7270 ] Request (TrunkTestJSON:_run_cleanups): 204 DELETE http://172.30.9.23:9696/v2.0/trunks/9b14cb95-1bb2-4d40-9628-56e88b436cf3 0.115s
2019-04-05 08:00:36.830 9137 DEBUG tempest.lib.common.rest_client [req-dfd54553-ad40-47cf-b52b-be3729ba7270 ] Request - Headers: {'Content-Type': 'application/json', 'Accept': 'application/json', 'X-Auth-Token': ''} Body: None Response - Headers: {'status': '204', u'content-length': '0', 'content-location': 'http://172.30.9.23:9696/v2.0/trunks/9b14cb95-1bb2-4d40-9628-56e88b436cf3', u'date': 'Fri, 05 Apr 2019 08:00:36 GMT', u'connection': 'close', u'x-openstack-request-id': 'req-dfd54553-ad40-47cf-b52b-be3729ba7270'} Body: _log_request_full /root/.rally/verification/verifier-69358898-56b7-401b-9990-a468e9097503/repo/tempest/lib/common/rest_client.py:437
2019-04-05 08:00:36.848 9137 INFO tempest.lib.common.rest_client [req-54e62d97-e5e7-49e7-9dba-95bd16a2aa42 ] Request (TrunkTestJSON:_run_cleanups): 404 GET http://172.30.9.23:9696/v2.0/trunks/9d317908-c128-4c4c-9a8c-18e7502454e2 0.017s
2019-04-05 08:00:36.849 9137 DEBUG tempest.lib.common.rest_client [req-54e62d97-e5e7-49e7-9dba-95bd16a2aa42 ] Request - Headers: {'Content-Type': 'application/json', 'Accept': 'application/json', 'X-Auth-Token': ''} Body: None Response - Headers: {'status': '404', u'content-length': '134', 'content-location': 'http://172.30.9.23:9696/v2.0/trunks/9d317908-c128-4c4c-9a8c-18e7502454e2', u'date': 'Fri, 05 Apr 2019 08:00:36 GMT', u'content-type': 'application/json', u'connection': 'close', u'x-openstack-request-id': 'req-54e62d97-e5e7-49e7-9dba-95bd16a2aa42'} Body: {"NeutronError": {"message": "Trunk 9d317908-c128-4c4c-9a8c-18e7502454e2 could not be found.", "type": "TrunkNotFound", "detail": ""}} _log_request_full /root/.rally/verification/verifier-69358898-56b7-401b-9990-a468e9097503/repo/tempest/lib/common/rest_client.py:437
2019-04-05 08:00:36.863 9137 INFO tempest.lib.common.rest_client [req-8bb333b8-0733-4582-bb7a-9f95206a8d23 ] Request (TrunkTestJSON:_run_cleanups): 404 GET http://172.30.9.23:9696/v2.0/trunks/b96396f1-eec1-43ac-821c-dc80a5db5fbe 0.013s
2019-04-05 08:00:36.863 9137 DEBUG tempest.lib.common.rest_client [req-8bb333b8-0733-4582-bb7a-9f95206a8d23 ] Request - Headers: {'Content-Type': 'application/json', 'Accept': 'application/json', 'X-Auth-Token': ''} Body: None Response - Headers: {'status': '404', u'content-length': '134', 'content-location': 'http://172.30.9.23:9696/v2.0/trunks/b96396f1-eec1-43ac-821c-dc80a5db5fbe', u'date': 'Fri, 05 Apr 2019 08:00:36 GMT', u'content-type': 'application/json', u'connection': 'close', u'x-openstack-request-id': 'req-8bb333b8-0733-4582-bb7a-9f95206a8d23'} Body: {"NeutronError": {"message": "Trunk b96396f1-eec1-43ac-821c-dc80a5db5fbe could not be found.", "type": "TrunkNotFound", "detail": ""}} _log_request_full /root/.rally/verification/verifier-69358898-56b7-401b-9990-a468e9097503/repo/tempest/lib/common/rest_client.py:437
2019-04-05 08:00:36.876 9138 INFO paramiko.transport [-] Connected (version 2.0, client dropbear_2015.67)
2019-04-05 08:00:36.877 9137 INFO tempest.lib.common.rest_client [req-e6bd4c53-34f3-4378-a635-0775dfbc57cd ] Request (TrunkTestJSON:_run_cleanups): 404 GET http://172.30.9.23:9696/v2.0/trunks/245d295c-7e3f-4f2f-b4d2-14ff4e531842 0.013s
2019-04-05 08:00:36.877 9137 DEBUG tempest.lib.common.rest_client [req-e6bd4c53-34f3-4378-a635-0775dfbc57cd ] Request - Headers: {'Content-Type': 'application/json', 'Accept': 'application/json', 'X-Auth-Token': ''} Body: None Response - Headers: {'status': '404', u'content-length': '134', 'content-location': 'http://172.30.9.23:9696/v2.0/trunks/245d295c-7e3f-4f2f-b4d2-14ff4e531842', u'date': 'Fri, 05 Apr 2019 08:00:36 GMT', u'content-type': 'application/json', u'connection': 'close', u'x-openstack-request-id': 'req-e6bd4c53-34f3-4378-a635-0775dfbc57cd'} Body: {"NeutronError": {"message": "Trunk 245d295c-7e3f-4f2f-b4d2-14ff4e531842 could not be found.", "type": "TrunkNotFound", "detail": ""}} _log_request_full /root/.rally/verification/verifier-69358898-56b7-401b-9990-a468e9097503/repo/tempest/lib/common/rest_client.py:437
2019-04-05 08:00:36.891 9137 INFO tempest.lib.common.rest_client [req-fa486050-654d-4295-ad97-164a94039db8 ] Request (TrunkTestJSON:_run_cleanups): 404 GET http://172.30.9.23:9696/v2.0/trunks/8e62f79f-83d4-414f-9370-9ffb73fa637e 0.012s
2019-04-05 08:00:36.891 9137 DEBUG tempest.lib.common.rest_client [req-fa486050-654d-4295-ad97-164a94039db8 ] Request - Headers: {'Content-Type': 'application/json', 'Accept': 'application/json', 'X-Auth-Token': ''} Body: None Response - Headers: {'status': '404', u'content-length': '134', 'content-location': 'http://172.30.9.23:9696/v2.0/trunks/8e62f79f-83d4-414f-9370-9ffb73fa637e', u'date': 'Fri, 05 Apr 2019 08:00:36 GMT', u'content-type': 'application/json', u'connection': 'close', u'x-openstack-request-id': 'req-fa486050-654d-4295-ad97-164a94039db8'} Body: {"NeutronError": {"message": "Trunk 8e62f79f-83d4-414f-9370-9ffb73fa637e could not be found.", "type": "TrunkNotFound", "detail": ""}} _log_request_full /root/.rally/verification/verifier-69358898-56b7-401b-9990-a468e9097503/repo/tempest/lib/common/rest_client.py:437
2019-04-05 08:00:36.905 9137 INFO tempest.lib.common.rest_client [req-c407703d-a9ed-4cd5-8f70-f5a9d9753fbf ] Request (TrunkTestJSON:_run_cleanups): 404 GET http://172.30.9.23:9696/v2.0/trunks/619e2cf6-5e56-48ba-aec6-f8af9c8275cb 0.013s
2019-04-05 08:00:36.906 9137 DEBUG tempest.lib.common.rest_client [req-c407703d-a9ed-4cd5-8f70-f5a9d9753fbf ] Request - Headers: {'Content-Type': 'application/json', 'Accept': 'application/json', 'X-Auth-Token': ''} Body: None Response - Headers: {'status': '404', u'content-length': '134', 'content-location': 'http://172.30.9.23:9696/v2.0/trunks/619e2cf6-5e56-48ba-aec6-f8af9c8275cb', u'date': 'Fri, 05 Apr 2019 08:00:36 GMT', u'content-type': 'application/json', u'connection': 'close', u'x-openstack-request-id': 'req-c407703d-a9ed-4cd5-8f70-f5a9d9753fbf'} Body: {"NeutronError": {"message": "Trunk 619e2cf6-5e56-48ba-aec6-f8af9c8275cb could not be found.", "type": "TrunkNotFound", "detail": ""}} _log_request_full /root/.rally/verification/verifier-69358898-56b7-401b-9990-a468e9097503/repo/tempest/lib/common/rest_client.py:437
2019-04-05 08:00:36.921 9137 INFO tempest.lib.common.rest_client [req-3135a8f6-154a-4150-a2de-01e9819d56d1 ] Request (TrunkTestJSON:_run_cleanups): 404 GET http://172.30.9.23:9696/v2.0/trunks/814906f3-1eb6-413f-9b71-6b464bc90814 0.015s
2019-04-05 08:00:36.922 9137 DEBUG tempest.lib.common.rest_client [req-3135a8f6-154a-4150-a2de-01e9819d56d1 ] Request - Headers: {'Content-Type': 'application/json', 'Accept': 'application/json', 'X-Auth-Token': ''} Body: None Response - Headers: {'status': '404', u'content-length': '134', 'content-location': 'http://172.30.9.23:9696/v2.0/trunks/814906f3-1eb6-413f-9b71-6b464bc90814', u'date': 'Fri, 05 Apr 2019 08:00:36 GMT', u'content-type': 'application/json', u'connection': 'close', u'x-openstack-request-id': 'req-3135a8f6-154a-4150-a2de-01e9819d56d1'} Body: {"NeutronError": {"message": "Trunk 814906f3-1eb6-413f-9b71-6b464bc90814 could not be found.", "type": "TrunkNotFound", "detail": ""}} _log_request_full /root/.rally/verification/verifier-69358898-56b7-401b-9990-a468e9097503/repo/tempest/lib/common/rest_client.py:437
2019-04-05 08:00:36.936 9137 INFO tempest.lib.common.rest_client [req-1c05aeac-7597-42e2-b291-e7870b397c4e ] Request (TrunkTestJSON:_run_cleanups): 404 GET http://172.30.9.23:9696/v2.0/trunks/6114d881-e352-49ef-a130-651fa506ced1 0.013s
2019-04-05 08:00:36.936 9137 DEBUG tempest.lib.common.rest_client [req-1c05aeac-7597-42e2-b291-e7870b397c4e ] Request - Headers: {'Content-Type': 'application/json', 'Accept': 'application/json', 'X-Auth-Token': ''} Body: None Response - Headers: {'status': '404', u'content-length': '134', 'content-location': 'http://172.30.9.23:9696/v2.0/trunks/6114d881-e352-49ef-a130-651fa506ced1', u'date': 'Fri, 05 Apr 2019 08:00:36 GMT', u'content-type': 'application/json', u'connection': 'close', u'x-openstack-request-id': 'req-1c05aeac-7597-42e2-b291-e7870b397c4e'} Body: {"NeutronError": {"message": "Trunk 6114d881-e352-49ef-a130-651fa506ced1 could not be found.", "type": "TrunkNotFound", "detail": ""}} _log_request_full /root/.rally/verification/verifier-69358898-56b7-401b-9990-a468e9097503/repo/tempest/lib/common/rest_client.py:437
2019-04-05 08:00:36.949 9137 INFO tempest.lib.common.rest_client [req-295f485d-abbc-4d80-8737-e645daeb7af4 ] Request (TrunkTestJSON:_run_cleanups): 404 GET http://172.30.9.23:9696/v2.0/trunks/9b14cb95-1bb2-4d40-9628-56e88b436cf3 0.013s
2019-04-05 08:00:36.950 9137 DEBUG tempest.lib.common.rest_client [req-295f485d-abbc-4d80-8737-e645daeb7af4 ] Request - Headers: {'Content-Type': 'application/json', 'Accept': 'application/json', 'X-Auth-Token': ''} Body: None Response - Headers: {'status': '404', u'content-length': '134', 'content-location': 'http://172.30.9.23:9696/v2.0/trunks/9b14cb95-1bb2-4d40-9628-56e88b436cf3', u'date': 'Fri, 05 Apr 2019 08:00:36 GMT', u'content-type': 'application/json', u'connection': 'close', u'x-openstack-request-id': 'req-295f485d-abbc-4d80-8737-e645daeb7af4'} Body: {"NeutronError": {"message": "Trunk 9b14cb95-1bb2-4d40-9628-56e88b436cf3 could not be found.", "type": "TrunkNotFound", "detail": ""}} _log_request_full /root/.rally/verification/verifier-69358898-56b7-401b-9990-a468e9097503/repo/tempest/lib/common/rest_client.py:437
2019-04-05 08:00:36.975 9138 INFO paramiko.transport [-] Authentication (publickey) successful!
2019-04-05 08:00:36.985 9137 INFO tempest.lib.common.rest_client [req-fd7eb997-3cc2-4271-92ce-067bc53ffb92 ] Request (TrunkTestJSON:_run_cleanups): 404 DELETE http://172.30.9.23:9696/v2.0/ports/6a1822bb-0c34-42c5-9df2-1cf33160655c 0.034s
