2019-04-05 08:00:26.500 9141 DEBUG tempest.lib.common.rest_client [req-69671568-1a94-4b49-91e9-259b2007b74a ] Request - Headers: {'Content-Type': 'application/json', 'Accept': 'application/json', 'X-Auth-Token': ''} Body: None Response - Headers: {'status': '404', u'content-length': '132', 'content-location': 'http://172.30.9.23:9696/v2.0/ports/33567b96-00b7-4c39-9370-53ecc252b1bd', u'date': 'Fri, 05 Apr 2019 08:00:26 GMT', u'content-type': 'application/json', u'connection': 'close', u'x-openstack-request-id': 'req-69671568-1a94-4b49-91e9-259b2007b74a'} Body: {"NeutronError": {"message": "Port 33567b96-00b7-4c39-9370-53ecc252b1bd could not be found.", "type": "PortNotFound", "detail": ""}} _log_request_full /root/.rally/verification/verifier-69358898-56b7-401b-9990-a468e9097503/repo/tempest/lib/common/rest_client.py:437
2019-04-05 08:00:26.507 9137 INFO tempest.lib.common.rest_client [req-09407023-9f4d-44c8-b371-efc8703c4b77 ] Request (TrunkTestJSON:_run_cleanups): 404 DELETE http://172.30.9.23:9696/v2.0/networks/0e90eded-cc16-4812-a120-f700358c7303 0.022s
2019-04-05 08:00:26.507 9137 DEBUG tempest.lib.common.rest_client [req-09407023-9f4d-44c8-b371-efc8703c4b77 ] Request - Headers: {'Content-Type': 'application/json', 'Accept': 'application/json', 'X-Auth-Token': ''} Body: None Response - Headers: {'status': '404', u'content-length': '138', 'content-location': 'http://172.30.9.23:9696/v2.0/networks/0e90eded-cc16-4812-a120-f700358c7303', u'date': 'Fri, 05 Apr 2019 08:00:26 GMT', u'content-type': 'application/json', u'connection': 'close', u'x-openstack-request-id': 'req-09407023-9f4d-44c8-b371-efc8703c4b77'} Body: {"NeutronError": {"message": "Network 0e90eded-cc16-4812-a120-f700358c7303 could not be found.", "type": "NetworkNotFound", "detail": ""}} _log_request_full /root/.rally/verification/verifier-69358898-56b7-401b-9990-a468e9097503/repo/tempest/lib/common/rest_client.py:437
2019-04-05 08:00:26.529 9141 INFO tempest.lib.common.rest_client [req-237edd17-6f87-45ba-8c2a-686eaeddc31d ] Request (TrunkTestJSON:_run_cleanups): 404 DELETE http://172.30.9.23:9696/v2.0/ports/b9b8bc79-291d-48ca-a8f1-d29bb859cad7 0.029s
2019-04-05 08:00:26.530 9141 DEBUG tempest.lib.common.rest_client [req-237edd17-6f87-45ba-8c2a-686eaeddc31d ] Request - Headers: {'Content-Type': 'application/json', 'Accept': 'application/json', 'X-Auth-Token': ''} Body: None Response - Headers: {'status': '404', u'content-length': '132', 'content-location': 'http://172.30.9.23:9696/v2.0/ports/b9b8bc79-291d-48ca-a8f1-d29bb859cad7', u'date': 'Fri, 05 Apr 2019 08:00:26 GMT', u'content-type': 'application/json', u'connection': 'close', u'x-openstack-request-id': 'req-237edd17-6f87-45ba-8c2a-686eaeddc31d'} Body: {"NeutronError": {"message": "Port b9b8bc79-291d-48ca-a8f1-d29bb859cad7 could not be found.", "type": "PortNotFound", "detail": ""}} _log_request_full /root/.rally/verification/verifier-69358898-56b7-401b-9990-a468e9097503/repo/tempest/lib/common/rest_client.py:437
2019-04-05 08:00:26.538 9137 INFO tempest.lib.common.rest_client [req-da762425-0b8c-4888-9cd0-8c7c0ac6197d ] Request (TrunkTestJSON:_run_cleanups): 404 DELETE http://172.30.9.23:9696/v2.0/networks/fb3ef80e-7410-4863-8595-fa3cc1c07b15 0.030s
2019-04-05 08:00:26.538 9137 DEBUG tempest.lib.common.rest_client [req-da762425-0b8c-4888-9cd0-8c7c0ac6197d ] Request - Headers: {'Content-Type': 'application/json', 'Accept': 'application/json', 'X-Auth-Token': ''} Body: None Response - Headers: {'status': '404', u'content-length': '138', 'content-location': 'http://172.30.9.23:9696/v2.0/networks/fb3ef80e-7410-4863-8595-fa3cc1c07b15', u'date': 'Fri, 05 Apr 2019 08:00:26 GMT', u'content-type': 'application/json', u'connection': 'close', u'x-openstack-request-id': 'req-da762425-0b8c-4888-9cd0-8c7c0ac6197d'} Body: {"NeutronError": {"message": "Network fb3ef80e-7410-4863-8595-fa3cc1c07b15 could not be found.", "type": "NetworkNotFound", "detail": ""}} _log_request_full /root/.rally/verification/verifier-69358898-56b7-401b-9990-a468e9097503/repo/tempest/lib/common/rest_client.py:437
2019-04-05 08:00:26.568 9141 INFO tempest.lib.common.rest_client [req-7b7db713-e633-4dc3-9a36-77256688e331 ] Request (TrunkTestJSON:_run_cleanups): 404 DELETE http://172.30.9.23:9696/v2.0/ports/22083aab-1733-4e2d-8470-c1cbf6f2d34a 0.038s
2019-04-05 08:00:26.568 9141 DEBUG tempest.lib.common.rest_client [req-7b7db713-e633-4dc3-9a36-77256688e331 ] Request - Headers: {'Content-Type': 'application/json', 'Accept': 'application/json', 'X-Auth-Token': ''} Body: None Response - Headers: {'status': '404', u'content-length': '132', 'content-location': 'http://172.30.9.23:9696/v2.0/ports/22083aab-1733-4e2d-8470-c1cbf6f2d34a', u'date': 'Fri, 05 Apr 2019 08:00:26 GMT', u'content-type': 'application/json', u'connection': 'close', u'x-openstack-request-id': 'req-7b7db713-e633-4dc3-9a36-77256688e331'} Body: {"NeutronError": {"message": "Port 22083aab-1733-4e2d-8470-c1cbf6f2d34a could not be found.", "type": "PortNotFound", "detail": ""}} _log_request_full /root/.rally/verification/verifier-69358898-56b7-401b-9990-a468e9097503/repo/tempest/lib/common/rest_client.py:437
2019-04-05 08:00:26.586 9137 INFO tempest.lib.common.rest_client [req-b395ecdb-2d2d-4c40-a42e-5213bb078b29 ] Request (TrunkTestJSON:_run_cleanups): 404 DELETE http://172.30.9.23:9696/v2.0/networks/181fa8f6-a2a3-47d7-b2e2-5e0ba24b2232 0.048s
2019-04-05 08:00:26.587 9137 DEBUG tempest.lib.common.rest_client [req-b395ecdb-2d2d-4c40-a42e-5213bb078b29 ] Request - Headers: {'Content-Type': 'application/json', 'Accept': 'application/json', 'X-Auth-Token': ''} Body: None Response - Headers: {'status': '404', u'content-length': '138', 'content-location': 'http://172.30.9.23:9696/v2.0/networks/181fa8f6-a2a3-47d7-b2e2-5e0ba24b2232', u'date': 'Fri, 05 Apr 2019 08:00:26 GMT', u'content-type': 'application/json', u'connection': 'close', u'x-openstack-request-id': 'req-b395ecdb-2d2d-4c40-a42e-5213bb078b29'} Body: {"NeutronError": {"message": "Network 181fa8f6-a2a3-47d7-b2e2-5e0ba24b2232 could not be found.", "type": "NetworkNotFound", "detail": ""}} _log_request_full /root/.rally/verification/verifier-69358898-56b7-401b-9990-a468e9097503/repo/tempest/lib/common/rest_client.py:437
2019-04-05 08:00:26.605 9141 INFO tempest.lib.common.rest_client [req-31328758-4308-455c-9b9b-19bc234c1fd7 ] Request (TrunkTestJSON:_run_cleanups): 404 DELETE http://172.30.9.23:9696/v2.0/ports/82e80c0b-7563-48dd-b50f-0c0d6deda20e 0.036s
2019-04-05 08:00:26.605 9141 DEBUG tempest.lib.common.rest_client [req-31328758-4308-455c-9b9b-19bc234c1fd7 ] Request - Headers: {'Content-Type': 'application/json', 'Accept': 'application/json', 'X-Auth-Token': ''} Body: None Response - Headers: {'status': '404', u'content-length': '132', 'content-location': 'http://172.30.9.23:9696/v2.0/ports/82e80c0b-7563-48dd-b50f-0c0d6deda20e', u'date': 'Fri, 05 Apr 2019 08:00:26 GMT', u'content-type': 'application/json', u'connection': 'close', u'x-openstack-request-id': 'req-31328758-4308-455c-9b9b-19bc234c1fd7'} Body: {"NeutronError": {"message": "Port 82e80c0b-7563-48dd-b50f-0c0d6deda20e could not be found.", "type": "PortNotFound", "detail": ""}} _log_request_full /root/.rally/verification/verifier-69358898-56b7-401b-9990-a468e9097503/repo/tempest/lib/common/rest_client.py:437
2019-04-05 08:00:26.609 9137 INFO tempest.lib.common.rest_client [req-678db0c2-5f09-4a5c-add4-2d7b792f0b7a ] Request (TrunkTestJSON:_run_cleanups): 404 DELETE http://172.30.9.23:9696/v2.0/networks/df51ded1-5f37-4192-aa39-af640e66589b 0.022s
2019-04-05 08:00:26.609 9137 DEBUG tempest.lib.common.rest_client [req-678db0c2-5f09-4a5c-add4-2d7b792f0b7a ] Request - Headers: {'Content-Type': 'application/json', 'Accept': 'application/json', 'X-Auth-Token': ''} Body: None Response - Headers: {'status': '404', u'content-length': '138', 'content-location': 'http://172.30.9.23:9696/v2.0/networks/df51ded1-5f37-4192-aa39-af640e66589b', u'date': 'Fri, 05 Apr 2019 08:00:26 GMT', u'content-type': 'application/json', u'connection': 'close', u'x-openstack-request-id': 'req-678db0c2-5f09-4a5c-add4-2d7b792f0b7a'} Body: {"NeutronError": {"message": "Network df51ded1-5f37-4192-aa39-af640e66589b could not be found.", "type": "NetworkNotFound", "detail": ""}} _log_request_full /root/.rally/verification/verifier-69358898-56b7-401b-9990-a468e9097503/repo/tempest/lib/common/rest_client.py:437
2019-04-05 08:00:26.645 9141 INFO tempest.lib.common.rest_client [req-eb0b015f-ade8-4e49-86c8-11b1c4a23f96 ] Request (TrunkTestJSON:_run_cleanups): 404 DELETE http://172.30.9.23:9696/v2.0/ports/7680265a-9338-4e5a-a189-61ae88742272 0.039s
2019-04-05 08:00:26.645 9141 DEBUG tempest.lib.common.rest_client [req-eb0b015f-ade8-4e49-86c8-11b1c4a23f96 ] Request - Headers: {'Content-Type': 'application/json', 'Accept': 'application/json', 'X-Auth-Token': ''} Body: None Response - Headers: {'status': '404', u'content-length': '132', 'content-location': 'http://172.30.9.23:9696/v2.0/ports/7680265a-9338-4e5a-a189-61ae88742272', u'date': 'Fri, 05 Apr 2019 08:00:26 GMT', u'content-type': 'application/json', u'connection': 'close', u'x-openstack-request-id': 'req-eb0b015f-ade8-4e49-86c8-11b1c4a23f96'} Body: {"NeutronError": {"message": "Port 7680265a-9338-4e5a-a189-61ae88742272 could not be found.", "type": "PortNotFound", "detail": ""}} _log_request_full /root/.rally/verification/verifier-69358898-56b7-401b-9990-a468e9097503/repo/tempest/lib/common/rest_client.py:437
2019-04-05 08:00:26.724 9138 WARNING tempest.lib.common.ssh [-] Failed to establish authenticated ssh connection to cirros@172.30.9.212 ([Errno None] Unable to connect to port 22 on 172.30.9.212). Number attempts: 2. Retry after 3 seconds.: NoValidConnectionsError: [Errno None] Unable to connect to port 22 on 172.30.9.212
2019-04-05 08:00:26.972 9141 INFO tempest.lib.common.rest_client [req-781868f6-2b49-4f50-b490-891aa988bc84 ] Request (TrunkTestJSON:_run_cleanups): 404 DELETE http://172.30.9.23:9696/v2.0/ports/814b6bc6-a23c-40b1-b4e0-54fc7bbb1be4 0.326s
2019-04-05 08:00:26.972 9141 DEBUG tempest.lib.common.rest_client [req-781868f6-2b49-4f50-b490-891aa988bc84 ] Request - Headers: {'Content-Type': 'application/json', 'Accept': 'application/json', 'X-Auth-Token': ''} Body: None Response - Headers: {'status': '404', u'content-length': '132', 'content-location': 'http://172.30.9.23:9696/v2.0/ports/814b6bc6-a23c-40b1-b4e0-54fc7bbb1be4', u'date': 'Fri, 05 Apr 2019 08:00:26 GMT', u'content-type': 'application/json', u'connection': 'close', u'x-openstack-request-id': 'req-781868f6-2b49-4f50-b490-891aa988bc84'} Body: {"NeutronError": {"message": "Port 814b6bc6-a23c-40b1-b4e0-54fc7bbb1be4 could not be found.", "type": "PortNotFound", "detail": ""}} _log_request_full /root/.rally/verification/verifier-69358898-56b7-401b-9990-a468e9097503/repo/tempest/lib/common/rest_client.py:437
2019-04-05 08:00:27.276 9137 INFO tempest.lib.common.rest_client [req-65bb223e-3c43-4495-b5bd-66326748410a ] Request (TrunkTestJSON:_run_cleanups): 204 DELETE http://172.30.9.23:9696/v2.0/networks/fe2d358c-554e-4b71-834c-2041c0a72016 0.666s
2019-04-05 08:00:27.277 9137 DEBUG tempest.lib.common.rest_client [req-65bb223e-3c43-4495-b5bd-66326748410a ] Request - Headers: {'Content-Type': 'application/json', 'Accept': 'application/json', 'X-Auth-Token': ''} Body: None Response - Headers: {'status': '204', u'content-length': '0', 'content-location': 'http://172.30.9.23:9696/v2.0/networks/fe2d358c-554e-4b71-834c-2041c0a72016', u'date': 'Fri, 05 Apr 2019 08:00:27 GMT', u'connection': 'close', u'x-openstack-request-id': 'req-65bb223e-3c43-4495-b5bd-66326748410a'} Body: _log_request_full /root/.rally/verification/verifier-69358898-56b7-401b-9990-a468e9097503/repo/tempest/lib/common/rest_client.py:437
2019-04-05 08:00:27.455 9141 INFO tempest.lib.common.rest_client [req-e6f393d8-a5ff-47a7-bcc4-c4529482b7c4 ] Request (TrunkTestJSON:_run_cleanups): 204 DELETE http://172.30.9.23:9696/v2.0/ports/48369246-9e12-4307-b671-a1cbc05d28e6 0.482s
2019-04-05 08:00:27.456 9141 DEBUG tempest.lib.common.rest_client [req-e6f393d8-a5ff-47a7-bcc4-c4529482b7c4 ] Request - Headers: {'Content-Type': 'application/json', 'Accept': 'application/json', 'X-Auth-Token': ''} Body: None Response - Headers: {'status': '204', u'content-length': '0', 'content-location': 'http://172.30.9.23:9696/v2.0/ports/48369246-9e12-4307-b671-a1cbc05d28e6', u'date': 'Fri, 05 Apr 2019 08:00:27 GMT', u'connection': 'close', u'x-openstack-request-id': 'req-e6f393d8-a5ff-47a7-bcc4-c4529482b7c4'} Body: _log_request_full /root/.rally/verification/verifier-69358898-56b7-401b-9990-a468e9097503/repo/tempest/lib/common/rest_client.py:437
2019-04-05 08:00:27.496 9137 INFO tempest.lib.common.rest_client [req-c7b12587-021d-4e4b-97ec-5579fcfb809b ] Request (TrunkTestJSON:test_delete_trunk_with_subport_is_allowed): 201 POST http://172.30.9.23:9696/v2.0/networks 0.217s
2019-04-05 08:00:27.496 9137 DEBUG tempest.lib.common.rest_client [req-c7b12587-021d-4e4b-97ec-5579fcfb809b ] Request - Headers: {'Content-Type': 'application/json', 'Accept': 'application/json', 'X-Auth-Token': ''} Body: {"network": {"name": "tempest-test-network--512941009"}} Response - Headers: {'status': '201', u'content-length': '609', 'content-location': 'http://172.30.9.23:9696/v2.0/networks', u'date': 'Fri, 05 Apr 2019 08:00:27 GMT', u'content-type': 'application/json', u'connection': 'close', u'x-openstack-request-id': 'req-c7b12587-021d-4e4b-97ec-5579fcfb809b'} Body: {"network":{"ipv6_address_scope":null,"revision_number":2,"port_security_enabled":true,"id":"26bd4563-d2dc-4e70-856f-57a94ee2abd2","router:external":false,"availability_zone_hints":[],"availability_zones":[],"ipv4_address_scope":null,"shared":false,"project_id":"b9466098443d4753b15d7e8f8dca66d7","l2_adjacency":true,"status":"ACTIVE","subnets":[],"description":"","tags":[],"updated_at":"2019-04-05T08:00:27Z","is_default":false,"name":"tempest-test-network--512941009","qos_policy_id":null,"admin_state_up":true,"tenant_id":"b9466098443d4753b15d7e8f8dca66d7","created_at":"2019-04-05T08:00:27Z","mtu":1450}} _log_request_full /root/.rally/verification/verifier-69358898-56b7-401b-9990-a468e9097503/repo/tempest/lib/common/rest_client.py:437
2019-04-05 08:00:27.901 9141 INFO tempest.lib.common.rest_client [req-366f4059-e329-4250-a1ca-403af6527d9c ] Request (TrunkTestJSON:_run_cleanups): 204 DELETE http://172.30.9.23:9696/v2.0/ports/8a310d3b-20e2-44d6-8a3a-b4df0f5d5f35 0.444s
2019-04-05 08:00:27.902 9141 DEBUG tempest.lib.common.rest_client [req-366f4059-e329-4250-a1ca-403af6527d9c ] Request - Headers: {'Content-Type': 'application/json', 'Accept': 'application/json', 'X-Auth-Token': ''} Body: None Response - Headers: {'status': '204', u'content-length': '0', 'content-location': 'http://172.30.9.23:9696/v2.0/ports/8a310d3b-20e2-44d6-8a3a-b4df0f5d5f35', u'date': 'Fri, 05 Apr 2019 08:00:27 GMT', u'connection': 'close', u'x-openstack-request-id': 'req-366f4059-e329-4250-a1ca-403af6527d9c'} Body: _log_request_full /root/.rally/verification/verifier-69358898-56b7-401b-9990-a468e9097503/repo/tempest/lib/common/rest_client.py:437
2019-04-05 08:00:27.923 9141 INFO tempest.lib.common.rest_client [req-32f72070-3ac3-4028-84e1-00b81746181e ] Request (TrunkTestJSON:_run_cleanups): 404 DELETE http://172.30.9.23:9696/v2.0/networks/41272a81-a455-4829-9785-82cb6ee37dc2 0.020s
2019-04-05 08:00:27.923 9141 DEBUG tempest.lib.common.rest_client [req-32f72070-3ac3-4028-84e1-00b81746181e ] Request - Headers: {'Content-Type': 'application/json', 'Accept': 'application/json', 'X-Auth-Token': ''} Body: None Response - Headers: {'status': '404', u'content-length': '138', 'content-location': 'http://172.30.9.23:9696/v2.0/networks/41272a81-a455-4829-9785-82cb6ee37dc2', u'date': 'Fri, 05 Apr 2019 08:00:27 GMT', u'content-type': 'application/json', u'connection': 'close', u'x-openstack-request-id': 'req-32f72070-3ac3-4028-84e1-00b81746181e'} Body: {"NeutronError": {"message": "Network 41272a81-a455-4829-9785-82cb6ee37dc2 could not be found.", "type": "NetworkNotFound", "detail": ""}} _log_request_full /root/.rally/verification/verifier-69358898-56b7-401b-9990-a468e9097503/repo/tempest/lib/common/rest_client.py:437
2019-04-05 08:00:27.944 9141 INFO tempest.lib.common.rest_client [req-e0f1e5e1-6d01-48f5-947a-e0419720d5cb ] Request (TrunkTestJSON:_run_cleanups): 404 DELETE http://172.30.9.23:9696/v2.0/networks/909bc959-5d2f-48cf-a7b0-22cf2a269ce9 0.020s
2019-04-05 08:00:27.945 9141 DEBUG tempest.lib.common.rest_client [req-e0f1e5e1-6d01-48f5-947a-e0419720d5cb ] Request - Headers: {'Content-Type': 'application/json', 'Accept': 'application/json', 'X-Auth-Token': ''} Body: None Response - Headers: {'status': '404', u'content-length': '138', 'content-location': 'http://172.30.9.23:9696/v2.0/networks/909bc959-5d2f-48cf-a7b0-22cf2a269ce9', u'date': 'Fri, 05 Apr 2019 08:00:27 GMT', u'content-type': 'application/json', u'connection': 'close', u'x-openstack-request-id': 'req-e0f1e5e1-6d01-48f5-947a-e0419720d5cb'} Body: {"NeutronError": {"message": "Network 909bc959-5d2f-48cf-a7b0-22cf2a269ce9 could not be found.", "type": "NetworkNotFound", "detail": ""}} _log_request_full /root/.rally/verification/verifier-69358898-56b7-401b-9990-a468e9097503/repo/tempest/lib/common/rest_client.py:437
2019-04-05 08:00:27.966 9141 INFO tempest.lib.common.rest_client [req-bf5dea01-3f64-4398-80b9-75750befef11 ] Request (TrunkTestJSON:_run_cleanups): 404 DELETE http://172.30.9.23:9696/v2.0/networks/f923aeb7-53bf-4fed-9758-3a6a766c3687 0.021s
2019-04-05 08:00:27.967 9141 DEBUG tempest.lib.common.rest_client [req-bf5dea01-3f64-4398-80b9-75750befef11 ] Request - Headers: {'Content-Type': 'application/json', 'Accept': 'application/json', 'X-Auth-Token': ''} Body: None Response - Headers: {'status': '404', u'content-length': '138', 'content-location': 'http://172.30.9.23:9696/v2.0/networks/f923aeb7-53bf-4fed-9758-3a6a766c3687', u'date': 'Fri, 05 Apr 2019 08:00:27 GMT', u'content-type': 'application/json', u'connection': 'close', u'x-openstack-request-id': 'req-bf5dea01-3f64-4398-80b9-75750befef11'} Body: {"NeutronError": {"message": "Network f923aeb7-53bf-4fed-9758-3a6a766c3687 could not be found.", "type": "NetworkNotFound", "detail": ""}} _log_request_full /root/.rally/verification/verifier-69358898-56b7-401b-9990-a468e9097503/repo/tempest/lib/common/rest_client.py:437
2019-04-05 08:00:27.991 9141 INFO tempest.lib.common.rest_client [req-c72a46ec-2379-4187-9c22-ddfcb861e323 ] Request (TrunkTestJSON:_run_cleanups): 404 DELETE http://172.30.9.23:9696/v2.0/networks/bb0a1911-63a2-4f50-97a6-835b64a2e272 0.024s
2019-04-05 08:00:27.992 9141 DEBUG tempest.lib.common.rest_client [req-c72a46ec-2379-4187-9c22-ddfcb861e323 ] Request - Headers: {'Content-Type': 'application/json', 'Accept': 'application/json', 'X-Auth-Token': ''} Body: None Response - Headers: {'status': '404', u'content-length': '138', 'content-location': 'http://172.30.9.23:9696/v2.0/networks/bb0a1911-63a2-4f50-97a6-835b64a2e272', u'date': 'Fri, 05 Apr 2019 08:00:27 GMT', u'content-type': 'application/json', u'connection': 'close', u'x-openstack-request-id': 'req-c72a46ec-2379-4187-9c22-ddfcb861e323'} Body: {"NeutronError": {"message": "Network bb0a1911-63a2-4f50-97a6-835b64a2e272 could not be found.", "type": "NetworkNotFound", "detail": ""}} _log_request_full /root/.rally/verification/verifier-69358898-56b7-401b-9990-a468e9097503/repo/tempest/lib/common/rest_client.py:437
2019-04-05 08:00:28.014 9141 INFO tempest.lib.common.rest_client [req-7b07809b-d380-462b-bdbf-5d0ef212cb1e ] Request (TrunkTestJSON:_run_cleanups): 404 DELETE http://172.30.9.23:9696/v2.0/networks/bbd63170-2843-4781-bd94-c95d03fae3da 0.021s
2019-04-05 08:00:28.014 9141 DEBUG tempest.lib.common.rest_client [req-7b07809b-d380-462b-bdbf-5d0ef212cb1e ] Request - Headers: {'Content-Type': 'application/json', 'Accept': 'application/json', 'X-Auth-Token': ''} Body: None Response - Headers: {'status': '404', u'content-length': '138', 'content-location': 'http://172.30.9.23:9696/v2.0/networks/bbd63170-2843-4781-bd94-c95d03fae3da', u'date': 'Fri, 05 Apr 2019 08:00:28 GMT', u'content-type': 'application/json', u'connection': 'close', u'x-openstack-request-id': 'req-7b07809b-d380-462b-bdbf-5d0ef212cb1e'} Body: {"NeutronError": {"message": "Network bbd63170-2843-4781-bd94-c95d03fae3da could not be found.", "type": "NetworkNotFound", "detail": ""}} _log_request_full /root/.rally/verification/verifier-69358898-56b7-401b-9990-a468e9097503/repo/tempest/lib/common/rest_client.py:437
2019-04-05 08:00:28.526 9137 INFO tempest.lib.common.rest_client [req-47837591-521e-4ed2-9549-eedeb5ed4c29 ] Request (TrunkTestJSON:test_delete_trunk_with_subport_is_allowed): 201 POST http://172.30.9.23:9696/v2.0/ports 1.028s
2019-04-05 08:00:28.527 9137 DEBUG tempest.lib.common.rest_client [req-47837591-521e-4ed2-9549-eedeb5ed4c29 ] Request - Headers: {'Content-Type': 'application/json', 'Accept': 'application/json', 'X-Auth-Token': ''} Body: {"port": {"network_id": "26bd4563-d2dc-4e70-856f-57a94ee2abd2"}} Response - Headers: {'status': '201', u'content-length': '664', 'content-location': 'http://172.30.9.23:9696/v2.0/ports', u'date': 'Fri, 05 Apr 2019 08:00:28 GMT', u'content-type': 'application/json', u'connection': 'close', u'x-openstack-request-id': 'req-47837591-521e-4ed2-9549-eedeb5ed4c29'} Body: {"port":{"allowed_address_pairs":[],"extra_dhcp_opts":[],"updated_at":"2019-04-05T08:00:27Z","device_owner":"","revision_number":2,"port_security_enabled":true,"fixed_ips":[],"id":"3b017102-c8b6-469e-be5e-cda5ef72220e","security_groups":["fa8d754f-465f-4780-9472-a231f0454621"],"mac_address":"fa:16:3e:ad:98:49","device_id":"","status":"DOWN","description":"","tags":[],"name":"","project_id":"b9466098443d4753b15d7e8f8dca66d7","qos_policy_id":null,"admin_state_up":true,"network_id":"26bd4563-d2dc-4e70-856f-57a94ee2abd2","tenant_id":"b9466098443d4753b15d7e8f8dca66d7","created_at":"2019-04-05T08:00:27Z","binding:vnic_type":"normal","ip_allocation":"immediate"}} _log_request_full /root/.rally/verification/verifier-69358898-56b7-401b-9990-a468e9097503/repo/tempest/lib/common/rest_client.py:437
2019-04-05 08:00:28.665 9141 INFO tempest.lib.common.rest_client [req-4a8b8f30-cd82-4abb-89a0-e35573c5956f ] Request (TrunkTestJSON:_run_cleanups): 204 DELETE http://172.30.9.23:9696/v2.0/networks/d34ee9c1-d67d-4918-97eb-13c80f25e265 0.650s
2019-04-05 08:00:28.666 9141 DEBUG tempest.lib.common.rest_client [req-4a8b8f30-cd82-4abb-89a0-e35573c5956f ] Request - Headers: {'Content-Type': 'application/json', 'Accept': 'application/json', 'X-Auth-Token': ''} Body: None Response - Headers: {'status': '204', u'content-length': '0', 'content-location': 'http://172.30.9.23:9696/v2.0/networks/d34ee9c1-d67d-4918-97eb-13c80f25e265', u'date': 'Fri, 05 Apr 2019 08:00:28 GMT', u'connection': 'close', u'x-openstack-request-id': 'req-4a8b8f30-cd82-4abb-89a0-e35573c5956f'} Body: _log_request_full /root/.rally/verification/verifier-69358898-56b7-401b-9990-a468e9097503/repo/tempest/lib/common/rest_client.py:437
2019-04-05 08:00:28.736 9137 INFO tempest.lib.common.rest_client [req-4dc8f6c8-73f6-4687-a459-2feddfe77300 ] Request (TrunkTestJSON:test_delete_trunk_with_subport_is_allowed): 201 POST http://172.30.9.23:9696/v2.0/networks 0.208s
2019-04-05 08:00:28.736 9137 DEBUG tempest.lib.common.rest_client [req-4dc8f6c8-73f6-4687-a459-2feddfe77300 ] Request - Headers: {'Content-Type': 'application/json', 'Accept': 'application/json', 'X-Auth-Token': ''} Body: {"network": {"name": "tempest-test-network--1311540251"}} Response - Headers: {'status': '201', u'content-length': '610', 'content-location': 'http://172.30.9.23:9696/v2.0/networks', u'date': 'Fri, 05 Apr 2019 08:00:28 GMT', u'content-type': 'application/json', u'connection': 'close', u'x-openstack-request-id': 'req-4dc8f6c8-73f6-4687-a459-2feddfe77300'} Body: {"network":{"ipv6_address_scope":null,"revision_number":2,"port_security_enabled":true,"id":"ad601877-8b76-4a24-949e-351d99b2a1ff","router:external":false,"availability_zone_hints":[],"availability_zones":[],"ipv4_address_scope":null,"shared":false,"project_id":"b9466098443d4753b15d7e8f8dca66d7","l2_adjacency":true,"status":"ACTIVE","subnets":[],"description":"","tags":[],"updated_at":"2019-04-05T08:00:28Z","is_default":false,"name":"tempest-test-network--1311540251","qos_policy_id":null,"admin_state_up":true,"tenant_id":"b9466098443d4753b15d7e8f8dca66d7","created_at":"2019-04-05T08:00:28Z","mtu":1450}} _log_request_full /root/.rally/verification/verifier-69358898-56b7-401b-9990-a468e9097503/repo/tempest/lib/common/rest_client.py:437
2019-04-05 08:00:29.435 9137 INFO tempest.lib.common.rest_client [req-207d4a97-a38b-402c-9fe7-6e9d80465a62 ] Request (TrunkTestJSON:test_delete_trunk_with_subport_is_allowed): 201 POST http://172.30.9.23:9696/v2.0/ports 0.697s
2019-04-05 08:00:29.435 9137 DEBUG tempest.lib.common.rest_client [req-207d4a97-a38b-402c-9fe7-6e9d80465a62 ] Request - Headers: {'Content-Type': 'application/json', 'Accept': 'application/json', 'X-Auth-Token': ''} Body: {"port": {"network_id": "ad601877-8b76-4a24-949e-351d99b2a1ff"}} Response - Headers: {'status': '201', u'content-length': '664', 'content-location': 'http://172.30.9.23:9696/v2.0/ports', u'date': 'Fri, 05 Apr 2019 08:00:29 GMT', u'content-type': 'application/json', u'connection': 'close', u'x-openstack-request-id': 'req-207d4a97-a38b-402c-9fe7-6e9d80465a62'} Body: {"port":{"allowed_address_pairs":[],"extra_dhcp_opts":[],"updated_at":"2019-04-05T08:00:28Z","device_owner":"","revision_number":2,"port_security_enabled":true,"fixed_ips":[],"id":"db8d31e7-55bf-49ca-b508-bac4b5940bfb","security_groups":["fa8d754f-465f-4780-9472-a231f0454621"],"mac_address":"fa:16:3e:93:84:7a","device_id":"","status":"DOWN","description":"","tags":[],"name":"","project_id":"b9466098443d4753b15d7e8f8dca66d7","qos_policy_id":null,"admin_state_up":true,"network_id":"ad601877-8b76-4a24-949e-351d99b2a1ff","tenant_id":"b9466098443d4753b15d7e8f8dca66d7","created_at":"2019-04-05T08:00:28Z","binding:vnic_type":"normal","ip_allocation":"immediate"}} _log_request_full /root/.rally/verification/verifier-69358898-56b7-401b-9990-a468e9097503/repo/tempest/lib/common/rest_client.py:437
2019-04-05 08:00:29.535 9141 INFO tempest.lib.common.rest_client [req-fd2a29ca-e4a9-4186-a1ed-22da7b6c6bf4 ] Request (TrunkTestJSON:_run_cleanups): 204 DELETE http://172.30.9.23:9696/v2.0/networks/c2e17215-89f0-4ad5-97f9-cc1ab6056868 0.868s
2019-04-05 08:00:29.536 9141 DEBUG tempest.lib.common.rest_client [req-fd2a29ca-e4a9-4186-a1ed-22da7b6c6bf4 ] Request - Headers: {'Content-Type': 'application/json', 'Accept': 'application/json', 'X-Auth-Token': ''} Body: None Response - Headers: {'status': '204', u'content-length': '0', 'content-location': 'http://172.30.9.23:9696/v2.0/networks/c2e17215-89f0-4ad5-97f9-cc1ab6056868', u'date': 'Fri, 05 Apr 2019 08:00:29 GMT', u'connection': 'close', u'x-openstack-request-id': 'req-fd2a29ca-e4a9-4186-a1ed-22da7b6c6bf4'} Body: _log_request_full /root/.rally/verification/verifier-69358898-56b7-401b-9990-a468e9097503/repo/tempest/lib/common/rest_client.py:437
2019-04-05 08:00:29.888 9137 INFO tempest.lib.common.rest_client [req-6c469d84-c98a-4bb2-9719-5d54a01794a8 ] Request (TrunkTestJSON:test_delete_trunk_with_subport_is_allowed): 201 POST http://172.30.9.23:9696/v2.0/trunks 0.452s
2019-04-05 08:00:29.889 9137 DEBUG tempest.lib.common.rest_client [req-6c469d84-c98a-4bb2-9719-5d54a01794a8 ] Request - Headers: {'Content-Type': 'application/json', 'Accept': 'application/json', 'X-Auth-Token': ''} Body: {"trunk": {"sub_ports": [{"segmentation_type": "vlan", "port_id": "3b017102-c8b6-469e-be5e-cda5ef72220e", "segmentation_id": 2}], "port_id": "db8d31e7-55bf-49ca-b508-bac4b5940bfb"}} Response - Headers: {'status': '201', u'content-length': '509', 'content-location': 'http://172.30.9.23:9696/v2.0/trunks', u'date': 'Fri, 05 Apr 2019 08:00:29 GMT', u'content-type': 'application/json', u'connection': 'close', u'x-openstack-request-id': 'req-6c469d84-c98a-4bb2-9719-5d54a01794a8'} Body: {"trunk": {"status": "DOWN", "sub_ports": [{"segmentation_type": "vlan", "port_id": "3b017102-c8b6-469e-be5e-cda5ef72220e", "segmentation_id": 2}], "name": "", "admin_state_up": true, "tenant_id": "b9466098443d4753b15d7e8f8dca66d7", "created_at": "2019-04-05T08:00:29Z", "tags": [], "updated_at": "2019-04-05T08:00:29Z", "revision_number": 0, "project_id": "b9466098443d4753b15d7e8f8dca66d7", "port_id": "db8d31e7-55bf-49ca-b508-bac4b5940bfb", "id": "6114d881-e352-49ef-a130-651fa506ced1", "description": ""}} _log_request_full /root/.rally/verification/verifier-69358898-56b7-401b-9990-a468e9097503/repo/tempest/lib/common/rest_client.py:437
2019-04-05 08:00:30.011 9141 INFO tempest.lib.common.rest_client [req-9599e81a-2d9d-4af2-94b9-530bb2ad0879 ] Request (TrunkTestJSON:test_create_subport_nonexistent_port_id): 201 POST http://172.30.9.23:9696/v2.0/networks 0.473s
2019-04-05 08:00:30.012 9141 DEBUG tempest.lib.common.rest_client [req-9599e81a-2d9d-4af2-94b9-530bb2ad0879 ] Request - Headers: {'Content-Type': 'application/json', 'Accept': 'application/json', 'X-Auth-Token': ''} Body: {"network": {"name": "tempest-test-network--880335616"}} Response - Headers: {'status': '201', u'content-length': '609', 'content-location': 'http://172.30.9.23:9696/v2.0/networks', u'date': 'Fri, 05 Apr 2019 08:00:29 GMT', u'content-type': 'application/json', u'connection': 'close', u'x-openstack-request-id': 'req-9599e81a-2d9d-4af2-94b9-530bb2ad0879'} Body: {"network":{"ipv6_address_scope":null,"revision_number":2,"port_security_enabled":true,"id":"75aef683-124c-49e1-84b5-35dc1248b020","router:external":false,"availability_zone_hints":[],"availability_zones":[],"ipv4_address_scope":null,"shared":false,"project_id":"686a1d22b2a545ddb24b18038e8324a2","l2_adjacency":true,"status":"ACTIVE","subnets":[],"description":"","tags":[],"updated_at":"2019-04-05T08:00:29Z","is_default":false,"name":"tempest-test-network--880335616","qos_policy_id":null,"admin_state_up":true,"tenant_id":"686a1d22b2a545ddb24b18038e8324a2","created_at":"2019-04-05T08:00:29Z","mtu":1450}} _log_request_full /root/.rally/verification/verifier-69358898-56b7-401b-9990-a468e9097503/repo/tempest/lib/common/rest_client.py:437
2019-04-05 08:00:30.230 9138 INFO paramiko.transport [-] Connected (version 2.0, client dropbear_2015.67)
2019-04-05 08:00:30.292 9138 INFO paramiko.transport [-] Authentication (publickey) successful!
2019-04-05 08:00:30.294 9138 INFO tempest.lib.common.ssh [-] ssh connection to cirros@172.30.9.212 successfully created
2019-04-05 08:00:30.309 9137 INFO tempest.lib.common.rest_client [req-0a6ec3ec-1a06-44dd-a6c8-ebe3449705d6 ] Request (TrunkTestJSON:test_delete_trunk_with_subport_is_allowed): 204 DELETE http://172.30.9.23:9696/v2.0/trunks/6114d881-e352-49ef-a130-651fa506ced1 0.419s
2019-04-05 08:00:30.309 9137 DEBUG tempest.lib.common.rest_client [req-0a6ec3ec-1a06-44dd-a6c8-ebe3449705d6 ] Request - Headers: {'Content-Type': 'application/json', 'Accept': 'application/json', 'X-Auth-Token': ''} Body: None Response - Headers: {'status': '204', u'content-length': '0', 'content-location': 'http://172.30.9.23:9696/v2.0/trunks/6114d881-e352-49ef-a130-651fa506ced1', u'date': 'Fri, 05 Apr 2019 08:00:30 GMT', u'connection': 'close', u'x-openstack-request-id': 'req-0a6ec3ec-1a06-44dd-a6c8-ebe3449705d6'} Body: _log_request_full /root/.rally/verification/verifier-69358898-56b7-401b-9990-a468e9097503/repo/tempest/lib/common/rest_client.py:437
2019-04-05 08:00:30.325 9137 INFO tempest.lib.common.rest_client [req-85191fd0-9659-4c4d-8614-584fcc3bf2bc ] Request (TrunkTestJSON:_run_cleanups): 404 GET http://172.30.9.23:9696/v2.0/trunks/9d317908-c128-4c4c-9a8c-18e7502454e2/get_subports 0.015s
2019-04-05 08:00:30.326 9137 DEBUG tempest.lib.common.rest_client [req-85191fd0-9659-4c4d-8614-584fcc3bf2bc ] Request - Headers: {'Content-Type': 'application/json', 'Accept': 'application/json', 'X-Auth-Token': ''} Body: None Response - Headers: {'status': '404', u'content-length': '134', 'content-location': 'http://172.30.9.23:9696/v2.0/trunks/9d317908-c128-4c4c-9a8c-18e7502454e2/get_subports', u'date': 'Fri, 05 Apr 2019 08:00:30 GMT', u'content-type': 'application/json', u'connection': 'close', u'x-openstack-request-id': 'req-85191fd0-9659-4c4d-8614-584fcc3bf2bc'} Body: {"NeutronError": {"message": "Trunk 9d317908-c128-4c4c-9a8c-18e7502454e2 could not be found.", "type": "TrunkNotFound", "detail": ""}} _log_request_full /root/.rally/verification/verifier-69358898-56b7-401b-9990-a468e9097503/repo/tempest/lib/common/rest_client.py:437
2019-04-05 08:00:30.341 9137 INFO tempest.lib.common.rest_client [req-396e753d-7e51-4e75-b227-7b40e4e03fba ] Request (TrunkTestJSON:_run_cleanups): 404 DELETE http://172.30.9.23:9696/v2.0/trunks/9d317908-c128-4c4c-9a8c-18e7502454e2 0.015s
2019-04-05 08:00:30.341 9137 DEBUG tempest.lib.common.rest_client [req-396e753d-7e51-4e75-b227-7b40e4e03fba ] Request - Headers: {'Content-Type': 'application/json', 'Accept': 'application/json', 'X-Auth-Token': ''} Body: None Response - Headers: {'status': '404', u'content-length': '134', 'content-location': 'http://172.30.9.23:9696/v2.0/trunks/9d317908-c128-4c4c-9a8c-18e7502454e2', u'date': 'Fri, 05 Apr 2019 08:00:30 GMT', u'content-type': 'application/json', u'connection': 'close', u'x-openstack-request-id': 'req-396e753d-7e51-4e75-b227-7b40e4e03fba'} Body: {"NeutronError": {"message": "Trunk 9d317908-c128-4c4c-9a8c-18e7502454e2 could not be found.", "type": "TrunkNotFound", "detail": ""}} _log_request_full /root/.rally/verification/verifier-69358898-56b7-401b-9990-a468e9097503/repo/tempest/lib/common/rest_client.py:437
2019-04-05 08:00:30.358 9137 INFO tempest.lib.common.rest_client [req-8ffd8431-cb8f-40da-9d38-1422d00666c6 ] Request (TrunkTestJSON:_run_cleanups): 404 GET http://172.30.9.23:9696/v2.0/trunks/b96396f1-eec1-43ac-821c-dc80a5db5fbe/get_subports 0.016s
2019-04-05 08:00:30.358 9137 DEBUG tempest.lib.common.rest_client [req-8ffd8431-cb8f-40da-9d38-1422d00666c6 ] Request - Headers: {'Content-Type': 'application/json', 'Accept': 'application/json', 'X-Auth-Token': ''} Body: None Response - Headers: {'status': '404', u'content-length': '134', 'content-location': 'http://172.30.9.23:9696/v2.0/trunks/b96396f1-eec1-43ac-821c-dc80a5db5fbe/get_subports', u'date': 'Fri, 05 Apr 2019 08:00:30 GMT', u'content-type': 'application/json', u'connection': 'close', u'x-openstack-request-id': 'req-8ffd8431-cb8f-40da-9d38-1422d00666c6'} Body: {"NeutronError": {"message": "Trunk b96396f1-eec1-43ac-821c-dc80a5db5fbe could not be found.", "type": "TrunkNotFound", "detail": ""}} _log_request_full /root/.rally/verification/verifier-69358898-56b7-401b-9990-a468e9097503/repo/tempest/lib/common/rest_client.py:437
2019-04-05 08:00:30.373 9137 INFO tempest.lib.common.rest_client [req-8cdb4b4c-cd7c-43b6-803a-cd4e336d4724 ] Request (TrunkTestJSON:_run_cleanups): 404 DELETE http://172.30.9.23:9696/v2.0/trunks/b96396f1-eec1-43ac-821c-dc80a5db5fbe 0.014s
2019-04-05 08:00:30.374 9137 DEBUG tempest.lib.common.rest_client [req-8cdb4b4c-cd7c-43b6-803a-cd4e336d4724 ] Request - Headers: {'Content-Type': 'application/json', 'Accept': 'application/json', 'X-Auth-Token': ''} Body: None Response - Headers: {'status': '404', u'content-length': '134', 'content-location': 'http://172.30.9.23:9696/v2.0/trunks/b96396f1-eec1-43ac-821c-dc80a5db5fbe', u'date': 'Fri, 05 Apr 2019 08:00:30 GMT', u'content-type': 'application/json', u'connection': 'close', u'x-openstack-request-id': 'req-8cdb4b4c-cd7c-43b6-803a-cd4e336d4724'} Body: {"NeutronError": {"message": "Trunk b96396f1-eec1-43ac-821c-dc80a5db5fbe could not be found.", "type": "TrunkNotFound", "detail": ""}} _log_request_full /root/.rally/verification/verifier-69358898-56b7-401b-9990-a468e9097503/repo/tempest/lib/common/rest_client.py:437
2019-04-05 08:00:30.386 9137 INFO tempest.lib.common.rest_client [req-fea74d48-02e2-4970-90bb-74597f754362 ] Request (TrunkTestJSON:_run_cleanups): 404 GET http://172.30.9.23:9696/v2.0/trunks/245d295c-7e3f-4f2f-b4d2-14ff4e531842/get_subports 0.012s
2019-04-05 08:00:30.387 9137 DEBUG tempest.lib.common.rest_client [req-fea74d48-02e2-4970-90bb-74597f754362 ] Request - Headers: {'Content-Type': 'application/json', 'Accept': 'application/json', 'X-Auth-Token': ''} Body: None Response - Headers: {'status': '404', u'content-length': '134', 'content-location': 'http://172.30.9.23:9696/v2.0/trunks/245d295c-7e3f-4f2f-b4d2-14ff4e531842/get_subports', u'date': 'Fri, 05 Apr 2019 08:00:30 GMT', u'content-type': 'application/json', u'connection': 'close', u'x-openstack-request-id': 'req-fea74d48-02e2-4970-90bb-74597f754362'} Body: {"NeutronError": {"message": "Trunk 245d295c-7e3f-4f2f-b4d2-14ff4e531842 could not be found.", "type": "TrunkNotFound", "detail": ""}} _log_request_full /root/.rally/verification/verifier-69358898-56b7-401b-9990-a468e9097503/repo/tempest/lib/common/rest_client.py:437
2019-04-05 08:00:30.404 9137 INFO tempest.lib.common.rest_client [req-8ff04a74-74c3-4fb2-8ebf-6093463fedeb ] Request (TrunkTestJSON:_run_cleanups): 404 DELETE http://172.30.9.23:9696/v2.0/trunks/245d295c-7e3f-4f2f-b4d2-14ff4e531842 0.017s
2019-04-05 08:00:30.404 9137 DEBUG tempest.lib.common.rest_client [req-8ff04a74-74c3-4fb2-8ebf-6093463fedeb ] Request - Headers: {'Content-Type': 'application/json', 'Accept': 'application/json', 'X-Auth-Token': ''} Body: None Response - Headers: {'status': '404', u'content-length': '134', 'content-location': 'http://172.30.9.23:9696/v2.0/trunks/245d295c-7e3f-4f2f-b4d2-14ff4e531842', u'date': 'Fri, 05 Apr 2019 08:00:30 GMT', u'content-type': 'application/json', u'connection': 'close', u'x-openstack-request-id': 'req-8ff04a74-74c3-4fb2-8ebf-6093463fedeb'} Body: {"NeutronError": {"message": "Trunk 245d295c-7e3f-4f2f-b4d2-14ff4e531842 could not be found.", "type": "TrunkNotFound", "detail": ""}} _log_request_full /root/.rally/verification/verifier-69358898-56b7-401b-9990-a468e9097503/repo/tempest/lib/common/rest_client.py:437
2019-04-05 08:00:30.421 9137 INFO tempest.lib.common.rest_client [req-fbe3dfda-2c70-4350-8764-b48234bd3227 ] Request (TrunkTestJSON:_run_cleanups): 404 GET http://172.30.9.23:9696/v2.0/trunks/8e62f79f-83d4-414f-9370-9ffb73fa637e/get_subports 0.016s
2019-04-05 08:00:30.421 9137 DEBUG tempest.lib.common.rest_client [req-fbe3dfda-2c70-4350-8764-b48234bd3227 ] Request - Headers: {'Content-Type': 'application/json', 'Accept': 'application/json', 'X-Auth-Token': ''} Body: None Response - Headers: {'status': '404', u'content-length': '134', 'content-location': 'http://172.30.9.23:9696/v2.0/trunks/8e62f79f-83d4-414f-9370-9ffb73fa637e/get_subports', u'date': 'Fri, 05 Apr 2019 08:00:30 GMT', u'content-type': 'application/json', u'connection': 'close', u'x-openstack-request-id': 'req-fbe3dfda-2c70-4350-8764-b48234bd3227'} Body: {"NeutronError": {"message": "Trunk 8e62f79f-83d4-414f-9370-9ffb73fa637e could not be found.", "type": "TrunkNotFound", "detail": ""}} _log_request_full /root/.rally/verification/verifier-69358898-56b7-401b-9990-a468e9097503/repo/tempest/lib/common/rest_client.py:437
2019-04-05 08:00:30.440 9137 INFO tempest.lib.common.rest_client [req-e82d5124-2875-4372-8abe-32c16febb800 ] Request (TrunkTestJSON:_run_cleanups): 404 DELETE http://172.30.9.23:9696/v2.0/trunks/8e62f79f-83d4-414f-9370-9ffb73fa637e 0.018s
2019-04-05 08:00:30.440 9137 DEBUG tempest.lib.common.rest_client [req-e82d5124-2875-4372-8abe-32c16febb800 ] Request - Headers: {'Content-Type': 'application/json', 'Accept': 'application/json', 'X-Auth-Token': ''} Body: None Response - Headers: {'status': '404', u'content-length': '134', 'content-location': 'http://172.30.9.23:9696/v2.0/trunks/8e62f79f-83d4-414f-9370-9ffb73fa637e', u'date': 'Fri, 05 Apr 2019 08:00:30 GMT', u'content-type': 'application/json', u'connection': 'close', u'x-openstack-request-id': 'req-e82d5124-2875-4372-8abe-32c16febb800'} Body: {"NeutronError": {"message": "Trunk 8e62f79f-83d4-414f-9370-9ffb73fa637e could not be found.", "type": "TrunkNotFound", "detail": ""}} _log_request_full /root/.rally/verification/verifier-69358898-56b7-401b-9990-a468e9097503/repo/tempest/lib/common/rest_client.py:437
2019-04-05 08:00:30.462 9137 INFO tempest.lib.common.rest_client [req-1a89aed7-1dc0-4caa-a32b-495c164b3c83 ] Request (TrunkTestJSON:_run_cleanups): 404 GET http://172.30.9.23:9696/v2.0/trunks/619e2cf6-5e56-48ba-aec6-f8af9c8275cb/get_subports 0.021s
2019-04-05 08:00:30.462 9137 DEBUG tempest.lib.common.rest_client [req-1a89aed7-1dc0-4caa-a32b-495c164b3c83 ] Request - Headers: {'Content-Type': 'application/json', 'Accept': 'application/json', 'X-Auth-Token': ''} Body: None Response - Headers: {'status': '404', u'content-length': '134', 'content-location': 'http://172.30.9.23:9696/v2.0/trunks/619e2cf6-5e56-48ba-aec6-f8af9c8275cb/get_subports', u'date': 'Fri, 05 Apr 2019 08:00:30 GMT', u'content-type': 'application/json', u'connection': 'close', u'x-openstack-request-id': 'req-1a89aed7-1dc0-4caa-a32b-495c164b3c83'} Body: {"NeutronError": {"message": "Trunk 619e2cf6-5e56-48ba-aec6-f8af9c8275cb could not be found.", "type": "TrunkNotFound", "detail": ""}} _log_request_full /root/.rally/verification/verifier-69358898-56b7-401b-9990-a468e9097503/repo/tempest/lib/common/rest_client.py:437
2019-04-05 08:00:30.478 9137 INFO tempest.lib.common.rest_client [req-70399bde-22c9-49ce-816b-ac4be46bb6f7 ] Request (TrunkTestJSON:_run_cleanups): 404 DELETE http://172.30.9.23:9696/v2.0/trunks/619e2cf6-5e56-48ba-aec6-f8af9c8275cb 0.015s
2019-04-05 08:00:30.478 9137 DEBUG tempest.lib.common.rest_client [req-70399bde-22c9-49ce-816b-ac4be46bb6f7 ] Request - Headers: {'Content-Type': 'application/json', 'Accept': 'application/json', 'X-Auth-Token': ''} Body: None Response - Headers: {'status': '404', u'content-length': '134', 'content-location': 'http://172.30.9.23:9696/v2.0/trunks/619e2cf6-5e56-48ba-aec6-f8af9c8275cb', u'date': 'Fri, 05 Apr 2019 08:00:30 GMT', u'content-type': 'application/json', u'connection': 'close', u'x-openstack-request-id': 'req-70399bde-22c9-49ce-816b-ac4be46bb6f7'} Body: {"NeutronError": {"message": "Trunk 619e2cf6-5e56-48ba-aec6-f8af9c8275cb could not be found.", "type": "TrunkNotFound", "detail": ""}} _log_request_full /root/.rally/verification/verifier-69358898-56b7-401b-9990-a468e9097503/repo/tempest/lib/common/rest_client.py:437
2019-04-05 08:00:30.494 9137 INFO tempest.lib.common.rest_client [req-5b8af684-1fa5-4d93-b262-4d4ddfcb8977 ] Request (TrunkTestJSON:_run_cleanups): 404 GET http://172.30.9.23:9696/v2.0/trunks/814906f3-1eb6-413f-9b71-6b464bc90814/get_subports 0.015s
2019-04-05 08:00:30.494 9137 DEBUG tempest.lib.common.rest_client [req-5b8af684-1fa5-4d93-b262-4d4ddfcb8977 ] Request - Headers: {'Content-Type': 'application/json', 'Accept': 'application/json', 'X-Auth-Token': ''} Body: None Response - Headers: {'status': '404', u'content-length': '134', 'content-location': 'http://172.30.9.23:9696/v2.0/trunks/814906f3-1eb6-413f-9b71-6b464bc90814/get_subports', u'date': 'Fri, 05 Apr 2019 08:00:30 GMT', u'content-type': 'application/json', u'connection': 'close', u'x-openstack-request-id': 'req-5b8af684-1fa5-4d93-b262-4d4ddfcb8977'} Body: {"NeutronError": {"message": "Trunk 814906f3-1eb6-413f-9b71-6b464bc90814 could not be found.", "type": "TrunkNotFound", "detail": ""}} _log_request_full /root/.rally/verification/verifier-69358898-56b7-401b-9990-a468e9097503/repo/tempest/lib/common/rest_client.py:437
2019-04-05 08:00:30.508 9137 INFO tempest.lib.common.rest_client [req-8a2e8988-719c-44fd-87b0-c2a67d44ac51 ] Request (TrunkTestJSON:_run_cleanups): 404 DELETE http://172.30.9.23:9696/v2.0/trunks/814906f3-1eb6-413f-9b71-6b464bc90814 0.014s
2019-04-05 08:00:30.509 9137 DEBUG tempest.lib.common.rest_client [req-8a2e8988-719c-44fd-87b0-c2a67d44ac51 ] Request - Headers: {'Content-Type': 'application/json', 'Accept': 'application/json', 'X-Auth-Token': ''} Body: None Response - Headers: {'status': '404', u'content-length': '134', 'content-location': 'http://172.30.9.23:9696/v2.0/trunks/814906f3-1eb6-413f-9b71-6b464bc90814', u'date': 'Fri, 05 Apr 2019 08:00:30 GMT', u'content-type': 'application/json', u'connection': 'close', u'x-openstack-request-id': 'req-8a2e8988-719c-44fd-87b0-c2a67d44ac51'} Body: {"NeutronError": {"message": "Trunk 814906f3-1eb6-413f-9b71-6b464bc90814 could not be found.", "type": "TrunkNotFound", "detail": ""}} _log_request_full /root/.rally/verification/verifier-69358898-56b7-401b-9990-a468e9097503/repo/tempest/lib/common/rest_client.py:437
2019-04-05 08:00:30.528 9137 INFO tempest.lib.common.rest_client [req-cb5f45e3-bb06-44ae-ae03-ed105749850b ] Request (TrunkTestJSON:_run_cleanups): 404 GET http://172.30.9.23:9696/v2.0/trunks/6114d881-e352-49ef-a130-651fa506ced1/get_subports 0.019s
2019-04-05 08:00:30.528 9137 DEBUG tempest.lib.common.rest_client [req-cb5f45e3-bb06-44ae-ae03-ed105749850b ] Request - Headers: {'Content-Type': 'application/json', 'Accept': 'application/json', 'X-Auth-Token': ''} Body: None Response - Headers: {'status': '404', u'content-length': '134', 'content-location': 'http://172.30.9.23:9696/v2.0/trunks/6114d881-e352-49ef-a130-651fa506ced1/get_subports', u'date': 'Fri, 05 Apr 2019 08:00:30 GMT', u'content-type': 'application/json', u'connection': 'close', u'x-openstack-request-id': 'req-cb5f45e3-bb06-44ae-ae03-ed105749850b'} Body: {"NeutronError": {"message": "Trunk 6114d881-e352-49ef-a130-651fa506ced1 could not be found.", "type": "TrunkNotFound", "detail": ""}} _log_request_full /root/.rally/verification/verifier-69358898-56b7-401b-9990-a468e9097503/repo/tempest/lib/common/rest_client.py:437
2019-04-05 08:00:30.545 9137 INFO tempest.lib.common.rest_client [req-0fa0191a-b468-48e1-b27f-cf7e400c9121 ] Request (TrunkTestJSON:_run_cleanups): 404 DELETE http://172.30.9.23:9696/v2.0/trunks/6114d881-e352-49ef-a130-651fa506ced1 0.016s
2019-04-05 08:00:30.545 9137 DEBUG tempest.lib.common.rest_client [req-0fa0191a-b468-48e1-b27f-cf7e400c9121 ] Request - Headers: {'Content-Type': 'application/json', 'Accept': 'application/json', 'X-Auth-Token': ''} Body: None Response - Headers: {'status': '404', u'content-length': '134', 'content-location': 'http://172.30.9.23:9696/v2.0/trunks/6114d881-e352-49ef-a130-651fa506ced1', u'date': 'Fri, 05 Apr 2019 08:00:30 GMT', u'content-type': 'application/json', u'connection': 'close', u'x-openstack-request-id': 'req-0fa0191a-b468-48e1-b27f-cf7e400c9121'} Body: {"NeutronError": {"message": "Trunk 6114d881-e352-49ef-a130-651fa506ced1 could not be found.", "type": "TrunkNotFound", "detail": ""}} _log_request_full /root/.rally/verification/verifier-69358898-56b7-401b-9990-a468e9097503/repo/tempest/lib/common/rest_client.py:437
2019-04-05 08:00:30.558 9137 INFO tempest.lib.common.rest_client [req-15a05288-5d9a-45c3-aea8-3f6e882f1201 ] Request (TrunkTestJSON:_run_cleanups): 404 GET http://172.30.9.23:9696/v2.0/trunks/9d317908-c128-4c4c-9a8c-18e7502454e2 0.013s
2019-04-05 08:00:30.558 9137 DEBUG tempest.lib.common.rest_client [req-15a05288-5d9a-45c3-aea8-3f6e882f1201 ] Request - Headers: {'Content-Type': 'application/json', 'Accept': 'application/json', 'X-Auth-Token': ''} Body: None Response - Headers: {'status': '404', u'content-length': '134', 'content-location': 'http://172.30.9.23:9696/v2.0/trunks/9d317908-c128-4c4c-9a8c-18e7502454e2', u'date': 'Fri, 05 Apr 2019 08:00:30 GMT', u'content-type': 'application/json', u'connection': 'close', u'x-openstack-request-id': 'req-15a05288-5d9a-45c3-aea8-3f6e882f1201'} Body: {"NeutronError": {"message": "Trunk 9d317908-c128-4c4c-9a8c-18e7502454e2 could not be found.", "type": "TrunkNotFound", "detail": ""}} _log_request_full /root/.rally/verification/verifier-69358898-56b7-401b-9990-a468e9097503/repo/tempest/lib/common/rest_client.py:437
2019-04-05 08:00:30.571 9137 INFO tempest.lib.common.rest_client [req-5f417f8f-265b-4e7e-af59-661b61c5c361 ] Request (TrunkTestJSON:_run_cleanups): 404 GET http://172.30.9.23:9696/v2.0/trunks/b96396f1-eec1-43ac-821c-dc80a5db5fbe 0.012s
2019-04-05 08:00:30.572 9137 DEBUG tempest.lib.common.rest_client [req-5f417f8f-265b-4e7e-af59-661b61c5c361 ] Request - Headers: {'Content-Type': 'application/json', 'Accept': 'application/json', 'X-Auth-Token': ''} Body: None Response - Headers: {'status': '404', u'content-length': '134', 'content-location': 'http://172.30.9.23:9696/v2.0/trunks/b96396f1-eec1-43ac-821c-dc80a5db5fbe', u'date': 'Fri, 05 Apr 2019 08:00:30 GMT', u'content-type': 'application/json', u'connection': 'close', u'x-openstack-request-id': 'req-5f417f8f-265b-4e7e-af59-661b61c5c361'} Body: {"NeutronError": {"message": "Trunk b96396f1-eec1-43ac-821c-dc80a5db5fbe could not be found.", "type": "TrunkNotFound", "detail": ""}} _log_request_full /root/.rally/verification/verifier-69358898-56b7-401b-9990-a468e9097503/repo/tempest/lib/common/rest_client.py:437
2019-04-05 08:00:30.584 9137 INFO tempest.lib.common.rest_client [req-271c0bf1-afef-4eee-a535-36a753f6dd8b ] Request (TrunkTestJSON:_run_cleanups): 404 GET http://172.30.9.23:9696/v2.0/trunks/245d295c-7e3f-4f2f-b4d2-14ff4e531842 0.012s
2019-04-05 08:00:30.584 9137 DEBUG tempest.lib.common.rest_client [req-271c0bf1-afef-4eee-a535-36a753f6dd8b ] Request - Headers: {'Content-Type': 'application/json', 'Accept': 'application/json', 'X-Auth-Token': ''} Body: None Response - Headers: {'status': '404', u'content-length': '134', 'content-location': 'http://172.30.9.23:9696/v2.0/trunks/245d295c-7e3f-4f2f-b4d2-14ff4e531842', u'date': 'Fri, 05 Apr 2019 08:00:30 GMT', u'content-type': 'application/json', u'connection': 'close', u'x-openstack-request-id': 'req-271c0bf1-afef-4eee-a535-36a753f6dd8b'} Body: {"NeutronError": {"message": "Trunk 245d295c-7e3f-4f2f-b4d2-14ff4e531842 could not be found.", "type": "TrunkNotFound", "detail": ""}} _log_request_full /root/.rally/verification/verifier-69358898-56b7-401b-9990-a468e9097503/repo/tempest/lib/common/rest_client.py:437
