2019-04-01 10:27:54.525 9145 DEBUG tempest.lib.common.rest_client [req-7cbffa37-12c2-4310-8ebc-e35eafa488cb ] Request - Headers: {'Content-Type': 'application/json', 'Accept': 'application/json', 'X-Auth-Token': ''} Body: None Response - Headers: {'status': '404', u'content-length': '134', 'content-location': 'http://172.30.9.44:9696/v2.0/trunks/a1a83c28-cd10-463a-8625-d7ebcd7b3488/get_subports', u'date': 'Mon, 01 Apr 2019 10:27:54 GMT', u'content-type': 'application/json', u'connection': 'close', u'x-openstack-request-id': 'req-7cbffa37-12c2-4310-8ebc-e35eafa488cb'} Body: {"NeutronError": {"message": "Trunk a1a83c28-cd10-463a-8625-d7ebcd7b3488 could not be found.", "type": "TrunkNotFound", "detail": ""}} _log_request_full /root/.rally/verification/verifier-89a5a3fd-b98b-4419-94ca-78ef2d7cedda/repo/tempest/lib/common/rest_client.py:437
2019-04-01 10:27:54.545 9145 INFO tempest.lib.common.rest_client [req-459f3c1f-e376-4c61-9e27-57c8134b103f ] Request (TrunkTestJSON:_run_cleanups): 404 DELETE http://172.30.9.44:9696/v2.0/trunks/a1a83c28-cd10-463a-8625-d7ebcd7b3488 0.018s
2019-04-01 10:27:54.545 9145 DEBUG tempest.lib.common.rest_client [req-459f3c1f-e376-4c61-9e27-57c8134b103f ] Request - Headers: {'Content-Type': 'application/json', 'Accept': 'application/json', 'X-Auth-Token': ''} Body: None Response - Headers: {'status': '404', u'content-length': '134', 'content-location': 'http://172.30.9.44:9696/v2.0/trunks/a1a83c28-cd10-463a-8625-d7ebcd7b3488', u'date': 'Mon, 01 Apr 2019 10:27:54 GMT', u'content-type': 'application/json', u'connection': 'close', u'x-openstack-request-id': 'req-459f3c1f-e376-4c61-9e27-57c8134b103f'} Body: {"NeutronError": {"message": "Trunk a1a83c28-cd10-463a-8625-d7ebcd7b3488 could not be found.", "type": "TrunkNotFound", "detail": ""}} _log_request_full /root/.rally/verification/verifier-89a5a3fd-b98b-4419-94ca-78ef2d7cedda/repo/tempest/lib/common/rest_client.py:437
2019-04-01 10:27:54.561 9145 INFO tempest.lib.common.rest_client [req-831e1e6f-b6ca-4145-8e73-dc9fb254a614 ] Request (TrunkTestJSON:_run_cleanups): 404 GET http://172.30.9.44:9696/v2.0/trunks/e0b3cce3-7abd-4dbb-b60c-6082fdd0f53e/get_subports 0.015s
2019-04-01 10:27:54.561 9145 DEBUG tempest.lib.common.rest_client [req-831e1e6f-b6ca-4145-8e73-dc9fb254a614 ] Request - Headers: {'Content-Type': 'application/json', 'Accept': 'application/json', 'X-Auth-Token': ''} Body: None Response - Headers: {'status': '404', u'content-length': '134', 'content-location': 'http://172.30.9.44:9696/v2.0/trunks/e0b3cce3-7abd-4dbb-b60c-6082fdd0f53e/get_subports', u'date': 'Mon, 01 Apr 2019 10:27:54 GMT', u'content-type': 'application/json', u'connection': 'close', u'x-openstack-request-id': 'req-831e1e6f-b6ca-4145-8e73-dc9fb254a614'} Body: {"NeutronError": {"message": "Trunk e0b3cce3-7abd-4dbb-b60c-6082fdd0f53e could not be found.", "type": "TrunkNotFound", "detail": ""}} _log_request_full /root/.rally/verification/verifier-89a5a3fd-b98b-4419-94ca-78ef2d7cedda/repo/tempest/lib/common/rest_client.py:437
2019-04-01 10:27:54.578 9145 INFO tempest.lib.common.rest_client [req-b5f531af-5e0e-46f2-8138-31a58f2729af ] Request (TrunkTestJSON:_run_cleanups): 404 DELETE http://172.30.9.44:9696/v2.0/trunks/e0b3cce3-7abd-4dbb-b60c-6082fdd0f53e 0.016s
2019-04-01 10:27:54.579 9145 DEBUG tempest.lib.common.rest_client [req-b5f531af-5e0e-46f2-8138-31a58f2729af ] Request - Headers: {'Content-Type': 'application/json', 'Accept': 'application/json', 'X-Auth-Token': ''} Body: None Response - Headers: {'status': '404', u'content-length': '134', 'content-location': 'http://172.30.9.44:9696/v2.0/trunks/e0b3cce3-7abd-4dbb-b60c-6082fdd0f53e', u'date': 'Mon, 01 Apr 2019 10:27:54 GMT', u'content-type': 'application/json', u'connection': 'close', u'x-openstack-request-id': 'req-b5f531af-5e0e-46f2-8138-31a58f2729af'} Body: {"NeutronError": {"message": "Trunk e0b3cce3-7abd-4dbb-b60c-6082fdd0f53e could not be found.", "type": "TrunkNotFound", "detail": ""}} _log_request_full /root/.rally/verification/verifier-89a5a3fd-b98b-4419-94ca-78ef2d7cedda/repo/tempest/lib/common/rest_client.py:437
2019-04-01 10:27:54.593 9145 INFO tempest.lib.common.rest_client [req-05312d0c-670f-4a6f-beab-b598d85c461c ] Request (TrunkTestJSON:_run_cleanups): 404 GET http://172.30.9.44:9696/v2.0/trunks/b83b2090-3bc0-4280-af48-51ed07db9d87/get_subports 0.013s
2019-04-01 10:27:54.593 9145 DEBUG tempest.lib.common.rest_client [req-05312d0c-670f-4a6f-beab-b598d85c461c ] Request - Headers: {'Content-Type': 'application/json', 'Accept': 'application/json', 'X-Auth-Token': ''} Body: None Response - Headers: {'status': '404', u'content-length': '134', 'content-location': 'http://172.30.9.44:9696/v2.0/trunks/b83b2090-3bc0-4280-af48-51ed07db9d87/get_subports', u'date': 'Mon, 01 Apr 2019 10:27:54 GMT', u'content-type': 'application/json', u'connection': 'close', u'x-openstack-request-id': 'req-05312d0c-670f-4a6f-beab-b598d85c461c'} Body: {"NeutronError": {"message": "Trunk b83b2090-3bc0-4280-af48-51ed07db9d87 could not be found.", "type": "TrunkNotFound", "detail": ""}} _log_request_full /root/.rally/verification/verifier-89a5a3fd-b98b-4419-94ca-78ef2d7cedda/repo/tempest/lib/common/rest_client.py:437
2019-04-01 10:27:54.612 9145 INFO tempest.lib.common.rest_client [req-d32c8c8d-d5f6-47ba-8280-238550e75829 ] Request (TrunkTestJSON:_run_cleanups): 404 DELETE http://172.30.9.44:9696/v2.0/trunks/b83b2090-3bc0-4280-af48-51ed07db9d87 0.018s
2019-04-01 10:27:54.612 9145 DEBUG tempest.lib.common.rest_client [req-d32c8c8d-d5f6-47ba-8280-238550e75829 ] Request - Headers: {'Content-Type': 'application/json', 'Accept': 'application/json', 'X-Auth-Token': ''} Body: None Response - Headers: {'status': '404', u'content-length': '134', 'content-location': 'http://172.30.9.44:9696/v2.0/trunks/b83b2090-3bc0-4280-af48-51ed07db9d87', u'date': 'Mon, 01 Apr 2019 10:27:54 GMT', u'content-type': 'application/json', u'connection': 'close', u'x-openstack-request-id': 'req-d32c8c8d-d5f6-47ba-8280-238550e75829'} Body: {"NeutronError": {"message": "Trunk b83b2090-3bc0-4280-af48-51ed07db9d87 could not be found.", "type": "TrunkNotFound", "detail": ""}} _log_request_full /root/.rally/verification/verifier-89a5a3fd-b98b-4419-94ca-78ef2d7cedda/repo/tempest/lib/common/rest_client.py:437
2019-04-01 10:27:54.626 9145 INFO tempest.lib.common.rest_client [req-989843f6-9a56-4951-95b8-8f37859a3303 ] Request (TrunkTestJSON:_run_cleanups): 404 GET http://172.30.9.44:9696/v2.0/trunks/1a19cf4f-6bde-4404-9b45-fa250b1505d3/get_subports 0.014s
2019-04-01 10:27:54.627 9145 DEBUG tempest.lib.common.rest_client [req-989843f6-9a56-4951-95b8-8f37859a3303 ] Request - Headers: {'Content-Type': 'application/json', 'Accept': 'application/json', 'X-Auth-Token': ''} Body: None Response - Headers: {'status': '404', u'content-length': '134', 'content-location': 'http://172.30.9.44:9696/v2.0/trunks/1a19cf4f-6bde-4404-9b45-fa250b1505d3/get_subports', u'date': 'Mon, 01 Apr 2019 10:27:54 GMT', u'content-type': 'application/json', u'connection': 'close', u'x-openstack-request-id': 'req-989843f6-9a56-4951-95b8-8f37859a3303'} Body: {"NeutronError": {"message": "Trunk 1a19cf4f-6bde-4404-9b45-fa250b1505d3 could not be found.", "type": "TrunkNotFound", "detail": ""}} _log_request_full /root/.rally/verification/verifier-89a5a3fd-b98b-4419-94ca-78ef2d7cedda/repo/tempest/lib/common/rest_client.py:437
2019-04-01 10:27:54.643 9145 INFO tempest.lib.common.rest_client [req-c4ff6c0b-a10c-4eb4-8237-78f68cb48a30 ] Request (TrunkTestJSON:_run_cleanups): 404 DELETE http://172.30.9.44:9696/v2.0/trunks/1a19cf4f-6bde-4404-9b45-fa250b1505d3 0.015s
2019-04-01 10:27:54.643 9145 DEBUG tempest.lib.common.rest_client [req-c4ff6c0b-a10c-4eb4-8237-78f68cb48a30 ] Request - Headers: {'Content-Type': 'application/json', 'Accept': 'application/json', 'X-Auth-Token': ''} Body: None Response - Headers: {'status': '404', u'content-length': '134', 'content-location': 'http://172.30.9.44:9696/v2.0/trunks/1a19cf4f-6bde-4404-9b45-fa250b1505d3', u'date': 'Mon, 01 Apr 2019 10:27:54 GMT', u'content-type': 'application/json', u'connection': 'close', u'x-openstack-request-id': 'req-c4ff6c0b-a10c-4eb4-8237-78f68cb48a30'} Body: {"NeutronError": {"message": "Trunk 1a19cf4f-6bde-4404-9b45-fa250b1505d3 could not be found.", "type": "TrunkNotFound", "detail": ""}} _log_request_full /root/.rally/verification/verifier-89a5a3fd-b98b-4419-94ca-78ef2d7cedda/repo/tempest/lib/common/rest_client.py:437
2019-04-01 10:27:54.658 9145 INFO tempest.lib.common.rest_client [req-68fa1b7e-c0da-4361-90d9-b6071cf95c58 ] Request (TrunkTestJSON:_run_cleanups): 404 GET http://172.30.9.44:9696/v2.0/trunks/4d87f4af-dee7-4d90-ac84-b365bd2fc54a/get_subports 0.014s
2019-04-01 10:27:54.658 9145 DEBUG tempest.lib.common.rest_client [req-68fa1b7e-c0da-4361-90d9-b6071cf95c58 ] Request - Headers: {'Content-Type': 'application/json', 'Accept': 'application/json', 'X-Auth-Token': ''} Body: None Response - Headers: {'status': '404', u'content-length': '134', 'content-location': 'http://172.30.9.44:9696/v2.0/trunks/4d87f4af-dee7-4d90-ac84-b365bd2fc54a/get_subports', u'date': 'Mon, 01 Apr 2019 10:27:54 GMT', u'content-type': 'application/json', u'connection': 'close', u'x-openstack-request-id': 'req-68fa1b7e-c0da-4361-90d9-b6071cf95c58'} Body: {"NeutronError": {"message": "Trunk 4d87f4af-dee7-4d90-ac84-b365bd2fc54a could not be found.", "type": "TrunkNotFound", "detail": ""}} _log_request_full /root/.rally/verification/verifier-89a5a3fd-b98b-4419-94ca-78ef2d7cedda/repo/tempest/lib/common/rest_client.py:437
2019-04-01 10:27:54.675 9145 INFO tempest.lib.common.rest_client [req-cf8c87cc-1fbf-41e2-89c9-3b29dd348e06 ] Request (TrunkTestJSON:_run_cleanups): 404 DELETE http://172.30.9.44:9696/v2.0/trunks/4d87f4af-dee7-4d90-ac84-b365bd2fc54a 0.016s
2019-04-01 10:27:54.676 9145 DEBUG tempest.lib.common.rest_client [req-cf8c87cc-1fbf-41e2-89c9-3b29dd348e06 ] Request - Headers: {'Content-Type': 'application/json', 'Accept': 'application/json', 'X-Auth-Token': ''} Body: None Response - Headers: {'status': '404', u'content-length': '134', 'content-location': 'http://172.30.9.44:9696/v2.0/trunks/4d87f4af-dee7-4d90-ac84-b365bd2fc54a', u'date': 'Mon, 01 Apr 2019 10:27:54 GMT', u'content-type': 'application/json', u'connection': 'close', u'x-openstack-request-id': 'req-cf8c87cc-1fbf-41e2-89c9-3b29dd348e06'} Body: {"NeutronError": {"message": "Trunk 4d87f4af-dee7-4d90-ac84-b365bd2fc54a could not be found.", "type": "TrunkNotFound", "detail": ""}} _log_request_full /root/.rally/verification/verifier-89a5a3fd-b98b-4419-94ca-78ef2d7cedda/repo/tempest/lib/common/rest_client.py:437
2019-04-01 10:27:54.688 9149 INFO tempest.lib.common.rest_client [req-3451ec67-6a19-45af-be77-ce662705d7a2 ] Request (TrunkTestJSON:test_create_trunk_nonexistent_subport_port_id): 201 POST http://172.30.9.44:9696/v2.0/ports 0.762s
2019-04-01 10:27:54.689 9149 DEBUG tempest.lib.common.rest_client [req-3451ec67-6a19-45af-be77-ce662705d7a2 ] Request - Headers: {'Content-Type': 'application/json', 'Accept': 'application/json', 'X-Auth-Token': ''} Body: {"port": {"network_id": "102276c0-af5e-4a40-9fe9-058e9478f215"}} Response - Headers: {'status': '201', u'content-length': '664', 'content-location': 'http://172.30.9.44:9696/v2.0/ports', u'date': 'Mon, 01 Apr 2019 10:27:54 GMT', u'content-type': 'application/json', u'connection': 'close', u'x-openstack-request-id': 'req-3451ec67-6a19-45af-be77-ce662705d7a2'} Body: {"port":{"allowed_address_pairs":[],"extra_dhcp_opts":[],"updated_at":"2019-04-01T10:27:54Z","device_owner":"","revision_number":2,"port_security_enabled":true,"fixed_ips":[],"id":"04edcc27-e031-4aca-aa75-b0d4c7f68795","security_groups":["7316f8c2-251b-45ca-9bcc-18e6759bd9ad"],"mac_address":"fa:16:3e:f2:da:0b","device_id":"","status":"DOWN","description":"","tags":[],"name":"","project_id":"0c0d20175c4743fb92eb4916dc11e436","qos_policy_id":null,"admin_state_up":true,"network_id":"102276c0-af5e-4a40-9fe9-058e9478f215","tenant_id":"0c0d20175c4743fb92eb4916dc11e436","created_at":"2019-04-01T10:27:54Z","binding:vnic_type":"normal","ip_allocation":"immediate"}} _log_request_full /root/.rally/verification/verifier-89a5a3fd-b98b-4419-94ca-78ef2d7cedda/repo/tempest/lib/common/rest_client.py:437
2019-04-01 10:27:54.696 9145 INFO tempest.lib.common.rest_client [req-501438ba-5f57-4734-a33d-591914238a59 ] Request (TrunkTestJSON:_run_cleanups): 404 GET http://172.30.9.44:9696/v2.0/trunks/a1513125-306e-474a-bd4c-b12cdb729db1/get_subports 0.020s
2019-04-01 10:27:54.696 9145 DEBUG tempest.lib.common.rest_client [req-501438ba-5f57-4734-a33d-591914238a59 ] Request - Headers: {'Content-Type': 'application/json', 'Accept': 'application/json', 'X-Auth-Token': ''} Body: None Response - Headers: {'status': '404', u'content-length': '134', 'content-location': 'http://172.30.9.44:9696/v2.0/trunks/a1513125-306e-474a-bd4c-b12cdb729db1/get_subports', u'date': 'Mon, 01 Apr 2019 10:27:54 GMT', u'content-type': 'application/json', u'connection': 'close', u'x-openstack-request-id': 'req-501438ba-5f57-4734-a33d-591914238a59'} Body: {"NeutronError": {"message": "Trunk a1513125-306e-474a-bd4c-b12cdb729db1 could not be found.", "type": "TrunkNotFound", "detail": ""}} _log_request_full /root/.rally/verification/verifier-89a5a3fd-b98b-4419-94ca-78ef2d7cedda/repo/tempest/lib/common/rest_client.py:437
2019-04-01 10:27:54.718 9145 INFO tempest.lib.common.rest_client [req-d8b91391-5490-4dc9-8664-127b358195dc ] Request (TrunkTestJSON:_run_cleanups): 404 DELETE http://172.30.9.44:9696/v2.0/trunks/a1513125-306e-474a-bd4c-b12cdb729db1 0.021s
2019-04-01 10:27:54.718 9145 DEBUG tempest.lib.common.rest_client [req-d8b91391-5490-4dc9-8664-127b358195dc ] Request - Headers: {'Content-Type': 'application/json', 'Accept': 'application/json', 'X-Auth-Token': ''} Body: None Response - Headers: {'status': '404', u'content-length': '134', 'content-location': 'http://172.30.9.44:9696/v2.0/trunks/a1513125-306e-474a-bd4c-b12cdb729db1', u'date': 'Mon, 01 Apr 2019 10:27:54 GMT', u'content-type': 'application/json', u'connection': 'close', u'x-openstack-request-id': 'req-d8b91391-5490-4dc9-8664-127b358195dc'} Body: {"NeutronError": {"message": "Trunk a1513125-306e-474a-bd4c-b12cdb729db1 could not be found.", "type": "TrunkNotFound", "detail": ""}} _log_request_full /root/.rally/verification/verifier-89a5a3fd-b98b-4419-94ca-78ef2d7cedda/repo/tempest/lib/common/rest_client.py:437
2019-04-01 10:27:54.762 9145 INFO tempest.lib.common.rest_client [req-900f7e92-503c-4b72-a100-93a838d6d378 ] Request (TrunkTestJSON:_run_cleanups): 200 GET http://172.30.9.44:9696/v2.0/trunks/d6302e1e-ee41-409f-90eb-19d57722e3d8/get_subports 0.042s
2019-04-01 10:27:54.762 9145 DEBUG tempest.lib.common.rest_client [req-900f7e92-503c-4b72-a100-93a838d6d378 ] Request - Headers: {'Content-Type': 'application/json', 'Accept': 'application/json', 'X-Auth-Token': ''} Body: None Response - Headers: {'status': '200', u'content-length': '119', 'content-location': 'http://172.30.9.44:9696/v2.0/trunks/d6302e1e-ee41-409f-90eb-19d57722e3d8/get_subports', u'date': 'Mon, 01 Apr 2019 10:27:54 GMT', u'content-type': 'application/json', u'connection': 'close', u'x-openstack-request-id': 'req-900f7e92-503c-4b72-a100-93a838d6d378'} Body: {"sub_ports": [{"segmentation_type": "vlan", "port_id": "7603099d-a7ec-4b20-8240-1bdf60590534", "segmentation_id": 4}]} _log_request_full /root/.rally/verification/verifier-89a5a3fd-b98b-4419-94ca-78ef2d7cedda/repo/tempest/lib/common/rest_client.py:437
2019-04-01 10:27:54.824 9145 INFO tempest.lib.common.rest_client [req-893ad492-8309-4f56-b5c0-fabd6259acc7 ] Request (TrunkTestJSON:_run_cleanups): 200 PUT http://172.30.9.44:9696/v2.0/trunks/d6302e1e-ee41-409f-90eb-19d57722e3d8/remove_subports 0.061s
2019-04-01 10:27:54.824 9145 DEBUG tempest.lib.common.rest_client [req-893ad492-8309-4f56-b5c0-fabd6259acc7 ] Request - Headers: {'Content-Type': 'application/json', 'Accept': 'application/json', 'X-Auth-Token': ''} Body: {"sub_ports": [{"port_id": "7603099d-a7ec-4b20-8240-1bdf60590534", "segmentation_type": "vlan", "segmentation_id": 4}]} Response - Headers: {'status': '200', u'content-length': '396', 'content-location': 'http://172.30.9.44:9696/v2.0/trunks/d6302e1e-ee41-409f-90eb-19d57722e3d8/remove_subports', u'date': 'Mon, 01 Apr 2019 10:27:54 GMT', u'content-type': 'application/json', u'connection': 'close', u'x-openstack-request-id': 'req-893ad492-8309-4f56-b5c0-fabd6259acc7'} Body: {"status": "DOWN", "sub_ports": [], "name": "", "admin_state_up": true, "tenant_id": "1d607055e8f14bc5a852c4315b201eff", "created_at": "2019-04-01T10:27:54Z", "tags": [], "updated_at": "2019-04-01T10:27:54Z", "revision_number": 2, "project_id": "1d607055e8f14bc5a852c4315b201eff", "port_id": "16689628-1764-401a-a072-dc9ced760424", "id": "d6302e1e-ee41-409f-90eb-19d57722e3d8", "description": ""} _log_request_full /root/.rally/verification/verifier-89a5a3fd-b98b-4419-94ca-78ef2d7cedda/repo/tempest/lib/common/rest_client.py:437
2019-04-01 10:27:54.957 9145 INFO tempest.lib.common.rest_client [req-2472781a-adec-418f-aaaf-c78a1c33595a ] Request (TrunkTestJSON:_run_cleanups): 204 DELETE http://172.30.9.44:9696/v2.0/trunks/d6302e1e-ee41-409f-90eb-19d57722e3d8 0.132s
2019-04-01 10:27:54.957 9145 DEBUG tempest.lib.common.rest_client [req-2472781a-adec-418f-aaaf-c78a1c33595a ] Request - Headers: {'Content-Type': 'application/json', 'Accept': 'application/json', 'X-Auth-Token': ''} Body: None Response - Headers: {'status': '204', u'content-length': '0', 'content-location': 'http://172.30.9.44:9696/v2.0/trunks/d6302e1e-ee41-409f-90eb-19d57722e3d8', u'date': 'Mon, 01 Apr 2019 10:27:54 GMT', u'connection': 'close', u'x-openstack-request-id': 'req-2472781a-adec-418f-aaaf-c78a1c33595a'} Body: _log_request_full /root/.rally/verification/verifier-89a5a3fd-b98b-4419-94ca-78ef2d7cedda/repo/tempest/lib/common/rest_client.py:437
2019-04-01 10:27:54.969 9149 INFO tempest.lib.common.rest_client [req-9fde3050-fb54-4c80-9237-cf7f75da06cd ] Request (TrunkTestJSON:test_create_trunk_nonexistent_subport_port_id): 404 POST http://172.30.9.44:9696/v2.0/trunks 0.280s
2019-04-01 10:27:54.970 9149 DEBUG tempest.lib.common.rest_client [req-9fde3050-fb54-4c80-9237-cf7f75da06cd ] Request - Headers: {'Content-Type': 'application/json', 'Accept': 'application/json', 'X-Auth-Token': ''} Body: {"trunk": {"sub_ports": [{"segmentation_type": "vlan", "port_id": "ba3533f1-3661-4a93-aa43-e3378f5bc52f", "segmentation_id": 2}], "port_id": "04edcc27-e031-4aca-aa75-b0d4c7f68795"}} Response - Headers: {'status': '404', u'content-length': '132', 'content-location': 'http://172.30.9.44:9696/v2.0/trunks', u'date': 'Mon, 01 Apr 2019 10:27:54 GMT', u'content-type': 'application/json', u'connection': 'close', u'x-openstack-request-id': 'req-9fde3050-fb54-4c80-9237-cf7f75da06cd'} Body: {"NeutronError": {"message": "Port ba3533f1-3661-4a93-aa43-e3378f5bc52f could not be found.", "type": "PortNotFound", "detail": ""}} _log_request_full /root/.rally/verification/verifier-89a5a3fd-b98b-4419-94ca-78ef2d7cedda/repo/tempest/lib/common/rest_client.py:437
2019-04-01 10:27:54.975 9145 INFO tempest.lib.common.rest_client [req-4e3e8d62-10ec-41b4-9ba0-ccae0e6d0583 ] Request (TrunkTestJSON:_run_cleanups): 404 GET http://172.30.9.44:9696/v2.0/trunks/45795b8c-e82a-48b9-ba72-514f8d7c4caf 0.017s
2019-04-01 10:27:54.976 9145 DEBUG tempest.lib.common.rest_client [req-4e3e8d62-10ec-41b4-9ba0-ccae0e6d0583 ] Request - Headers: {'Content-Type': 'application/json', 'Accept': 'application/json', 'X-Auth-Token': ''} Body: None Response - Headers: {'status': '404', u'content-length': '134', 'content-location': 'http://172.30.9.44:9696/v2.0/trunks/45795b8c-e82a-48b9-ba72-514f8d7c4caf', u'date': 'Mon, 01 Apr 2019 10:27:54 GMT', u'content-type': 'application/json', u'connection': 'close', u'x-openstack-request-id': 'req-4e3e8d62-10ec-41b4-9ba0-ccae0e6d0583'} Body: {"NeutronError": {"message": "Trunk 45795b8c-e82a-48b9-ba72-514f8d7c4caf could not be found.", "type": "TrunkNotFound", "detail": ""}} _log_request_full /root/.rally/verification/verifier-89a5a3fd-b98b-4419-94ca-78ef2d7cedda/repo/tempest/lib/common/rest_client.py:437
2019-04-01 10:27:54.983 9149 INFO tempest.lib.common.rest_client [req-f556384a-156e-4efe-9c0d-5557a43cb9cf ] Request (TrunkTestJSON:_run_cleanups): 404 GET http://172.30.9.44:9696/v2.0/trunks/98d34062-f845-4afc-981e-e3c6e360a200/get_subports 0.013s
2019-04-01 10:27:54.984 9149 DEBUG tempest.lib.common.rest_client [req-f556384a-156e-4efe-9c0d-5557a43cb9cf ] Request - Headers: {'Content-Type': 'application/json', 'Accept': 'application/json', 'X-Auth-Token': ''} Body: None Response - Headers: {'status': '404', u'content-length': '134', 'content-location': 'http://172.30.9.44:9696/v2.0/trunks/98d34062-f845-4afc-981e-e3c6e360a200/get_subports', u'date': 'Mon, 01 Apr 2019 10:27:54 GMT', u'content-type': 'application/json', u'connection': 'close', u'x-openstack-request-id': 'req-f556384a-156e-4efe-9c0d-5557a43cb9cf'} Body: {"NeutronError": {"message": "Trunk 98d34062-f845-4afc-981e-e3c6e360a200 could not be found.", "type": "TrunkNotFound", "detail": ""}} _log_request_full /root/.rally/verification/verifier-89a5a3fd-b98b-4419-94ca-78ef2d7cedda/repo/tempest/lib/common/rest_client.py:437
2019-04-01 10:27:54.991 9145 INFO tempest.lib.common.rest_client [req-6a819990-edb8-4a36-b40e-33961a731685 ] Request (TrunkTestJSON:_run_cleanups): 404 GET http://172.30.9.44:9696/v2.0/trunks/8d65bed6-1991-4d93-84e0-426b9f061b20 0.014s
2019-04-01 10:27:54.991 9145 DEBUG tempest.lib.common.rest_client [req-6a819990-edb8-4a36-b40e-33961a731685 ] Request - Headers: {'Content-Type': 'application/json', 'Accept': 'application/json', 'X-Auth-Token': ''} Body: None Response - Headers: {'status': '404', u'content-length': '134', 'content-location': 'http://172.30.9.44:9696/v2.0/trunks/8d65bed6-1991-4d93-84e0-426b9f061b20', u'date': 'Mon, 01 Apr 2019 10:27:54 GMT', u'content-type': 'application/json', u'connection': 'close', u'x-openstack-request-id': 'req-6a819990-edb8-4a36-b40e-33961a731685'} Body: {"NeutronError": {"message": "Trunk 8d65bed6-1991-4d93-84e0-426b9f061b20 could not be found.", "type": "TrunkNotFound", "detail": ""}} _log_request_full /root/.rally/verification/verifier-89a5a3fd-b98b-4419-94ca-78ef2d7cedda/repo/tempest/lib/common/rest_client.py:437
2019-04-01 10:27:55.002 9149 INFO tempest.lib.common.rest_client [req-536ae439-bb54-40ff-890a-ed1247e669b5 ] Request (TrunkTestJSON:_run_cleanups): 404 DELETE http://172.30.9.44:9696/v2.0/trunks/98d34062-f845-4afc-981e-e3c6e360a200 0.018s
2019-04-01 10:27:55.003 9149 DEBUG tempest.lib.common.rest_client [req-536ae439-bb54-40ff-890a-ed1247e669b5 ] Request - Headers: {'Content-Type': 'application/json', 'Accept': 'application/json', 'X-Auth-Token': ''} Body: None Response - Headers: {'status': '404', u'content-length': '134', 'content-location': 'http://172.30.9.44:9696/v2.0/trunks/98d34062-f845-4afc-981e-e3c6e360a200', u'date': 'Mon, 01 Apr 2019 10:27:54 GMT', u'content-type': 'application/json', u'connection': 'close', u'x-openstack-request-id': 'req-536ae439-bb54-40ff-890a-ed1247e669b5'} Body: {"NeutronError": {"message": "Trunk 98d34062-f845-4afc-981e-e3c6e360a200 could not be found.", "type": "TrunkNotFound", "detail": ""}} _log_request_full /root/.rally/verification/verifier-89a5a3fd-b98b-4419-94ca-78ef2d7cedda/repo/tempest/lib/common/rest_client.py:437
2019-04-01 10:27:55.006 9145 INFO tempest.lib.common.rest_client [req-3a12bb7f-9e65-4e70-b852-da945da32e26 ] Request (TrunkTestJSON:_run_cleanups): 404 GET http://172.30.9.44:9696/v2.0/trunks/7f57ca0f-62eb-46f4-80de-49c14a45af4a 0.014s
2019-04-01 10:27:55.006 9145 DEBUG tempest.lib.common.rest_client [req-3a12bb7f-9e65-4e70-b852-da945da32e26 ] Request - Headers: {'Content-Type': 'application/json', 'Accept': 'application/json', 'X-Auth-Token': ''} Body: None Response - Headers: {'status': '404', u'content-length': '134', 'content-location': 'http://172.30.9.44:9696/v2.0/trunks/7f57ca0f-62eb-46f4-80de-49c14a45af4a', u'date': 'Mon, 01 Apr 2019 10:27:54 GMT', u'content-type': 'application/json', u'connection': 'close', u'x-openstack-request-id': 'req-3a12bb7f-9e65-4e70-b852-da945da32e26'} Body: {"NeutronError": {"message": "Trunk 7f57ca0f-62eb-46f4-80de-49c14a45af4a could not be found.", "type": "TrunkNotFound", "detail": ""}} _log_request_full /root/.rally/verification/verifier-89a5a3fd-b98b-4419-94ca-78ef2d7cedda/repo/tempest/lib/common/rest_client.py:437
2019-04-01 10:27:55.017 9149 INFO tempest.lib.common.rest_client [req-a4bb524c-3172-431e-b32b-374f37ecbf97 ] Request (TrunkTestJSON:_run_cleanups): 404 GET http://172.30.9.44:9696/v2.0/trunks/85739ce9-c968-4dea-ab19-dc4781dfe640/get_subports 0.014s
2019-04-01 10:27:55.018 9149 DEBUG tempest.lib.common.rest_client [req-a4bb524c-3172-431e-b32b-374f37ecbf97 ] Request - Headers: {'Content-Type': 'application/json', 'Accept': 'application/json', 'X-Auth-Token': ''} Body: None Response - Headers: {'status': '404', u'content-length': '134', 'content-location': 'http://172.30.9.44:9696/v2.0/trunks/85739ce9-c968-4dea-ab19-dc4781dfe640/get_subports', u'date': 'Mon, 01 Apr 2019 10:27:55 GMT', u'content-type': 'application/json', u'connection': 'close', u'x-openstack-request-id': 'req-a4bb524c-3172-431e-b32b-374f37ecbf97'} Body: {"NeutronError": {"message": "Trunk 85739ce9-c968-4dea-ab19-dc4781dfe640 could not be found.", "type": "TrunkNotFound", "detail": ""}} _log_request_full /root/.rally/verification/verifier-89a5a3fd-b98b-4419-94ca-78ef2d7cedda/repo/tempest/lib/common/rest_client.py:437
2019-04-01 10:27:55.022 9145 INFO tempest.lib.common.rest_client [req-5ec6da18-845f-453d-92db-5dd01e84ea94 ] Request (TrunkTestJSON:_run_cleanups): 404 GET http://172.30.9.44:9696/v2.0/trunks/08a2d806-cb26-474e-a5a0-5889e1f77829 0.015s
2019-04-01 10:27:55.022 9145 DEBUG tempest.lib.common.rest_client [req-5ec6da18-845f-453d-92db-5dd01e84ea94 ] Request - Headers: {'Content-Type': 'application/json', 'Accept': 'application/json', 'X-Auth-Token': ''} Body: None Response - Headers: {'status': '404', u'content-length': '134', 'content-location': 'http://172.30.9.44:9696/v2.0/trunks/08a2d806-cb26-474e-a5a0-5889e1f77829', u'date': 'Mon, 01 Apr 2019 10:27:55 GMT', u'content-type': 'application/json', u'connection': 'close', u'x-openstack-request-id': 'req-5ec6da18-845f-453d-92db-5dd01e84ea94'} Body: {"NeutronError": {"message": "Trunk 08a2d806-cb26-474e-a5a0-5889e1f77829 could not be found.", "type": "TrunkNotFound", "detail": ""}} _log_request_full /root/.rally/verification/verifier-89a5a3fd-b98b-4419-94ca-78ef2d7cedda/repo/tempest/lib/common/rest_client.py:437
2019-04-01 10:27:55.033 9149 INFO tempest.lib.common.rest_client [req-558aefab-2596-4bc4-b466-78057404495b ] Request (TrunkTestJSON:_run_cleanups): 404 DELETE http://172.30.9.44:9696/v2.0/trunks/85739ce9-c968-4dea-ab19-dc4781dfe640 0.015s
2019-04-01 10:27:55.034 9149 DEBUG tempest.lib.common.rest_client [req-558aefab-2596-4bc4-b466-78057404495b ] Request - Headers: {'Content-Type': 'application/json', 'Accept': 'application/json', 'X-Auth-Token': ''} Body: None Response - Headers: {'status': '404', u'content-length': '134', 'content-location': 'http://172.30.9.44:9696/v2.0/trunks/85739ce9-c968-4dea-ab19-dc4781dfe640', u'date': 'Mon, 01 Apr 2019 10:27:55 GMT', u'content-type': 'application/json', u'connection': 'close', u'x-openstack-request-id': 'req-558aefab-2596-4bc4-b466-78057404495b'} Body: {"NeutronError": {"message": "Trunk 85739ce9-c968-4dea-ab19-dc4781dfe640 could not be found.", "type": "TrunkNotFound", "detail": ""}} _log_request_full /root/.rally/verification/verifier-89a5a3fd-b98b-4419-94ca-78ef2d7cedda/repo/tempest/lib/common/rest_client.py:437
2019-04-01 10:27:55.040 9145 INFO tempest.lib.common.rest_client [req-900396b8-8df3-45c0-9ae8-6e2e343cb60b ] Request (TrunkTestJSON:_run_cleanups): 404 GET http://172.30.9.44:9696/v2.0/trunks/a1a83c28-cd10-463a-8625-d7ebcd7b3488 0.017s
2019-04-01 10:27:55.041 9145 DEBUG tempest.lib.common.rest_client [req-900396b8-8df3-45c0-9ae8-6e2e343cb60b ] Request - Headers: {'Content-Type': 'application/json', 'Accept': 'application/json', 'X-Auth-Token': ''} Body: None Response - Headers: {'status': '404', u'content-length': '134', 'content-location': 'http://172.30.9.44:9696/v2.0/trunks/a1a83c28-cd10-463a-8625-d7ebcd7b3488', u'date': 'Mon, 01 Apr 2019 10:27:55 GMT', u'content-type': 'application/json', u'connection': 'close', u'x-openstack-request-id': 'req-900396b8-8df3-45c0-9ae8-6e2e343cb60b'} Body: {"NeutronError": {"message": "Trunk a1a83c28-cd10-463a-8625-d7ebcd7b3488 could not be found.", "type": "TrunkNotFound", "detail": ""}} _log_request_full /root/.rally/verification/verifier-89a5a3fd-b98b-4419-94ca-78ef2d7cedda/repo/tempest/lib/common/rest_client.py:437
2019-04-01 10:27:55.053 9149 INFO tempest.lib.common.rest_client [req-29924349-9cb0-4953-b4ca-ed281924775d ] Request (TrunkTestJSON:_run_cleanups): 404 GET http://172.30.9.44:9696/v2.0/trunks/6c87e87f-a2af-43da-8254-915095b1a4c4/get_subports 0.019s
2019-04-01 10:27:55.054 9149 DEBUG tempest.lib.common.rest_client [req-29924349-9cb0-4953-b4ca-ed281924775d ] Request - Headers: {'Content-Type': 'application/json', 'Accept': 'application/json', 'X-Auth-Token': ''} Body: None Response - Headers: {'status': '404', u'content-length': '134', 'content-location': 'http://172.30.9.44:9696/v2.0/trunks/6c87e87f-a2af-43da-8254-915095b1a4c4/get_subports', u'date': 'Mon, 01 Apr 2019 10:27:55 GMT', u'content-type': 'application/json', u'connection': 'close', u'x-openstack-request-id': 'req-29924349-9cb0-4953-b4ca-ed281924775d'} Body: {"NeutronError": {"message": "Trunk 6c87e87f-a2af-43da-8254-915095b1a4c4 could not be found.", "type": "TrunkNotFound", "detail": ""}} _log_request_full /root/.rally/verification/verifier-89a5a3fd-b98b-4419-94ca-78ef2d7cedda/repo/tempest/lib/common/rest_client.py:437
2019-04-01 10:27:55.054 9145 INFO tempest.lib.common.rest_client [req-007fa338-d753-4524-8d69-673dd97ba7f2 ] Request (TrunkTestJSON:_run_cleanups): 404 GET http://172.30.9.44:9696/v2.0/trunks/e0b3cce3-7abd-4dbb-b60c-6082fdd0f53e 0.012s
2019-04-01 10:27:55.054 9145 DEBUG tempest.lib.common.rest_client [req-007fa338-d753-4524-8d69-673dd97ba7f2 ] Request - Headers: {'Content-Type': 'application/json', 'Accept': 'application/json', 'X-Auth-Token': ''} Body: None Response - Headers: {'status': '404', u'content-length': '134', 'content-location': 'http://172.30.9.44:9696/v2.0/trunks/e0b3cce3-7abd-4dbb-b60c-6082fdd0f53e', u'date': 'Mon, 01 Apr 2019 10:27:55 GMT', u'content-type': 'application/json', u'connection': 'close', u'x-openstack-request-id': 'req-007fa338-d753-4524-8d69-673dd97ba7f2'} Body: {"NeutronError": {"message": "Trunk e0b3cce3-7abd-4dbb-b60c-6082fdd0f53e could not be found.", "type": "TrunkNotFound", "detail": ""}} _log_request_full /root/.rally/verification/verifier-89a5a3fd-b98b-4419-94ca-78ef2d7cedda/repo/tempest/lib/common/rest_client.py:437
2019-04-01 10:27:55.071 9149 INFO tempest.lib.common.rest_client [req-d2650367-ed57-445b-ad81-1cfdec44eaa0 ] Request (TrunkTestJSON:_run_cleanups): 404 DELETE http://172.30.9.44:9696/v2.0/trunks/6c87e87f-a2af-43da-8254-915095b1a4c4 0.017s
2019-04-01 10:27:55.071 9149 DEBUG tempest.lib.common.rest_client [req-d2650367-ed57-445b-ad81-1cfdec44eaa0 ] Request - Headers: {'Content-Type': 'application/json', 'Accept': 'application/json', 'X-Auth-Token': ''} Body: None Response - Headers: {'status': '404', u'content-length': '134', 'content-location': 'http://172.30.9.44:9696/v2.0/trunks/6c87e87f-a2af-43da-8254-915095b1a4c4', u'date': 'Mon, 01 Apr 2019 10:27:55 GMT', u'content-type': 'application/json', u'connection': 'close', u'x-openstack-request-id': 'req-d2650367-ed57-445b-ad81-1cfdec44eaa0'} Body: {"NeutronError": {"message": "Trunk 6c87e87f-a2af-43da-8254-915095b1a4c4 could not be found.", "type": "TrunkNotFound", "detail": ""}} _log_request_full /root/.rally/verification/verifier-89a5a3fd-b98b-4419-94ca-78ef2d7cedda/repo/tempest/lib/common/rest_client.py:437
2019-04-01 10:27:55.071 9145 INFO tempest.lib.common.rest_client [req-6844ad8c-2a02-43a8-abc1-848bd5f123ab ] Request (TrunkTestJSON:_run_cleanups): 404 GET http://172.30.9.44:9696/v2.0/trunks/b83b2090-3bc0-4280-af48-51ed07db9d87 0.016s
2019-04-01 10:27:55.072 9145 DEBUG tempest.lib.common.rest_client [req-6844ad8c-2a02-43a8-abc1-848bd5f123ab ] Request - Headers: {'Content-Type': 'application/json', 'Accept': 'application/json', 'X-Auth-Token': ''} Body: None Response - Headers: {'status': '404', u'content-length': '134', 'content-location': 'http://172.30.9.44:9696/v2.0/trunks/b83b2090-3bc0-4280-af48-51ed07db9d87', u'date': 'Mon, 01 Apr 2019 10:27:55 GMT', u'content-type': 'application/json', u'connection': 'close', u'x-openstack-request-id': 'req-6844ad8c-2a02-43a8-abc1-848bd5f123ab'} Body: {"NeutronError": {"message": "Trunk b83b2090-3bc0-4280-af48-51ed07db9d87 could not be found.", "type": "TrunkNotFound", "detail": ""}} _log_request_full /root/.rally/verification/verifier-89a5a3fd-b98b-4419-94ca-78ef2d7cedda/repo/tempest/lib/common/rest_client.py:437
2019-04-01 10:27:55.085 9145 INFO tempest.lib.common.rest_client [req-9cab0e7d-79ea-4119-bf86-c3891320fab5 ] Request (TrunkTestJSON:_run_cleanups): 404 GET http://172.30.9.44:9696/v2.0/trunks/1a19cf4f-6bde-4404-9b45-fa250b1505d3 0.013s
2019-04-01 10:27:55.085 9145 DEBUG tempest.lib.common.rest_client [req-9cab0e7d-79ea-4119-bf86-c3891320fab5 ] Request - Headers: {'Content-Type': 'application/json', 'Accept': 'application/json', 'X-Auth-Token': ''} Body: None Response - Headers: {'status': '404', u'content-length': '134', 'content-location': 'http://172.30.9.44:9696/v2.0/trunks/1a19cf4f-6bde-4404-9b45-fa250b1505d3', u'date': 'Mon, 01 Apr 2019 10:27:55 GMT', u'content-type': 'application/json', u'connection': 'close', u'x-openstack-request-id': 'req-9cab0e7d-79ea-4119-bf86-c3891320fab5'} Body: {"NeutronError": {"message": "Trunk 1a19cf4f-6bde-4404-9b45-fa250b1505d3 could not be found.", "type": "TrunkNotFound", "detail": ""}} _log_request_full /root/.rally/verification/verifier-89a5a3fd-b98b-4419-94ca-78ef2d7cedda/repo/tempest/lib/common/rest_client.py:437
2019-04-01 10:27:55.086 9149 INFO tempest.lib.common.rest_client [req-51661c9e-f122-40b7-b1b7-96b6cbff45f0 ] Request (TrunkTestJSON:_run_cleanups): 404 GET http://172.30.9.44:9696/v2.0/trunks/125506de-4b09-42a7-9bbc-0c34faf37e5c/get_subports 0.014s
2019-04-01 10:27:55.087 9149 DEBUG tempest.lib.common.rest_client [req-51661c9e-f122-40b7-b1b7-96b6cbff45f0 ] Request - Headers: {'Content-Type': 'application/json', 'Accept': 'application/json', 'X-Auth-Token': ''} Body: None Response - Headers: {'status': '404', u'content-length': '134', 'content-location': 'http://172.30.9.44:9696/v2.0/trunks/125506de-4b09-42a7-9bbc-0c34faf37e5c/get_subports', u'date': 'Mon, 01 Apr 2019 10:27:55 GMT', u'content-type': 'application/json', u'connection': 'close', u'x-openstack-request-id': 'req-51661c9e-f122-40b7-b1b7-96b6cbff45f0'} Body: {"NeutronError": {"message": "Trunk 125506de-4b09-42a7-9bbc-0c34faf37e5c could not be found.", "type": "TrunkNotFound", "detail": ""}} _log_request_full /root/.rally/verification/verifier-89a5a3fd-b98b-4419-94ca-78ef2d7cedda/repo/tempest/lib/common/rest_client.py:437
2019-04-01 10:27:55.099 9145 INFO tempest.lib.common.rest_client [req-2005c82b-ceeb-4a00-abad-d0a2e5a581ad ] Request (TrunkTestJSON:_run_cleanups): 404 GET http://172.30.9.44:9696/v2.0/trunks/4d87f4af-dee7-4d90-ac84-b365bd2fc54a 0.013s
2019-04-01 10:27:55.100 9145 DEBUG tempest.lib.common.rest_client [req-2005c82b-ceeb-4a00-abad-d0a2e5a581ad ] Request - Headers: {'Content-Type': 'application/json', 'Accept': 'application/json', 'X-Auth-Token': ''} Body: None Response - Headers: {'status': '404', u'content-length': '134', 'content-location': 'http://172.30.9.44:9696/v2.0/trunks/4d87f4af-dee7-4d90-ac84-b365bd2fc54a', u'date': 'Mon, 01 Apr 2019 10:27:55 GMT', u'content-type': 'application/json', u'connection': 'close', u'x-openstack-request-id': 'req-2005c82b-ceeb-4a00-abad-d0a2e5a581ad'} Body: {"NeutronError": {"message": "Trunk 4d87f4af-dee7-4d90-ac84-b365bd2fc54a could not be found.", "type": "TrunkNotFound", "detail": ""}} _log_request_full /root/.rally/verification/verifier-89a5a3fd-b98b-4419-94ca-78ef2d7cedda/repo/tempest/lib/common/rest_client.py:437
2019-04-01 10:27:55.101 9149 INFO tempest.lib.common.rest_client [req-6e3aee76-3b0d-4935-8ea2-241c49b8e43c ] Request (TrunkTestJSON:_run_cleanups): 404 DELETE http://172.30.9.44:9696/v2.0/trunks/125506de-4b09-42a7-9bbc-0c34faf37e5c 0.013s
2019-04-01 10:27:55.101 9149 DEBUG tempest.lib.common.rest_client [req-6e3aee76-3b0d-4935-8ea2-241c49b8e43c ] Request - Headers: {'Content-Type': 'application/json', 'Accept': 'application/json', 'X-Auth-Token': ''} Body: None Response - Headers: {'status': '404', u'content-length': '134', 'content-location': 'http://172.30.9.44:9696/v2.0/trunks/125506de-4b09-42a7-9bbc-0c34faf37e5c', u'date': 'Mon, 01 Apr 2019 10:27:55 GMT', u'content-type': 'application/json', u'connection': 'close', u'x-openstack-request-id': 'req-6e3aee76-3b0d-4935-8ea2-241c49b8e43c'} Body: {"NeutronError": {"message": "Trunk 125506de-4b09-42a7-9bbc-0c34faf37e5c could not be found.", "type": "TrunkNotFound", "detail": ""}} _log_request_full /root/.rally/verification/verifier-89a5a3fd-b98b-4419-94ca-78ef2d7cedda/repo/tempest/lib/common/rest_client.py:437
2019-04-01 10:27:55.115 9145 INFO tempest.lib.common.rest_client [req-eb35d9c0-2cf3-4740-85c4-1432d6212185 ] Request (TrunkTestJSON:_run_cleanups): 404 GET http://172.30.9.44:9696/v2.0/trunks/a1513125-306e-474a-bd4c-b12cdb729db1 0.015s
2019-04-01 10:27:55.116 9145 DEBUG tempest.lib.common.rest_client [req-eb35d9c0-2cf3-4740-85c4-1432d6212185 ] Request - Headers: {'Content-Type': 'application/json', 'Accept': 'application/json', 'X-Auth-Token': ''} Body: None Response - Headers: {'status': '404', u'content-length': '134', 'content-location': 'http://172.30.9.44:9696/v2.0/trunks/a1513125-306e-474a-bd4c-b12cdb729db1', u'date': 'Mon, 01 Apr 2019 10:27:55 GMT', u'content-type': 'application/json', u'connection': 'close', u'x-openstack-request-id': 'req-eb35d9c0-2cf3-4740-85c4-1432d6212185'} Body: {"NeutronError": {"message": "Trunk a1513125-306e-474a-bd4c-b12cdb729db1 could not be found.", "type": "TrunkNotFound", "detail": ""}} _log_request_full /root/.rally/verification/verifier-89a5a3fd-b98b-4419-94ca-78ef2d7cedda/repo/tempest/lib/common/rest_client.py:437
2019-04-01 10:27:55.124 9149 INFO tempest.lib.common.rest_client [req-f3232649-ab62-4a4b-8b31-ef1505cd5550 ] Request (TrunkTestJSON:_run_cleanups): 404 GET http://172.30.9.44:9696/v2.0/trunks/87dde313-b3f3-4479-b0be-7b56abc38ee5/get_subports 0.022s
2019-04-01 10:27:55.125 9149 DEBUG tempest.lib.common.rest_client [req-f3232649-ab62-4a4b-8b31-ef1505cd5550 ] Request - Headers: {'Content-Type': 'application/json', 'Accept': 'application/json', 'X-Auth-Token': ''} Body: None Response - Headers: {'status': '404', u'content-length': '134', 'content-location': 'http://172.30.9.44:9696/v2.0/trunks/87dde313-b3f3-4479-b0be-7b56abc38ee5/get_subports', u'date': 'Mon, 01 Apr 2019 10:27:55 GMT', u'content-type': 'application/json', u'connection': 'close', u'x-openstack-request-id': 'req-f3232649-ab62-4a4b-8b31-ef1505cd5550'} Body: {"NeutronError": {"message": "Trunk 87dde313-b3f3-4479-b0be-7b56abc38ee5 could not be found.", "type": "TrunkNotFound", "detail": ""}} _log_request_full /root/.rally/verification/verifier-89a5a3fd-b98b-4419-94ca-78ef2d7cedda/repo/tempest/lib/common/rest_client.py:437
2019-04-01 10:27:55.132 9145 INFO tempest.lib.common.rest_client [req-2f29b4b9-61bc-418b-90b9-d073632a4ee9 ] Request (TrunkTestJSON:_run_cleanups): 404 GET http://172.30.9.44:9696/v2.0/trunks/d6302e1e-ee41-409f-90eb-19d57722e3d8 0.015s
2019-04-01 10:27:55.132 9145 DEBUG tempest.lib.common.rest_client [req-2f29b4b9-61bc-418b-90b9-d073632a4ee9 ] Request - Headers: {'Content-Type': 'application/json', 'Accept': 'application/json', 'X-Auth-Token': ''} Body: None Response - Headers: {'status': '404', u'content-length': '134', 'content-location': 'http://172.30.9.44:9696/v2.0/trunks/d6302e1e-ee41-409f-90eb-19d57722e3d8', u'date': 'Mon, 01 Apr 2019 10:27:55 GMT', u'content-type': 'application/json', u'connection': 'close', u'x-openstack-request-id': 'req-2f29b4b9-61bc-418b-90b9-d073632a4ee9'} Body: {"NeutronError": {"message": "Trunk d6302e1e-ee41-409f-90eb-19d57722e3d8 could not be found.", "type": "TrunkNotFound", "detail": ""}} _log_request_full /root/.rally/verification/verifier-89a5a3fd-b98b-4419-94ca-78ef2d7cedda/repo/tempest/lib/common/rest_client.py:437
2019-04-01 10:27:55.142 9149 INFO tempest.lib.common.rest_client [req-0761b627-dd77-4f3d-bc88-40061c3f42ca ] Request (TrunkTestJSON:_run_cleanups): 404 DELETE http://172.30.9.44:9696/v2.0/trunks/87dde313-b3f3-4479-b0be-7b56abc38ee5 0.017s
2019-04-01 10:27:55.142 9149 DEBUG tempest.lib.common.rest_client [req-0761b627-dd77-4f3d-bc88-40061c3f42ca ] Request - Headers: {'Content-Type': 'application/json', 'Accept': 'application/json', 'X-Auth-Token': ''} Body: None Response - Headers: {'status': '404', u'content-length': '134', 'content-location': 'http://172.30.9.44:9696/v2.0/trunks/87dde313-b3f3-4479-b0be-7b56abc38ee5', u'date': 'Mon, 01 Apr 2019 10:27:55 GMT', u'content-type': 'application/json', u'connection': 'close', u'x-openstack-request-id': 'req-0761b627-dd77-4f3d-bc88-40061c3f42ca'} Body: {"NeutronError": {"message": "Trunk 87dde313-b3f3-4479-b0be-7b56abc38ee5 could not be found.", "type": "TrunkNotFound", "detail": ""}} _log_request_full /root/.rally/verification/verifier-89a5a3fd-b98b-4419-94ca-78ef2d7cedda/repo/tempest/lib/common/rest_client.py:437
2019-04-01 10:27:55.156 9149 INFO tempest.lib.common.rest_client [req-e449a528-3c9b-4e92-966f-0f8c2ff4655e ] Request (TrunkTestJSON:_run_cleanups): 404 GET http://172.30.9.44:9696/v2.0/trunks/3eccba12-636e-4644-874b-fb5eb9090a31/get_subports 0.013s
2019-04-01 10:27:55.156 9149 DEBUG tempest.lib.common.rest_client [req-e449a528-3c9b-4e92-966f-0f8c2ff4655e ] Request - Headers: {'Content-Type': 'application/json', 'Accept': 'application/json', 'X-Auth-Token': ''} Body: None Response - Headers: {'status': '404', u'content-length': '134', 'content-location': 'http://172.30.9.44:9696/v2.0/trunks/3eccba12-636e-4644-874b-fb5eb9090a31/get_subports', u'date': 'Mon, 01 Apr 2019 10:27:55 GMT', u'content-type': 'application/json', u'connection': 'close', u'x-openstack-request-id': 'req-e449a528-3c9b-4e92-966f-0f8c2ff4655e'} Body: {"NeutronError": {"message": "Trunk 3eccba12-636e-4644-874b-fb5eb9090a31 could not be found.", "type": "TrunkNotFound", "detail": ""}} _log_request_full /root/.rally/verification/verifier-89a5a3fd-b98b-4419-94ca-78ef2d7cedda/repo/tempest/lib/common/rest_client.py:437
2019-04-01 10:27:55.164 9145 INFO tempest.lib.common.rest_client [req-7aded9d0-d330-4128-afff-85fa2552b853 ] Request (TrunkTestJSON:_run_cleanups): 404 DELETE http://172.30.9.44:9696/v2.0/ports/dff44399-d09f-4c23-acb2-7c2bd5f3fba2 0.031s
2019-04-01 10:27:55.164 9145 DEBUG tempest.lib.common.rest_client [req-7aded9d0-d330-4128-afff-85fa2552b853 ] Request - Headers: {'Content-Type': 'application/json', 'Accept': 'application/json', 'X-Auth-Token': ''} Body: None Response - Headers: {'status': '404', u'content-length': '132', 'content-location': 'http://172.30.9.44:9696/v2.0/ports/dff44399-d09f-4c23-acb2-7c2bd5f3fba2', u'date': 'Mon, 01 Apr 2019 10:27:55 GMT', u'content-type': 'application/json', u'connection': 'close', u'x-openstack-request-id': 'req-7aded9d0-d330-4128-afff-85fa2552b853'} Body: {"NeutronError": {"message": "Port dff44399-d09f-4c23-acb2-7c2bd5f3fba2 could not be found.", "type": "PortNotFound", "detail": ""}} _log_request_full /root/.rally/verification/verifier-89a5a3fd-b98b-4419-94ca-78ef2d7cedda/repo/tempest/lib/common/rest_client.py:437
2019-04-01 10:27:55.175 9149 INFO tempest.lib.common.rest_client [req-21a6ff26-4cb4-498a-90ce-c57615548f40 ] Request (TrunkTestJSON:_run_cleanups): 404 DELETE http://172.30.9.44:9696/v2.0/trunks/3eccba12-636e-4644-874b-fb5eb9090a31 0.018s
2019-04-01 10:27:55.175 9149 DEBUG tempest.lib.common.rest_client [req-21a6ff26-4cb4-498a-90ce-c57615548f40 ] Request - Headers: {'Content-Type': 'application/json', 'Accept': 'application/json', 'X-Auth-Token': ''} Body: None Response - Headers: {'status': '404', u'content-length': '134', 'content-location': 'http://172.30.9.44:9696/v2.0/trunks/3eccba12-636e-4644-874b-fb5eb9090a31', u'date': 'Mon, 01 Apr 2019 10:27:55 GMT', u'content-type': 'application/json', u'connection': 'close', u'x-openstack-request-id': 'req-21a6ff26-4cb4-498a-90ce-c57615548f40'} Body: {"NeutronError": {"message": "Trunk 3eccba12-636e-4644-874b-fb5eb9090a31 could not be found.", "type": "TrunkNotFound", "detail": ""}} _log_request_full /root/.rally/verification/verifier-89a5a3fd-b98b-4419-94ca-78ef2d7cedda/repo/tempest/lib/common/rest_client.py:437
2019-04-01 10:27:55.194 9149 INFO tempest.lib.common.rest_client [req-9602269e-3849-4f4f-b3d4-70519e1f7e1a ] Request (TrunkTestJSON:_run_cleanups): 404 GET http://172.30.9.44:9696/v2.0/trunks/869b4503-0028-4162-9d92-e8a34ca158db/get_subports 0.018s
2019-04-01 10:27:55.194 9149 DEBUG tempest.lib.common.rest_client [req-9602269e-3849-4f4f-b3d4-70519e1f7e1a ] Request - Headers: {'Content-Type': 'application/json', 'Accept': 'application/json', 'X-Auth-Token': ''} Body: None Response - Headers: {'status': '404', u'content-length': '134', 'content-location': 'http://172.30.9.44:9696/v2.0/trunks/869b4503-0028-4162-9d92-e8a34ca158db/get_subports', u'date': 'Mon, 01 Apr 2019 10:27:55 GMT', u'content-type': 'application/json', u'connection': 'close', u'x-openstack-request-id': 'req-9602269e-3849-4f4f-b3d4-70519e1f7e1a'} Body: {"NeutronError": {"message": "Trunk 869b4503-0028-4162-9d92-e8a34ca158db could not be found.", "type": "TrunkNotFound", "detail": ""}} _log_request_full /root/.rally/verification/verifier-89a5a3fd-b98b-4419-94ca-78ef2d7cedda/repo/tempest/lib/common/rest_client.py:437
2019-04-01 10:27:55.196 9145 INFO tempest.lib.common.rest_client [req-b479cb48-bbef-49fd-94b7-e1ef6c54a2b7 ] Request (TrunkTestJSON:_run_cleanups): 404 DELETE http://172.30.9.44:9696/v2.0/ports/fca61ea8-3904-466c-9558-3a3fd32c1854 0.032s
2019-04-01 10:27:55.196 9145 DEBUG tempest.lib.common.rest_client [req-b479cb48-bbef-49fd-94b7-e1ef6c54a2b7 ] Request - Headers: {'Content-Type': 'application/json', 'Accept': 'application/json', 'X-Auth-Token': ''} Body: None Response - Headers: {'status': '404', u'content-length': '132', 'content-location': 'http://172.30.9.44:9696/v2.0/ports/fca61ea8-3904-466c-9558-3a3fd32c1854', u'date': 'Mon, 01 Apr 2019 10:27:55 GMT', u'content-type': 'application/json', u'connection': 'close', u'x-openstack-request-id': 'req-b479cb48-bbef-49fd-94b7-e1ef6c54a2b7'} Body: {"NeutronError": {"message": "Port fca61ea8-3904-466c-9558-3a3fd32c1854 could not be found.", "type": "PortNotFound", "detail": ""}} _log_request_full /root/.rally/verification/verifier-89a5a3fd-b98b-4419-94ca-78ef2d7cedda/repo/tempest/lib/common/rest_client.py:437
2019-04-01 10:27:55.211 9149 INFO tempest.lib.common.rest_client [req-e4d30ed5-608b-487d-a140-f19438fc250c ] Request (TrunkTestJSON:_run_cleanups): 404 DELETE http://172.30.9.44:9696/v2.0/trunks/869b4503-0028-4162-9d92-e8a34ca158db 0.016s
2019-04-01 10:27:55.211 9149 DEBUG tempest.lib.common.rest_client [req-e4d30ed5-608b-487d-a140-f19438fc250c ] Request - Headers: {'Content-Type': 'application/json', 'Accept': 'application/json', 'X-Auth-Token': ''} Body: None Response - Headers: {'status': '404', u'content-length': '134', 'content-location': 'http://172.30.9.44:9696/v2.0/trunks/869b4503-0028-4162-9d92-e8a34ca158db', u'date': 'Mon, 01 Apr 2019 10:27:55 GMT', u'content-type': 'application/json', u'connection': 'close', u'x-openstack-request-id': 'req-e4d30ed5-608b-487d-a140-f19438fc250c'} Body: {"NeutronError": {"message": "Trunk 869b4503-0028-4162-9d92-e8a34ca158db could not be found.", "type": "TrunkNotFound", "detail": ""}} _log_request_full /root/.rally/verification/verifier-89a5a3fd-b98b-4419-94ca-78ef2d7cedda/repo/tempest/lib/common/rest_client.py:437
2019-04-01 10:27:55.226 9149 INFO tempest.lib.common.rest_client [req-6e1c5d34-deca-4f94-9488-972bdc970455 ] Request (TrunkTestJSON:_run_cleanups): 404 GET http://172.30.9.44:9696/v2.0/trunks/98d34062-f845-4afc-981e-e3c6e360a200 0.014s
2019-04-01 10:27:55.226 9149 DEBUG tempest.lib.common.rest_client [req-6e1c5d34-deca-4f94-9488-972bdc970455 ] Request - Headers: {'Content-Type': 'application/json', 'Accept': 'application/json', 'X-Auth-Token': ''} Body: None Response - Headers: {'status': '404', u'content-length': '134', 'content-location': 'http://172.30.9.44:9696/v2.0/trunks/98d34062-f845-4afc-981e-e3c6e360a200', u'date': 'Mon, 01 Apr 2019 10:27:55 GMT', u'content-type': 'application/json', u'connection': 'close', u'x-openstack-request-id': 'req-6e1c5d34-deca-4f94-9488-972bdc970455'} Body: {"NeutronError": {"message": "Trunk 98d34062-f845-4afc-981e-e3c6e360a200 could not be found.", "type": "TrunkNotFound", "detail": ""}} _log_request_full /root/.rally/verification/verifier-89a5a3fd-b98b-4419-94ca-78ef2d7cedda/repo/tempest/lib/common/rest_client.py:437
2019-04-01 10:27:55.242 9149 INFO tempest.lib.common.rest_client [req-f8e41464-cb2b-4cc2-aec7-3217a48ce90f ] Request (TrunkTestJSON:_run_cleanups): 404 GET http://172.30.9.44:9696/v2.0/trunks/85739ce9-c968-4dea-ab19-dc4781dfe640 0.014s
