2019-03-31 13:02:58.362 9139 INFO tempest.lib.common.rest_client [req-e8c98626-b5b6-4bd6-92e0-9bf4975bb938 ] Request (TrunkTestJSON:_run_cleanups): 200 PUT http://172.30.9.29:9696/v2.0/trunks/43fe628f-b67b-458a-bd73-9d1b355d4fe5/remove_subports 0.046s
2019-03-31 13:02:58.362 9139 DEBUG tempest.lib.common.rest_client [req-e8c98626-b5b6-4bd6-92e0-9bf4975bb938 ] Request - Headers: {'Content-Type': 'application/json', 'Accept': 'application/json', 'X-Auth-Token': ''} Body: {"sub_ports": []} Response - Headers: {'status': '200', u'content-length': '396', 'content-location': 'http://172.30.9.29:9696/v2.0/trunks/43fe628f-b67b-458a-bd73-9d1b355d4fe5/remove_subports', u'date': 'Sun, 31 Mar 2019 13:02:58 GMT', u'content-type': 'application/json', u'connection': 'close', u'x-openstack-request-id': 'req-e8c98626-b5b6-4bd6-92e0-9bf4975bb938'} Body: {"status": "DOWN", "sub_ports": [], "name": "", "admin_state_up": true, "tenant_id": "aded892416fd42fe89edf00648da795f", "created_at": "2019-03-31T13:02:57Z", "tags": [], "updated_at": "2019-03-31T13:02:58Z", "revision_number": 1, "project_id": "aded892416fd42fe89edf00648da795f", "port_id": "d0c022cb-f2ab-4207-814f-4a7028f5f8fc", "id": "43fe628f-b67b-458a-bd73-9d1b355d4fe5", "description": ""} _log_request_full /root/.rally/verification/verifier-ba5ab2f2-5aeb-4842-a890-d8b0c1cd7a61/repo/tempest/lib/common/rest_client.py:437
2019-03-31 13:02:58.466 9139 INFO tempest.lib.common.rest_client [req-551f73ce-cfc5-4c24-8f50-ddb677fbd328 ] Request (TrunkTestJSON:_run_cleanups): 204 DELETE http://172.30.9.29:9696/v2.0/trunks/43fe628f-b67b-458a-bd73-9d1b355d4fe5 0.103s
2019-03-31 13:02:58.467 9139 DEBUG tempest.lib.common.rest_client [req-551f73ce-cfc5-4c24-8f50-ddb677fbd328 ] Request - Headers: {'Content-Type': 'application/json', 'Accept': 'application/json', 'X-Auth-Token': ''} Body: None Response - Headers: {'status': '204', u'content-length': '0', 'content-location': 'http://172.30.9.29:9696/v2.0/trunks/43fe628f-b67b-458a-bd73-9d1b355d4fe5', u'date': 'Sun, 31 Mar 2019 13:02:58 GMT', u'connection': 'close', u'x-openstack-request-id': 'req-551f73ce-cfc5-4c24-8f50-ddb677fbd328'} Body: _log_request_full /root/.rally/verification/verifier-ba5ab2f2-5aeb-4842-a890-d8b0c1cd7a61/repo/tempest/lib/common/rest_client.py:437
2019-03-31 13:02:58.481 9139 INFO tempest.lib.common.rest_client [req-0783984c-a484-4fb1-9b65-c86aab466951 ] Request (TrunkTestJSON:_run_cleanups): 404 GET http://172.30.9.29:9696/v2.0/trunks/5c19c3d6-0f02-4e45-9f0c-a547fab753f6 0.013s
2019-03-31 13:02:58.482 9139 DEBUG tempest.lib.common.rest_client [req-0783984c-a484-4fb1-9b65-c86aab466951 ] Request - Headers: {'Content-Type': 'application/json', 'Accept': 'application/json', 'X-Auth-Token': ''} Body: None Response - Headers: {'status': '404', u'content-length': '134', 'content-location': 'http://172.30.9.29:9696/v2.0/trunks/5c19c3d6-0f02-4e45-9f0c-a547fab753f6', u'date': 'Sun, 31 Mar 2019 13:02:58 GMT', u'content-type': 'application/json', u'connection': 'close', u'x-openstack-request-id': 'req-0783984c-a484-4fb1-9b65-c86aab466951'} Body: {"NeutronError": {"message": "Trunk 5c19c3d6-0f02-4e45-9f0c-a547fab753f6 could not be found.", "type": "TrunkNotFound", "detail": ""}} _log_request_full /root/.rally/verification/verifier-ba5ab2f2-5aeb-4842-a890-d8b0c1cd7a61/repo/tempest/lib/common/rest_client.py:437
2019-03-31 13:02:58.495 9139 INFO tempest.lib.common.rest_client [req-7903cf40-9632-491b-ac22-60be39cbcc4e ] Request (TrunkTestJSON:_run_cleanups): 404 GET http://172.30.9.29:9696/v2.0/trunks/f4f3f6e2-5e29-44f6-baa9-884179fd4ea8 0.013s
2019-03-31 13:02:58.496 9139 DEBUG tempest.lib.common.rest_client [req-7903cf40-9632-491b-ac22-60be39cbcc4e ] Request - Headers: {'Content-Type': 'application/json', 'Accept': 'application/json', 'X-Auth-Token': ''} Body: None Response - Headers: {'status': '404', u'content-length': '134', 'content-location': 'http://172.30.9.29:9696/v2.0/trunks/f4f3f6e2-5e29-44f6-baa9-884179fd4ea8', u'date': 'Sun, 31 Mar 2019 13:02:58 GMT', u'content-type': 'application/json', u'connection': 'close', u'x-openstack-request-id': 'req-7903cf40-9632-491b-ac22-60be39cbcc4e'} Body: {"NeutronError": {"message": "Trunk f4f3f6e2-5e29-44f6-baa9-884179fd4ea8 could not be found.", "type": "TrunkNotFound", "detail": ""}} _log_request_full /root/.rally/verification/verifier-ba5ab2f2-5aeb-4842-a890-d8b0c1cd7a61/repo/tempest/lib/common/rest_client.py:437
2019-03-31 13:02:58.509 9139 INFO tempest.lib.common.rest_client [req-a26274a4-d60c-4a8a-b4e7-a88ca020270b ] Request (TrunkTestJSON:_run_cleanups): 404 GET http://172.30.9.29:9696/v2.0/trunks/a5e88b70-bc5a-41a6-b7e5-aa9d4d88a8bd 0.013s
2019-03-31 13:02:58.509 9139 DEBUG tempest.lib.common.rest_client [req-a26274a4-d60c-4a8a-b4e7-a88ca020270b ] Request - Headers: {'Content-Type': 'application/json', 'Accept': 'application/json', 'X-Auth-Token': ''} Body: None Response - Headers: {'status': '404', u'content-length': '134', 'content-location': 'http://172.30.9.29:9696/v2.0/trunks/a5e88b70-bc5a-41a6-b7e5-aa9d4d88a8bd', u'date': 'Sun, 31 Mar 2019 13:02:58 GMT', u'content-type': 'application/json', u'connection': 'close', u'x-openstack-request-id': 'req-a26274a4-d60c-4a8a-b4e7-a88ca020270b'} Body: {"NeutronError": {"message": "Trunk a5e88b70-bc5a-41a6-b7e5-aa9d4d88a8bd could not be found.", "type": "TrunkNotFound", "detail": ""}} _log_request_full /root/.rally/verification/verifier-ba5ab2f2-5aeb-4842-a890-d8b0c1cd7a61/repo/tempest/lib/common/rest_client.py:437
2019-03-31 13:02:58.513 9135 INFO tempest.lib.common.rest_client [req-60738047-be4f-4d41-a3f1-c053dc865679 ] Request (TrunkTestJSON:test_delete_trunk_with_subport_is_allowed): 201 POST http://172.30.9.29:9696/v2.0/ports 1.305s
2019-03-31 13:02:58.513 9135 DEBUG tempest.lib.common.rest_client [req-60738047-be4f-4d41-a3f1-c053dc865679 ] Request - Headers: {'Content-Type': 'application/json', 'Accept': 'application/json', 'X-Auth-Token': ''} Body: {"port": {"network_id": "3966fb2b-7d9e-4137-b1ad-11e23d877eae"}} Response - Headers: {'status': '201', u'content-length': '664', 'content-location': 'http://172.30.9.29:9696/v2.0/ports', u'date': 'Sun, 31 Mar 2019 13:02:58 GMT', u'content-type': 'application/json', u'connection': 'close', u'x-openstack-request-id': 'req-60738047-be4f-4d41-a3f1-c053dc865679'} Body: {"port":{"allowed_address_pairs":[],"extra_dhcp_opts":[],"updated_at":"2019-03-31T13:02:57Z","device_owner":"","revision_number":2,"port_security_enabled":true,"fixed_ips":[],"id":"3265f33b-f222-4bdb-9c9e-b395b6fe6a6d","security_groups":["9de81d88-8318-41a9-85ae-1b984ae89164"],"mac_address":"fa:16:3e:a5:66:b1","device_id":"","status":"DOWN","description":"","tags":[],"name":"","project_id":"f0a2024769b94e139192e65985b70eda","qos_policy_id":null,"admin_state_up":true,"network_id":"3966fb2b-7d9e-4137-b1ad-11e23d877eae","tenant_id":"f0a2024769b94e139192e65985b70eda","created_at":"2019-03-31T13:02:57Z","binding:vnic_type":"normal","ip_allocation":"immediate"}} _log_request_full /root/.rally/verification/verifier-ba5ab2f2-5aeb-4842-a890-d8b0c1cd7a61/repo/tempest/lib/common/rest_client.py:437
2019-03-31 13:02:58.527 9139 INFO tempest.lib.common.rest_client [req-bd45f398-a503-4b50-a1df-eaf2702bf41f ] Request (TrunkTestJSON:_run_cleanups): 404 GET http://172.30.9.29:9696/v2.0/trunks/42c83316-ff2e-44fe-9010-4704f937aacc 0.016s
2019-03-31 13:02:58.527 9139 DEBUG tempest.lib.common.rest_client [req-bd45f398-a503-4b50-a1df-eaf2702bf41f ] Request - Headers: {'Content-Type': 'application/json', 'Accept': 'application/json', 'X-Auth-Token': ''} Body: None Response - Headers: {'status': '404', u'content-length': '134', 'content-location': 'http://172.30.9.29:9696/v2.0/trunks/42c83316-ff2e-44fe-9010-4704f937aacc', u'date': 'Sun, 31 Mar 2019 13:02:58 GMT', u'content-type': 'application/json', u'connection': 'close', u'x-openstack-request-id': 'req-bd45f398-a503-4b50-a1df-eaf2702bf41f'} Body: {"NeutronError": {"message": "Trunk 42c83316-ff2e-44fe-9010-4704f937aacc could not be found.", "type": "TrunkNotFound", "detail": ""}} _log_request_full /root/.rally/verification/verifier-ba5ab2f2-5aeb-4842-a890-d8b0c1cd7a61/repo/tempest/lib/common/rest_client.py:437
2019-03-31 13:02:58.540 9139 INFO tempest.lib.common.rest_client [req-d8853686-364f-480d-acba-fa545e865b40 ] Request (TrunkTestJSON:_run_cleanups): 404 GET http://172.30.9.29:9696/v2.0/trunks/aefc45a7-182d-4dca-9d92-f7b8e00f0b32 0.012s
2019-03-31 13:02:58.541 9139 DEBUG tempest.lib.common.rest_client [req-d8853686-364f-480d-acba-fa545e865b40 ] Request - Headers: {'Content-Type': 'application/json', 'Accept': 'application/json', 'X-Auth-Token': ''} Body: None Response - Headers: {'status': '404', u'content-length': '134', 'content-location': 'http://172.30.9.29:9696/v2.0/trunks/aefc45a7-182d-4dca-9d92-f7b8e00f0b32', u'date': 'Sun, 31 Mar 2019 13:02:58 GMT', u'content-type': 'application/json', u'connection': 'close', u'x-openstack-request-id': 'req-d8853686-364f-480d-acba-fa545e865b40'} Body: {"NeutronError": {"message": "Trunk aefc45a7-182d-4dca-9d92-f7b8e00f0b32 could not be found.", "type": "TrunkNotFound", "detail": ""}} _log_request_full /root/.rally/verification/verifier-ba5ab2f2-5aeb-4842-a890-d8b0c1cd7a61/repo/tempest/lib/common/rest_client.py:437
2019-03-31 13:02:58.554 9139 INFO tempest.lib.common.rest_client [req-ccb70667-6ffe-4944-a236-f003866c7f29 ] Request (TrunkTestJSON:_run_cleanups): 404 GET http://172.30.9.29:9696/v2.0/trunks/43fe628f-b67b-458a-bd73-9d1b355d4fe5 0.012s
2019-03-31 13:02:58.554 9139 DEBUG tempest.lib.common.rest_client [req-ccb70667-6ffe-4944-a236-f003866c7f29 ] Request - Headers: {'Content-Type': 'application/json', 'Accept': 'application/json', 'X-Auth-Token': ''} Body: None Response - Headers: {'status': '404', u'content-length': '134', 'content-location': 'http://172.30.9.29:9696/v2.0/trunks/43fe628f-b67b-458a-bd73-9d1b355d4fe5', u'date': 'Sun, 31 Mar 2019 13:02:58 GMT', u'content-type': 'application/json', u'connection': 'close', u'x-openstack-request-id': 'req-ccb70667-6ffe-4944-a236-f003866c7f29'} Body: {"NeutronError": {"message": "Trunk 43fe628f-b67b-458a-bd73-9d1b355d4fe5 could not be found.", "type": "TrunkNotFound", "detail": ""}} _log_request_full /root/.rally/verification/verifier-ba5ab2f2-5aeb-4842-a890-d8b0c1cd7a61/repo/tempest/lib/common/rest_client.py:437
2019-03-31 13:02:58.586 9139 INFO tempest.lib.common.rest_client [req-bdb056d1-73c1-46d8-bb52-9631913be121 ] Request (TrunkTestJSON:_run_cleanups): 404 DELETE http://172.30.9.29:9696/v2.0/ports/4ce50b54-81ec-48dd-9262-b11b53484577 0.031s
2019-03-31 13:02:58.586 9139 DEBUG tempest.lib.common.rest_client [req-bdb056d1-73c1-46d8-bb52-9631913be121 ] Request - Headers: {'Content-Type': 'application/json', 'Accept': 'application/json', 'X-Auth-Token': ''} Body: None Response - Headers: {'status': '404', u'content-length': '132', 'content-location': 'http://172.30.9.29:9696/v2.0/ports/4ce50b54-81ec-48dd-9262-b11b53484577', u'date': 'Sun, 31 Mar 2019 13:02:58 GMT', u'content-type': 'application/json', u'connection': 'close', u'x-openstack-request-id': 'req-bdb056d1-73c1-46d8-bb52-9631913be121'} Body: {"NeutronError": {"message": "Port 4ce50b54-81ec-48dd-9262-b11b53484577 could not be found.", "type": "PortNotFound", "detail": ""}} _log_request_full /root/.rally/verification/verifier-ba5ab2f2-5aeb-4842-a890-d8b0c1cd7a61/repo/tempest/lib/common/rest_client.py:437
2019-03-31 13:02:58.623 9139 INFO tempest.lib.common.rest_client [req-205c2d83-856e-4a9b-8013-5736f5925487 ] Request (TrunkTestJSON:_run_cleanups): 404 DELETE http://172.30.9.29:9696/v2.0/ports/4bca3553-284e-4f73-94ae-8230421d6745 0.035s
2019-03-31 13:02:58.623 9139 DEBUG tempest.lib.common.rest_client [req-205c2d83-856e-4a9b-8013-5736f5925487 ] Request - Headers: {'Content-Type': 'application/json', 'Accept': 'application/json', 'X-Auth-Token': ''} Body: None Response - Headers: {'status': '404', u'content-length': '132', 'content-location': 'http://172.30.9.29:9696/v2.0/ports/4bca3553-284e-4f73-94ae-8230421d6745', u'date': 'Sun, 31 Mar 2019 13:02:58 GMT', u'content-type': 'application/json', u'connection': 'close', u'x-openstack-request-id': 'req-205c2d83-856e-4a9b-8013-5736f5925487'} Body: {"NeutronError": {"message": "Port 4bca3553-284e-4f73-94ae-8230421d6745 could not be found.", "type": "PortNotFound", "detail": ""}} _log_request_full /root/.rally/verification/verifier-ba5ab2f2-5aeb-4842-a890-d8b0c1cd7a61/repo/tempest/lib/common/rest_client.py:437
2019-03-31 13:02:58.656 9139 INFO tempest.lib.common.rest_client [req-ae2e77a8-521f-4cf8-b52b-b9660cac55da ] Request (TrunkTestJSON:_run_cleanups): 404 DELETE http://172.30.9.29:9696/v2.0/ports/2c3429af-50c0-4ba4-8fe9-1348de8eedcb 0.031s
2019-03-31 13:02:58.656 9139 DEBUG tempest.lib.common.rest_client [req-ae2e77a8-521f-4cf8-b52b-b9660cac55da ] Request - Headers: {'Content-Type': 'application/json', 'Accept': 'application/json', 'X-Auth-Token': ''} Body: None Response - Headers: {'status': '404', u'content-length': '132', 'content-location': 'http://172.30.9.29:9696/v2.0/ports/2c3429af-50c0-4ba4-8fe9-1348de8eedcb', u'date': 'Sun, 31 Mar 2019 13:02:58 GMT', u'content-type': 'application/json', u'connection': 'close', u'x-openstack-request-id': 'req-ae2e77a8-521f-4cf8-b52b-b9660cac55da'} Body: {"NeutronError": {"message": "Port 2c3429af-50c0-4ba4-8fe9-1348de8eedcb could not be found.", "type": "PortNotFound", "detail": ""}} _log_request_full /root/.rally/verification/verifier-ba5ab2f2-5aeb-4842-a890-d8b0c1cd7a61/repo/tempest/lib/common/rest_client.py:437
2019-03-31 13:02:58.689 9139 INFO tempest.lib.common.rest_client [req-32d0b6d9-1036-45bb-a752-c63fe4ec4123 ] Request (TrunkTestJSON:_run_cleanups): 404 DELETE http://172.30.9.29:9696/v2.0/ports/1e1017f8-623a-4ca5-9c95-22813feadd5f 0.031s
2019-03-31 13:02:58.689 9139 DEBUG tempest.lib.common.rest_client [req-32d0b6d9-1036-45bb-a752-c63fe4ec4123 ] Request - Headers: {'Content-Type': 'application/json', 'Accept': 'application/json', 'X-Auth-Token': ''} Body: None Response - Headers: {'status': '404', u'content-length': '132', 'content-location': 'http://172.30.9.29:9696/v2.0/ports/1e1017f8-623a-4ca5-9c95-22813feadd5f', u'date': 'Sun, 31 Mar 2019 13:02:58 GMT', u'content-type': 'application/json', u'connection': 'close', u'x-openstack-request-id': 'req-32d0b6d9-1036-45bb-a752-c63fe4ec4123'} Body: {"NeutronError": {"message": "Port 1e1017f8-623a-4ca5-9c95-22813feadd5f could not be found.", "type": "PortNotFound", "detail": ""}} _log_request_full /root/.rally/verification/verifier-ba5ab2f2-5aeb-4842-a890-d8b0c1cd7a61/repo/tempest/lib/common/rest_client.py:437
2019-03-31 13:02:58.725 9139 INFO tempest.lib.common.rest_client [req-1ef2c497-060c-4997-99d6-2d710f2ad12f ] Request (TrunkTestJSON:_run_cleanups): 404 DELETE http://172.30.9.29:9696/v2.0/ports/31cde1d4-6a77-4a1e-a21e-a9800207bd6f 0.035s
2019-03-31 13:02:58.725 9139 DEBUG tempest.lib.common.rest_client [req-1ef2c497-060c-4997-99d6-2d710f2ad12f ] Request - Headers: {'Content-Type': 'application/json', 'Accept': 'application/json', 'X-Auth-Token': ''} Body: None Response - Headers: {'status': '404', u'content-length': '132', 'content-location': 'http://172.30.9.29:9696/v2.0/ports/31cde1d4-6a77-4a1e-a21e-a9800207bd6f', u'date': 'Sun, 31 Mar 2019 13:02:58 GMT', u'content-type': 'application/json', u'connection': 'close', u'x-openstack-request-id': 'req-1ef2c497-060c-4997-99d6-2d710f2ad12f'} Body: {"NeutronError": {"message": "Port 31cde1d4-6a77-4a1e-a21e-a9800207bd6f could not be found.", "type": "PortNotFound", "detail": ""}} _log_request_full /root/.rally/verification/verifier-ba5ab2f2-5aeb-4842-a890-d8b0c1cd7a61/repo/tempest/lib/common/rest_client.py:437
2019-03-31 13:02:58.765 9139 INFO tempest.lib.common.rest_client [req-b3f3d04b-acba-47a3-b7c1-867d0430fb6d ] Request (TrunkTestJSON:_run_cleanups): 404 DELETE http://172.30.9.29:9696/v2.0/ports/3011c3d6-bd34-41eb-bbd4-c2551b55b8b5 0.039s
2019-03-31 13:02:58.766 9139 DEBUG tempest.lib.common.rest_client [req-b3f3d04b-acba-47a3-b7c1-867d0430fb6d ] Request - Headers: {'Content-Type': 'application/json', 'Accept': 'application/json', 'X-Auth-Token': ''} Body: None Response - Headers: {'status': '404', u'content-length': '132', 'content-location': 'http://172.30.9.29:9696/v2.0/ports/3011c3d6-bd34-41eb-bbd4-c2551b55b8b5', u'date': 'Sun, 31 Mar 2019 13:02:58 GMT', u'content-type': 'application/json', u'connection': 'close', u'x-openstack-request-id': 'req-b3f3d04b-acba-47a3-b7c1-867d0430fb6d'} Body: {"NeutronError": {"message": "Port 3011c3d6-bd34-41eb-bbd4-c2551b55b8b5 could not be found.", "type": "PortNotFound", "detail": ""}} _log_request_full /root/.rally/verification/verifier-ba5ab2f2-5aeb-4842-a890-d8b0c1cd7a61/repo/tempest/lib/common/rest_client.py:437
2019-03-31 13:02:58.796 9139 INFO tempest.lib.common.rest_client [req-cdddc4a5-2b52-4eda-b6ed-35cb256b9912 ] Request (TrunkTestJSON:_run_cleanups): 404 DELETE http://172.30.9.29:9696/v2.0/ports/732f4b5f-759a-4d01-b1e2-1146580038c2 0.030s
2019-03-31 13:02:58.797 9139 DEBUG tempest.lib.common.rest_client [req-cdddc4a5-2b52-4eda-b6ed-35cb256b9912 ] Request - Headers: {'Content-Type': 'application/json', 'Accept': 'application/json', 'X-Auth-Token': ''} Body: None Response - Headers: {'status': '404', u'content-length': '132', 'content-location': 'http://172.30.9.29:9696/v2.0/ports/732f4b5f-759a-4d01-b1e2-1146580038c2', u'date': 'Sun, 31 Mar 2019 13:02:58 GMT', u'content-type': 'application/json', u'connection': 'close', u'x-openstack-request-id': 'req-cdddc4a5-2b52-4eda-b6ed-35cb256b9912'} Body: {"NeutronError": {"message": "Port 732f4b5f-759a-4d01-b1e2-1146580038c2 could not be found.", "type": "PortNotFound", "detail": ""}} _log_request_full /root/.rally/verification/verifier-ba5ab2f2-5aeb-4842-a890-d8b0c1cd7a61/repo/tempest/lib/common/rest_client.py:437
2019-03-31 13:02:58.830 9139 INFO tempest.lib.common.rest_client [req-fab6f088-11f7-4f12-8ebb-f2f431958ac1 ] Request (TrunkTestJSON:_run_cleanups): 404 DELETE http://172.30.9.29:9696/v2.0/ports/af1a80f6-b307-438d-b357-6553a7b1d947 0.032s
2019-03-31 13:02:58.830 9139 DEBUG tempest.lib.common.rest_client [req-fab6f088-11f7-4f12-8ebb-f2f431958ac1 ] Request - Headers: {'Content-Type': 'application/json', 'Accept': 'application/json', 'X-Auth-Token': ''} Body: None Response - Headers: {'status': '404', u'content-length': '132', 'content-location': 'http://172.30.9.29:9696/v2.0/ports/af1a80f6-b307-438d-b357-6553a7b1d947', u'date': 'Sun, 31 Mar 2019 13:02:58 GMT', u'content-type': 'application/json', u'connection': 'close', u'x-openstack-request-id': 'req-fab6f088-11f7-4f12-8ebb-f2f431958ac1'} Body: {"NeutronError": {"message": "Port af1a80f6-b307-438d-b357-6553a7b1d947 could not be found.", "type": "PortNotFound", "detail": ""}} _log_request_full /root/.rally/verification/verifier-ba5ab2f2-5aeb-4842-a890-d8b0c1cd7a61/repo/tempest/lib/common/rest_client.py:437
2019-03-31 13:02:59.147 9135 INFO tempest.lib.common.rest_client [req-36ccad93-c69a-4604-a5d9-a464021166d8 ] Request (TrunkTestJSON:test_delete_trunk_with_subport_is_allowed): 201 POST http://172.30.9.29:9696/v2.0/trunks 0.633s
2019-03-31 13:02:59.147 9135 DEBUG tempest.lib.common.rest_client [req-36ccad93-c69a-4604-a5d9-a464021166d8 ] Request - Headers: {'Content-Type': 'application/json', 'Accept': 'application/json', 'X-Auth-Token': ''} Body: {"trunk": {"sub_ports": [{"segmentation_type": "vlan", "port_id": "f16897e0-b12a-4704-b10e-f80c3004a212", "segmentation_id": 2}], "port_id": "3265f33b-f222-4bdb-9c9e-b395b6fe6a6d"}} Response - Headers: {'status': '201', u'content-length': '509', 'content-location': 'http://172.30.9.29:9696/v2.0/trunks', u'date': 'Sun, 31 Mar 2019 13:02:59 GMT', u'content-type': 'application/json', u'connection': 'close', u'x-openstack-request-id': 'req-36ccad93-c69a-4604-a5d9-a464021166d8'} Body: {"trunk": {"status": "DOWN", "sub_ports": [{"segmentation_type": "vlan", "port_id": "f16897e0-b12a-4704-b10e-f80c3004a212", "segmentation_id": 2}], "name": "", "admin_state_up": true, "tenant_id": "f0a2024769b94e139192e65985b70eda", "created_at": "2019-03-31T13:02:59Z", "tags": [], "updated_at": "2019-03-31T13:02:59Z", "revision_number": 0, "project_id": "f0a2024769b94e139192e65985b70eda", "port_id": "3265f33b-f222-4bdb-9c9e-b395b6fe6a6d", "id": "0e84ee6a-a170-4579-a94c-25ca1402d6bf", "description": ""}} _log_request_full /root/.rally/verification/verifier-ba5ab2f2-5aeb-4842-a890-d8b0c1cd7a61/repo/tempest/lib/common/rest_client.py:437
2019-03-31 13:02:59.204 9136 INFO paramiko.transport [-] Connected (version 2.0, client dropbear_2015.67)
2019-03-31 13:02:59.263 9139 INFO tempest.lib.common.rest_client [req-00be93ca-187a-4ac0-9ce1-63b68b31c603 ] Request (TrunkTestJSON:_run_cleanups): 204 DELETE http://172.30.9.29:9696/v2.0/ports/d0c022cb-f2ab-4207-814f-4a7028f5f8fc 0.432s
2019-03-31 13:02:59.264 9139 DEBUG tempest.lib.common.rest_client [req-00be93ca-187a-4ac0-9ce1-63b68b31c603 ] Request - Headers: {'Content-Type': 'application/json', 'Accept': 'application/json', 'X-Auth-Token': ''} Body: None Response - Headers: {'status': '204', u'content-length': '0', 'content-location': 'http://172.30.9.29:9696/v2.0/ports/d0c022cb-f2ab-4207-814f-4a7028f5f8fc', u'date': 'Sun, 31 Mar 2019 13:02:59 GMT', u'connection': 'close', u'x-openstack-request-id': 'req-00be93ca-187a-4ac0-9ce1-63b68b31c603'} Body: _log_request_full /root/.rally/verification/verifier-ba5ab2f2-5aeb-4842-a890-d8b0c1cd7a61/repo/tempest/lib/common/rest_client.py:437
2019-03-31 13:02:59.266 9136 INFO paramiko.transport [-] Authentication (publickey) successful!
2019-03-31 13:02:59.268 9136 INFO tempest.lib.common.ssh [-] ssh connection to cirros@172.30.9.201 successfully created
2019-03-31 13:02:59.282 9135 INFO tempest.lib.common.rest_client [req-734c3ef8-3be3-47c8-a874-219fd378a9cf ] Request (TrunkTestJSON:test_delete_trunk_with_subport_is_allowed): 204 DELETE http://172.30.9.29:9696/v2.0/trunks/0e84ee6a-a170-4579-a94c-25ca1402d6bf 0.134s
2019-03-31 13:02:59.283 9135 DEBUG tempest.lib.common.rest_client [req-734c3ef8-3be3-47c8-a874-219fd378a9cf ] Request - Headers: {'Content-Type': 'application/json', 'Accept': 'application/json', 'X-Auth-Token': ''} Body: None Response - Headers: {'status': '204', u'content-length': '0', 'content-location': 'http://172.30.9.29:9696/v2.0/trunks/0e84ee6a-a170-4579-a94c-25ca1402d6bf', u'date': 'Sun, 31 Mar 2019 13:02:59 GMT', u'connection': 'close', u'x-openstack-request-id': 'req-734c3ef8-3be3-47c8-a874-219fd378a9cf'} Body: _log_request_full /root/.rally/verification/verifier-ba5ab2f2-5aeb-4842-a890-d8b0c1cd7a61/repo/tempest/lib/common/rest_client.py:437
2019-03-31 13:02:59.286 9139 INFO tempest.lib.common.rest_client [req-034e9ebd-7bf4-4c56-82dd-86a255b84810 ] Request (TrunkTestJSON:_run_cleanups): 404 DELETE http://172.30.9.29:9696/v2.0/networks/d5590805-e432-4046-9762-e6b8bbba0e85 0.022s
2019-03-31 13:02:59.287 9139 DEBUG tempest.lib.common.rest_client [req-034e9ebd-7bf4-4c56-82dd-86a255b84810 ] Request - Headers: {'Content-Type': 'application/json', 'Accept': 'application/json', 'X-Auth-Token': ''} Body: None Response - Headers: {'status': '404', u'content-length': '138', 'content-location': 'http://172.30.9.29:9696/v2.0/networks/d5590805-e432-4046-9762-e6b8bbba0e85', u'date': 'Sun, 31 Mar 2019 13:02:59 GMT', u'content-type': 'application/json', u'connection': 'close', u'x-openstack-request-id': 'req-034e9ebd-7bf4-4c56-82dd-86a255b84810'} Body: {"NeutronError": {"message": "Network d5590805-e432-4046-9762-e6b8bbba0e85 could not be found.", "type": "NetworkNotFound", "detail": ""}} _log_request_full /root/.rally/verification/verifier-ba5ab2f2-5aeb-4842-a890-d8b0c1cd7a61/repo/tempest/lib/common/rest_client.py:437
2019-03-31 13:02:59.299 9135 INFO tempest.lib.common.rest_client [req-89f9307e-26f9-4ce0-b374-80870ff951b4 ] Request (TrunkTestJSON:_run_cleanups): 404 GET http://172.30.9.29:9696/v2.0/trunks/f83ecf2d-4e97-4155-903f-89a8d1c93fad/get_subports 0.015s
2019-03-31 13:02:59.299 9135 DEBUG tempest.lib.common.rest_client [req-89f9307e-26f9-4ce0-b374-80870ff951b4 ] Request - Headers: {'Content-Type': 'application/json', 'Accept': 'application/json', 'X-Auth-Token': ''} Body: None Response - Headers: {'status': '404', u'content-length': '134', 'content-location': 'http://172.30.9.29:9696/v2.0/trunks/f83ecf2d-4e97-4155-903f-89a8d1c93fad/get_subports', u'date': 'Sun, 31 Mar 2019 13:02:59 GMT', u'content-type': 'application/json', u'connection': 'close', u'x-openstack-request-id': 'req-89f9307e-26f9-4ce0-b374-80870ff951b4'} Body: {"NeutronError": {"message": "Trunk f83ecf2d-4e97-4155-903f-89a8d1c93fad could not be found.", "type": "TrunkNotFound", "detail": ""}} _log_request_full /root/.rally/verification/verifier-ba5ab2f2-5aeb-4842-a890-d8b0c1cd7a61/repo/tempest/lib/common/rest_client.py:437
2019-03-31 13:02:59.312 9139 INFO tempest.lib.common.rest_client [req-652fb049-6211-4bd1-aa93-bcb84193e2fd ] Request (TrunkTestJSON:_run_cleanups): 404 DELETE http://172.30.9.29:9696/v2.0/networks/95dd1892-6d73-46b9-b126-61458b44ae90 0.024s
2019-03-31 13:02:59.312 9139 DEBUG tempest.lib.common.rest_client [req-652fb049-6211-4bd1-aa93-bcb84193e2fd ] Request - Headers: {'Content-Type': 'application/json', 'Accept': 'application/json', 'X-Auth-Token': ''} Body: None Response - Headers: {'status': '404', u'content-length': '138', 'content-location': 'http://172.30.9.29:9696/v2.0/networks/95dd1892-6d73-46b9-b126-61458b44ae90', u'date': 'Sun, 31 Mar 2019 13:02:59 GMT', u'content-type': 'application/json', u'connection': 'close', u'x-openstack-request-id': 'req-652fb049-6211-4bd1-aa93-bcb84193e2fd'} Body: {"NeutronError": {"message": "Network 95dd1892-6d73-46b9-b126-61458b44ae90 could not be found.", "type": "NetworkNotFound", "detail": ""}} _log_request_full /root/.rally/verification/verifier-ba5ab2f2-5aeb-4842-a890-d8b0c1cd7a61/repo/tempest/lib/common/rest_client.py:437
2019-03-31 13:02:59.315 9135 INFO tempest.lib.common.rest_client [req-21dab8ec-4436-4a64-99da-1272c87abef8 ] Request (TrunkTestJSON:_run_cleanups): 404 DELETE http://172.30.9.29:9696/v2.0/trunks/f83ecf2d-4e97-4155-903f-89a8d1c93fad 0.014s
2019-03-31 13:02:59.315 9135 DEBUG tempest.lib.common.rest_client [req-21dab8ec-4436-4a64-99da-1272c87abef8 ] Request - Headers: {'Content-Type': 'application/json', 'Accept': 'application/json', 'X-Auth-Token': ''} Body: None Response - Headers: {'status': '404', u'content-length': '134', 'content-location': 'http://172.30.9.29:9696/v2.0/trunks/f83ecf2d-4e97-4155-903f-89a8d1c93fad', u'date': 'Sun, 31 Mar 2019 13:02:59 GMT', u'content-type': 'application/json', u'connection': 'close', u'x-openstack-request-id': 'req-21dab8ec-4436-4a64-99da-1272c87abef8'} Body: {"NeutronError": {"message": "Trunk f83ecf2d-4e97-4155-903f-89a8d1c93fad could not be found.", "type": "TrunkNotFound", "detail": ""}} _log_request_full /root/.rally/verification/verifier-ba5ab2f2-5aeb-4842-a890-d8b0c1cd7a61/repo/tempest/lib/common/rest_client.py:437
2019-03-31 13:02:59.330 9135 INFO tempest.lib.common.rest_client [req-15ec9b57-260e-4282-af11-a13bf4b1f96f ] Request (TrunkTestJSON:_run_cleanups): 404 GET http://172.30.9.29:9696/v2.0/trunks/2fe7fce8-1346-4555-8e65-883bdcc3f134/get_subports 0.014s
2019-03-31 13:02:59.330 9135 DEBUG tempest.lib.common.rest_client [req-15ec9b57-260e-4282-af11-a13bf4b1f96f ] Request - Headers: {'Content-Type': 'application/json', 'Accept': 'application/json', 'X-Auth-Token': ''} Body: None Response - Headers: {'status': '404', u'content-length': '134', 'content-location': 'http://172.30.9.29:9696/v2.0/trunks/2fe7fce8-1346-4555-8e65-883bdcc3f134/get_subports', u'date': 'Sun, 31 Mar 2019 13:02:59 GMT', u'content-type': 'application/json', u'connection': 'close', u'x-openstack-request-id': 'req-15ec9b57-260e-4282-af11-a13bf4b1f96f'} Body: {"NeutronError": {"message": "Trunk 2fe7fce8-1346-4555-8e65-883bdcc3f134 could not be found.", "type": "TrunkNotFound", "detail": ""}} _log_request_full /root/.rally/verification/verifier-ba5ab2f2-5aeb-4842-a890-d8b0c1cd7a61/repo/tempest/lib/common/rest_client.py:437
2019-03-31 13:02:59.334 9139 INFO tempest.lib.common.rest_client [req-7ab5c780-f8e6-40a1-bdf6-73d8c26032e2 ] Request (TrunkTestJSON:_run_cleanups): 404 DELETE http://172.30.9.29:9696/v2.0/networks/e129fce5-83f3-47b8-8635-cd2f6c43499e 0.020s
2019-03-31 13:02:59.334 9139 DEBUG tempest.lib.common.rest_client [req-7ab5c780-f8e6-40a1-bdf6-73d8c26032e2 ] Request - Headers: {'Content-Type': 'application/json', 'Accept': 'application/json', 'X-Auth-Token': ''} Body: None Response - Headers: {'status': '404', u'content-length': '138', 'content-location': 'http://172.30.9.29:9696/v2.0/networks/e129fce5-83f3-47b8-8635-cd2f6c43499e', u'date': 'Sun, 31 Mar 2019 13:02:59 GMT', u'content-type': 'application/json', u'connection': 'close', u'x-openstack-request-id': 'req-7ab5c780-f8e6-40a1-bdf6-73d8c26032e2'} Body: {"NeutronError": {"message": "Network e129fce5-83f3-47b8-8635-cd2f6c43499e could not be found.", "type": "NetworkNotFound", "detail": ""}} _log_request_full /root/.rally/verification/verifier-ba5ab2f2-5aeb-4842-a890-d8b0c1cd7a61/repo/tempest/lib/common/rest_client.py:437
2019-03-31 13:02:59.351 9135 INFO tempest.lib.common.rest_client [req-55aa0c22-8209-4cef-94b7-e12ccf72bea6 ] Request (TrunkTestJSON:_run_cleanups): 404 DELETE http://172.30.9.29:9696/v2.0/trunks/2fe7fce8-1346-4555-8e65-883bdcc3f134 0.019s
2019-03-31 13:02:59.351 9135 DEBUG tempest.lib.common.rest_client [req-55aa0c22-8209-4cef-94b7-e12ccf72bea6 ] Request - Headers: {'Content-Type': 'application/json', 'Accept': 'application/json', 'X-Auth-Token': ''} Body: None Response - Headers: {'status': '404', u'content-length': '134', 'content-location': 'http://172.30.9.29:9696/v2.0/trunks/2fe7fce8-1346-4555-8e65-883bdcc3f134', u'date': 'Sun, 31 Mar 2019 13:02:59 GMT', u'content-type': 'application/json', u'connection': 'close', u'x-openstack-request-id': 'req-55aa0c22-8209-4cef-94b7-e12ccf72bea6'} Body: {"NeutronError": {"message": "Trunk 2fe7fce8-1346-4555-8e65-883bdcc3f134 could not be found.", "type": "TrunkNotFound", "detail": ""}} _log_request_full /root/.rally/verification/verifier-ba5ab2f2-5aeb-4842-a890-d8b0c1cd7a61/repo/tempest/lib/common/rest_client.py:437
2019-03-31 13:02:59.359 9139 INFO tempest.lib.common.rest_client [req-ce292971-ec43-471a-84dd-b8df37fbef7e ] Request (TrunkTestJSON:_run_cleanups): 404 DELETE http://172.30.9.29:9696/v2.0/networks/079f161e-8ed0-4d42-b70f-42366ecc99ca 0.023s
2019-03-31 13:02:59.359 9139 DEBUG tempest.lib.common.rest_client [req-ce292971-ec43-471a-84dd-b8df37fbef7e ] Request - Headers: {'Content-Type': 'application/json', 'Accept': 'application/json', 'X-Auth-Token': ''} Body: None Response - Headers: {'status': '404', u'content-length': '138', 'content-location': 'http://172.30.9.29:9696/v2.0/networks/079f161e-8ed0-4d42-b70f-42366ecc99ca', u'date': 'Sun, 31 Mar 2019 13:02:59 GMT', u'content-type': 'application/json', u'connection': 'close', u'x-openstack-request-id': 'req-ce292971-ec43-471a-84dd-b8df37fbef7e'} Body: {"NeutronError": {"message": "Network 079f161e-8ed0-4d42-b70f-42366ecc99ca could not be found.", "type": "NetworkNotFound", "detail": ""}} _log_request_full /root/.rally/verification/verifier-ba5ab2f2-5aeb-4842-a890-d8b0c1cd7a61/repo/tempest/lib/common/rest_client.py:437
2019-03-31 13:02:59.365 9135 INFO tempest.lib.common.rest_client [req-f1f9e110-cf51-4ee0-a28a-0cc62f0d7dff ] Request (TrunkTestJSON:_run_cleanups): 404 GET http://172.30.9.29:9696/v2.0/trunks/7b0f564e-010d-48f5-8b58-5e2494894682/get_subports 0.013s
2019-03-31 13:02:59.366 9135 DEBUG tempest.lib.common.rest_client [req-f1f9e110-cf51-4ee0-a28a-0cc62f0d7dff ] Request - Headers: {'Content-Type': 'application/json', 'Accept': 'application/json', 'X-Auth-Token': ''} Body: None Response - Headers: {'status': '404', u'content-length': '134', 'content-location': 'http://172.30.9.29:9696/v2.0/trunks/7b0f564e-010d-48f5-8b58-5e2494894682/get_subports', u'date': 'Sun, 31 Mar 2019 13:02:59 GMT', u'content-type': 'application/json', u'connection': 'close', u'x-openstack-request-id': 'req-f1f9e110-cf51-4ee0-a28a-0cc62f0d7dff'} Body: {"NeutronError": {"message": "Trunk 7b0f564e-010d-48f5-8b58-5e2494894682 could not be found.", "type": "TrunkNotFound", "detail": ""}} _log_request_full /root/.rally/verification/verifier-ba5ab2f2-5aeb-4842-a890-d8b0c1cd7a61/repo/tempest/lib/common/rest_client.py:437
2019-03-31 13:02:59.382 9139 INFO tempest.lib.common.rest_client [req-6089ae24-fb36-4135-81b2-2af27d3b55e5 ] Request (TrunkTestJSON:_run_cleanups): 404 DELETE http://172.30.9.29:9696/v2.0/networks/151fec58-9e7c-4034-8166-73c71ca3474a 0.022s
2019-03-31 13:02:59.383 9139 DEBUG tempest.lib.common.rest_client [req-6089ae24-fb36-4135-81b2-2af27d3b55e5 ] Request - Headers: {'Content-Type': 'application/json', 'Accept': 'application/json', 'X-Auth-Token': ''} Body: None Response - Headers: {'status': '404', u'content-length': '138', 'content-location': 'http://172.30.9.29:9696/v2.0/networks/151fec58-9e7c-4034-8166-73c71ca3474a', u'date': 'Sun, 31 Mar 2019 13:02:59 GMT', u'content-type': 'application/json', u'connection': 'close', u'x-openstack-request-id': 'req-6089ae24-fb36-4135-81b2-2af27d3b55e5'} Body: {"NeutronError": {"message": "Network 151fec58-9e7c-4034-8166-73c71ca3474a could not be found.", "type": "NetworkNotFound", "detail": ""}} _log_request_full /root/.rally/verification/verifier-ba5ab2f2-5aeb-4842-a890-d8b0c1cd7a61/repo/tempest/lib/common/rest_client.py:437
2019-03-31 13:02:59.385 9135 INFO tempest.lib.common.rest_client [req-d8fccedc-f14d-4d23-8c44-5ff9d63f17b9 ] Request (TrunkTestJSON:_run_cleanups): 404 DELETE http://172.30.9.29:9696/v2.0/trunks/7b0f564e-010d-48f5-8b58-5e2494894682 0.016s
2019-03-31 13:02:59.386 9135 DEBUG tempest.lib.common.rest_client [req-d8fccedc-f14d-4d23-8c44-5ff9d63f17b9 ] Request - Headers: {'Content-Type': 'application/json', 'Accept': 'application/json', 'X-Auth-Token': ''} Body: None Response - Headers: {'status': '404', u'content-length': '134', 'content-location': 'http://172.30.9.29:9696/v2.0/trunks/7b0f564e-010d-48f5-8b58-5e2494894682', u'date': 'Sun, 31 Mar 2019 13:02:59 GMT', u'content-type': 'application/json', u'connection': 'close', u'x-openstack-request-id': 'req-d8fccedc-f14d-4d23-8c44-5ff9d63f17b9'} Body: {"NeutronError": {"message": "Trunk 7b0f564e-010d-48f5-8b58-5e2494894682 could not be found.", "type": "TrunkNotFound", "detail": ""}} _log_request_full /root/.rally/verification/verifier-ba5ab2f2-5aeb-4842-a890-d8b0c1cd7a61/repo/tempest/lib/common/rest_client.py:437
2019-03-31 13:02:59.405 9135 INFO tempest.lib.common.rest_client [req-6300c7bb-d849-47da-b714-708628fe0002 ] Request (TrunkTestJSON:_run_cleanups): 404 GET http://172.30.9.29:9696/v2.0/trunks/c822f32f-d9d3-40b0-b15e-17cfd78794ed/get_subports 0.018s
2019-03-31 13:02:59.406 9135 DEBUG tempest.lib.common.rest_client [req-6300c7bb-d849-47da-b714-708628fe0002 ] Request - Headers: {'Content-Type': 'application/json', 'Accept': 'application/json', 'X-Auth-Token': ''} Body: None Response - Headers: {'status': '404', u'content-length': '134', 'content-location': 'http://172.30.9.29:9696/v2.0/trunks/c822f32f-d9d3-40b0-b15e-17cfd78794ed/get_subports', u'date': 'Sun, 31 Mar 2019 13:02:59 GMT', u'content-type': 'application/json', u'connection': 'close', u'x-openstack-request-id': 'req-6300c7bb-d849-47da-b714-708628fe0002'} Body: {"NeutronError": {"message": "Trunk c822f32f-d9d3-40b0-b15e-17cfd78794ed could not be found.", "type": "TrunkNotFound", "detail": ""}} _log_request_full /root/.rally/verification/verifier-ba5ab2f2-5aeb-4842-a890-d8b0c1cd7a61/repo/tempest/lib/common/rest_client.py:437
2019-03-31 13:02:59.407 9136 INFO tempest.lib.common.rest_client [req-0c742f79-3092-4f8f-ba7a-874f1412d2d5 ] Request (TrunkTest:test_trunk_subport_lifecycle): 200 GET http://172.30.9.29:9696/v2.0/trunks/449bb291-f7c0-459e-aae9-68179f0d335e 0.022s
2019-03-31 13:02:59.407 9136 DEBUG tempest.lib.common.rest_client [req-0c742f79-3092-4f8f-ba7a-874f1412d2d5 ] Request - Headers: {'Content-Type': 'application/json', 'Accept': 'application/json', 'X-Auth-Token': ''} Body: None Response - Headers: {'status': '200', u'content-length': '409', 'content-location': 'http://172.30.9.29:9696/v2.0/trunks/449bb291-f7c0-459e-aae9-68179f0d335e', u'date': 'Sun, 31 Mar 2019 13:02:59 GMT', u'content-type': 'application/json', u'connection': 'close', u'x-openstack-request-id': 'req-0c742f79-3092-4f8f-ba7a-874f1412d2d5'} Body: {"trunk": {"status": "ACTIVE", "sub_ports": [], "name": "", "admin_state_up": true, "tenant_id": "6266d186114d44bcba71b0ea70b5a3f5", "created_at": "2019-03-31T13:02:33Z", "tags": [], "updated_at": "2019-03-31T13:02:45Z", "revision_number": 1, "project_id": "6266d186114d44bcba71b0ea70b5a3f5", "port_id": "2e0b4b88-0a8a-4058-87a8-ea843ac8bacc", "id": "449bb291-f7c0-459e-aae9-68179f0d335e", "description": ""}} _log_request_full /root/.rally/verification/verifier-ba5ab2f2-5aeb-4842-a890-d8b0c1cd7a61/repo/tempest/lib/common/rest_client.py:437
2019-03-31 13:02:59.409 9139 INFO tempest.lib.common.rest_client [req-2a096708-046a-46cc-8a9b-5300d3928379 ] Request (TrunkTestJSON:_run_cleanups): 404 DELETE http://172.30.9.29:9696/v2.0/networks/d851e2bb-fd49-44c0-abc1-a9be23ea9f73 0.025s
2019-03-31 13:02:59.409 9139 DEBUG tempest.lib.common.rest_client [req-2a096708-046a-46cc-8a9b-5300d3928379 ] Request - Headers: {'Content-Type': 'application/json', 'Accept': 'application/json', 'X-Auth-Token': ''} Body: None Response - Headers: {'status': '404', u'content-length': '138', 'content-location': 'http://172.30.9.29:9696/v2.0/networks/d851e2bb-fd49-44c0-abc1-a9be23ea9f73', u'date': 'Sun, 31 Mar 2019 13:02:59 GMT', u'content-type': 'application/json', u'connection': 'close', u'x-openstack-request-id': 'req-2a096708-046a-46cc-8a9b-5300d3928379'} Body: {"NeutronError": {"message": "Network d851e2bb-fd49-44c0-abc1-a9be23ea9f73 could not be found.", "type": "NetworkNotFound", "detail": ""}} _log_request_full /root/.rally/verification/verifier-ba5ab2f2-5aeb-4842-a890-d8b0c1cd7a61/repo/tempest/lib/common/rest_client.py:437
2019-03-31 13:02:59.425 9135 INFO tempest.lib.common.rest_client [req-c4bd7d47-f5aa-443f-af44-a28189192474 ] Request (TrunkTestJSON:_run_cleanups): 404 DELETE http://172.30.9.29:9696/v2.0/trunks/c822f32f-d9d3-40b0-b15e-17cfd78794ed 0.019s
2019-03-31 13:02:59.426 9135 DEBUG tempest.lib.common.rest_client [req-c4bd7d47-f5aa-443f-af44-a28189192474 ] Request - Headers: {'Content-Type': 'application/json', 'Accept': 'application/json', 'X-Auth-Token': ''} Body: None Response - Headers: {'status': '404', u'content-length': '134', 'content-location': 'http://172.30.9.29:9696/v2.0/trunks/c822f32f-d9d3-40b0-b15e-17cfd78794ed', u'date': 'Sun, 31 Mar 2019 13:02:59 GMT', u'content-type': 'application/json', u'connection': 'close', u'x-openstack-request-id': 'req-c4bd7d47-f5aa-443f-af44-a28189192474'} Body: {"NeutronError": {"message": "Trunk c822f32f-d9d3-40b0-b15e-17cfd78794ed could not be found.", "type": "TrunkNotFound", "detail": ""}} _log_request_full /root/.rally/verification/verifier-ba5ab2f2-5aeb-4842-a890-d8b0c1cd7a61/repo/tempest/lib/common/rest_client.py:437
2019-03-31 13:02:59.445 9135 INFO tempest.lib.common.rest_client [req-c876c790-6d0f-4249-9541-66b7a4148db2 ] Request (TrunkTestJSON:_run_cleanups): 404 GET http://172.30.9.29:9696/v2.0/trunks/25388106-4e67-4f3d-b5de-157ed8f2a445/get_subports 0.018s
2019-03-31 13:02:59.445 9135 DEBUG tempest.lib.common.rest_client [req-c876c790-6d0f-4249-9541-66b7a4148db2 ] Request - Headers: {'Content-Type': 'application/json', 'Accept': 'application/json', 'X-Auth-Token': ''} Body: None Response - Headers: {'status': '404', u'content-length': '134', 'content-location': 'http://172.30.9.29:9696/v2.0/trunks/25388106-4e67-4f3d-b5de-157ed8f2a445/get_subports', u'date': 'Sun, 31 Mar 2019 13:02:59 GMT', u'content-type': 'application/json', u'connection': 'close', u'x-openstack-request-id': 'req-c876c790-6d0f-4249-9541-66b7a4148db2'} Body: {"NeutronError": {"message": "Trunk 25388106-4e67-4f3d-b5de-157ed8f2a445 could not be found.", "type": "TrunkNotFound", "detail": ""}} _log_request_full /root/.rally/verification/verifier-ba5ab2f2-5aeb-4842-a890-d8b0c1cd7a61/repo/tempest/lib/common/rest_client.py:437
2019-03-31 13:02:59.447 9139 INFO tempest.lib.common.rest_client [req-661e11c6-6d52-46b4-abaa-0a162310b345 ] Request (TrunkTestJSON:_run_cleanups): 404 DELETE http://172.30.9.29:9696/v2.0/networks/3222bb7d-e55e-4788-b6b3-8a27ddb5856c 0.037s
2019-03-31 13:02:59.447 9139 DEBUG tempest.lib.common.rest_client [req-661e11c6-6d52-46b4-abaa-0a162310b345 ] Request - Headers: {'Content-Type': 'application/json', 'Accept': 'application/json', 'X-Auth-Token': ''} Body: None Response - Headers: {'status': '404', u'content-length': '138', 'content-location': 'http://172.30.9.29:9696/v2.0/networks/3222bb7d-e55e-4788-b6b3-8a27ddb5856c', u'date': 'Sun, 31 Mar 2019 13:02:59 GMT', u'content-type': 'application/json', u'connection': 'close', u'x-openstack-request-id': 'req-661e11c6-6d52-46b4-abaa-0a162310b345'} Body: {"NeutronError": {"message": "Network 3222bb7d-e55e-4788-b6b3-8a27ddb5856c could not be found.", "type": "NetworkNotFound", "detail": ""}} _log_request_full /root/.rally/verification/verifier-ba5ab2f2-5aeb-4842-a890-d8b0c1cd7a61/repo/tempest/lib/common/rest_client.py:437
2019-03-31 13:02:59.461 9135 INFO tempest.lib.common.rest_client [req-9fd7dc56-1ab7-44bd-9947-989a25637220 ] Request (TrunkTestJSON:_run_cleanups): 404 DELETE http://172.30.9.29:9696/v2.0/trunks/25388106-4e67-4f3d-b5de-157ed8f2a445 0.014s
2019-03-31 13:02:59.461 9135 DEBUG tempest.lib.common.rest_client [req-9fd7dc56-1ab7-44bd-9947-989a25637220 ] Request - Headers: {'Content-Type': 'application/json', 'Accept': 'application/json', 'X-Auth-Token': ''} Body: None Response - Headers: {'status': '404', u'content-length': '134', 'content-location': 'http://172.30.9.29:9696/v2.0/trunks/25388106-4e67-4f3d-b5de-157ed8f2a445', u'date': 'Sun, 31 Mar 2019 13:02:59 GMT', u'content-type': 'application/json', u'connection': 'close', u'x-openstack-request-id': 'req-9fd7dc56-1ab7-44bd-9947-989a25637220'} Body: {"NeutronError": {"message": "Trunk 25388106-4e67-4f3d-b5de-157ed8f2a445 could not be found.", "type": "TrunkNotFound", "detail": ""}} _log_request_full /root/.rally/verification/verifier-ba5ab2f2-5aeb-4842-a890-d8b0c1cd7a61/repo/tempest/lib/common/rest_client.py:437
2019-03-31 13:02:59.481 9135 INFO tempest.lib.common.rest_client [req-5da33006-c2f4-4274-af7b-e79b21baf37e ] Request (TrunkTestJSON:_run_cleanups): 404 GET http://172.30.9.29:9696/v2.0/trunks/a39a65b0-9340-4f79-a5b5-b190ade24da4/get_subports 0.020s
2019-03-31 13:02:59.482 9135 DEBUG tempest.lib.common.rest_client [req-5da33006-c2f4-4274-af7b-e79b21baf37e ] Request - Headers: {'Content-Type': 'application/json', 'Accept': 'application/json', 'X-Auth-Token': ''} Body: None Response - Headers: {'status': '404', u'content-length': '134', 'content-location': 'http://172.30.9.29:9696/v2.0/trunks/a39a65b0-9340-4f79-a5b5-b190ade24da4/get_subports', u'date': 'Sun, 31 Mar 2019 13:02:59 GMT', u'content-type': 'application/json', u'connection': 'close', u'x-openstack-request-id': 'req-5da33006-c2f4-4274-af7b-e79b21baf37e'} Body: {"NeutronError": {"message": "Trunk a39a65b0-9340-4f79-a5b5-b190ade24da4 could not be found.", "type": "TrunkNotFound", "detail": ""}} _log_request_full /root/.rally/verification/verifier-ba5ab2f2-5aeb-4842-a890-d8b0c1cd7a61/repo/tempest/lib/common/rest_client.py:437
2019-03-31 13:02:59.499 9135 INFO tempest.lib.common.rest_client [req-9b3a6893-cf1b-4327-b651-16c39f486c80 ] Request (TrunkTestJSON:_run_cleanups): 404 DELETE http://172.30.9.29:9696/v2.0/trunks/a39a65b0-9340-4f79-a5b5-b190ade24da4 0.016s
2019-03-31 13:02:59.500 9135 DEBUG tempest.lib.common.rest_client [req-9b3a6893-cf1b-4327-b651-16c39f486c80 ] Request - Headers: {'Content-Type': 'application/json', 'Accept': 'application/json', 'X-Auth-Token': ''} Body: None Response - Headers: {'status': '404', u'content-length': '134', 'content-location': 'http://172.30.9.29:9696/v2.0/trunks/a39a65b0-9340-4f79-a5b5-b190ade24da4', u'date': 'Sun, 31 Mar 2019 13:02:59 GMT', u'content-type': 'application/json', u'connection': 'close', u'x-openstack-request-id': 'req-9b3a6893-cf1b-4327-b651-16c39f486c80'} Body: {"NeutronError": {"message": "Trunk a39a65b0-9340-4f79-a5b5-b190ade24da4 could not be found.", "type": "TrunkNotFound", "detail": ""}} _log_request_full /root/.rally/verification/verifier-ba5ab2f2-5aeb-4842-a890-d8b0c1cd7a61/repo/tempest/lib/common/rest_client.py:437
2019-03-31 13:02:59.522 9135 INFO tempest.lib.common.rest_client [req-fa90fb4b-9e3c-47b5-aeab-12ecbaa43ef1 ] Request (TrunkTestJSON:_run_cleanups): 404 GET http://172.30.9.29:9696/v2.0/trunks/0e84ee6a-a170-4579-a94c-25ca1402d6bf/get_subports 0.021s
2019-03-31 13:02:59.522 9135 DEBUG tempest.lib.common.rest_client [req-fa90fb4b-9e3c-47b5-aeab-12ecbaa43ef1 ] Request - Headers: {'Content-Type': 'application/json', 'Accept': 'application/json', 'X-Auth-Token': ''} Body: None Response - Headers: {'status': '404', u'content-length': '134', 'content-location': 'http://172.30.9.29:9696/v2.0/trunks/0e84ee6a-a170-4579-a94c-25ca1402d6bf/get_subports', u'date': 'Sun, 31 Mar 2019 13:02:59 GMT', u'content-type': 'application/json', u'connection': 'close', u'x-openstack-request-id': 'req-fa90fb4b-9e3c-47b5-aeab-12ecbaa43ef1'} Body: {"NeutronError": {"message": "Trunk 0e84ee6a-a170-4579-a94c-25ca1402d6bf could not be found.", "type": "TrunkNotFound", "detail": ""}} _log_request_full /root/.rally/verification/verifier-ba5ab2f2-5aeb-4842-a890-d8b0c1cd7a61/repo/tempest/lib/common/rest_client.py:437
2019-03-31 13:02:59.543 9135 INFO tempest.lib.common.rest_client [req-6c900f8e-78b4-4108-8774-63262e77ea30 ] Request (TrunkTestJSON:_run_cleanups): 404 DELETE http://172.30.9.29:9696/v2.0/trunks/0e84ee6a-a170-4579-a94c-25ca1402d6bf 0.020s
2019-03-31 13:02:59.543 9135 DEBUG tempest.lib.common.rest_client [req-6c900f8e-78b4-4108-8774-63262e77ea30 ] Request - Headers: {'Content-Type': 'application/json', 'Accept': 'application/json', 'X-Auth-Token': ''} Body: None Response - Headers: {'status': '404', u'content-length': '134', 'content-location': 'http://172.30.9.29:9696/v2.0/trunks/0e84ee6a-a170-4579-a94c-25ca1402d6bf', u'date': 'Sun, 31 Mar 2019 13:02:59 GMT', u'content-type': 'application/json', u'connection': 'close', u'x-openstack-request-id': 'req-6c900f8e-78b4-4108-8774-63262e77ea30'} Body: {"NeutronError": {"message": "Trunk 0e84ee6a-a170-4579-a94c-25ca1402d6bf could not be found.", "type": "TrunkNotFound", "detail": ""}} _log_request_full /root/.rally/verification/verifier-ba5ab2f2-5aeb-4842-a890-d8b0c1cd7a61/repo/tempest/lib/common/rest_client.py:437
2019-03-31 13:02:59.559 9135 INFO tempest.lib.common.rest_client [req-1e24ce73-8bb0-48a4-a030-1d98fe544d9f ] Request (TrunkTestJSON:_run_cleanups): 404 GET http://172.30.9.29:9696/v2.0/trunks/f83ecf2d-4e97-4155-903f-89a8d1c93fad 0.015s
2019-03-31 13:02:59.559 9135 DEBUG tempest.lib.common.rest_client [req-1e24ce73-8bb0-48a4-a030-1d98fe544d9f ] Request - Headers: {'Content-Type': 'application/json', 'Accept': 'application/json', 'X-Auth-Token': ''} Body: None Response - Headers: {'status': '404', u'content-length': '134', 'content-location': 'http://172.30.9.29:9696/v2.0/trunks/f83ecf2d-4e97-4155-903f-89a8d1c93fad', u'date': 'Sun, 31 Mar 2019 13:02:59 GMT', u'content-type': 'application/json', u'connection': 'close', u'x-openstack-request-id': 'req-1e24ce73-8bb0-48a4-a030-1d98fe544d9f'} Body: {"NeutronError": {"message": "Trunk f83ecf2d-4e97-4155-903f-89a8d1c93fad could not be found.", "type": "TrunkNotFound", "detail": ""}} _log_request_full /root/.rally/verification/verifier-ba5ab2f2-5aeb-4842-a890-d8b0c1cd7a61/repo/tempest/lib/common/rest_client.py:437
2019-03-31 13:02:59.572 9135 INFO tempest.lib.common.rest_client [req-b443ca71-dd63-47a8-954c-c3007f5edfa4 ] Request (TrunkTestJSON:_run_cleanups): 404 GET http://172.30.9.29:9696/v2.0/trunks/2fe7fce8-1346-4555-8e65-883bdcc3f134 0.012s
2019-03-31 13:02:59.573 9135 DEBUG tempest.lib.common.rest_client [req-b443ca71-dd63-47a8-954c-c3007f5edfa4 ] Request - Headers: {'Content-Type': 'application/json', 'Accept': 'application/json', 'X-Auth-Token': ''} Body: None Response - Headers: {'status': '404', u'content-length': '134', 'content-location': 'http://172.30.9.29:9696/v2.0/trunks/2fe7fce8-1346-4555-8e65-883bdcc3f134', u'date': 'Sun, 31 Mar 2019 13:02:59 GMT', u'content-type': 'application/json', u'connection': 'close', u'x-openstack-request-id': 'req-b443ca71-dd63-47a8-954c-c3007f5edfa4'} Body: {"NeutronError": {"message": "Trunk 2fe7fce8-1346-4555-8e65-883bdcc3f134 could not be found.", "type": "TrunkNotFound", "detail": ""}} _log_request_full /root/.rally/verification/verifier-ba5ab2f2-5aeb-4842-a890-d8b0c1cd7a61/repo/tempest/lib/common/rest_client.py:437
2019-03-31 13:02:59.587 9135 INFO tempest.lib.common.rest_client [req-9e1d5137-145b-47b3-9eb8-5119662b1b78 ] Request (TrunkTestJSON:_run_cleanups): 404 GET http://172.30.9.29:9696/v2.0/trunks/7b0f564e-010d-48f5-8b58-5e2494894682 0.013s
2019-03-31 13:02:59.587 9135 DEBUG tempest.lib.common.rest_client [req-9e1d5137-145b-47b3-9eb8-5119662b1b78 ] Request - Headers: {'Content-Type': 'application/json', 'Accept': 'application/json', 'X-Auth-Token': ''} Body: None Response - Headers: {'status': '404', u'content-length': '134', 'content-location': 'http://172.30.9.29:9696/v2.0/trunks/7b0f564e-010d-48f5-8b58-5e2494894682', u'date': 'Sun, 31 Mar 2019 13:02:59 GMT', u'content-type': 'application/json', u'connection': 'close', u'x-openstack-request-id': 'req-9e1d5137-145b-47b3-9eb8-5119662b1b78'} Body: {"NeutronError": {"message": "Trunk 7b0f564e-010d-48f5-8b58-5e2494894682 could not be found.", "type": "TrunkNotFound", "detail": ""}} _log_request_full /root/.rally/verification/verifier-ba5ab2f2-5aeb-4842-a890-d8b0c1cd7a61/repo/tempest/lib/common/rest_client.py:437
