2019-03-29 06:51:51.126 9139 DEBUG tempest.lib.common.rest_client [req-bc546dbf-361f-4903-85ef-75dbe26087a3 ] Request - Headers: {'Content-Type': 'application/json', 'Accept': 'application/json', 'X-Auth-Token': ''} Body: None Response - Headers: {'status': '404', u'content-length': '134', 'content-location': 'http://172.30.9.23:9696/v2.0/trunks/11a1d482-82a6-443b-b46f-72e54dd12150', u'date': 'Fri, 29 Mar 2019 06:51:51 GMT', u'content-type': 'application/json', u'connection': 'close', u'x-openstack-request-id': 'req-bc546dbf-361f-4903-85ef-75dbe26087a3'} Body: {"NeutronError": {"message": "Trunk 11a1d482-82a6-443b-b46f-72e54dd12150 could not be found.", "type": "TrunkNotFound", "detail": ""}} _log_request_full /root/.rally/verification/verifier-e1fc29c8-574e-4291-888f-f3cd018b24f8/repo/tempest/lib/common/rest_client.py:437
2019-03-29 06:51:51.140 9139 INFO tempest.lib.common.rest_client [req-6eddb7d3-d145-4400-b3c7-75f7ffaa90f3 ] Request (TrunkTestJSON:_run_cleanups): 404 GET http://172.30.9.23:9696/v2.0/trunks/8de23c58-5237-41f1-909d-f91be0da347e/get_subports 0.013s
2019-03-29 06:51:51.141 9139 DEBUG tempest.lib.common.rest_client [req-6eddb7d3-d145-4400-b3c7-75f7ffaa90f3 ] Request - Headers: {'Content-Type': 'application/json', 'Accept': 'application/json', 'X-Auth-Token': ''} Body: None Response - Headers: {'status': '404', u'content-length': '134', 'content-location': 'http://172.30.9.23:9696/v2.0/trunks/8de23c58-5237-41f1-909d-f91be0da347e/get_subports', u'date': 'Fri, 29 Mar 2019 06:51:51 GMT', u'content-type': 'application/json', u'connection': 'close', u'x-openstack-request-id': 'req-6eddb7d3-d145-4400-b3c7-75f7ffaa90f3'} Body: {"NeutronError": {"message": "Trunk 8de23c58-5237-41f1-909d-f91be0da347e could not be found.", "type": "TrunkNotFound", "detail": ""}} _log_request_full /root/.rally/verification/verifier-e1fc29c8-574e-4291-888f-f3cd018b24f8/repo/tempest/lib/common/rest_client.py:437
2019-03-29 06:51:51.158 9139 INFO tempest.lib.common.rest_client [req-6d5b0b99-6b33-4bfc-8c22-46a5d61f43c5 ] Request (TrunkTestJSON:_run_cleanups): 404 DELETE http://172.30.9.23:9696/v2.0/trunks/8de23c58-5237-41f1-909d-f91be0da347e 0.016s
2019-03-29 06:51:51.158 9139 DEBUG tempest.lib.common.rest_client [req-6d5b0b99-6b33-4bfc-8c22-46a5d61f43c5 ] Request - Headers: {'Content-Type': 'application/json', 'Accept': 'application/json', 'X-Auth-Token': ''} Body: None Response - Headers: {'status': '404', u'content-length': '134', 'content-location': 'http://172.30.9.23:9696/v2.0/trunks/8de23c58-5237-41f1-909d-f91be0da347e', u'date': 'Fri, 29 Mar 2019 06:51:51 GMT', u'content-type': 'application/json', u'connection': 'close', u'x-openstack-request-id': 'req-6d5b0b99-6b33-4bfc-8c22-46a5d61f43c5'} Body: {"NeutronError": {"message": "Trunk 8de23c58-5237-41f1-909d-f91be0da347e could not be found.", "type": "TrunkNotFound", "detail": ""}} _log_request_full /root/.rally/verification/verifier-e1fc29c8-574e-4291-888f-f3cd018b24f8/repo/tempest/lib/common/rest_client.py:437
2019-03-29 06:51:51.172 9139 INFO tempest.lib.common.rest_client [req-b9552b44-252b-4ae9-905f-cb5ff6e6f2b2 ] Request (TrunkTestJSON:_run_cleanups): 404 GET http://172.30.9.23:9696/v2.0/trunks/425df465-2188-4708-bbdd-43cec59bbb7e/get_subports 0.013s
2019-03-29 06:51:51.173 9139 DEBUG tempest.lib.common.rest_client [req-b9552b44-252b-4ae9-905f-cb5ff6e6f2b2 ] Request - Headers: {'Content-Type': 'application/json', 'Accept': 'application/json', 'X-Auth-Token': ''} Body: None Response - Headers: {'status': '404', u'content-length': '134', 'content-location': 'http://172.30.9.23:9696/v2.0/trunks/425df465-2188-4708-bbdd-43cec59bbb7e/get_subports', u'date': 'Fri, 29 Mar 2019 06:51:51 GMT', u'content-type': 'application/json', u'connection': 'close', u'x-openstack-request-id': 'req-b9552b44-252b-4ae9-905f-cb5ff6e6f2b2'} Body: {"NeutronError": {"message": "Trunk 425df465-2188-4708-bbdd-43cec59bbb7e could not be found.", "type": "TrunkNotFound", "detail": ""}} _log_request_full /root/.rally/verification/verifier-e1fc29c8-574e-4291-888f-f3cd018b24f8/repo/tempest/lib/common/rest_client.py:437
2019-03-29 06:51:51.186 9139 INFO tempest.lib.common.rest_client [req-9c44d4f6-bc2d-4d61-b410-90924727d854 ] Request (TrunkTestJSON:_run_cleanups): 404 DELETE http://172.30.9.23:9696/v2.0/trunks/425df465-2188-4708-bbdd-43cec59bbb7e 0.013s
2019-03-29 06:51:51.187 9139 DEBUG tempest.lib.common.rest_client [req-9c44d4f6-bc2d-4d61-b410-90924727d854 ] Request - Headers: {'Content-Type': 'application/json', 'Accept': 'application/json', 'X-Auth-Token': ''} Body: None Response - Headers: {'status': '404', u'content-length': '134', 'content-location': 'http://172.30.9.23:9696/v2.0/trunks/425df465-2188-4708-bbdd-43cec59bbb7e', u'date': 'Fri, 29 Mar 2019 06:51:51 GMT', u'content-type': 'application/json', u'connection': 'close', u'x-openstack-request-id': 'req-9c44d4f6-bc2d-4d61-b410-90924727d854'} Body: {"NeutronError": {"message": "Trunk 425df465-2188-4708-bbdd-43cec59bbb7e could not be found.", "type": "TrunkNotFound", "detail": ""}} _log_request_full /root/.rally/verification/verifier-e1fc29c8-574e-4291-888f-f3cd018b24f8/repo/tempest/lib/common/rest_client.py:437
2019-03-29 06:51:51.199 9139 INFO tempest.lib.common.rest_client [req-39e1b085-ce4b-41c2-8dcb-1c41998b632a ] Request (TrunkTestJSON:_run_cleanups): 404 GET http://172.30.9.23:9696/v2.0/trunks/62cde27d-703d-4813-9951-02c857160305/get_subports 0.011s
2019-03-29 06:51:51.199 9139 DEBUG tempest.lib.common.rest_client [req-39e1b085-ce4b-41c2-8dcb-1c41998b632a ] Request - Headers: {'Content-Type': 'application/json', 'Accept': 'application/json', 'X-Auth-Token': ''} Body: None Response - Headers: {'status': '404', u'content-length': '134', 'content-location': 'http://172.30.9.23:9696/v2.0/trunks/62cde27d-703d-4813-9951-02c857160305/get_subports', u'date': 'Fri, 29 Mar 2019 06:51:51 GMT', u'content-type': 'application/json', u'connection': 'close', u'x-openstack-request-id': 'req-39e1b085-ce4b-41c2-8dcb-1c41998b632a'} Body: {"NeutronError": {"message": "Trunk 62cde27d-703d-4813-9951-02c857160305 could not be found.", "type": "TrunkNotFound", "detail": ""}} _log_request_full /root/.rally/verification/verifier-e1fc29c8-574e-4291-888f-f3cd018b24f8/repo/tempest/lib/common/rest_client.py:437
2019-03-29 06:51:51.213 9139 INFO tempest.lib.common.rest_client [req-608b9ca2-2941-4290-9d8a-fe4cec6814c5 ] Request (TrunkTestJSON:_run_cleanups): 404 DELETE http://172.30.9.23:9696/v2.0/trunks/62cde27d-703d-4813-9951-02c857160305 0.013s
2019-03-29 06:51:51.213 9139 DEBUG tempest.lib.common.rest_client [req-608b9ca2-2941-4290-9d8a-fe4cec6814c5 ] Request - Headers: {'Content-Type': 'application/json', 'Accept': 'application/json', 'X-Auth-Token': ''} Body: None Response - Headers: {'status': '404', u'content-length': '134', 'content-location': 'http://172.30.9.23:9696/v2.0/trunks/62cde27d-703d-4813-9951-02c857160305', u'date': 'Fri, 29 Mar 2019 06:51:51 GMT', u'content-type': 'application/json', u'connection': 'close', u'x-openstack-request-id': 'req-608b9ca2-2941-4290-9d8a-fe4cec6814c5'} Body: {"NeutronError": {"message": "Trunk 62cde27d-703d-4813-9951-02c857160305 could not be found.", "type": "TrunkNotFound", "detail": ""}} _log_request_full /root/.rally/verification/verifier-e1fc29c8-574e-4291-888f-f3cd018b24f8/repo/tempest/lib/common/rest_client.py:437
2019-03-29 06:51:51.239 9139 INFO tempest.lib.common.rest_client [req-d069c3fd-31c8-4710-9379-b51c6a8764a2 ] Request (TrunkTestJSON:_run_cleanups): 200 GET http://172.30.9.23:9696/v2.0/trunks/0e323874-b97e-41ec-a35d-7c2c183f3ccf/get_subports 0.025s
2019-03-29 06:51:51.240 9139 DEBUG tempest.lib.common.rest_client [req-d069c3fd-31c8-4710-9379-b51c6a8764a2 ] Request - Headers: {'Content-Type': 'application/json', 'Accept': 'application/json', 'X-Auth-Token': ''} Body: None Response - Headers: {'status': '200', u'content-length': '17', 'content-location': 'http://172.30.9.23:9696/v2.0/trunks/0e323874-b97e-41ec-a35d-7c2c183f3ccf/get_subports', u'date': 'Fri, 29 Mar 2019 06:51:51 GMT', u'content-type': 'application/json', u'connection': 'close', u'x-openstack-request-id': 'req-d069c3fd-31c8-4710-9379-b51c6a8764a2'} Body: {"sub_ports": []} _log_request_full /root/.rally/verification/verifier-e1fc29c8-574e-4291-888f-f3cd018b24f8/repo/tempest/lib/common/rest_client.py:437
2019-03-29 06:51:51.295 9139 INFO tempest.lib.common.rest_client [req-90dbb8ac-780c-4930-8151-270075e5cbd2 ] Request (TrunkTestJSON:_run_cleanups): 200 PUT http://172.30.9.23:9696/v2.0/trunks/0e323874-b97e-41ec-a35d-7c2c183f3ccf/remove_subports 0.054s
2019-03-29 06:51:51.295 9139 DEBUG tempest.lib.common.rest_client [req-90dbb8ac-780c-4930-8151-270075e5cbd2 ] Request - Headers: {'Content-Type': 'application/json', 'Accept': 'application/json', 'X-Auth-Token': ''} Body: {"sub_ports": []} Response - Headers: {'status': '200', u'content-length': '396', 'content-location': 'http://172.30.9.23:9696/v2.0/trunks/0e323874-b97e-41ec-a35d-7c2c183f3ccf/remove_subports', u'date': 'Fri, 29 Mar 2019 06:51:51 GMT', u'content-type': 'application/json', u'connection': 'close', u'x-openstack-request-id': 'req-90dbb8ac-780c-4930-8151-270075e5cbd2'} Body: {"status": "DOWN", "sub_ports": [], "name": "", "admin_state_up": true, "tenant_id": "be3ca8af7b79406b857f092c30294c13", "created_at": "2019-03-29T06:51:49Z", "tags": [], "updated_at": "2019-03-29T06:51:51Z", "revision_number": 1, "project_id": "be3ca8af7b79406b857f092c30294c13", "port_id": "539c598b-f8d4-482b-9748-23ed641d5896", "id": "0e323874-b97e-41ec-a35d-7c2c183f3ccf", "description": ""} _log_request_full /root/.rally/verification/verifier-e1fc29c8-574e-4291-888f-f3cd018b24f8/repo/tempest/lib/common/rest_client.py:437
2019-03-29 06:51:51.417 9139 INFO tempest.lib.common.rest_client [req-c062c132-1e96-437f-9aa5-38f71e2218a4 ] Request (TrunkTestJSON:_run_cleanups): 204 DELETE http://172.30.9.23:9696/v2.0/trunks/0e323874-b97e-41ec-a35d-7c2c183f3ccf 0.121s
2019-03-29 06:51:51.418 9139 DEBUG tempest.lib.common.rest_client [req-c062c132-1e96-437f-9aa5-38f71e2218a4 ] Request - Headers: {'Content-Type': 'application/json', 'Accept': 'application/json', 'X-Auth-Token': ''} Body: None Response - Headers: {'status': '204', u'content-length': '0', 'content-location': 'http://172.30.9.23:9696/v2.0/trunks/0e323874-b97e-41ec-a35d-7c2c183f3ccf', u'date': 'Fri, 29 Mar 2019 06:51:51 GMT', u'connection': 'close', u'x-openstack-request-id': 'req-c062c132-1e96-437f-9aa5-38f71e2218a4'} Body: _log_request_full /root/.rally/verification/verifier-e1fc29c8-574e-4291-888f-f3cd018b24f8/repo/tempest/lib/common/rest_client.py:437
2019-03-29 06:51:51.431 9139 INFO tempest.lib.common.rest_client [req-5af563ac-636b-4588-abdf-344ae739cb2b ] Request (TrunkTestJSON:_run_cleanups): 404 GET http://172.30.9.23:9696/v2.0/trunks/11a1d482-82a6-443b-b46f-72e54dd12150 0.013s
2019-03-29 06:51:51.432 9139 DEBUG tempest.lib.common.rest_client [req-5af563ac-636b-4588-abdf-344ae739cb2b ] Request - Headers: {'Content-Type': 'application/json', 'Accept': 'application/json', 'X-Auth-Token': ''} Body: None Response - Headers: {'status': '404', u'content-length': '134', 'content-location': 'http://172.30.9.23:9696/v2.0/trunks/11a1d482-82a6-443b-b46f-72e54dd12150', u'date': 'Fri, 29 Mar 2019 06:51:51 GMT', u'content-type': 'application/json', u'connection': 'close', u'x-openstack-request-id': 'req-5af563ac-636b-4588-abdf-344ae739cb2b'} Body: {"NeutronError": {"message": "Trunk 11a1d482-82a6-443b-b46f-72e54dd12150 could not be found.", "type": "TrunkNotFound", "detail": ""}} _log_request_full /root/.rally/verification/verifier-e1fc29c8-574e-4291-888f-f3cd018b24f8/repo/tempest/lib/common/rest_client.py:437
2019-03-29 06:51:51.433 9135 INFO tempest.lib.common.rest_client [req-8a3d31b9-cefe-4a39-b8f7-d233eb4f3f51 ] Request (TrunkTestJSON:test_create_update_trunk_with_description): 201 POST http://172.30.9.23:9696/v2.0/trunks 0.542s
2019-03-29 06:51:51.433 9135 DEBUG tempest.lib.common.rest_client [req-8a3d31b9-cefe-4a39-b8f7-d233eb4f3f51 ] Request - Headers: {'Content-Type': 'application/json', 'Accept': 'application/json', 'X-Auth-Token': ''} Body: {"trunk": {"port_id": "7a568a40-c80f-4ac7-940e-2336ea9c9f5a", "description": "foo description"}} Response - Headers: {'status': '201', u'content-length': '422', 'content-location': 'http://172.30.9.23:9696/v2.0/trunks', u'date': 'Fri, 29 Mar 2019 06:51:51 GMT', u'content-type': 'application/json', u'connection': 'close', u'x-openstack-request-id': 'req-8a3d31b9-cefe-4a39-b8f7-d233eb4f3f51'} Body: {"trunk": {"status": "DOWN", "sub_ports": [], "name": "", "admin_state_up": true, "tenant_id": "828869e81ba8428db921b0b9ac760139", "created_at": "2019-03-29T06:51:51Z", "tags": [], "updated_at": "2019-03-29T06:51:51Z", "revision_number": 0, "project_id": "828869e81ba8428db921b0b9ac760139", "port_id": "7a568a40-c80f-4ac7-940e-2336ea9c9f5a", "id": "c115b0f2-6782-4329-a196-7e27deca91de", "description": "foo description"}} _log_request_full /root/.rally/verification/verifier-e1fc29c8-574e-4291-888f-f3cd018b24f8/repo/tempest/lib/common/rest_client.py:437
2019-03-29 06:51:51.446 9139 INFO tempest.lib.common.rest_client [req-e5e19712-7cbc-479d-96e2-1ce15a6781eb ] Request (TrunkTestJSON:_run_cleanups): 404 GET http://172.30.9.23:9696/v2.0/trunks/8de23c58-5237-41f1-909d-f91be0da347e 0.013s
2019-03-29 06:51:51.447 9139 DEBUG tempest.lib.common.rest_client [req-e5e19712-7cbc-479d-96e2-1ce15a6781eb ] Request - Headers: {'Content-Type': 'application/json', 'Accept': 'application/json', 'X-Auth-Token': ''} Body: None Response - Headers: {'status': '404', u'content-length': '134', 'content-location': 'http://172.30.9.23:9696/v2.0/trunks/8de23c58-5237-41f1-909d-f91be0da347e', u'date': 'Fri, 29 Mar 2019 06:51:51 GMT', u'content-type': 'application/json', u'connection': 'close', u'x-openstack-request-id': 'req-e5e19712-7cbc-479d-96e2-1ce15a6781eb'} Body: {"NeutronError": {"message": "Trunk 8de23c58-5237-41f1-909d-f91be0da347e could not be found.", "type": "TrunkNotFound", "detail": ""}} _log_request_full /root/.rally/verification/verifier-e1fc29c8-574e-4291-888f-f3cd018b24f8/repo/tempest/lib/common/rest_client.py:437
2019-03-29 06:51:51.468 9139 INFO tempest.lib.common.rest_client [req-41115b54-c62b-44df-9be4-800035d43e5f ] Request (TrunkTestJSON:_run_cleanups): 404 GET http://172.30.9.23:9696/v2.0/trunks/425df465-2188-4708-bbdd-43cec59bbb7e 0.020s
2019-03-29 06:51:51.468 9139 DEBUG tempest.lib.common.rest_client [req-41115b54-c62b-44df-9be4-800035d43e5f ] Request - Headers: {'Content-Type': 'application/json', 'Accept': 'application/json', 'X-Auth-Token': ''} Body: None Response - Headers: {'status': '404', u'content-length': '134', 'content-location': 'http://172.30.9.23:9696/v2.0/trunks/425df465-2188-4708-bbdd-43cec59bbb7e', u'date': 'Fri, 29 Mar 2019 06:51:51 GMT', u'content-type': 'application/json', u'connection': 'close', u'x-openstack-request-id': 'req-41115b54-c62b-44df-9be4-800035d43e5f'} Body: {"NeutronError": {"message": "Trunk 425df465-2188-4708-bbdd-43cec59bbb7e could not be found.", "type": "TrunkNotFound", "detail": ""}} _log_request_full /root/.rally/verification/verifier-e1fc29c8-574e-4291-888f-f3cd018b24f8/repo/tempest/lib/common/rest_client.py:437
2019-03-29 06:51:51.482 9139 INFO tempest.lib.common.rest_client [req-2b6edd41-7cae-4118-ae01-3628678cedb6 ] Request (TrunkTestJSON:_run_cleanups): 404 GET http://172.30.9.23:9696/v2.0/trunks/62cde27d-703d-4813-9951-02c857160305 0.013s
2019-03-29 06:51:51.482 9139 DEBUG tempest.lib.common.rest_client [req-2b6edd41-7cae-4118-ae01-3628678cedb6 ] Request - Headers: {'Content-Type': 'application/json', 'Accept': 'application/json', 'X-Auth-Token': ''} Body: None Response - Headers: {'status': '404', u'content-length': '134', 'content-location': 'http://172.30.9.23:9696/v2.0/trunks/62cde27d-703d-4813-9951-02c857160305', u'date': 'Fri, 29 Mar 2019 06:51:51 GMT', u'content-type': 'application/json', u'connection': 'close', u'x-openstack-request-id': 'req-2b6edd41-7cae-4118-ae01-3628678cedb6'} Body: {"NeutronError": {"message": "Trunk 62cde27d-703d-4813-9951-02c857160305 could not be found.", "type": "TrunkNotFound", "detail": ""}} _log_request_full /root/.rally/verification/verifier-e1fc29c8-574e-4291-888f-f3cd018b24f8/repo/tempest/lib/common/rest_client.py:437
2019-03-29 06:51:51.502 9139 INFO tempest.lib.common.rest_client [req-1662bc2d-f6af-4286-b0ed-8fc385a6f1ec ] Request (TrunkTestJSON:_run_cleanups): 404 GET http://172.30.9.23:9696/v2.0/trunks/0e323874-b97e-41ec-a35d-7c2c183f3ccf 0.019s
2019-03-29 06:51:51.502 9139 DEBUG tempest.lib.common.rest_client [req-1662bc2d-f6af-4286-b0ed-8fc385a6f1ec ] Request - Headers: {'Content-Type': 'application/json', 'Accept': 'application/json', 'X-Auth-Token': ''} Body: None Response - Headers: {'status': '404', u'content-length': '134', 'content-location': 'http://172.30.9.23:9696/v2.0/trunks/0e323874-b97e-41ec-a35d-7c2c183f3ccf', u'date': 'Fri, 29 Mar 2019 06:51:51 GMT', u'content-type': 'application/json', u'connection': 'close', u'x-openstack-request-id': 'req-1662bc2d-f6af-4286-b0ed-8fc385a6f1ec'} Body: {"NeutronError": {"message": "Trunk 0e323874-b97e-41ec-a35d-7c2c183f3ccf could not be found.", "type": "TrunkNotFound", "detail": ""}} _log_request_full /root/.rally/verification/verifier-e1fc29c8-574e-4291-888f-f3cd018b24f8/repo/tempest/lib/common/rest_client.py:437
2019-03-29 06:51:51.506 9135 INFO tempest.lib.common.rest_client [req-7d94f7e7-2767-4cb5-8a14-cf1d863eb502 ] Request (TrunkTestJSON:test_create_update_trunk_with_description): 200 PUT http://172.30.9.23:9696/v2.0/trunks/c115b0f2-6782-4329-a196-7e27deca91de 0.071s
2019-03-29 06:51:51.506 9135 DEBUG tempest.lib.common.rest_client [req-7d94f7e7-2767-4cb5-8a14-cf1d863eb502 ] Request - Headers: {'Content-Type': 'application/json', 'Accept': 'application/json', 'X-Auth-Token': ''} Body: {"trunk": {"description": ""}} Response - Headers: {'status': '200', u'content-length': '407', 'content-location': 'http://172.30.9.23:9696/v2.0/trunks/c115b0f2-6782-4329-a196-7e27deca91de', u'date': 'Fri, 29 Mar 2019 06:51:51 GMT', u'content-type': 'application/json', u'connection': 'close', u'x-openstack-request-id': 'req-7d94f7e7-2767-4cb5-8a14-cf1d863eb502'} Body: {"trunk": {"status": "DOWN", "sub_ports": [], "name": "", "admin_state_up": true, "tenant_id": "828869e81ba8428db921b0b9ac760139", "created_at": "2019-03-29T06:51:51Z", "tags": [], "updated_at": "2019-03-29T06:51:51Z", "revision_number": 0, "project_id": "828869e81ba8428db921b0b9ac760139", "port_id": "7a568a40-c80f-4ac7-940e-2336ea9c9f5a", "id": "c115b0f2-6782-4329-a196-7e27deca91de", "description": ""}} _log_request_full /root/.rally/verification/verifier-e1fc29c8-574e-4291-888f-f3cd018b24f8/repo/tempest/lib/common/rest_client.py:437
2019-03-29 06:51:51.522 9135 INFO tempest.lib.common.rest_client [req-bc7369fc-7759-4d7b-b931-73473b360ab4 ] Request (TrunkTestJSON:_run_cleanups): 404 GET http://172.30.9.23:9696/v2.0/trunks/8f5310cc-dd74-4535-9cf3-2d4de83a5b43/get_subports 0.015s
2019-03-29 06:51:51.522 9135 DEBUG tempest.lib.common.rest_client [req-bc7369fc-7759-4d7b-b931-73473b360ab4 ] Request - Headers: {'Content-Type': 'application/json', 'Accept': 'application/json', 'X-Auth-Token': ''} Body: None Response - Headers: {'status': '404', u'content-length': '134', 'content-location': 'http://172.30.9.23:9696/v2.0/trunks/8f5310cc-dd74-4535-9cf3-2d4de83a5b43/get_subports', u'date': 'Fri, 29 Mar 2019 06:51:51 GMT', u'content-type': 'application/json', u'connection': 'close', u'x-openstack-request-id': 'req-bc7369fc-7759-4d7b-b931-73473b360ab4'} Body: {"NeutronError": {"message": "Trunk 8f5310cc-dd74-4535-9cf3-2d4de83a5b43 could not be found.", "type": "TrunkNotFound", "detail": ""}} _log_request_full /root/.rally/verification/verifier-e1fc29c8-574e-4291-888f-f3cd018b24f8/repo/tempest/lib/common/rest_client.py:437
2019-03-29 06:51:51.534 9139 INFO tempest.lib.common.rest_client [req-2b076c77-65a9-4b46-8af6-39d4bf7b192b ] Request (TrunkTestJSON:_run_cleanups): 404 DELETE http://172.30.9.23:9696/v2.0/ports/7d14ee27-8913-48af-8ced-074f40be2497 0.031s
2019-03-29 06:51:51.535 9139 DEBUG tempest.lib.common.rest_client [req-2b076c77-65a9-4b46-8af6-39d4bf7b192b ] Request - Headers: {'Content-Type': 'application/json', 'Accept': 'application/json', 'X-Auth-Token': ''} Body: None Response - Headers: {'status': '404', u'content-length': '132', 'content-location': 'http://172.30.9.23:9696/v2.0/ports/7d14ee27-8913-48af-8ced-074f40be2497', u'date': 'Fri, 29 Mar 2019 06:51:51 GMT', u'content-type': 'application/json', u'connection': 'close', u'x-openstack-request-id': 'req-2b076c77-65a9-4b46-8af6-39d4bf7b192b'} Body: {"NeutronError": {"message": "Port 7d14ee27-8913-48af-8ced-074f40be2497 could not be found.", "type": "PortNotFound", "detail": ""}} _log_request_full /root/.rally/verification/verifier-e1fc29c8-574e-4291-888f-f3cd018b24f8/repo/tempest/lib/common/rest_client.py:437
2019-03-29 06:51:51.544 9135 INFO tempest.lib.common.rest_client [req-0f0713ed-7404-4619-946b-4016a5e69cc3 ] Request (TrunkTestJSON:_run_cleanups): 404 DELETE http://172.30.9.23:9696/v2.0/trunks/8f5310cc-dd74-4535-9cf3-2d4de83a5b43 0.021s
2019-03-29 06:51:51.545 9135 DEBUG tempest.lib.common.rest_client [req-0f0713ed-7404-4619-946b-4016a5e69cc3 ] Request - Headers: {'Content-Type': 'application/json', 'Accept': 'application/json', 'X-Auth-Token': ''} Body: None Response - Headers: {'status': '404', u'content-length': '134', 'content-location': 'http://172.30.9.23:9696/v2.0/trunks/8f5310cc-dd74-4535-9cf3-2d4de83a5b43', u'date': 'Fri, 29 Mar 2019 06:51:51 GMT', u'content-type': 'application/json', u'connection': 'close', u'x-openstack-request-id': 'req-0f0713ed-7404-4619-946b-4016a5e69cc3'} Body: {"NeutronError": {"message": "Trunk 8f5310cc-dd74-4535-9cf3-2d4de83a5b43 could not be found.", "type": "TrunkNotFound", "detail": ""}} _log_request_full /root/.rally/verification/verifier-e1fc29c8-574e-4291-888f-f3cd018b24f8/repo/tempest/lib/common/rest_client.py:437
2019-03-29 06:51:51.568 9135 INFO tempest.lib.common.rest_client [req-0273314c-3cd6-4bd7-8c87-406e602e593a ] Request (TrunkTestJSON:_run_cleanups): 404 GET http://172.30.9.23:9696/v2.0/trunks/074847b1-1cb5-47f0-95bd-d38c7bb631ae/get_subports 0.022s
2019-03-29 06:51:51.568 9135 DEBUG tempest.lib.common.rest_client [req-0273314c-3cd6-4bd7-8c87-406e602e593a ] Request - Headers: {'Content-Type': 'application/json', 'Accept': 'application/json', 'X-Auth-Token': ''} Body: None Response - Headers: {'status': '404', u'content-length': '134', 'content-location': 'http://172.30.9.23:9696/v2.0/trunks/074847b1-1cb5-47f0-95bd-d38c7bb631ae/get_subports', u'date': 'Fri, 29 Mar 2019 06:51:51 GMT', u'content-type': 'application/json', u'connection': 'close', u'x-openstack-request-id': 'req-0273314c-3cd6-4bd7-8c87-406e602e593a'} Body: {"NeutronError": {"message": "Trunk 074847b1-1cb5-47f0-95bd-d38c7bb631ae could not be found.", "type": "TrunkNotFound", "detail": ""}} _log_request_full /root/.rally/verification/verifier-e1fc29c8-574e-4291-888f-f3cd018b24f8/repo/tempest/lib/common/rest_client.py:437
2019-03-29 06:51:51.571 9139 INFO tempest.lib.common.rest_client [req-0d22a621-7e5c-45b1-a2f9-61404cf4b413 ] Request (TrunkTestJSON:_run_cleanups): 404 DELETE http://172.30.9.23:9696/v2.0/ports/9ff04bc2-a56e-4db7-9697-a92e6604abc8 0.035s
2019-03-29 06:51:51.572 9139 DEBUG tempest.lib.common.rest_client [req-0d22a621-7e5c-45b1-a2f9-61404cf4b413 ] Request - Headers: {'Content-Type': 'application/json', 'Accept': 'application/json', 'X-Auth-Token': ''} Body: None Response - Headers: {'status': '404', u'content-length': '132', 'content-location': 'http://172.30.9.23:9696/v2.0/ports/9ff04bc2-a56e-4db7-9697-a92e6604abc8', u'date': 'Fri, 29 Mar 2019 06:51:51 GMT', u'content-type': 'application/json', u'connection': 'close', u'x-openstack-request-id': 'req-0d22a621-7e5c-45b1-a2f9-61404cf4b413'} Body: {"NeutronError": {"message": "Port 9ff04bc2-a56e-4db7-9697-a92e6604abc8 could not be found.", "type": "PortNotFound", "detail": ""}} _log_request_full /root/.rally/verification/verifier-e1fc29c8-574e-4291-888f-f3cd018b24f8/repo/tempest/lib/common/rest_client.py:437
2019-03-29 06:51:51.584 9135 INFO tempest.lib.common.rest_client [req-423881e8-aeaa-4723-8cf1-4506ff8bf4b1 ] Request (TrunkTestJSON:_run_cleanups): 404 DELETE http://172.30.9.23:9696/v2.0/trunks/074847b1-1cb5-47f0-95bd-d38c7bb631ae 0.015s
2019-03-29 06:51:51.584 9135 DEBUG tempest.lib.common.rest_client [req-423881e8-aeaa-4723-8cf1-4506ff8bf4b1 ] Request - Headers: {'Content-Type': 'application/json', 'Accept': 'application/json', 'X-Auth-Token': ''} Body: None Response - Headers: {'status': '404', u'content-length': '134', 'content-location': 'http://172.30.9.23:9696/v2.0/trunks/074847b1-1cb5-47f0-95bd-d38c7bb631ae', u'date': 'Fri, 29 Mar 2019 06:51:51 GMT', u'content-type': 'application/json', u'connection': 'close', u'x-openstack-request-id': 'req-423881e8-aeaa-4723-8cf1-4506ff8bf4b1'} Body: {"NeutronError": {"message": "Trunk 074847b1-1cb5-47f0-95bd-d38c7bb631ae could not be found.", "type": "TrunkNotFound", "detail": ""}} _log_request_full /root/.rally/verification/verifier-e1fc29c8-574e-4291-888f-f3cd018b24f8/repo/tempest/lib/common/rest_client.py:437
2019-03-29 06:51:51.604 9135 INFO tempest.lib.common.rest_client [req-074487fa-dc23-4c4a-9ac7-c666b62fba6f ] Request (TrunkTestJSON:_run_cleanups): 404 GET http://172.30.9.23:9696/v2.0/trunks/ec865d3a-4e11-410e-82de-389269bbbb6d/get_subports 0.019s
2019-03-29 06:51:51.605 9135 DEBUG tempest.lib.common.rest_client [req-074487fa-dc23-4c4a-9ac7-c666b62fba6f ] Request - Headers: {'Content-Type': 'application/json', 'Accept': 'application/json', 'X-Auth-Token': ''} Body: None Response - Headers: {'status': '404', u'content-length': '134', 'content-location': 'http://172.30.9.23:9696/v2.0/trunks/ec865d3a-4e11-410e-82de-389269bbbb6d/get_subports', u'date': 'Fri, 29 Mar 2019 06:51:51 GMT', u'content-type': 'application/json', u'connection': 'close', u'x-openstack-request-id': 'req-074487fa-dc23-4c4a-9ac7-c666b62fba6f'} Body: {"NeutronError": {"message": "Trunk ec865d3a-4e11-410e-82de-389269bbbb6d could not be found.", "type": "TrunkNotFound", "detail": ""}} _log_request_full /root/.rally/verification/verifier-e1fc29c8-574e-4291-888f-f3cd018b24f8/repo/tempest/lib/common/rest_client.py:437
2019-03-29 06:51:51.616 9139 INFO tempest.lib.common.rest_client [req-48683fd7-7bf8-4f7c-bf2b-cea15a9e50d9 ] Request (TrunkTestJSON:_run_cleanups): 404 DELETE http://172.30.9.23:9696/v2.0/ports/a9b682c1-a7e1-4978-89cf-e55c073fba0d 0.042s
2019-03-29 06:51:51.616 9139 DEBUG tempest.lib.common.rest_client [req-48683fd7-7bf8-4f7c-bf2b-cea15a9e50d9 ] Request - Headers: {'Content-Type': 'application/json', 'Accept': 'application/json', 'X-Auth-Token': ''} Body: None Response - Headers: {'status': '404', u'content-length': '132', 'content-location': 'http://172.30.9.23:9696/v2.0/ports/a9b682c1-a7e1-4978-89cf-e55c073fba0d', u'date': 'Fri, 29 Mar 2019 06:51:51 GMT', u'content-type': 'application/json', u'connection': 'close', u'x-openstack-request-id': 'req-48683fd7-7bf8-4f7c-bf2b-cea15a9e50d9'} Body: {"NeutronError": {"message": "Port a9b682c1-a7e1-4978-89cf-e55c073fba0d could not be found.", "type": "PortNotFound", "detail": ""}} _log_request_full /root/.rally/verification/verifier-e1fc29c8-574e-4291-888f-f3cd018b24f8/repo/tempest/lib/common/rest_client.py:437
2019-03-29 06:51:51.620 9135 INFO tempest.lib.common.rest_client [req-2611fb62-95ff-4de9-94b3-be25f06d4bcd ] Request (TrunkTestJSON:_run_cleanups): 404 DELETE http://172.30.9.23:9696/v2.0/trunks/ec865d3a-4e11-410e-82de-389269bbbb6d 0.014s
2019-03-29 06:51:51.620 9135 DEBUG tempest.lib.common.rest_client [req-2611fb62-95ff-4de9-94b3-be25f06d4bcd ] Request - Headers: {'Content-Type': 'application/json', 'Accept': 'application/json', 'X-Auth-Token': ''} Body: None Response - Headers: {'status': '404', u'content-length': '134', 'content-location': 'http://172.30.9.23:9696/v2.0/trunks/ec865d3a-4e11-410e-82de-389269bbbb6d', u'date': 'Fri, 29 Mar 2019 06:51:51 GMT', u'content-type': 'application/json', u'connection': 'close', u'x-openstack-request-id': 'req-2611fb62-95ff-4de9-94b3-be25f06d4bcd'} Body: {"NeutronError": {"message": "Trunk ec865d3a-4e11-410e-82de-389269bbbb6d could not be found.", "type": "TrunkNotFound", "detail": ""}} _log_request_full /root/.rally/verification/verifier-e1fc29c8-574e-4291-888f-f3cd018b24f8/repo/tempest/lib/common/rest_client.py:437
2019-03-29 06:51:51.635 9135 INFO tempest.lib.common.rest_client [req-303748fa-7e85-4992-8965-42a32d482a11 ] Request (TrunkTestJSON:_run_cleanups): 404 GET http://172.30.9.23:9696/v2.0/trunks/0ded3153-94c6-496a-859b-ed616ce62c3c/get_subports 0.014s
2019-03-29 06:51:51.635 9135 DEBUG tempest.lib.common.rest_client [req-303748fa-7e85-4992-8965-42a32d482a11 ] Request - Headers: {'Content-Type': 'application/json', 'Accept': 'application/json', 'X-Auth-Token': ''} Body: None Response - Headers: {'status': '404', u'content-length': '134', 'content-location': 'http://172.30.9.23:9696/v2.0/trunks/0ded3153-94c6-496a-859b-ed616ce62c3c/get_subports', u'date': 'Fri, 29 Mar 2019 06:51:51 GMT', u'content-type': 'application/json', u'connection': 'close', u'x-openstack-request-id': 'req-303748fa-7e85-4992-8965-42a32d482a11'} Body: {"NeutronError": {"message": "Trunk 0ded3153-94c6-496a-859b-ed616ce62c3c could not be found.", "type": "TrunkNotFound", "detail": ""}} _log_request_full /root/.rally/verification/verifier-e1fc29c8-574e-4291-888f-f3cd018b24f8/repo/tempest/lib/common/rest_client.py:437
2019-03-29 06:51:51.650 9135 INFO tempest.lib.common.rest_client [req-4c28a327-ec86-4a5f-9490-7f054326805e ] Request (TrunkTestJSON:_run_cleanups): 404 DELETE http://172.30.9.23:9696/v2.0/trunks/0ded3153-94c6-496a-859b-ed616ce62c3c 0.014s
2019-03-29 06:51:51.651 9135 DEBUG tempest.lib.common.rest_client [req-4c28a327-ec86-4a5f-9490-7f054326805e ] Request - Headers: {'Content-Type': 'application/json', 'Accept': 'application/json', 'X-Auth-Token': ''} Body: None Response - Headers: {'status': '404', u'content-length': '134', 'content-location': 'http://172.30.9.23:9696/v2.0/trunks/0ded3153-94c6-496a-859b-ed616ce62c3c', u'date': 'Fri, 29 Mar 2019 06:51:51 GMT', u'content-type': 'application/json', u'connection': 'close', u'x-openstack-request-id': 'req-4c28a327-ec86-4a5f-9490-7f054326805e'} Body: {"NeutronError": {"message": "Trunk 0ded3153-94c6-496a-859b-ed616ce62c3c could not be found.", "type": "TrunkNotFound", "detail": ""}} _log_request_full /root/.rally/verification/verifier-e1fc29c8-574e-4291-888f-f3cd018b24f8/repo/tempest/lib/common/rest_client.py:437
2019-03-29 06:51:51.654 9139 INFO tempest.lib.common.rest_client [req-d4cdc388-68ce-4b36-9b77-9f1df6803dc3 ] Request (TrunkTestJSON:_run_cleanups): 404 DELETE http://172.30.9.23:9696/v2.0/ports/78fc32f1-5e1c-44a0-973e-17cc2500b928 0.037s
2019-03-29 06:51:51.654 9139 DEBUG tempest.lib.common.rest_client [req-d4cdc388-68ce-4b36-9b77-9f1df6803dc3 ] Request - Headers: {'Content-Type': 'application/json', 'Accept': 'application/json', 'X-Auth-Token': ''} Body: None Response - Headers: {'status': '404', u'content-length': '132', 'content-location': 'http://172.30.9.23:9696/v2.0/ports/78fc32f1-5e1c-44a0-973e-17cc2500b928', u'date': 'Fri, 29 Mar 2019 06:51:51 GMT', u'content-type': 'application/json', u'connection': 'close', u'x-openstack-request-id': 'req-d4cdc388-68ce-4b36-9b77-9f1df6803dc3'} Body: {"NeutronError": {"message": "Port 78fc32f1-5e1c-44a0-973e-17cc2500b928 could not be found.", "type": "PortNotFound", "detail": ""}} _log_request_full /root/.rally/verification/verifier-e1fc29c8-574e-4291-888f-f3cd018b24f8/repo/tempest/lib/common/rest_client.py:437
2019-03-29 06:51:51.671 9135 INFO tempest.lib.common.rest_client [req-74ac72a3-5169-4464-a378-f7d396dc024a ] Request (TrunkTestJSON:_run_cleanups): 404 GET http://172.30.9.23:9696/v2.0/trunks/4f248d56-c8cd-49eb-86d7-5699379d2250/get_subports 0.020s
2019-03-29 06:51:51.672 9135 DEBUG tempest.lib.common.rest_client [req-74ac72a3-5169-4464-a378-f7d396dc024a ] Request - Headers: {'Content-Type': 'application/json', 'Accept': 'application/json', 'X-Auth-Token': ''} Body: None Response - Headers: {'status': '404', u'content-length': '134', 'content-location': 'http://172.30.9.23:9696/v2.0/trunks/4f248d56-c8cd-49eb-86d7-5699379d2250/get_subports', u'date': 'Fri, 29 Mar 2019 06:51:51 GMT', u'content-type': 'application/json', u'connection': 'close', u'x-openstack-request-id': 'req-74ac72a3-5169-4464-a378-f7d396dc024a'} Body: {"NeutronError": {"message": "Trunk 4f248d56-c8cd-49eb-86d7-5699379d2250 could not be found.", "type": "TrunkNotFound", "detail": ""}} _log_request_full /root/.rally/verification/verifier-e1fc29c8-574e-4291-888f-f3cd018b24f8/repo/tempest/lib/common/rest_client.py:437
2019-03-29 06:51:51.687 9135 INFO tempest.lib.common.rest_client [req-bc91e0be-0b44-4083-9c41-cbb0f68759cf ] Request (TrunkTestJSON:_run_cleanups): 404 DELETE http://172.30.9.23:9696/v2.0/trunks/4f248d56-c8cd-49eb-86d7-5699379d2250 0.015s
2019-03-29 06:51:51.687 9135 DEBUG tempest.lib.common.rest_client [req-bc91e0be-0b44-4083-9c41-cbb0f68759cf ] Request - Headers: {'Content-Type': 'application/json', 'Accept': 'application/json', 'X-Auth-Token': ''} Body: None Response - Headers: {'status': '404', u'content-length': '134', 'content-location': 'http://172.30.9.23:9696/v2.0/trunks/4f248d56-c8cd-49eb-86d7-5699379d2250', u'date': 'Fri, 29 Mar 2019 06:51:51 GMT', u'content-type': 'application/json', u'connection': 'close', u'x-openstack-request-id': 'req-bc91e0be-0b44-4083-9c41-cbb0f68759cf'} Body: {"NeutronError": {"message": "Trunk 4f248d56-c8cd-49eb-86d7-5699379d2250 could not be found.", "type": "TrunkNotFound", "detail": ""}} _log_request_full /root/.rally/verification/verifier-e1fc29c8-574e-4291-888f-f3cd018b24f8/repo/tempest/lib/common/rest_client.py:437
2019-03-29 06:51:51.688 9139 INFO tempest.lib.common.rest_client [req-ea4f6921-eeb6-4ec7-9983-daea8305424f ] Request (TrunkTestJSON:_run_cleanups): 404 DELETE http://172.30.9.23:9696/v2.0/ports/1212f84a-19a8-4d8e-9b5c-682f73e0b1e4 0.032s
2019-03-29 06:51:51.688 9139 DEBUG tempest.lib.common.rest_client [req-ea4f6921-eeb6-4ec7-9983-daea8305424f ] Request - Headers: {'Content-Type': 'application/json', 'Accept': 'application/json', 'X-Auth-Token': ''} Body: None Response - Headers: {'status': '404', u'content-length': '132', 'content-location': 'http://172.30.9.23:9696/v2.0/ports/1212f84a-19a8-4d8e-9b5c-682f73e0b1e4', u'date': 'Fri, 29 Mar 2019 06:51:51 GMT', u'content-type': 'application/json', u'connection': 'close', u'x-openstack-request-id': 'req-ea4f6921-eeb6-4ec7-9983-daea8305424f'} Body: {"NeutronError": {"message": "Port 1212f84a-19a8-4d8e-9b5c-682f73e0b1e4 could not be found.", "type": "PortNotFound", "detail": ""}} _log_request_full /root/.rally/verification/verifier-e1fc29c8-574e-4291-888f-f3cd018b24f8/repo/tempest/lib/common/rest_client.py:437
2019-03-29 06:51:51.715 9135 INFO tempest.lib.common.rest_client [req-58ab23c8-7905-4a34-9d12-2355a042c6fe ] Request (TrunkTestJSON:_run_cleanups): 200 GET http://172.30.9.23:9696/v2.0/trunks/c115b0f2-6782-4329-a196-7e27deca91de/get_subports 0.027s
2019-03-29 06:51:51.716 9135 DEBUG tempest.lib.common.rest_client [req-58ab23c8-7905-4a34-9d12-2355a042c6fe ] Request - Headers: {'Content-Type': 'application/json', 'Accept': 'application/json', 'X-Auth-Token': ''} Body: None Response - Headers: {'status': '200', u'content-length': '17', 'content-location': 'http://172.30.9.23:9696/v2.0/trunks/c115b0f2-6782-4329-a196-7e27deca91de/get_subports', u'date': 'Fri, 29 Mar 2019 06:51:51 GMT', u'content-type': 'application/json', u'connection': 'close', u'x-openstack-request-id': 'req-58ab23c8-7905-4a34-9d12-2355a042c6fe'} Body: {"sub_ports": []} _log_request_full /root/.rally/verification/verifier-e1fc29c8-574e-4291-888f-f3cd018b24f8/repo/tempest/lib/common/rest_client.py:437
2019-03-29 06:51:51.726 9139 INFO tempest.lib.common.rest_client [req-271640ab-ade8-4d40-a7e7-ae7c859bea57 ] Request (TrunkTestJSON:_run_cleanups): 404 DELETE http://172.30.9.23:9696/v2.0/ports/c9a90605-57e7-4083-9b4c-4293b22540d8 0.037s
2019-03-29 06:51:51.727 9139 DEBUG tempest.lib.common.rest_client [req-271640ab-ade8-4d40-a7e7-ae7c859bea57 ] Request - Headers: {'Content-Type': 'application/json', 'Accept': 'application/json', 'X-Auth-Token': ''} Body: None Response - Headers: {'status': '404', u'content-length': '132', 'content-location': 'http://172.30.9.23:9696/v2.0/ports/c9a90605-57e7-4083-9b4c-4293b22540d8', u'date': 'Fri, 29 Mar 2019 06:51:51 GMT', u'content-type': 'application/json', u'connection': 'close', u'x-openstack-request-id': 'req-271640ab-ade8-4d40-a7e7-ae7c859bea57'} Body: {"NeutronError": {"message": "Port c9a90605-57e7-4083-9b4c-4293b22540d8 could not be found.", "type": "PortNotFound", "detail": ""}} _log_request_full /root/.rally/verification/verifier-e1fc29c8-574e-4291-888f-f3cd018b24f8/repo/tempest/lib/common/rest_client.py:437
2019-03-29 06:51:51.776 9135 INFO tempest.lib.common.rest_client [req-4e0b9272-000a-4471-bbcf-1b819df3ad74 ] Request (TrunkTestJSON:_run_cleanups): 200 PUT http://172.30.9.23:9696/v2.0/trunks/c115b0f2-6782-4329-a196-7e27deca91de/remove_subports 0.060s
2019-03-29 06:51:51.777 9135 DEBUG tempest.lib.common.rest_client [req-4e0b9272-000a-4471-bbcf-1b819df3ad74 ] Request - Headers: {'Content-Type': 'application/json', 'Accept': 'application/json', 'X-Auth-Token': ''} Body: {"sub_ports": []} Response - Headers: {'status': '200', u'content-length': '396', 'content-location': 'http://172.30.9.23:9696/v2.0/trunks/c115b0f2-6782-4329-a196-7e27deca91de/remove_subports', u'date': 'Fri, 29 Mar 2019 06:51:51 GMT', u'content-type': 'application/json', u'connection': 'close', u'x-openstack-request-id': 'req-4e0b9272-000a-4471-bbcf-1b819df3ad74'} Body: {"status": "DOWN", "sub_ports": [], "name": "", "admin_state_up": true, "tenant_id": "828869e81ba8428db921b0b9ac760139", "created_at": "2019-03-29T06:51:51Z", "tags": [], "updated_at": "2019-03-29T06:51:51Z", "revision_number": 1, "project_id": "828869e81ba8428db921b0b9ac760139", "port_id": "7a568a40-c80f-4ac7-940e-2336ea9c9f5a", "id": "c115b0f2-6782-4329-a196-7e27deca91de", "description": ""} _log_request_full /root/.rally/verification/verifier-e1fc29c8-574e-4291-888f-f3cd018b24f8/repo/tempest/lib/common/rest_client.py:437
2019-03-29 06:51:51.891 9135 INFO tempest.lib.common.rest_client [req-cf18ddf2-5857-453a-ba95-434660df11f7 ] Request (TrunkTestJSON:_run_cleanups): 204 DELETE http://172.30.9.23:9696/v2.0/trunks/c115b0f2-6782-4329-a196-7e27deca91de 0.113s
2019-03-29 06:51:51.891 9135 DEBUG tempest.lib.common.rest_client [req-cf18ddf2-5857-453a-ba95-434660df11f7 ] Request - Headers: {'Content-Type': 'application/json', 'Accept': 'application/json', 'X-Auth-Token': ''} Body: None Response - Headers: {'status': '204', u'content-length': '0', 'content-location': 'http://172.30.9.23:9696/v2.0/trunks/c115b0f2-6782-4329-a196-7e27deca91de', u'date': 'Fri, 29 Mar 2019 06:51:51 GMT', u'connection': 'close', u'x-openstack-request-id': 'req-cf18ddf2-5857-453a-ba95-434660df11f7'} Body: _log_request_full /root/.rally/verification/verifier-e1fc29c8-574e-4291-888f-f3cd018b24f8/repo/tempest/lib/common/rest_client.py:437
2019-03-29 06:51:51.906 9135 INFO tempest.lib.common.rest_client [req-fac50eb2-9bd0-43a8-bfa0-a41ba42d8626 ] Request (TrunkTestJSON:_run_cleanups): 404 GET http://172.30.9.23:9696/v2.0/trunks/8f5310cc-dd74-4535-9cf3-2d4de83a5b43 0.013s
2019-03-29 06:51:51.906 9135 DEBUG tempest.lib.common.rest_client [req-fac50eb2-9bd0-43a8-bfa0-a41ba42d8626 ] Request - Headers: {'Content-Type': 'application/json', 'Accept': 'application/json', 'X-Auth-Token': ''} Body: None Response - Headers: {'status': '404', u'content-length': '134', 'content-location': 'http://172.30.9.23:9696/v2.0/trunks/8f5310cc-dd74-4535-9cf3-2d4de83a5b43', u'date': 'Fri, 29 Mar 2019 06:51:51 GMT', u'content-type': 'application/json', u'connection': 'close', u'x-openstack-request-id': 'req-fac50eb2-9bd0-43a8-bfa0-a41ba42d8626'} Body: {"NeutronError": {"message": "Trunk 8f5310cc-dd74-4535-9cf3-2d4de83a5b43 could not be found.", "type": "TrunkNotFound", "detail": ""}} _log_request_full /root/.rally/verification/verifier-e1fc29c8-574e-4291-888f-f3cd018b24f8/repo/tempest/lib/common/rest_client.py:437
2019-03-29 06:51:51.923 9135 INFO tempest.lib.common.rest_client [req-127fc033-6005-46df-89e0-980ba32dee77 ] Request (TrunkTestJSON:_run_cleanups): 404 GET http://172.30.9.23:9696/v2.0/trunks/074847b1-1cb5-47f0-95bd-d38c7bb631ae 0.016s
2019-03-29 06:51:51.923 9135 DEBUG tempest.lib.common.rest_client [req-127fc033-6005-46df-89e0-980ba32dee77 ] Request - Headers: {'Content-Type': 'application/json', 'Accept': 'application/json', 'X-Auth-Token': ''} Body: None Response - Headers: {'status': '404', u'content-length': '134', 'content-location': 'http://172.30.9.23:9696/v2.0/trunks/074847b1-1cb5-47f0-95bd-d38c7bb631ae', u'date': 'Fri, 29 Mar 2019 06:51:51 GMT', u'content-type': 'application/json', u'connection': 'close', u'x-openstack-request-id': 'req-127fc033-6005-46df-89e0-980ba32dee77'} Body: {"NeutronError": {"message": "Trunk 074847b1-1cb5-47f0-95bd-d38c7bb631ae could not be found.", "type": "TrunkNotFound", "detail": ""}} _log_request_full /root/.rally/verification/verifier-e1fc29c8-574e-4291-888f-f3cd018b24f8/repo/tempest/lib/common/rest_client.py:437
2019-03-29 06:51:51.937 9135 INFO tempest.lib.common.rest_client [req-8e93603b-3db9-4095-9b6b-1b28149349d1 ] Request (TrunkTestJSON:_run_cleanups): 404 GET http://172.30.9.23:9696/v2.0/trunks/ec865d3a-4e11-410e-82de-389269bbbb6d 0.012s
2019-03-29 06:51:51.937 9135 DEBUG tempest.lib.common.rest_client [req-8e93603b-3db9-4095-9b6b-1b28149349d1 ] Request - Headers: {'Content-Type': 'application/json', 'Accept': 'application/json', 'X-Auth-Token': ''} Body: None Response - Headers: {'status': '404', u'content-length': '134', 'content-location': 'http://172.30.9.23:9696/v2.0/trunks/ec865d3a-4e11-410e-82de-389269bbbb6d', u'date': 'Fri, 29 Mar 2019 06:51:51 GMT', u'content-type': 'application/json', u'connection': 'close', u'x-openstack-request-id': 'req-8e93603b-3db9-4095-9b6b-1b28149349d1'} Body: {"NeutronError": {"message": "Trunk ec865d3a-4e11-410e-82de-389269bbbb6d could not be found.", "type": "TrunkNotFound", "detail": ""}} _log_request_full /root/.rally/verification/verifier-e1fc29c8-574e-4291-888f-f3cd018b24f8/repo/tempest/lib/common/rest_client.py:437
2019-03-29 06:51:51.950 9135 INFO tempest.lib.common.rest_client [req-762e99f5-fa17-44ac-a9f3-7a1480449271 ] Request (TrunkTestJSON:_run_cleanups): 404 GET http://172.30.9.23:9696/v2.0/trunks/0ded3153-94c6-496a-859b-ed616ce62c3c 0.012s
2019-03-29 06:51:51.950 9135 DEBUG tempest.lib.common.rest_client [req-762e99f5-fa17-44ac-a9f3-7a1480449271 ] Request - Headers: {'Content-Type': 'application/json', 'Accept': 'application/json', 'X-Auth-Token': ''} Body: None Response - Headers: {'status': '404', u'content-length': '134', 'content-location': 'http://172.30.9.23:9696/v2.0/trunks/0ded3153-94c6-496a-859b-ed616ce62c3c', u'date': 'Fri, 29 Mar 2019 06:51:51 GMT', u'content-type': 'application/json', u'connection': 'close', u'x-openstack-request-id': 'req-762e99f5-fa17-44ac-a9f3-7a1480449271'} Body: {"NeutronError": {"message": "Trunk 0ded3153-94c6-496a-859b-ed616ce62c3c could not be found.", "type": "TrunkNotFound", "detail": ""}} _log_request_full /root/.rally/verification/verifier-e1fc29c8-574e-4291-888f-f3cd018b24f8/repo/tempest/lib/common/rest_client.py:437
2019-03-29 06:51:51.964 9135 INFO tempest.lib.common.rest_client [req-b39af05a-96fa-4367-b4e4-9669dc87dc7f ] Request (TrunkTestJSON:_run_cleanups): 404 GET http://172.30.9.23:9696/v2.0/trunks/4f248d56-c8cd-49eb-86d7-5699379d2250 0.013s
2019-03-29 06:51:51.965 9135 DEBUG tempest.lib.common.rest_client [req-b39af05a-96fa-4367-b4e4-9669dc87dc7f ] Request - Headers: {'Content-Type': 'application/json', 'Accept': 'application/json', 'X-Auth-Token': ''} Body: None Response - Headers: {'status': '404', u'content-length': '134', 'content-location': 'http://172.30.9.23:9696/v2.0/trunks/4f248d56-c8cd-49eb-86d7-5699379d2250', u'date': 'Fri, 29 Mar 2019 06:51:51 GMT', u'content-type': 'application/json', u'connection': 'close', u'x-openstack-request-id': 'req-b39af05a-96fa-4367-b4e4-9669dc87dc7f'} Body: {"NeutronError": {"message": "Trunk 4f248d56-c8cd-49eb-86d7-5699379d2250 could not be found.", "type": "TrunkNotFound", "detail": ""}} _log_request_full /root/.rally/verification/verifier-e1fc29c8-574e-4291-888f-f3cd018b24f8/repo/tempest/lib/common/rest_client.py:437
2019-03-29 06:51:51.978 9135 INFO tempest.lib.common.rest_client [req-5a9d0c0c-20b2-47f6-ac68-ca9a39cda00e ] Request (TrunkTestJSON:_run_cleanups): 404 GET http://172.30.9.23:9696/v2.0/trunks/c115b0f2-6782-4329-a196-7e27deca91de 0.013s
2019-03-29 06:51:51.979 9135 DEBUG tempest.lib.common.rest_client [req-5a9d0c0c-20b2-47f6-ac68-ca9a39cda00e ] Request - Headers: {'Content-Type': 'application/json', 'Accept': 'application/json', 'X-Auth-Token': ''} Body: None Response - Headers: {'status': '404', u'content-length': '134', 'content-location': 'http://172.30.9.23:9696/v2.0/trunks/c115b0f2-6782-4329-a196-7e27deca91de', u'date': 'Fri, 29 Mar 2019 06:51:51 GMT', u'content-type': 'application/json', u'connection': 'close', u'x-openstack-request-id': 'req-5a9d0c0c-20b2-47f6-ac68-ca9a39cda00e'} Body: {"NeutronError": {"message": "Trunk c115b0f2-6782-4329-a196-7e27deca91de could not be found.", "type": "TrunkNotFound", "detail": ""}} _log_request_full /root/.rally/verification/verifier-e1fc29c8-574e-4291-888f-f3cd018b24f8/repo/tempest/lib/common/rest_client.py:437
2019-03-29 06:51:52.009 9135 INFO tempest.lib.common.rest_client [req-c41256bc-bfe5-4411-b302-76c534999461 ] Request (TrunkTestJSON:_run_cleanups): 404 DELETE http://172.30.9.23:9696/v2.0/ports/8c83c94a-76d4-4fbf-8c08-d153e1942a26 0.030s
2019-03-29 06:51:52.010 9135 DEBUG tempest.lib.common.rest_client [req-c41256bc-bfe5-4411-b302-76c534999461 ] Request - Headers: {'Content-Type': 'application/json', 'Accept': 'application/json', 'X-Auth-Token': ''} Body: None Response - Headers: {'status': '404', u'content-length': '132', 'content-location': 'http://172.30.9.23:9696/v2.0/ports/8c83c94a-76d4-4fbf-8c08-d153e1942a26', u'date': 'Fri, 29 Mar 2019 06:51:51 GMT', u'content-type': 'application/json', u'connection': 'close', u'x-openstack-request-id': 'req-c41256bc-bfe5-4411-b302-76c534999461'} Body: {"NeutronError": {"message": "Port 8c83c94a-76d4-4fbf-8c08-d153e1942a26 could not be found.", "type": "PortNotFound", "detail": ""}} _log_request_full /root/.rally/verification/verifier-e1fc29c8-574e-4291-888f-f3cd018b24f8/repo/tempest/lib/common/rest_client.py:437
2019-03-29 06:51:52.044 9135 INFO tempest.lib.common.rest_client [req-50571a20-255d-44d3-9711-9ec76bee35e5 ] Request (TrunkTestJSON:_run_cleanups): 404 DELETE http://172.30.9.23:9696/v2.0/ports/e97c5242-21f1-4be4-9a07-7a39ac5e6680 0.033s
2019-03-29 06:51:52.044 9135 DEBUG tempest.lib.common.rest_client [req-50571a20-255d-44d3-9711-9ec76bee35e5 ] Request - Headers: {'Content-Type': 'application/json', 'Accept': 'application/json', 'X-Auth-Token': ''} Body: None Response - Headers: {'status': '404', u'content-length': '132', 'content-location': 'http://172.30.9.23:9696/v2.0/ports/e97c5242-21f1-4be4-9a07-7a39ac5e6680', u'date': 'Fri, 29 Mar 2019 06:51:52 GMT', u'content-type': 'application/json', u'connection': 'close', u'x-openstack-request-id': 'req-50571a20-255d-44d3-9711-9ec76bee35e5'} Body: {"NeutronError": {"message": "Port e97c5242-21f1-4be4-9a07-7a39ac5e6680 could not be found.", "type": "PortNotFound", "detail": ""}} _log_request_full /root/.rally/verification/verifier-e1fc29c8-574e-4291-888f-f3cd018b24f8/repo/tempest/lib/common/rest_client.py:437
2019-03-29 06:51:52.075 9135 INFO tempest.lib.common.rest_client [req-1bfad92c-b74b-48c0-97ed-91afcf641072 ] Request (TrunkTestJSON:_run_cleanups): 404 DELETE http://172.30.9.23:9696/v2.0/ports/377334ff-18b4-4cf6-bf1e-439f0fb99dd5 0.030s
2019-03-29 06:51:52.075 9135 DEBUG tempest.lib.common.rest_client [req-1bfad92c-b74b-48c0-97ed-91afcf641072 ] Request - Headers: {'Content-Type': 'application/json', 'Accept': 'application/json', 'X-Auth-Token': ''} Body: None Response - Headers: {'status': '404', u'content-length': '132', 'content-location': 'http://172.30.9.23:9696/v2.0/ports/377334ff-18b4-4cf6-bf1e-439f0fb99dd5', u'date': 'Fri, 29 Mar 2019 06:51:52 GMT', u'content-type': 'application/json', u'connection': 'close', u'x-openstack-request-id': 'req-1bfad92c-b74b-48c0-97ed-91afcf641072'} Body: {"NeutronError": {"message": "Port 377334ff-18b4-4cf6-bf1e-439f0fb99dd5 could not be found.", "type": "PortNotFound", "detail": ""}} _log_request_full /root/.rally/verification/verifier-e1fc29c8-574e-4291-888f-f3cd018b24f8/repo/tempest/lib/common/rest_client.py:437
2019-03-29 06:51:52.110 9135 INFO tempest.lib.common.rest_client [req-97f1a462-a4f8-4339-88c6-c9fbdce78091 ] Request (TrunkTestJSON:_run_cleanups): 404 DELETE http://172.30.9.23:9696/v2.0/ports/1630c841-c81a-4d7b-8e0d-1c838bee60ad 0.035s
