2019-03-28 21:46:50.849 8173 DEBUG tempest.lib.common.rest_client [req-8f7d5b5d-a1b6-4717-bb95-3b9b84c9ffc2 ] Request - Headers: {'Content-Type': 'application/json', 'Accept': 'application/json', 'X-Auth-Token': ''} Body: None Response - Headers: {'status': '404', u'content-length': '134', 'content-location': 'http://172.30.9.24:9696/v2.0/trunks/12d7a569-9efd-4cd8-86a3-a3a23e0e96bd', u'date': 'Thu, 28 Mar 2019 21:46:50 GMT', u'content-type': 'application/json', u'connection': 'close', u'x-openstack-request-id': 'req-8f7d5b5d-a1b6-4717-bb95-3b9b84c9ffc2'} Body: {"NeutronError": {"message": "Trunk 12d7a569-9efd-4cd8-86a3-a3a23e0e96bd could not be found.", "type": "TrunkNotFound", "detail": ""}} _log_request_full /root/.rally/verification/verifier-e86bef35-4ef0-40c4-ad4a-86837e8c666f/repo/tempest/lib/common/rest_client.py:437
2019-03-28 21:46:50.861 8169 INFO tempest.lib.common.rest_client [req-e159c1d8-d651-499e-ad21-36d7adbb9b7b ] Request (TrunkTestJSON:_run_cleanups): 404 GET http://172.30.9.24:9696/v2.0/trunks/79fad134-1c0e-40d4-bba6-cc657abb3eac 0.014s
2019-03-28 21:46:50.861 8169 DEBUG tempest.lib.common.rest_client [req-e159c1d8-d651-499e-ad21-36d7adbb9b7b ] Request - Headers: {'Content-Type': 'application/json', 'Accept': 'application/json', 'X-Auth-Token': ''} Body: None Response - Headers: {'status': '404', u'content-length': '134', 'content-location': 'http://172.30.9.24:9696/v2.0/trunks/79fad134-1c0e-40d4-bba6-cc657abb3eac', u'date': 'Thu, 28 Mar 2019 21:46:50 GMT', u'content-type': 'application/json', u'connection': 'close', u'x-openstack-request-id': 'req-e159c1d8-d651-499e-ad21-36d7adbb9b7b'} Body: {"NeutronError": {"message": "Trunk 79fad134-1c0e-40d4-bba6-cc657abb3eac could not be found.", "type": "TrunkNotFound", "detail": ""}} _log_request_full /root/.rally/verification/verifier-e86bef35-4ef0-40c4-ad4a-86837e8c666f/repo/tempest/lib/common/rest_client.py:437
2019-03-28 21:46:50.866 8173 INFO tempest.lib.common.rest_client [req-442e6941-3762-457a-b1f6-04c6de2e1cf7 ] Request (TrunkTestJSON:_run_cleanups): 404 GET http://172.30.9.24:9696/v2.0/trunks/ca64bc35-e2d9-49d0-9675-f899446c6bdd/get_subports 0.016s
2019-03-28 21:46:50.866 8173 DEBUG tempest.lib.common.rest_client [req-442e6941-3762-457a-b1f6-04c6de2e1cf7 ] Request - Headers: {'Content-Type': 'application/json', 'Accept': 'application/json', 'X-Auth-Token': ''} Body: None Response - Headers: {'status': '404', u'content-length': '134', 'content-location': 'http://172.30.9.24:9696/v2.0/trunks/ca64bc35-e2d9-49d0-9675-f899446c6bdd/get_subports', u'date': 'Thu, 28 Mar 2019 21:46:50 GMT', u'content-type': 'application/json', u'connection': 'close', u'x-openstack-request-id': 'req-442e6941-3762-457a-b1f6-04c6de2e1cf7'} Body: {"NeutronError": {"message": "Trunk ca64bc35-e2d9-49d0-9675-f899446c6bdd could not be found.", "type": "TrunkNotFound", "detail": ""}} _log_request_full /root/.rally/verification/verifier-e86bef35-4ef0-40c4-ad4a-86837e8c666f/repo/tempest/lib/common/rest_client.py:437
2019-03-28 21:46:50.879 8169 INFO tempest.lib.common.rest_client [req-731ba78a-335d-4c11-81d6-563552668f8d ] Request (TrunkTestJSON:_run_cleanups): 404 GET http://172.30.9.24:9696/v2.0/trunks/235eb79f-cbe6-4bfa-b4ea-769fcc2be8ef 0.017s
2019-03-28 21:46:50.880 8169 DEBUG tempest.lib.common.rest_client [req-731ba78a-335d-4c11-81d6-563552668f8d ] Request - Headers: {'Content-Type': 'application/json', 'Accept': 'application/json', 'X-Auth-Token': ''} Body: None Response - Headers: {'status': '404', u'content-length': '134', 'content-location': 'http://172.30.9.24:9696/v2.0/trunks/235eb79f-cbe6-4bfa-b4ea-769fcc2be8ef', u'date': 'Thu, 28 Mar 2019 21:46:50 GMT', u'content-type': 'application/json', u'connection': 'close', u'x-openstack-request-id': 'req-731ba78a-335d-4c11-81d6-563552668f8d'} Body: {"NeutronError": {"message": "Trunk 235eb79f-cbe6-4bfa-b4ea-769fcc2be8ef could not be found.", "type": "TrunkNotFound", "detail": ""}} _log_request_full /root/.rally/verification/verifier-e86bef35-4ef0-40c4-ad4a-86837e8c666f/repo/tempest/lib/common/rest_client.py:437
2019-03-28 21:46:50.882 8173 INFO tempest.lib.common.rest_client [req-bf8e81c2-294e-485d-8df1-c26de6521a83 ] Request (TrunkTestJSON:_run_cleanups): 404 DELETE http://172.30.9.24:9696/v2.0/trunks/ca64bc35-e2d9-49d0-9675-f899446c6bdd 0.015s
2019-03-28 21:46:50.883 8173 DEBUG tempest.lib.common.rest_client [req-bf8e81c2-294e-485d-8df1-c26de6521a83 ] Request - Headers: {'Content-Type': 'application/json', 'Accept': 'application/json', 'X-Auth-Token': ''} Body: None Response - Headers: {'status': '404', u'content-length': '134', 'content-location': 'http://172.30.9.24:9696/v2.0/trunks/ca64bc35-e2d9-49d0-9675-f899446c6bdd', u'date': 'Thu, 28 Mar 2019 21:46:50 GMT', u'content-type': 'application/json', u'connection': 'close', u'x-openstack-request-id': 'req-bf8e81c2-294e-485d-8df1-c26de6521a83'} Body: {"NeutronError": {"message": "Trunk ca64bc35-e2d9-49d0-9675-f899446c6bdd could not be found.", "type": "TrunkNotFound", "detail": ""}} _log_request_full /root/.rally/verification/verifier-e86bef35-4ef0-40c4-ad4a-86837e8c666f/repo/tempest/lib/common/rest_client.py:437
2019-03-28 21:46:50.895 8169 INFO tempest.lib.common.rest_client [req-4c3e845b-ec61-4503-968a-9d09d49827ca ] Request (TrunkTestJSON:_run_cleanups): 404 GET http://172.30.9.24:9696/v2.0/trunks/004e75a3-175b-4339-bce2-0dd6198b2683 0.015s
2019-03-28 21:46:50.896 8169 DEBUG tempest.lib.common.rest_client [req-4c3e845b-ec61-4503-968a-9d09d49827ca ] Request - Headers: {'Content-Type': 'application/json', 'Accept': 'application/json', 'X-Auth-Token': ''} Body: None Response - Headers: {'status': '404', u'content-length': '134', 'content-location': 'http://172.30.9.24:9696/v2.0/trunks/004e75a3-175b-4339-bce2-0dd6198b2683', u'date': 'Thu, 28 Mar 2019 21:46:50 GMT', u'content-type': 'application/json', u'connection': 'close', u'x-openstack-request-id': 'req-4c3e845b-ec61-4503-968a-9d09d49827ca'} Body: {"NeutronError": {"message": "Trunk 004e75a3-175b-4339-bce2-0dd6198b2683 could not be found.", "type": "TrunkNotFound", "detail": ""}} _log_request_full /root/.rally/verification/verifier-e86bef35-4ef0-40c4-ad4a-86837e8c666f/repo/tempest/lib/common/rest_client.py:437
2019-03-28 21:46:50.898 8173 INFO tempest.lib.common.rest_client [req-dd28f997-1ce4-40e6-9705-d8b3590786f4 ] Request (TrunkTestJSON:_run_cleanups): 404 GET http://172.30.9.24:9696/v2.0/trunks/e8ee31fe-9acb-497a-8de7-829b1092f154/get_subports 0.015s
2019-03-28 21:46:50.899 8173 DEBUG tempest.lib.common.rest_client [req-dd28f997-1ce4-40e6-9705-d8b3590786f4 ] Request - Headers: {'Content-Type': 'application/json', 'Accept': 'application/json', 'X-Auth-Token': ''} Body: None Response - Headers: {'status': '404', u'content-length': '134', 'content-location': 'http://172.30.9.24:9696/v2.0/trunks/e8ee31fe-9acb-497a-8de7-829b1092f154/get_subports', u'date': 'Thu, 28 Mar 2019 21:46:50 GMT', u'content-type': 'application/json', u'connection': 'close', u'x-openstack-request-id': 'req-dd28f997-1ce4-40e6-9705-d8b3590786f4'} Body: {"NeutronError": {"message": "Trunk e8ee31fe-9acb-497a-8de7-829b1092f154 could not be found.", "type": "TrunkNotFound", "detail": ""}} _log_request_full /root/.rally/verification/verifier-e86bef35-4ef0-40c4-ad4a-86837e8c666f/repo/tempest/lib/common/rest_client.py:437
2019-03-28 21:46:50.911 8169 INFO tempest.lib.common.rest_client [req-5c3d554c-1f7a-4827-a60f-816cbb3a149f ] Request (TrunkTestJSON:_run_cleanups): 404 GET http://172.30.9.24:9696/v2.0/trunks/99d0f359-e6d0-454a-b21f-9d3bcd4752d7 0.014s
2019-03-28 21:46:50.911 8169 DEBUG tempest.lib.common.rest_client [req-5c3d554c-1f7a-4827-a60f-816cbb3a149f ] Request - Headers: {'Content-Type': 'application/json', 'Accept': 'application/json', 'X-Auth-Token': ''} Body: None Response - Headers: {'status': '404', u'content-length': '134', 'content-location': 'http://172.30.9.24:9696/v2.0/trunks/99d0f359-e6d0-454a-b21f-9d3bcd4752d7', u'date': 'Thu, 28 Mar 2019 21:46:50 GMT', u'content-type': 'application/json', u'connection': 'close', u'x-openstack-request-id': 'req-5c3d554c-1f7a-4827-a60f-816cbb3a149f'} Body: {"NeutronError": {"message": "Trunk 99d0f359-e6d0-454a-b21f-9d3bcd4752d7 could not be found.", "type": "TrunkNotFound", "detail": ""}} _log_request_full /root/.rally/verification/verifier-e86bef35-4ef0-40c4-ad4a-86837e8c666f/repo/tempest/lib/common/rest_client.py:437
2019-03-28 21:46:50.914 8173 INFO tempest.lib.common.rest_client [req-f90f1fd9-f8b8-4d09-8917-1e344c536a99 ] Request (TrunkTestJSON:_run_cleanups): 404 DELETE http://172.30.9.24:9696/v2.0/trunks/e8ee31fe-9acb-497a-8de7-829b1092f154 0.014s
2019-03-28 21:46:50.914 8173 DEBUG tempest.lib.common.rest_client [req-f90f1fd9-f8b8-4d09-8917-1e344c536a99 ] Request - Headers: {'Content-Type': 'application/json', 'Accept': 'application/json', 'X-Auth-Token': ''} Body: None Response - Headers: {'status': '404', u'content-length': '134', 'content-location': 'http://172.30.9.24:9696/v2.0/trunks/e8ee31fe-9acb-497a-8de7-829b1092f154', u'date': 'Thu, 28 Mar 2019 21:46:50 GMT', u'content-type': 'application/json', u'connection': 'close', u'x-openstack-request-id': 'req-f90f1fd9-f8b8-4d09-8917-1e344c536a99'} Body: {"NeutronError": {"message": "Trunk e8ee31fe-9acb-497a-8de7-829b1092f154 could not be found.", "type": "TrunkNotFound", "detail": ""}} _log_request_full /root/.rally/verification/verifier-e86bef35-4ef0-40c4-ad4a-86837e8c666f/repo/tempest/lib/common/rest_client.py:437
2019-03-28 21:46:50.927 8169 INFO tempest.lib.common.rest_client [req-1908f1a9-355f-440d-a1d0-e835fc0b019d ] Request (TrunkTestJSON:_run_cleanups): 404 GET http://172.30.9.24:9696/v2.0/trunks/f3def8ff-da1e-4e90-9e65-cb1804457701 0.015s
2019-03-28 21:46:50.928 8169 DEBUG tempest.lib.common.rest_client [req-1908f1a9-355f-440d-a1d0-e835fc0b019d ] Request - Headers: {'Content-Type': 'application/json', 'Accept': 'application/json', 'X-Auth-Token': ''} Body: None Response - Headers: {'status': '404', u'content-length': '134', 'content-location': 'http://172.30.9.24:9696/v2.0/trunks/f3def8ff-da1e-4e90-9e65-cb1804457701', u'date': 'Thu, 28 Mar 2019 21:46:50 GMT', u'content-type': 'application/json', u'connection': 'close', u'x-openstack-request-id': 'req-1908f1a9-355f-440d-a1d0-e835fc0b019d'} Body: {"NeutronError": {"message": "Trunk f3def8ff-da1e-4e90-9e65-cb1804457701 could not be found.", "type": "TrunkNotFound", "detail": ""}} _log_request_full /root/.rally/verification/verifier-e86bef35-4ef0-40c4-ad4a-86837e8c666f/repo/tempest/lib/common/rest_client.py:437
2019-03-28 21:46:50.936 8173 INFO tempest.lib.common.rest_client [req-eb846927-acbc-4cfd-a067-b3317d82a3da ] Request (TrunkTestJSON:_run_cleanups): 404 GET http://172.30.9.24:9696/v2.0/trunks/57ea71ad-7fc4-4545-9f83-d486afd783a6/get_subports 0.021s
2019-03-28 21:46:50.936 8173 DEBUG tempest.lib.common.rest_client [req-eb846927-acbc-4cfd-a067-b3317d82a3da ] Request - Headers: {'Content-Type': 'application/json', 'Accept': 'application/json', 'X-Auth-Token': ''} Body: None Response - Headers: {'status': '404', u'content-length': '134', 'content-location': 'http://172.30.9.24:9696/v2.0/trunks/57ea71ad-7fc4-4545-9f83-d486afd783a6/get_subports', u'date': 'Thu, 28 Mar 2019 21:46:50 GMT', u'content-type': 'application/json', u'connection': 'close', u'x-openstack-request-id': 'req-eb846927-acbc-4cfd-a067-b3317d82a3da'} Body: {"NeutronError": {"message": "Trunk 57ea71ad-7fc4-4545-9f83-d486afd783a6 could not be found.", "type": "TrunkNotFound", "detail": ""}} _log_request_full /root/.rally/verification/verifier-e86bef35-4ef0-40c4-ad4a-86837e8c666f/repo/tempest/lib/common/rest_client.py:437
2019-03-28 21:46:50.942 8169 INFO tempest.lib.common.rest_client [req-a61a7dd2-31b8-4d43-8759-6847e1bbadf3 ] Request (TrunkTestJSON:_run_cleanups): 404 GET http://172.30.9.24:9696/v2.0/trunks/ab434978-e8fe-42b9-9c6a-f189c14af065 0.013s
2019-03-28 21:46:50.942 8169 DEBUG tempest.lib.common.rest_client [req-a61a7dd2-31b8-4d43-8759-6847e1bbadf3 ] Request - Headers: {'Content-Type': 'application/json', 'Accept': 'application/json', 'X-Auth-Token': ''} Body: None Response - Headers: {'status': '404', u'content-length': '134', 'content-location': 'http://172.30.9.24:9696/v2.0/trunks/ab434978-e8fe-42b9-9c6a-f189c14af065', u'date': 'Thu, 28 Mar 2019 21:46:50 GMT', u'content-type': 'application/json', u'connection': 'close', u'x-openstack-request-id': 'req-a61a7dd2-31b8-4d43-8759-6847e1bbadf3'} Body: {"NeutronError": {"message": "Trunk ab434978-e8fe-42b9-9c6a-f189c14af065 could not be found.", "type": "TrunkNotFound", "detail": ""}} _log_request_full /root/.rally/verification/verifier-e86bef35-4ef0-40c4-ad4a-86837e8c666f/repo/tempest/lib/common/rest_client.py:437
2019-03-28 21:46:50.958 8169 INFO tempest.lib.common.rest_client [req-06bdc081-ee93-4442-b64f-d8e14bfe0f8f ] Request (TrunkTestJSON:_run_cleanups): 404 GET http://172.30.9.24:9696/v2.0/trunks/8c55dd2d-15aa-4055-961a-45e4dd49b827 0.015s
2019-03-28 21:46:50.959 8169 DEBUG tempest.lib.common.rest_client [req-06bdc081-ee93-4442-b64f-d8e14bfe0f8f ] Request - Headers: {'Content-Type': 'application/json', 'Accept': 'application/json', 'X-Auth-Token': ''} Body: None Response - Headers: {'status': '404', u'content-length': '134', 'content-location': 'http://172.30.9.24:9696/v2.0/trunks/8c55dd2d-15aa-4055-961a-45e4dd49b827', u'date': 'Thu, 28 Mar 2019 21:46:50 GMT', u'content-type': 'application/json', u'connection': 'close', u'x-openstack-request-id': 'req-06bdc081-ee93-4442-b64f-d8e14bfe0f8f'} Body: {"NeutronError": {"message": "Trunk 8c55dd2d-15aa-4055-961a-45e4dd49b827 could not be found.", "type": "TrunkNotFound", "detail": ""}} _log_request_full /root/.rally/verification/verifier-e86bef35-4ef0-40c4-ad4a-86837e8c666f/repo/tempest/lib/common/rest_client.py:437
2019-03-28 21:46:50.961 8173 INFO tempest.lib.common.rest_client [req-34860cd3-da70-4136-911b-67ce72165c46 ] Request (TrunkTestJSON:_run_cleanups): 404 DELETE http://172.30.9.24:9696/v2.0/trunks/57ea71ad-7fc4-4545-9f83-d486afd783a6 0.023s
2019-03-28 21:46:50.961 8173 DEBUG tempest.lib.common.rest_client [req-34860cd3-da70-4136-911b-67ce72165c46 ] Request - Headers: {'Content-Type': 'application/json', 'Accept': 'application/json', 'X-Auth-Token': ''} Body: None Response - Headers: {'status': '404', u'content-length': '134', 'content-location': 'http://172.30.9.24:9696/v2.0/trunks/57ea71ad-7fc4-4545-9f83-d486afd783a6', u'date': 'Thu, 28 Mar 2019 21:46:50 GMT', u'content-type': 'application/json', u'connection': 'close', u'x-openstack-request-id': 'req-34860cd3-da70-4136-911b-67ce72165c46'} Body: {"NeutronError": {"message": "Trunk 57ea71ad-7fc4-4545-9f83-d486afd783a6 could not be found.", "type": "TrunkNotFound", "detail": ""}} _log_request_full /root/.rally/verification/verifier-e86bef35-4ef0-40c4-ad4a-86837e8c666f/repo/tempest/lib/common/rest_client.py:437
2019-03-28 21:46:50.976 8173 INFO tempest.lib.common.rest_client [req-e642de26-ce57-42e9-80d7-d759880a431d ] Request (TrunkTestJSON:_run_cleanups): 404 GET http://172.30.9.24:9696/v2.0/trunks/ea722451-a54b-4f21-8e64-32344fbeed2c/get_subports 0.014s
2019-03-28 21:46:50.977 8173 DEBUG tempest.lib.common.rest_client [req-e642de26-ce57-42e9-80d7-d759880a431d ] Request - Headers: {'Content-Type': 'application/json', 'Accept': 'application/json', 'X-Auth-Token': ''} Body: None Response - Headers: {'status': '404', u'content-length': '134', 'content-location': 'http://172.30.9.24:9696/v2.0/trunks/ea722451-a54b-4f21-8e64-32344fbeed2c/get_subports', u'date': 'Thu, 28 Mar 2019 21:46:50 GMT', u'content-type': 'application/json', u'connection': 'close', u'x-openstack-request-id': 'req-e642de26-ce57-42e9-80d7-d759880a431d'} Body: {"NeutronError": {"message": "Trunk ea722451-a54b-4f21-8e64-32344fbeed2c could not be found.", "type": "TrunkNotFound", "detail": ""}} _log_request_full /root/.rally/verification/verifier-e86bef35-4ef0-40c4-ad4a-86837e8c666f/repo/tempest/lib/common/rest_client.py:437
2019-03-28 21:46:50.995 8169 INFO tempest.lib.common.rest_client [req-3757bbba-40a5-4f31-8357-5ec158d3be06 ] Request (TrunkTestJSON:_run_cleanups): 404 DELETE http://172.30.9.24:9696/v2.0/ports/99c24823-6676-4b5f-8ca2-085c3b9f2b99 0.035s
2019-03-28 21:46:50.995 8169 DEBUG tempest.lib.common.rest_client [req-3757bbba-40a5-4f31-8357-5ec158d3be06 ] Request - Headers: {'Content-Type': 'application/json', 'Accept': 'application/json', 'X-Auth-Token': ''} Body: None Response - Headers: {'status': '404', u'content-length': '132', 'content-location': 'http://172.30.9.24:9696/v2.0/ports/99c24823-6676-4b5f-8ca2-085c3b9f2b99', u'date': 'Thu, 28 Mar 2019 21:46:50 GMT', u'content-type': 'application/json', u'connection': 'close', u'x-openstack-request-id': 'req-3757bbba-40a5-4f31-8357-5ec158d3be06'} Body: {"NeutronError": {"message": "Port 99c24823-6676-4b5f-8ca2-085c3b9f2b99 could not be found.", "type": "PortNotFound", "detail": ""}} _log_request_full /root/.rally/verification/verifier-e86bef35-4ef0-40c4-ad4a-86837e8c666f/repo/tempest/lib/common/rest_client.py:437
2019-03-28 21:46:51.000 8173 INFO tempest.lib.common.rest_client [req-7689332f-b7d3-4b96-a496-9115d56751b6 ] Request (TrunkTestJSON:_run_cleanups): 404 DELETE http://172.30.9.24:9696/v2.0/trunks/ea722451-a54b-4f21-8e64-32344fbeed2c 0.023s
2019-03-28 21:46:51.001 8173 DEBUG tempest.lib.common.rest_client [req-7689332f-b7d3-4b96-a496-9115d56751b6 ] Request - Headers: {'Content-Type': 'application/json', 'Accept': 'application/json', 'X-Auth-Token': ''} Body: None Response - Headers: {'status': '404', u'content-length': '134', 'content-location': 'http://172.30.9.24:9696/v2.0/trunks/ea722451-a54b-4f21-8e64-32344fbeed2c', u'date': 'Thu, 28 Mar 2019 21:46:50 GMT', u'content-type': 'application/json', u'connection': 'close', u'x-openstack-request-id': 'req-7689332f-b7d3-4b96-a496-9115d56751b6'} Body: {"NeutronError": {"message": "Trunk ea722451-a54b-4f21-8e64-32344fbeed2c could not be found.", "type": "TrunkNotFound", "detail": ""}} _log_request_full /root/.rally/verification/verifier-e86bef35-4ef0-40c4-ad4a-86837e8c666f/repo/tempest/lib/common/rest_client.py:437
2019-03-28 21:46:51.016 8173 INFO tempest.lib.common.rest_client [req-97cc74c7-477f-4a27-bf91-e740f1fa657b ] Request (TrunkTestJSON:_run_cleanups): 404 GET http://172.30.9.24:9696/v2.0/trunks/8cd8ec86-617b-45c3-b7cd-ca5d5c08709c/get_subports 0.015s
2019-03-28 21:46:51.016 8173 DEBUG tempest.lib.common.rest_client [req-97cc74c7-477f-4a27-bf91-e740f1fa657b ] Request - Headers: {'Content-Type': 'application/json', 'Accept': 'application/json', 'X-Auth-Token': ''} Body: None Response - Headers: {'status': '404', u'content-length': '134', 'content-location': 'http://172.30.9.24:9696/v2.0/trunks/8cd8ec86-617b-45c3-b7cd-ca5d5c08709c/get_subports', u'date': 'Thu, 28 Mar 2019 21:46:50 GMT', u'content-type': 'application/json', u'connection': 'close', u'x-openstack-request-id': 'req-97cc74c7-477f-4a27-bf91-e740f1fa657b'} Body: {"NeutronError": {"message": "Trunk 8cd8ec86-617b-45c3-b7cd-ca5d5c08709c could not be found.", "type": "TrunkNotFound", "detail": ""}} _log_request_full /root/.rally/verification/verifier-e86bef35-4ef0-40c4-ad4a-86837e8c666f/repo/tempest/lib/common/rest_client.py:437
2019-03-28 21:46:51.036 8169 INFO tempest.lib.common.rest_client [req-9e4ce255-7803-4ff4-a652-fbd470246590 ] Request (TrunkTestJSON:_run_cleanups): 404 DELETE http://172.30.9.24:9696/v2.0/ports/522ad540-e520-457d-aa3e-780e0757ce25 0.039s
2019-03-28 21:46:51.036 8169 DEBUG tempest.lib.common.rest_client [req-9e4ce255-7803-4ff4-a652-fbd470246590 ] Request - Headers: {'Content-Type': 'application/json', 'Accept': 'application/json', 'X-Auth-Token': ''} Body: None Response - Headers: {'status': '404', u'content-length': '132', 'content-location': 'http://172.30.9.24:9696/v2.0/ports/522ad540-e520-457d-aa3e-780e0757ce25', u'date': 'Thu, 28 Mar 2019 21:46:51 GMT', u'content-type': 'application/json', u'connection': 'close', u'x-openstack-request-id': 'req-9e4ce255-7803-4ff4-a652-fbd470246590'} Body: {"NeutronError": {"message": "Port 522ad540-e520-457d-aa3e-780e0757ce25 could not be found.", "type": "PortNotFound", "detail": ""}} _log_request_full /root/.rally/verification/verifier-e86bef35-4ef0-40c4-ad4a-86837e8c666f/repo/tempest/lib/common/rest_client.py:437
2019-03-28 21:46:51.038 8173 INFO tempest.lib.common.rest_client [req-d00b4108-70af-4c14-9713-762f9e5343f8 ] Request (TrunkTestJSON:_run_cleanups): 404 DELETE http://172.30.9.24:9696/v2.0/trunks/8cd8ec86-617b-45c3-b7cd-ca5d5c08709c 0.021s
2019-03-28 21:46:51.039 8173 DEBUG tempest.lib.common.rest_client [req-d00b4108-70af-4c14-9713-762f9e5343f8 ] Request - Headers: {'Content-Type': 'application/json', 'Accept': 'application/json', 'X-Auth-Token': ''} Body: None Response - Headers: {'status': '404', u'content-length': '134', 'content-location': 'http://172.30.9.24:9696/v2.0/trunks/8cd8ec86-617b-45c3-b7cd-ca5d5c08709c', u'date': 'Thu, 28 Mar 2019 21:46:51 GMT', u'content-type': 'application/json', u'connection': 'close', u'x-openstack-request-id': 'req-d00b4108-70af-4c14-9713-762f9e5343f8'} Body: {"NeutronError": {"message": "Trunk 8cd8ec86-617b-45c3-b7cd-ca5d5c08709c could not be found.", "type": "TrunkNotFound", "detail": ""}} _log_request_full /root/.rally/verification/verifier-e86bef35-4ef0-40c4-ad4a-86837e8c666f/repo/tempest/lib/common/rest_client.py:437
2019-03-28 21:46:51.065 8173 INFO tempest.lib.common.rest_client [req-bd24f9e1-2e41-4009-a25c-d95a6591e5e4 ] Request (TrunkTestJSON:_run_cleanups): 404 GET http://172.30.9.24:9696/v2.0/trunks/303a7f78-ebd3-405e-82f0-3ac09b6f29d0 0.025s
2019-03-28 21:46:51.066 8173 DEBUG tempest.lib.common.rest_client [req-bd24f9e1-2e41-4009-a25c-d95a6591e5e4 ] Request - Headers: {'Content-Type': 'application/json', 'Accept': 'application/json', 'X-Auth-Token': ''} Body: None Response - Headers: {'status': '404', u'content-length': '134', 'content-location': 'http://172.30.9.24:9696/v2.0/trunks/303a7f78-ebd3-405e-82f0-3ac09b6f29d0', u'date': 'Thu, 28 Mar 2019 21:46:51 GMT', u'content-type': 'application/json', u'connection': 'close', u'x-openstack-request-id': 'req-bd24f9e1-2e41-4009-a25c-d95a6591e5e4'} Body: {"NeutronError": {"message": "Trunk 303a7f78-ebd3-405e-82f0-3ac09b6f29d0 could not be found.", "type": "TrunkNotFound", "detail": ""}} _log_request_full /root/.rally/verification/verifier-e86bef35-4ef0-40c4-ad4a-86837e8c666f/repo/tempest/lib/common/rest_client.py:437
2019-03-28 21:46:51.074 8169 INFO tempest.lib.common.rest_client [req-fc5a8ce1-bcba-412d-8a96-b931906816ac ] Request (TrunkTestJSON:_run_cleanups): 404 DELETE http://172.30.9.24:9696/v2.0/ports/80008365-2fc9-45cf-a815-0786697ced90 0.037s
2019-03-28 21:46:51.075 8169 DEBUG tempest.lib.common.rest_client [req-fc5a8ce1-bcba-412d-8a96-b931906816ac ] Request - Headers: {'Content-Type': 'application/json', 'Accept': 'application/json', 'X-Auth-Token': ''} Body: None Response - Headers: {'status': '404', u'content-length': '132', 'content-location': 'http://172.30.9.24:9696/v2.0/ports/80008365-2fc9-45cf-a815-0786697ced90', u'date': 'Thu, 28 Mar 2019 21:46:51 GMT', u'content-type': 'application/json', u'connection': 'close', u'x-openstack-request-id': 'req-fc5a8ce1-bcba-412d-8a96-b931906816ac'} Body: {"NeutronError": {"message": "Port 80008365-2fc9-45cf-a815-0786697ced90 could not be found.", "type": "PortNotFound", "detail": ""}} _log_request_full /root/.rally/verification/verifier-e86bef35-4ef0-40c4-ad4a-86837e8c666f/repo/tempest/lib/common/rest_client.py:437
2019-03-28 21:46:51.086 8173 INFO tempest.lib.common.rest_client [req-cf7c374f-341a-4f6a-b5c9-4e42b64e9dbf ] Request (TrunkTestJSON:_run_cleanups): 404 GET http://172.30.9.24:9696/v2.0/trunks/12d7a569-9efd-4cd8-86a3-a3a23e0e96bd 0.020s
2019-03-28 21:46:51.087 8173 DEBUG tempest.lib.common.rest_client [req-cf7c374f-341a-4f6a-b5c9-4e42b64e9dbf ] Request - Headers: {'Content-Type': 'application/json', 'Accept': 'application/json', 'X-Auth-Token': ''} Body: None Response - Headers: {'status': '404', u'content-length': '134', 'content-location': 'http://172.30.9.24:9696/v2.0/trunks/12d7a569-9efd-4cd8-86a3-a3a23e0e96bd', u'date': 'Thu, 28 Mar 2019 21:46:51 GMT', u'content-type': 'application/json', u'connection': 'close', u'x-openstack-request-id': 'req-cf7c374f-341a-4f6a-b5c9-4e42b64e9dbf'} Body: {"NeutronError": {"message": "Trunk 12d7a569-9efd-4cd8-86a3-a3a23e0e96bd could not be found.", "type": "TrunkNotFound", "detail": ""}} _log_request_full /root/.rally/verification/verifier-e86bef35-4ef0-40c4-ad4a-86837e8c666f/repo/tempest/lib/common/rest_client.py:437
2019-03-28 21:46:51.089 8170 INFO tempest.lib.common.rest_client [req-41b16f11-cbfe-4aaf-a347-16f9b44d278b ] Request (TrunkTest:test_trunk_subport_lifecycle): 200 GET http://172.30.9.24:9696/v2.0/ports/9f072066-b47b-4cd9-9779-fb781aea0f57 0.079s
2019-03-28 21:46:51.090 8170 DEBUG tempest.lib.common.rest_client [req-41b16f11-cbfe-4aaf-a347-16f9b44d278b ] Request - Headers: {'Content-Type': 'application/json', 'Accept': 'application/json', 'X-Auth-Token': ''} Body: None Response - Headers: {'status': '200', u'content-length': '670', 'content-location': 'http://172.30.9.24:9696/v2.0/ports/9f072066-b47b-4cd9-9779-fb781aea0f57', u'date': 'Thu, 28 Mar 2019 21:46:51 GMT', u'content-type': 'application/json', u'connection': 'close', u'x-openstack-request-id': 'req-41b16f11-cbfe-4aaf-a347-16f9b44d278b'} Body: {"port":{"allowed_address_pairs":[],"extra_dhcp_opts":[],"updated_at":"2019-03-28T21:46:25Z","device_owner":"","revision_number":3,"port_security_enabled":true,"fixed_ips":[],"id":"9f072066-b47b-4cd9-9779-fb781aea0f57","security_groups":["37d74982-ea02-4882-b1b5-57bbf73c982d"],"mac_address":"fa:16:3e:bf:1f:77","device_id":"","status":"DOWN","description":"","tags":[],"dns_assignment":[],"name":"","project_id":"d79e5d5b2a964627aa3622426bb9e53c","qos_policy_id":null,"admin_state_up":true,"network_id":"dd1b9da1-6a14-4757-a3fe-90071180605e","dns_name":"","created_at":"2019-03-28T21:46:18Z","binding:vnic_type":"normal","tenant_id":"d79e5d5b2a964627aa3622426bb9e53c"}} _log_request_full /root/.rally/verification/verifier-e86bef35-4ef0-40c4-ad4a-86837e8c666f/repo/tempest/lib/common/rest_client.py:437
2019-03-28 21:46:51.103 8173 INFO tempest.lib.common.rest_client [req-9bb95f40-2c5f-4625-8aa7-729cb173c726 ] Request (TrunkTestJSON:_run_cleanups): 404 GET http://172.30.9.24:9696/v2.0/trunks/ca64bc35-e2d9-49d0-9675-f899446c6bdd 0.016s
2019-03-28 21:46:51.104 8173 DEBUG tempest.lib.common.rest_client [req-9bb95f40-2c5f-4625-8aa7-729cb173c726 ] Request - Headers: {'Content-Type': 'application/json', 'Accept': 'application/json', 'X-Auth-Token': ''} Body: None Response - Headers: {'status': '404', u'content-length': '134', 'content-location': 'http://172.30.9.24:9696/v2.0/trunks/ca64bc35-e2d9-49d0-9675-f899446c6bdd', u'date': 'Thu, 28 Mar 2019 21:46:51 GMT', u'content-type': 'application/json', u'connection': 'close', u'x-openstack-request-id': 'req-9bb95f40-2c5f-4625-8aa7-729cb173c726'} Body: {"NeutronError": {"message": "Trunk ca64bc35-e2d9-49d0-9675-f899446c6bdd could not be found.", "type": "TrunkNotFound", "detail": ""}} _log_request_full /root/.rally/verification/verifier-e86bef35-4ef0-40c4-ad4a-86837e8c666f/repo/tempest/lib/common/rest_client.py:437
2019-03-28 21:46:51.128 8173 INFO tempest.lib.common.rest_client [req-cd69112a-2908-4e83-a852-eef641277fb9 ] Request (TrunkTestJSON:_run_cleanups): 404 GET http://172.30.9.24:9696/v2.0/trunks/e8ee31fe-9acb-497a-8de7-829b1092f154 0.023s
2019-03-28 21:46:51.128 8173 DEBUG tempest.lib.common.rest_client [req-cd69112a-2908-4e83-a852-eef641277fb9 ] Request - Headers: {'Content-Type': 'application/json', 'Accept': 'application/json', 'X-Auth-Token': ''} Body: None Response - Headers: {'status': '404', u'content-length': '134', 'content-location': 'http://172.30.9.24:9696/v2.0/trunks/e8ee31fe-9acb-497a-8de7-829b1092f154', u'date': 'Thu, 28 Mar 2019 21:46:51 GMT', u'content-type': 'application/json', u'connection': 'close', u'x-openstack-request-id': 'req-cd69112a-2908-4e83-a852-eef641277fb9'} Body: {"NeutronError": {"message": "Trunk e8ee31fe-9acb-497a-8de7-829b1092f154 could not be found.", "type": "TrunkNotFound", "detail": ""}} _log_request_full /root/.rally/verification/verifier-e86bef35-4ef0-40c4-ad4a-86837e8c666f/repo/tempest/lib/common/rest_client.py:437
2019-03-28 21:46:51.143 8173 INFO tempest.lib.common.rest_client [req-9c981bfa-2580-4b34-8fb6-1a9076d84132 ] Request (TrunkTestJSON:_run_cleanups): 404 GET http://172.30.9.24:9696/v2.0/trunks/57ea71ad-7fc4-4545-9f83-d486afd783a6 0.014s
2019-03-28 21:46:51.144 8173 DEBUG tempest.lib.common.rest_client [req-9c981bfa-2580-4b34-8fb6-1a9076d84132 ] Request - Headers: {'Content-Type': 'application/json', 'Accept': 'application/json', 'X-Auth-Token': ''} Body: None Response - Headers: {'status': '404', u'content-length': '134', 'content-location': 'http://172.30.9.24:9696/v2.0/trunks/57ea71ad-7fc4-4545-9f83-d486afd783a6', u'date': 'Thu, 28 Mar 2019 21:46:51 GMT', u'content-type': 'application/json', u'connection': 'close', u'x-openstack-request-id': 'req-9c981bfa-2580-4b34-8fb6-1a9076d84132'} Body: {"NeutronError": {"message": "Trunk 57ea71ad-7fc4-4545-9f83-d486afd783a6 could not be found.", "type": "TrunkNotFound", "detail": ""}} _log_request_full /root/.rally/verification/verifier-e86bef35-4ef0-40c4-ad4a-86837e8c666f/repo/tempest/lib/common/rest_client.py:437
2019-03-28 21:46:51.159 8173 INFO tempest.lib.common.rest_client [req-6f7ccc5a-3234-45f0-86ac-a2303ab8060b ] Request (TrunkTestJSON:_run_cleanups): 404 GET http://172.30.9.24:9696/v2.0/trunks/ea722451-a54b-4f21-8e64-32344fbeed2c 0.014s
2019-03-28 21:46:51.159 8173 DEBUG tempest.lib.common.rest_client [req-6f7ccc5a-3234-45f0-86ac-a2303ab8060b ] Request - Headers: {'Content-Type': 'application/json', 'Accept': 'application/json', 'X-Auth-Token': ''} Body: None Response - Headers: {'status': '404', u'content-length': '134', 'content-location': 'http://172.30.9.24:9696/v2.0/trunks/ea722451-a54b-4f21-8e64-32344fbeed2c', u'date': 'Thu, 28 Mar 2019 21:46:51 GMT', u'content-type': 'application/json', u'connection': 'close', u'x-openstack-request-id': 'req-6f7ccc5a-3234-45f0-86ac-a2303ab8060b'} Body: {"NeutronError": {"message": "Trunk ea722451-a54b-4f21-8e64-32344fbeed2c could not be found.", "type": "TrunkNotFound", "detail": ""}} _log_request_full /root/.rally/verification/verifier-e86bef35-4ef0-40c4-ad4a-86837e8c666f/repo/tempest/lib/common/rest_client.py:437
2019-03-28 21:46:51.174 8173 INFO tempest.lib.common.rest_client [req-8de6be6d-2dca-4275-933a-007c7c2fce72 ] Request (TrunkTestJSON:_run_cleanups): 404 GET http://172.30.9.24:9696/v2.0/trunks/8cd8ec86-617b-45c3-b7cd-ca5d5c08709c 0.013s
2019-03-28 21:46:51.174 8173 DEBUG tempest.lib.common.rest_client [req-8de6be6d-2dca-4275-933a-007c7c2fce72 ] Request - Headers: {'Content-Type': 'application/json', 'Accept': 'application/json', 'X-Auth-Token': ''} Body: None Response - Headers: {'status': '404', u'content-length': '134', 'content-location': 'http://172.30.9.24:9696/v2.0/trunks/8cd8ec86-617b-45c3-b7cd-ca5d5c08709c', u'date': 'Thu, 28 Mar 2019 21:46:51 GMT', u'content-type': 'application/json', u'connection': 'close', u'x-openstack-request-id': 'req-8de6be6d-2dca-4275-933a-007c7c2fce72'} Body: {"NeutronError": {"message": "Trunk 8cd8ec86-617b-45c3-b7cd-ca5d5c08709c could not be found.", "type": "TrunkNotFound", "detail": ""}} _log_request_full /root/.rally/verification/verifier-e86bef35-4ef0-40c4-ad4a-86837e8c666f/repo/tempest/lib/common/rest_client.py:437
2019-03-28 21:46:51.206 8173 INFO tempest.lib.common.rest_client [req-1331809a-ffd0-4313-9da5-85f50ae35a0f ] Request (TrunkTestJSON:_run_cleanups): 404 DELETE http://172.30.9.24:9696/v2.0/ports/d9afe88e-ccf6-461b-b286-150587f25e93 0.031s
2019-03-28 21:46:51.207 8173 DEBUG tempest.lib.common.rest_client [req-1331809a-ffd0-4313-9da5-85f50ae35a0f ] Request - Headers: {'Content-Type': 'application/json', 'Accept': 'application/json', 'X-Auth-Token': ''} Body: None Response - Headers: {'status': '404', u'content-length': '132', 'content-location': 'http://172.30.9.24:9696/v2.0/ports/d9afe88e-ccf6-461b-b286-150587f25e93', u'date': 'Thu, 28 Mar 2019 21:46:51 GMT', u'content-type': 'application/json', u'connection': 'close', u'x-openstack-request-id': 'req-1331809a-ffd0-4313-9da5-85f50ae35a0f'} Body: {"NeutronError": {"message": "Port d9afe88e-ccf6-461b-b286-150587f25e93 could not be found.", "type": "PortNotFound", "detail": ""}} _log_request_full /root/.rally/verification/verifier-e86bef35-4ef0-40c4-ad4a-86837e8c666f/repo/tempest/lib/common/rest_client.py:437
2019-03-28 21:46:51.245 8173 INFO tempest.lib.common.rest_client [req-f955c349-62d6-4170-a71d-0b780b080971 ] Request (TrunkTestJSON:_run_cleanups): 404 DELETE http://172.30.9.24:9696/v2.0/ports/e8a9164e-8764-41f7-8b88-c794776749a7 0.037s
2019-03-28 21:46:51.245 8173 DEBUG tempest.lib.common.rest_client [req-f955c349-62d6-4170-a71d-0b780b080971 ] Request - Headers: {'Content-Type': 'application/json', 'Accept': 'application/json', 'X-Auth-Token': ''} Body: None Response - Headers: {'status': '404', u'content-length': '132', 'content-location': 'http://172.30.9.24:9696/v2.0/ports/e8a9164e-8764-41f7-8b88-c794776749a7', u'date': 'Thu, 28 Mar 2019 21:46:51 GMT', u'content-type': 'application/json', u'connection': 'close', u'x-openstack-request-id': 'req-f955c349-62d6-4170-a71d-0b780b080971'} Body: {"NeutronError": {"message": "Port e8a9164e-8764-41f7-8b88-c794776749a7 could not be found.", "type": "PortNotFound", "detail": ""}} _log_request_full /root/.rally/verification/verifier-e86bef35-4ef0-40c4-ad4a-86837e8c666f/repo/tempest/lib/common/rest_client.py:437
2019-03-28 21:46:51.286 8173 INFO tempest.lib.common.rest_client [req-aeb18196-613c-4741-b927-25a604db8932 ] Request (TrunkTestJSON:_run_cleanups): 404 DELETE http://172.30.9.24:9696/v2.0/ports/2a9c836a-7c8a-4a5e-96b0-cbc57831d9b3 0.040s
2019-03-28 21:46:51.287 8173 DEBUG tempest.lib.common.rest_client [req-aeb18196-613c-4741-b927-25a604db8932 ] Request - Headers: {'Content-Type': 'application/json', 'Accept': 'application/json', 'X-Auth-Token': ''} Body: None Response - Headers: {'status': '404', u'content-length': '132', 'content-location': 'http://172.30.9.24:9696/v2.0/ports/2a9c836a-7c8a-4a5e-96b0-cbc57831d9b3', u'date': 'Thu, 28 Mar 2019 21:46:51 GMT', u'content-type': 'application/json', u'connection': 'close', u'x-openstack-request-id': 'req-aeb18196-613c-4741-b927-25a604db8932'} Body: {"NeutronError": {"message": "Port 2a9c836a-7c8a-4a5e-96b0-cbc57831d9b3 could not be found.", "type": "PortNotFound", "detail": ""}} _log_request_full /root/.rally/verification/verifier-e86bef35-4ef0-40c4-ad4a-86837e8c666f/repo/tempest/lib/common/rest_client.py:437
2019-03-28 21:46:51.323 8173 INFO tempest.lib.common.rest_client [req-44b799a7-efcb-40e1-a289-804caffdc441 ] Request (TrunkTestJSON:_run_cleanups): 404 DELETE http://172.30.9.24:9696/v2.0/ports/d12854c2-986a-4d23-bfe3-f2071a201d1f 0.035s
2019-03-28 21:46:51.324 8173 DEBUG tempest.lib.common.rest_client [req-44b799a7-efcb-40e1-a289-804caffdc441 ] Request - Headers: {'Content-Type': 'application/json', 'Accept': 'application/json', 'X-Auth-Token': ''} Body: None Response - Headers: {'status': '404', u'content-length': '132', 'content-location': 'http://172.30.9.24:9696/v2.0/ports/d12854c2-986a-4d23-bfe3-f2071a201d1f', u'date': 'Thu, 28 Mar 2019 21:46:51 GMT', u'content-type': 'application/json', u'connection': 'close', u'x-openstack-request-id': 'req-44b799a7-efcb-40e1-a289-804caffdc441'} Body: {"NeutronError": {"message": "Port d12854c2-986a-4d23-bfe3-f2071a201d1f could not be found.", "type": "PortNotFound", "detail": ""}} _log_request_full /root/.rally/verification/verifier-e86bef35-4ef0-40c4-ad4a-86837e8c666f/repo/tempest/lib/common/rest_client.py:437
2019-03-28 21:46:51.361 8173 INFO tempest.lib.common.rest_client [req-8797b8a3-bb4b-481d-9b69-185d31142745 ] Request (TrunkTestJSON:_run_cleanups): 404 DELETE http://172.30.9.24:9696/v2.0/ports/7e2b692d-06bc-4972-9ae2-36c8d1f39e5b 0.037s
2019-03-28 21:46:51.362 8173 DEBUG tempest.lib.common.rest_client [req-8797b8a3-bb4b-481d-9b69-185d31142745 ] Request - Headers: {'Content-Type': 'application/json', 'Accept': 'application/json', 'X-Auth-Token': ''} Body: None Response - Headers: {'status': '404', u'content-length': '132', 'content-location': 'http://172.30.9.24:9696/v2.0/ports/7e2b692d-06bc-4972-9ae2-36c8d1f39e5b', u'date': 'Thu, 28 Mar 2019 21:46:51 GMT', u'content-type': 'application/json', u'connection': 'close', u'x-openstack-request-id': 'req-8797b8a3-bb4b-481d-9b69-185d31142745'} Body: {"NeutronError": {"message": "Port 7e2b692d-06bc-4972-9ae2-36c8d1f39e5b could not be found.", "type": "PortNotFound", "detail": ""}} _log_request_full /root/.rally/verification/verifier-e86bef35-4ef0-40c4-ad4a-86837e8c666f/repo/tempest/lib/common/rest_client.py:437
2019-03-28 21:46:51.389 8169 INFO tempest.lib.common.rest_client [req-e352d391-c469-4219-af86-2e89c70aeb94 ] Request (TrunkTestJSON:_run_cleanups): 404 DELETE http://172.30.9.24:9696/v2.0/ports/dc0dd8d0-5bb1-4fd7-b9f4-bf551c98c178 0.313s
2019-03-28 21:46:51.389 8169 DEBUG tempest.lib.common.rest_client [req-e352d391-c469-4219-af86-2e89c70aeb94 ] Request - Headers: {'Content-Type': 'application/json', 'Accept': 'application/json', 'X-Auth-Token': ''} Body: None Response - Headers: {'status': '404', u'content-length': '132', 'content-location': 'http://172.30.9.24:9696/v2.0/ports/dc0dd8d0-5bb1-4fd7-b9f4-bf551c98c178', u'date': 'Thu, 28 Mar 2019 21:46:51 GMT', u'content-type': 'application/json', u'connection': 'close', u'x-openstack-request-id': 'req-e352d391-c469-4219-af86-2e89c70aeb94'} Body: {"NeutronError": {"message": "Port dc0dd8d0-5bb1-4fd7-b9f4-bf551c98c178 could not be found.", "type": "PortNotFound", "detail": ""}} _log_request_full /root/.rally/verification/verifier-e86bef35-4ef0-40c4-ad4a-86837e8c666f/repo/tempest/lib/common/rest_client.py:437
2019-03-28 21:46:51.394 8173 INFO tempest.lib.common.rest_client [req-ea1bcbf0-7a31-4f01-80c7-3d44b02717e9 ] Request (TrunkTestJSON:_run_cleanups): 404 DELETE http://172.30.9.24:9696/v2.0/ports/261ee88e-97eb-4a4f-b0cd-27921d5d6e33 0.031s
2019-03-28 21:46:51.394 8173 DEBUG tempest.lib.common.rest_client [req-ea1bcbf0-7a31-4f01-80c7-3d44b02717e9 ] Request - Headers: {'Content-Type': 'application/json', 'Accept': 'application/json', 'X-Auth-Token': ''} Body: None Response - Headers: {'status': '404', u'content-length': '132', 'content-location': 'http://172.30.9.24:9696/v2.0/ports/261ee88e-97eb-4a4f-b0cd-27921d5d6e33', u'date': 'Thu, 28 Mar 2019 21:46:51 GMT', u'content-type': 'application/json', u'connection': 'close', u'x-openstack-request-id': 'req-ea1bcbf0-7a31-4f01-80c7-3d44b02717e9'} Body: {"NeutronError": {"message": "Port 261ee88e-97eb-4a4f-b0cd-27921d5d6e33 could not be found.", "type": "PortNotFound", "detail": ""}} _log_request_full /root/.rally/verification/verifier-e86bef35-4ef0-40c4-ad4a-86837e8c666f/repo/tempest/lib/common/rest_client.py:437
2019-03-28 21:46:51.424 8169 INFO tempest.lib.common.rest_client [req-f43073c2-a9ce-4419-97dc-46cfe0440547 ] Request (TrunkTestJSON:_run_cleanups): 404 DELETE http://172.30.9.24:9696/v2.0/ports/3eb6ad73-20ed-4f56-b62a-8f525d8cd009 0.034s
2019-03-28 21:46:51.425 8169 DEBUG tempest.lib.common.rest_client [req-f43073c2-a9ce-4419-97dc-46cfe0440547 ] Request - Headers: {'Content-Type': 'application/json', 'Accept': 'application/json', 'X-Auth-Token': ''} Body: None Response - Headers: {'status': '404', u'content-length': '132', 'content-location': 'http://172.30.9.24:9696/v2.0/ports/3eb6ad73-20ed-4f56-b62a-8f525d8cd009', u'date': 'Thu, 28 Mar 2019 21:46:51 GMT', u'content-type': 'application/json', u'connection': 'close', u'x-openstack-request-id': 'req-f43073c2-a9ce-4419-97dc-46cfe0440547'} Body: {"NeutronError": {"message": "Port 3eb6ad73-20ed-4f56-b62a-8f525d8cd009 could not be found.", "type": "PortNotFound", "detail": ""}} _log_request_full /root/.rally/verification/verifier-e86bef35-4ef0-40c4-ad4a-86837e8c666f/repo/tempest/lib/common/rest_client.py:437
2019-03-28 21:46:51.428 8173 INFO tempest.lib.common.rest_client [req-64403e01-1905-46a6-9649-c44ccd9f229c ] Request (TrunkTestJSON:_run_cleanups): 404 DELETE http://172.30.9.24:9696/v2.0/ports/e376f578-0575-40b3-a3e5-570c0ff1ebb0 0.032s
2019-03-28 21:46:51.428 8173 DEBUG tempest.lib.common.rest_client [req-64403e01-1905-46a6-9649-c44ccd9f229c ] Request - Headers: {'Content-Type': 'application/json', 'Accept': 'application/json', 'X-Auth-Token': ''} Body: None Response - Headers: {'status': '404', u'content-length': '132', 'content-location': 'http://172.30.9.24:9696/v2.0/ports/e376f578-0575-40b3-a3e5-570c0ff1ebb0', u'date': 'Thu, 28 Mar 2019 21:46:51 GMT', u'content-type': 'application/json', u'connection': 'close', u'x-openstack-request-id': 'req-64403e01-1905-46a6-9649-c44ccd9f229c'} Body: {"NeutronError": {"message": "Port e376f578-0575-40b3-a3e5-570c0ff1ebb0 could not be found.", "type": "PortNotFound", "detail": ""}} _log_request_full /root/.rally/verification/verifier-e86bef35-4ef0-40c4-ad4a-86837e8c666f/repo/tempest/lib/common/rest_client.py:437
2019-03-28 21:46:51.455 8169 INFO tempest.lib.common.rest_client [req-2d9dbaf9-01b3-4549-af5e-0cec4b981c3a ] Request (TrunkTestJSON:_run_cleanups): 404 DELETE http://172.30.9.24:9696/v2.0/ports/9bb46e12-328f-4173-baa8-7a61a23fd766 0.030s
2019-03-28 21:46:51.456 8169 DEBUG tempest.lib.common.rest_client [req-2d9dbaf9-01b3-4549-af5e-0cec4b981c3a ] Request - Headers: {'Content-Type': 'application/json', 'Accept': 'application/json', 'X-Auth-Token': ''} Body: None Response - Headers: {'status': '404', u'content-length': '132', 'content-location': 'http://172.30.9.24:9696/v2.0/ports/9bb46e12-328f-4173-baa8-7a61a23fd766', u'date': 'Thu, 28 Mar 2019 21:46:51 GMT', u'content-type': 'application/json', u'connection': 'close', u'x-openstack-request-id': 'req-2d9dbaf9-01b3-4549-af5e-0cec4b981c3a'} Body: {"NeutronError": {"message": "Port 9bb46e12-328f-4173-baa8-7a61a23fd766 could not be found.", "type": "PortNotFound", "detail": ""}} _log_request_full /root/.rally/verification/verifier-e86bef35-4ef0-40c4-ad4a-86837e8c666f/repo/tempest/lib/common/rest_client.py:437
2019-03-28 21:46:51.465 8173 INFO tempest.lib.common.rest_client [req-4abda022-66da-481f-a46d-92e2abd3207c ] Request (TrunkTestJSON:_run_cleanups): 404 DELETE http://172.30.9.24:9696/v2.0/ports/469ca0e5-7825-4906-920a-a22a936d6876 0.036s
2019-03-28 21:46:51.465 8173 DEBUG tempest.lib.common.rest_client [req-4abda022-66da-481f-a46d-92e2abd3207c ] Request - Headers: {'Content-Type': 'application/json', 'Accept': 'application/json', 'X-Auth-Token': ''} Body: None Response - Headers: {'status': '404', u'content-length': '132', 'content-location': 'http://172.30.9.24:9696/v2.0/ports/469ca0e5-7825-4906-920a-a22a936d6876', u'date': 'Thu, 28 Mar 2019 21:46:51 GMT', u'content-type': 'application/json', u'connection': 'close', u'x-openstack-request-id': 'req-4abda022-66da-481f-a46d-92e2abd3207c'} Body: {"NeutronError": {"message": "Port 469ca0e5-7825-4906-920a-a22a936d6876 could not be found.", "type": "PortNotFound", "detail": ""}} _log_request_full /root/.rally/verification/verifier-e86bef35-4ef0-40c4-ad4a-86837e8c666f/repo/tempest/lib/common/rest_client.py:437
2019-03-28 21:46:51.490 8169 INFO tempest.lib.common.rest_client [req-0863b39f-c0b2-46d5-ac0b-89e305ddcde5 ] Request (TrunkTestJSON:_run_cleanups): 404 DELETE http://172.30.9.24:9696/v2.0/ports/54c66c87-49ed-4bd8-8fd2-aa3d8c1e766c 0.033s
2019-03-28 21:46:51.490 8169 DEBUG tempest.lib.common.rest_client [req-0863b39f-c0b2-46d5-ac0b-89e305ddcde5 ] Request - Headers: {'Content-Type': 'application/json', 'Accept': 'application/json', 'X-Auth-Token': ''} Body: None Response - Headers: {'status': '404', u'content-length': '132', 'content-location': 'http://172.30.9.24:9696/v2.0/ports/54c66c87-49ed-4bd8-8fd2-aa3d8c1e766c', u'date': 'Thu, 28 Mar 2019 21:46:51 GMT', u'content-type': 'application/json', u'connection': 'close', u'x-openstack-request-id': 'req-0863b39f-c0b2-46d5-ac0b-89e305ddcde5'} Body: {"NeutronError": {"message": "Port 54c66c87-49ed-4bd8-8fd2-aa3d8c1e766c could not be found.", "type": "PortNotFound", "detail": ""}} _log_request_full /root/.rally/verification/verifier-e86bef35-4ef0-40c4-ad4a-86837e8c666f/repo/tempest/lib/common/rest_client.py:437
2019-03-28 21:46:51.499 8173 INFO tempest.lib.common.rest_client [req-b2f0f0da-98d7-4331-a08a-c6d3b9f86d2a ] Request (TrunkTestJSON:_run_cleanups): 404 DELETE http://172.30.9.24:9696/v2.0/ports/ac0fcadf-7fe1-4e19-9d27-9d30cdf36dec 0.033s
2019-03-28 21:46:51.499 8173 DEBUG tempest.lib.common.rest_client [req-b2f0f0da-98d7-4331-a08a-c6d3b9f86d2a ] Request - Headers: {'Content-Type': 'application/json', 'Accept': 'application/json', 'X-Auth-Token': ''} Body: None Response - Headers: {'status': '404', u'content-length': '132', 'content-location': 'http://172.30.9.24:9696/v2.0/ports/ac0fcadf-7fe1-4e19-9d27-9d30cdf36dec', u'date': 'Thu, 28 Mar 2019 21:46:51 GMT', u'content-type': 'application/json', u'connection': 'close', u'x-openstack-request-id': 'req-b2f0f0da-98d7-4331-a08a-c6d3b9f86d2a'} Body: {"NeutronError": {"message": "Port ac0fcadf-7fe1-4e19-9d27-9d30cdf36dec could not be found.", "type": "PortNotFound", "detail": ""}} _log_request_full /root/.rally/verification/verifier-e86bef35-4ef0-40c4-ad4a-86837e8c666f/repo/tempest/lib/common/rest_client.py:437
2019-03-28 21:46:51.525 8169 INFO tempest.lib.common.rest_client [req-62e24f28-8da4-44af-b40e-98798b036aea ] Request (TrunkTestJSON:_run_cleanups): 404 DELETE http://172.30.9.24:9696/v2.0/ports/391ddc6e-ef64-4d23-9cb1-571f998b3437 0.034s
2019-03-28 21:46:51.525 8169 DEBUG tempest.lib.common.rest_client [req-62e24f28-8da4-44af-b40e-98798b036aea ] Request - Headers: {'Content-Type': 'application/json', 'Accept': 'application/json', 'X-Auth-Token': ''} Body: None Response - Headers: {'status': '404', u'content-length': '132', 'content-location': 'http://172.30.9.24:9696/v2.0/ports/391ddc6e-ef64-4d23-9cb1-571f998b3437', u'date': 'Thu, 28 Mar 2019 21:46:51 GMT', u'content-type': 'application/json', u'connection': 'close', u'x-openstack-request-id': 'req-62e24f28-8da4-44af-b40e-98798b036aea'} Body: {"NeutronError": {"message": "Port 391ddc6e-ef64-4d23-9cb1-571f998b3437 could not be found.", "type": "PortNotFound", "detail": ""}} _log_request_full /root/.rally/verification/verifier-e86bef35-4ef0-40c4-ad4a-86837e8c666f/repo/tempest/lib/common/rest_client.py:437
2019-03-28 21:46:51.550 8173 INFO tempest.lib.common.rest_client [req-701b6ab3-4452-4cf3-8f26-163d32197e6a ] Request (TrunkTestJSON:_run_cleanups): 404 DELETE http://172.30.9.24:9696/v2.0/ports/0f2d5375-96bd-4e0c-ad2f-eeffe12ab818 0.050s
2019-03-28 21:46:51.550 8173 DEBUG tempest.lib.common.rest_client [req-701b6ab3-4452-4cf3-8f26-163d32197e6a ] Request - Headers: {'Content-Type': 'application/json', 'Accept': 'application/json', 'X-Auth-Token': ''} Body: None Response - Headers: {'status': '404', u'content-length': '132', 'content-location': 'http://172.30.9.24:9696/v2.0/ports/0f2d5375-96bd-4e0c-ad2f-eeffe12ab818', u'date': 'Thu, 28 Mar 2019 21:46:51 GMT', u'content-type': 'application/json', u'connection': 'close', u'x-openstack-request-id': 'req-701b6ab3-4452-4cf3-8f26-163d32197e6a'} Body: {"NeutronError": {"message": "Port 0f2d5375-96bd-4e0c-ad2f-eeffe12ab818 could not be found.", "type": "PortNotFound", "detail": ""}} _log_request_full /root/.rally/verification/verifier-e86bef35-4ef0-40c4-ad4a-86837e8c666f/repo/tempest/lib/common/rest_client.py:437
2019-03-28 21:46:51.563 8169 INFO tempest.lib.common.rest_client [req-4216d8ac-aaf1-4224-8268-6536c1cd368f ] Request (TrunkTestJSON:_run_cleanups): 404 DELETE http://172.30.9.24:9696/v2.0/ports/d54a10da-f026-4738-8276-5906d682554a 0.037s
2019-03-28 21:46:51.564 8169 DEBUG tempest.lib.common.rest_client [req-4216d8ac-aaf1-4224-8268-6536c1cd368f ] Request - Headers: {'Content-Type': 'application/json', 'Accept': 'application/json', 'X-Auth-Token': ''} Body: None Response - Headers: {'status': '404', u'content-length': '132', 'content-location': 'http://172.30.9.24:9696/v2.0/ports/d54a10da-f026-4738-8276-5906d682554a', u'date': 'Thu, 28 Mar 2019 21:46:51 GMT', u'content-type': 'application/json', u'connection': 'close', u'x-openstack-request-id': 'req-4216d8ac-aaf1-4224-8268-6536c1cd368f'} Body: {"NeutronError": {"message": "Port d54a10da-f026-4738-8276-5906d682554a could not be found.", "type": "PortNotFound", "detail": ""}} _log_request_full /root/.rally/verification/verifier-e86bef35-4ef0-40c4-ad4a-86837e8c666f/repo/tempest/lib/common/rest_client.py:437
2019-03-28 21:46:51.585 8173 INFO tempest.lib.common.rest_client [req-df16655f-da4d-418d-ab2d-5454e6961afe ] Request (TrunkTestJSON:_run_cleanups): 404 DELETE http://172.30.9.24:9696/v2.0/ports/e1fe7f40-22a4-49e1-8c32-873875100268 0.034s
2019-03-28 21:46:51.585 8173 DEBUG tempest.lib.common.rest_client [req-df16655f-da4d-418d-ab2d-5454e6961afe ] Request - Headers: {'Content-Type': 'application/json', 'Accept': 'application/json', 'X-Auth-Token': ''} Body: None Response - Headers: {'status': '404', u'content-length': '132', 'content-location': 'http://172.30.9.24:9696/v2.0/ports/e1fe7f40-22a4-49e1-8c32-873875100268', u'date': 'Thu, 28 Mar 2019 21:46:51 GMT', u'content-type': 'application/json', u'connection': 'close', u'x-openstack-request-id': 'req-df16655f-da4d-418d-ab2d-5454e6961afe'} Body: {"NeutronError": {"message": "Port e1fe7f40-22a4-49e1-8c32-873875100268 could not be found.", "type": "PortNotFound", "detail": ""}} _log_request_full /root/.rally/verification/verifier-e86bef35-4ef0-40c4-ad4a-86837e8c666f/repo/tempest/lib/common/rest_client.py:437
2019-03-28 21:46:51.597 8169 INFO tempest.lib.common.rest_client [req-3c80f6dd-f2f4-4b5e-bc1b-028f8a1158e0 ] Request (TrunkTestJSON:_run_cleanups): 404 DELETE http://172.30.9.24:9696/v2.0/ports/8e2bfeff-ef7c-436e-b848-da1226ee3c18 0.033s
