2019-03-28 09:41:02.815 8178 DEBUG tempest.lib.common.rest_client [req-424dabc4-32f2-48c3-8174-1b863300d648 ] Request - Headers: {'Content-Type': 'application/json', 'Accept': 'application/json', 'X-Auth-Token': ''} Body: None Response - Headers: {'status': '200', u'content-length': '679', 'content-location': 'http://172.30.9.25:9696/v2.0/ports/6b7e0829-0d90-4146-9c0d-f6521432c8b4', u'date': 'Thu, 28 Mar 2019 09:41:02 GMT', u'content-type': 'application/json', u'connection': 'close', u'x-openstack-request-id': 'req-424dabc4-32f2-48c3-8174-1b863300d648'} Body: {"port":{"allowed_address_pairs":[],"extra_dhcp_opts":[],"updated_at":"2019-03-28T09:41:01Z","device_owner":"trunk:subport","revision_number":5,"port_security_enabled":true,"fixed_ips":[],"id":"6b7e0829-0d90-4146-9c0d-f6521432c8b4","security_groups":["546d709c-d78b-4da3-9b58-0823a53afb57"],"mac_address":"fa:16:3e:1c:85:83","device_id":"","status":"ACTIVE","description":"","tags":[],"name":"","project_id":"db0e74d64b4645b69475817faacf36a1","qos_policy_id":null,"admin_state_up":true,"network_id":"b2a6e7b9-a00f-4165-a26a-feec297a7204","tenant_id":"db0e74d64b4645b69475817faacf36a1","created_at":"2019-03-28T09:40:54Z","binding:vnic_type":"normal","ip_allocation":"immediate"}} _log_request_full /root/.rally/verification/verifier-2a39b324-126c-42d6-8380-0c1e59a73f6b/repo/tempest/lib/common/rest_client.py:437
2019-03-28 09:41:02.829 8181 INFO tempest.lib.common.rest_client [req-371343e8-79a7-4887-b86c-f4680f6fdd09 ] Request (TrunkTestJSON:_run_cleanups): 404 DELETE http://172.30.9.25:9696/v2.0/ports/28420223-69f3-4a71-a189-d738b8aa9961 0.034s
2019-03-28 09:41:02.830 8181 DEBUG tempest.lib.common.rest_client [req-371343e8-79a7-4887-b86c-f4680f6fdd09 ] Request - Headers: {'Content-Type': 'application/json', 'Accept': 'application/json', 'X-Auth-Token': ''} Body: None Response - Headers: {'status': '404', u'content-length': '132', 'content-location': 'http://172.30.9.25:9696/v2.0/ports/28420223-69f3-4a71-a189-d738b8aa9961', u'date': 'Thu, 28 Mar 2019 09:41:02 GMT', u'content-type': 'application/json', u'connection': 'close', u'x-openstack-request-id': 'req-371343e8-79a7-4887-b86c-f4680f6fdd09'} Body: {"NeutronError": {"message": "Port 28420223-69f3-4a71-a189-d738b8aa9961 could not be found.", "type": "PortNotFound", "detail": ""}} _log_request_full /root/.rally/verification/verifier-2a39b324-126c-42d6-8380-0c1e59a73f6b/repo/tempest/lib/common/rest_client.py:437
2019-03-28 09:41:02.860 8181 INFO tempest.lib.common.rest_client [req-6bd885ca-7a03-4a82-a6a9-6c4447e016d6 ] Request (TrunkTestJSON:_run_cleanups): 404 DELETE http://172.30.9.25:9696/v2.0/ports/5c0583cf-73da-4026-9d34-71a6b1237389 0.029s
2019-03-28 09:41:02.860 8181 DEBUG tempest.lib.common.rest_client [req-6bd885ca-7a03-4a82-a6a9-6c4447e016d6 ] Request - Headers: {'Content-Type': 'application/json', 'Accept': 'application/json', 'X-Auth-Token': ''} Body: None Response - Headers: {'status': '404', u'content-length': '132', 'content-location': 'http://172.30.9.25:9696/v2.0/ports/5c0583cf-73da-4026-9d34-71a6b1237389', u'date': 'Thu, 28 Mar 2019 09:41:02 GMT', u'content-type': 'application/json', u'connection': 'close', u'x-openstack-request-id': 'req-6bd885ca-7a03-4a82-a6a9-6c4447e016d6'} Body: {"NeutronError": {"message": "Port 5c0583cf-73da-4026-9d34-71a6b1237389 could not be found.", "type": "PortNotFound", "detail": ""}} _log_request_full /root/.rally/verification/verifier-2a39b324-126c-42d6-8380-0c1e59a73f6b/repo/tempest/lib/common/rest_client.py:437
2019-03-28 09:41:02.873 8178 INFO tempest.lib.common.rest_client [req-a9456016-8e27-4cd5-9bad-fc35b80f75d6 ] Request (TrunkTest:test_trunk_subport_lifecycle): 200 GET http://172.30.9.25:9696/v2.0/ports/e25a6be3-2624-4e83-8f0b-5860e0115182 0.057s
2019-03-28 09:41:02.873 8178 DEBUG tempest.lib.common.rest_client [req-a9456016-8e27-4cd5-9bad-fc35b80f75d6 ] Request - Headers: {'Content-Type': 'application/json', 'Accept': 'application/json', 'X-Auth-Token': ''} Body: None Response - Headers: {'status': '200', u'content-length': '679', 'content-location': 'http://172.30.9.25:9696/v2.0/ports/e25a6be3-2624-4e83-8f0b-5860e0115182', u'date': 'Thu, 28 Mar 2019 09:41:02 GMT', u'content-type': 'application/json', u'connection': 'close', u'x-openstack-request-id': 'req-a9456016-8e27-4cd5-9bad-fc35b80f75d6'} Body: {"port":{"allowed_address_pairs":[],"extra_dhcp_opts":[],"updated_at":"2019-03-28T09:41:02Z","device_owner":"trunk:subport","revision_number":5,"port_security_enabled":true,"fixed_ips":[],"id":"e25a6be3-2624-4e83-8f0b-5860e0115182","security_groups":["546d709c-d78b-4da3-9b58-0823a53afb57"],"mac_address":"fa:16:3e:8e:ca:80","device_id":"","status":"ACTIVE","description":"","tags":[],"name":"","project_id":"db0e74d64b4645b69475817faacf36a1","qos_policy_id":null,"admin_state_up":true,"network_id":"eba88d6b-68d9-419d-a2e8-982a5bf7a793","tenant_id":"db0e74d64b4645b69475817faacf36a1","created_at":"2019-03-28T09:40:55Z","binding:vnic_type":"normal","ip_allocation":"immediate"}} _log_request_full /root/.rally/verification/verifier-2a39b324-126c-42d6-8380-0c1e59a73f6b/repo/tempest/lib/common/rest_client.py:437
2019-03-28 09:41:02.874 8178 INFO tempest.lib.common.ssh [-] Creating ssh connection to '172.30.9.213:22' as 'cirros' with public key authentication
2019-03-28 09:41:02.880 8178 INFO paramiko.transport [-] Connected (version 2.0, client dropbear_2015.67)
2019-03-28 09:41:02.891 8181 INFO tempest.lib.common.rest_client [req-9d714d97-2c9d-4de6-b6bc-4c1d1469d010 ] Request (TrunkTestJSON:_run_cleanups): 404 DELETE http://172.30.9.25:9696/v2.0/ports/31b17ae4-7127-4100-94f1-4483ef7fce1c 0.030s
2019-03-28 09:41:02.891 8181 DEBUG tempest.lib.common.rest_client [req-9d714d97-2c9d-4de6-b6bc-4c1d1469d010 ] Request - Headers: {'Content-Type': 'application/json', 'Accept': 'application/json', 'X-Auth-Token': ''} Body: None Response - Headers: {'status': '404', u'content-length': '132', 'content-location': 'http://172.30.9.25:9696/v2.0/ports/31b17ae4-7127-4100-94f1-4483ef7fce1c', u'date': 'Thu, 28 Mar 2019 09:41:02 GMT', u'content-type': 'application/json', u'connection': 'close', u'x-openstack-request-id': 'req-9d714d97-2c9d-4de6-b6bc-4c1d1469d010'} Body: {"NeutronError": {"message": "Port 31b17ae4-7127-4100-94f1-4483ef7fce1c could not be found.", "type": "PortNotFound", "detail": ""}} _log_request_full /root/.rally/verification/verifier-2a39b324-126c-42d6-8380-0c1e59a73f6b/repo/tempest/lib/common/rest_client.py:437
2019-03-28 09:41:02.931 8181 INFO tempest.lib.common.rest_client [req-9394d560-7cf6-44a0-905d-8e5f8b7a7930 ] Request (TrunkTestJSON:_run_cleanups): 404 DELETE http://172.30.9.25:9696/v2.0/ports/a73bea6b-3d33-423d-ab3c-5aa15ae8cf2a 0.039s
2019-03-28 09:41:02.932 8181 DEBUG tempest.lib.common.rest_client [req-9394d560-7cf6-44a0-905d-8e5f8b7a7930 ] Request - Headers: {'Content-Type': 'application/json', 'Accept': 'application/json', 'X-Auth-Token': ''} Body: None Response - Headers: {'status': '404', u'content-length': '132', 'content-location': 'http://172.30.9.25:9696/v2.0/ports/a73bea6b-3d33-423d-ab3c-5aa15ae8cf2a', u'date': 'Thu, 28 Mar 2019 09:41:02 GMT', u'content-type': 'application/json', u'connection': 'close', u'x-openstack-request-id': 'req-9394d560-7cf6-44a0-905d-8e5f8b7a7930'} Body: {"NeutronError": {"message": "Port a73bea6b-3d33-423d-ab3c-5aa15ae8cf2a could not be found.", "type": "PortNotFound", "detail": ""}} _log_request_full /root/.rally/verification/verifier-2a39b324-126c-42d6-8380-0c1e59a73f6b/repo/tempest/lib/common/rest_client.py:437
2019-03-28 09:41:02.963 8181 INFO tempest.lib.common.rest_client [req-1183f66a-8351-4bf6-bef8-2ecbdab139f2 ] Request (TrunkTestJSON:_run_cleanups): 404 DELETE http://172.30.9.25:9696/v2.0/ports/b4306d8a-845a-48ba-950e-7ed48ca2c54d 0.030s
2019-03-28 09:41:02.963 8181 DEBUG tempest.lib.common.rest_client [req-1183f66a-8351-4bf6-bef8-2ecbdab139f2 ] Request - Headers: {'Content-Type': 'application/json', 'Accept': 'application/json', 'X-Auth-Token': ''} Body: None Response - Headers: {'status': '404', u'content-length': '132', 'content-location': 'http://172.30.9.25:9696/v2.0/ports/b4306d8a-845a-48ba-950e-7ed48ca2c54d', u'date': 'Thu, 28 Mar 2019 09:41:02 GMT', u'content-type': 'application/json', u'connection': 'close', u'x-openstack-request-id': 'req-1183f66a-8351-4bf6-bef8-2ecbdab139f2'} Body: {"NeutronError": {"message": "Port b4306d8a-845a-48ba-950e-7ed48ca2c54d could not be found.", "type": "PortNotFound", "detail": ""}} _log_request_full /root/.rally/verification/verifier-2a39b324-126c-42d6-8380-0c1e59a73f6b/repo/tempest/lib/common/rest_client.py:437
2019-03-28 09:41:02.983 8178 INFO paramiko.transport [-] Authentication (publickey) successful!
2019-03-28 09:41:02.994 8181 INFO tempest.lib.common.rest_client [req-6558703c-a201-4025-93d6-034f8ace29e3 ] Request (TrunkTestJSON:_run_cleanups): 404 DELETE http://172.30.9.25:9696/v2.0/ports/dd355fcd-e5ba-4be4-9706-841874855eaf 0.030s
2019-03-28 09:41:02.995 8181 DEBUG tempest.lib.common.rest_client [req-6558703c-a201-4025-93d6-034f8ace29e3 ] Request - Headers: {'Content-Type': 'application/json', 'Accept': 'application/json', 'X-Auth-Token': ''} Body: None Response - Headers: {'status': '404', u'content-length': '132', 'content-location': 'http://172.30.9.25:9696/v2.0/ports/dd355fcd-e5ba-4be4-9706-841874855eaf', u'date': 'Thu, 28 Mar 2019 09:41:02 GMT', u'content-type': 'application/json', u'connection': 'close', u'x-openstack-request-id': 'req-6558703c-a201-4025-93d6-034f8ace29e3'} Body: {"NeutronError": {"message": "Port dd355fcd-e5ba-4be4-9706-841874855eaf could not be found.", "type": "PortNotFound", "detail": ""}} _log_request_full /root/.rally/verification/verifier-2a39b324-126c-42d6-8380-0c1e59a73f6b/repo/tempest/lib/common/rest_client.py:437
2019-03-28 09:41:03.006 8178 INFO tempest.lib.common.ssh [-] ssh connection to cirros@172.30.9.213 successfully created
2019-03-28 09:41:03.029 8181 INFO tempest.lib.common.rest_client [req-9562887f-dab3-4a97-8cff-7ff8c4883399 ] Request (TrunkTestJSON:_run_cleanups): 404 DELETE http://172.30.9.25:9696/v2.0/ports/23415de5-0ed1-48c6-b24c-12a660eab190 0.033s
2019-03-28 09:41:03.030 8181 DEBUG tempest.lib.common.rest_client [req-9562887f-dab3-4a97-8cff-7ff8c4883399 ] Request - Headers: {'Content-Type': 'application/json', 'Accept': 'application/json', 'X-Auth-Token': ''} Body: None Response - Headers: {'status': '404', u'content-length': '132', 'content-location': 'http://172.30.9.25:9696/v2.0/ports/23415de5-0ed1-48c6-b24c-12a660eab190', u'date': 'Thu, 28 Mar 2019 09:41:02 GMT', u'content-type': 'application/json', u'connection': 'close', u'x-openstack-request-id': 'req-9562887f-dab3-4a97-8cff-7ff8c4883399'} Body: {"NeutronError": {"message": "Port 23415de5-0ed1-48c6-b24c-12a660eab190 could not be found.", "type": "PortNotFound", "detail": ""}} _log_request_full /root/.rally/verification/verifier-2a39b324-126c-42d6-8380-0c1e59a73f6b/repo/tempest/lib/common/rest_client.py:437
2019-03-28 09:41:03.063 8181 INFO tempest.lib.common.rest_client [req-5ed19aa2-0495-4556-92ba-348697b2b13a ] Request (TrunkTestJSON:_run_cleanups): 404 DELETE http://172.30.9.25:9696/v2.0/ports/c2d8d272-21ec-4aaf-96bd-f20118bb6639 0.032s
2019-03-28 09:41:03.063 8181 DEBUG tempest.lib.common.rest_client [req-5ed19aa2-0495-4556-92ba-348697b2b13a ] Request - Headers: {'Content-Type': 'application/json', 'Accept': 'application/json', 'X-Auth-Token': ''} Body: None Response - Headers: {'status': '404', u'content-length': '132', 'content-location': 'http://172.30.9.25:9696/v2.0/ports/c2d8d272-21ec-4aaf-96bd-f20118bb6639', u'date': 'Thu, 28 Mar 2019 09:41:03 GMT', u'content-type': 'application/json', u'connection': 'close', u'x-openstack-request-id': 'req-5ed19aa2-0495-4556-92ba-348697b2b13a'} Body: {"NeutronError": {"message": "Port c2d8d272-21ec-4aaf-96bd-f20118bb6639 could not be found.", "type": "PortNotFound", "detail": ""}} _log_request_full /root/.rally/verification/verifier-2a39b324-126c-42d6-8380-0c1e59a73f6b/repo/tempest/lib/common/rest_client.py:437
2019-03-28 09:41:03.105 8181 INFO tempest.lib.common.rest_client [req-d27f1eec-daad-4d39-92d8-af788b842b12 ] Request (TrunkTestJSON:_run_cleanups): 404 DELETE http://172.30.9.25:9696/v2.0/ports/fdc69937-7781-4ccc-9dda-60530a3bdb4a 0.041s
2019-03-28 09:41:03.105 8181 DEBUG tempest.lib.common.rest_client [req-d27f1eec-daad-4d39-92d8-af788b842b12 ] Request - Headers: {'Content-Type': 'application/json', 'Accept': 'application/json', 'X-Auth-Token': ''} Body: None Response - Headers: {'status': '404', u'content-length': '132', 'content-location': 'http://172.30.9.25:9696/v2.0/ports/fdc69937-7781-4ccc-9dda-60530a3bdb4a', u'date': 'Thu, 28 Mar 2019 09:41:03 GMT', u'content-type': 'application/json', u'connection': 'close', u'x-openstack-request-id': 'req-d27f1eec-daad-4d39-92d8-af788b842b12'} Body: {"NeutronError": {"message": "Port fdc69937-7781-4ccc-9dda-60530a3bdb4a could not be found.", "type": "PortNotFound", "detail": ""}} _log_request_full /root/.rally/verification/verifier-2a39b324-126c-42d6-8380-0c1e59a73f6b/repo/tempest/lib/common/rest_client.py:437
2019-03-28 09:41:03.147 8181 INFO tempest.lib.common.rest_client [req-67093063-2838-45c1-91a0-3feb0a07f3f3 ] Request (TrunkTestJSON:_run_cleanups): 404 DELETE http://172.30.9.25:9696/v2.0/ports/91b348a2-eb63-403d-bb73-e65b39d51b72 0.041s
2019-03-28 09:41:03.147 8181 DEBUG tempest.lib.common.rest_client [req-67093063-2838-45c1-91a0-3feb0a07f3f3 ] Request - Headers: {'Content-Type': 'application/json', 'Accept': 'application/json', 'X-Auth-Token': ''} Body: None Response - Headers: {'status': '404', u'content-length': '132', 'content-location': 'http://172.30.9.25:9696/v2.0/ports/91b348a2-eb63-403d-bb73-e65b39d51b72', u'date': 'Thu, 28 Mar 2019 09:41:03 GMT', u'content-type': 'application/json', u'connection': 'close', u'x-openstack-request-id': 'req-67093063-2838-45c1-91a0-3feb0a07f3f3'} Body: {"NeutronError": {"message": "Port 91b348a2-eb63-403d-bb73-e65b39d51b72 could not be found.", "type": "PortNotFound", "detail": ""}} _log_request_full /root/.rally/verification/verifier-2a39b324-126c-42d6-8380-0c1e59a73f6b/repo/tempest/lib/common/rest_client.py:437
2019-03-28 09:41:03.179 8181 INFO tempest.lib.common.rest_client [req-3f9e0608-adf8-405f-9869-2645f98958db ] Request (TrunkTestJSON:_run_cleanups): 404 DELETE http://172.30.9.25:9696/v2.0/ports/0292c68b-5cb9-4b78-b28f-2b8ed1529dfe 0.031s
2019-03-28 09:41:03.180 8181 DEBUG tempest.lib.common.rest_client [req-3f9e0608-adf8-405f-9869-2645f98958db ] Request - Headers: {'Content-Type': 'application/json', 'Accept': 'application/json', 'X-Auth-Token': ''} Body: None Response - Headers: {'status': '404', u'content-length': '132', 'content-location': 'http://172.30.9.25:9696/v2.0/ports/0292c68b-5cb9-4b78-b28f-2b8ed1529dfe', u'date': 'Thu, 28 Mar 2019 09:41:03 GMT', u'content-type': 'application/json', u'connection': 'close', u'x-openstack-request-id': 'req-3f9e0608-adf8-405f-9869-2645f98958db'} Body: {"NeutronError": {"message": "Port 0292c68b-5cb9-4b78-b28f-2b8ed1529dfe could not be found.", "type": "PortNotFound", "detail": ""}} _log_request_full /root/.rally/verification/verifier-2a39b324-126c-42d6-8380-0c1e59a73f6b/repo/tempest/lib/common/rest_client.py:437
2019-03-28 09:41:03.214 8181 INFO tempest.lib.common.rest_client [req-b38fdf2f-4738-4698-a010-6cf8695ab9c0 ] Request (TrunkTestJSON:_run_cleanups): 404 DELETE http://172.30.9.25:9696/v2.0/ports/6ad4c2d3-3f69-4f0c-ba9e-91dd99207cd4 0.033s
2019-03-28 09:41:03.214 8181 DEBUG tempest.lib.common.rest_client [req-b38fdf2f-4738-4698-a010-6cf8695ab9c0 ] Request - Headers: {'Content-Type': 'application/json', 'Accept': 'application/json', 'X-Auth-Token': ''} Body: None Response - Headers: {'status': '404', u'content-length': '132', 'content-location': 'http://172.30.9.25:9696/v2.0/ports/6ad4c2d3-3f69-4f0c-ba9e-91dd99207cd4', u'date': 'Thu, 28 Mar 2019 09:41:03 GMT', u'content-type': 'application/json', u'connection': 'close', u'x-openstack-request-id': 'req-b38fdf2f-4738-4698-a010-6cf8695ab9c0'} Body: {"NeutronError": {"message": "Port 6ad4c2d3-3f69-4f0c-ba9e-91dd99207cd4 could not be found.", "type": "PortNotFound", "detail": ""}} _log_request_full /root/.rally/verification/verifier-2a39b324-126c-42d6-8380-0c1e59a73f6b/repo/tempest/lib/common/rest_client.py:437
2019-03-28 09:41:03.233 8178 INFO tempest.lib.common.rest_client [req-6e058903-37c7-49e2-838c-8537babf9be6 ] Request (TrunkTest:test_trunk_subport_lifecycle): 200 PUT http://172.30.9.25:9696/v2.0/trunks/115d84fc-14ed-476b-a2d3-178818b15c32/remove_subports 0.111s
2019-03-28 09:41:03.233 8178 DEBUG tempest.lib.common.rest_client [req-6e058903-37c7-49e2-838c-8537babf9be6 ] Request - Headers: {'Content-Type': 'application/json', 'Accept': 'application/json', 'X-Auth-Token': ''} Body: {"sub_ports": [{"segmentation_type": "vlan", "port_id": "0920b8ee-c09e-464f-af9f-c8957b7afe50", "segmentation_id": 3}, {"segmentation_type": "vlan", "port_id": "b9051f7b-9939-49e0-825b-8179b5ed6ef1", "segmentation_id": 4}, {"segmentation_type": "vlan", "port_id": "6b7e0829-0d90-4146-9c0d-f6521432c8b4", "segmentation_id": 5}, {"segmentation_type": "vlan", "port_id": "e25a6be3-2624-4e83-8f0b-5860e0115182", "segmentation_id": 6}]} Response - Headers: {'status': '200', u'content-length': '396', 'content-location': 'http://172.30.9.25:9696/v2.0/trunks/115d84fc-14ed-476b-a2d3-178818b15c32/remove_subports', u'date': 'Thu, 28 Mar 2019 09:41:03 GMT', u'content-type': 'application/json', u'connection': 'close', u'x-openstack-request-id': 'req-6e058903-37c7-49e2-838c-8537babf9be6'} Body: {"status": "DOWN", "sub_ports": [], "name": "", "admin_state_up": true, "tenant_id": "db0e74d64b4645b69475817faacf36a1", "created_at": "2019-03-28T09:40:22Z", "tags": [], "updated_at": "2019-03-28T09:41:03Z", "revision_number": 5, "project_id": "db0e74d64b4645b69475817faacf36a1", "port_id": "3aaefd4b-53a9-4461-9dcc-09e525ba867e", "id": "115d84fc-14ed-476b-a2d3-178818b15c32", "description": ""} _log_request_full /root/.rally/verification/verifier-2a39b324-126c-42d6-8380-0c1e59a73f6b/repo/tempest/lib/common/rest_client.py:437
2019-03-28 09:41:03.244 8181 INFO tempest.lib.common.rest_client [req-e8cf038a-a239-4146-8ab3-2ca7c810f66e ] Request (TrunkTestJSON:_run_cleanups): 404 DELETE http://172.30.9.25:9696/v2.0/networks/1c7c643c-4578-4340-94f2-61dbe0868319 0.029s
2019-03-28 09:41:03.244 8181 DEBUG tempest.lib.common.rest_client [req-e8cf038a-a239-4146-8ab3-2ca7c810f66e ] Request - Headers: {'Content-Type': 'application/json', 'Accept': 'application/json', 'X-Auth-Token': ''} Body: None Response - Headers: {'status': '404', u'content-length': '138', 'content-location': 'http://172.30.9.25:9696/v2.0/networks/1c7c643c-4578-4340-94f2-61dbe0868319', u'date': 'Thu, 28 Mar 2019 09:41:03 GMT', u'content-type': 'application/json', u'connection': 'close', u'x-openstack-request-id': 'req-e8cf038a-a239-4146-8ab3-2ca7c810f66e'} Body: {"NeutronError": {"message": "Network 1c7c643c-4578-4340-94f2-61dbe0868319 could not be found.", "type": "NetworkNotFound", "detail": ""}} _log_request_full /root/.rally/verification/verifier-2a39b324-126c-42d6-8380-0c1e59a73f6b/repo/tempest/lib/common/rest_client.py:437
2019-03-28 09:41:03.267 8181 INFO tempest.lib.common.rest_client [req-a67bb44c-1b3e-42d0-bced-9292915b9397 ] Request (TrunkTestJSON:_run_cleanups): 404 DELETE http://172.30.9.25:9696/v2.0/networks/359533ca-a52d-48dd-a907-1c50f3cc2609 0.021s
2019-03-28 09:41:03.267 8181 DEBUG tempest.lib.common.rest_client [req-a67bb44c-1b3e-42d0-bced-9292915b9397 ] Request - Headers: {'Content-Type': 'application/json', 'Accept': 'application/json', 'X-Auth-Token': ''} Body: None Response - Headers: {'status': '404', u'content-length': '138', 'content-location': 'http://172.30.9.25:9696/v2.0/networks/359533ca-a52d-48dd-a907-1c50f3cc2609', u'date': 'Thu, 28 Mar 2019 09:41:03 GMT', u'content-type': 'application/json', u'connection': 'close', u'x-openstack-request-id': 'req-a67bb44c-1b3e-42d0-bced-9292915b9397'} Body: {"NeutronError": {"message": "Network 359533ca-a52d-48dd-a907-1c50f3cc2609 could not be found.", "type": "NetworkNotFound", "detail": ""}} _log_request_full /root/.rally/verification/verifier-2a39b324-126c-42d6-8380-0c1e59a73f6b/repo/tempest/lib/common/rest_client.py:437
2019-03-28 09:41:03.280 8178 INFO tempest.lib.common.rest_client [req-36b8f146-5b0f-4a18-bb17-b6cee6e773bd ] Request (TrunkTest:test_trunk_subport_lifecycle): 200 GET http://172.30.9.25:9696/v2.0/ports/0920b8ee-c09e-464f-af9f-c8957b7afe50 0.046s
2019-03-28 09:41:03.281 8178 DEBUG tempest.lib.common.rest_client [req-36b8f146-5b0f-4a18-bb17-b6cee6e773bd ] Request - Headers: {'Content-Type': 'application/json', 'Accept': 'application/json', 'X-Auth-Token': ''} Body: None Response - Headers: {'status': '200', u'content-length': '679', 'content-location': 'http://172.30.9.25:9696/v2.0/ports/0920b8ee-c09e-464f-af9f-c8957b7afe50', u'date': 'Thu, 28 Mar 2019 09:41:03 GMT', u'content-type': 'application/json', u'connection': 'close', u'x-openstack-request-id': 'req-36b8f146-5b0f-4a18-bb17-b6cee6e773bd'} Body: {"port":{"allowed_address_pairs":[],"extra_dhcp_opts":[],"updated_at":"2019-03-28T09:41:02Z","device_owner":"trunk:subport","revision_number":5,"port_security_enabled":true,"fixed_ips":[],"id":"0920b8ee-c09e-464f-af9f-c8957b7afe50","security_groups":["546d709c-d78b-4da3-9b58-0823a53afb57"],"mac_address":"fa:16:3e:b3:8e:57","device_id":"","status":"ACTIVE","description":"","tags":[],"name":"","project_id":"db0e74d64b4645b69475817faacf36a1","qos_policy_id":null,"admin_state_up":true,"network_id":"045d784f-f647-457a-8973-b53a59a99e71","tenant_id":"db0e74d64b4645b69475817faacf36a1","created_at":"2019-03-28T09:40:51Z","binding:vnic_type":"normal","ip_allocation":"immediate"}} _log_request_full /root/.rally/verification/verifier-2a39b324-126c-42d6-8380-0c1e59a73f6b/repo/tempest/lib/common/rest_client.py:437
2019-03-28 09:41:03.293 8181 INFO tempest.lib.common.rest_client [req-f33c736e-1b15-4715-b541-f1d1d0337a24 ] Request (TrunkTestJSON:_run_cleanups): 404 DELETE http://172.30.9.25:9696/v2.0/networks/f48798f9-a50c-4b41-b3ce-4dff13b6c268 0.025s
2019-03-28 09:41:03.293 8181 DEBUG tempest.lib.common.rest_client [req-f33c736e-1b15-4715-b541-f1d1d0337a24 ] Request - Headers: {'Content-Type': 'application/json', 'Accept': 'application/json', 'X-Auth-Token': ''} Body: None Response - Headers: {'status': '404', u'content-length': '138', 'content-location': 'http://172.30.9.25:9696/v2.0/networks/f48798f9-a50c-4b41-b3ce-4dff13b6c268', u'date': 'Thu, 28 Mar 2019 09:41:03 GMT', u'content-type': 'application/json', u'connection': 'close', u'x-openstack-request-id': 'req-f33c736e-1b15-4715-b541-f1d1d0337a24'} Body: {"NeutronError": {"message": "Network f48798f9-a50c-4b41-b3ce-4dff13b6c268 could not be found.", "type": "NetworkNotFound", "detail": ""}} _log_request_full /root/.rally/verification/verifier-2a39b324-126c-42d6-8380-0c1e59a73f6b/repo/tempest/lib/common/rest_client.py:437
2019-03-28 09:41:03.315 8181 INFO tempest.lib.common.rest_client [req-68cef06e-baa0-47cf-9e0b-fe2805e72035 ] Request (TrunkTestJSON:_run_cleanups): 404 DELETE http://172.30.9.25:9696/v2.0/networks/d77c2e60-1e4f-4644-bbe8-d66f7c5582e6 0.021s
2019-03-28 09:41:03.316 8181 DEBUG tempest.lib.common.rest_client [req-68cef06e-baa0-47cf-9e0b-fe2805e72035 ] Request - Headers: {'Content-Type': 'application/json', 'Accept': 'application/json', 'X-Auth-Token': ''} Body: None Response - Headers: {'status': '404', u'content-length': '138', 'content-location': 'http://172.30.9.25:9696/v2.0/networks/d77c2e60-1e4f-4644-bbe8-d66f7c5582e6', u'date': 'Thu, 28 Mar 2019 09:41:03 GMT', u'content-type': 'application/json', u'connection': 'close', u'x-openstack-request-id': 'req-68cef06e-baa0-47cf-9e0b-fe2805e72035'} Body: {"NeutronError": {"message": "Network d77c2e60-1e4f-4644-bbe8-d66f7c5582e6 could not be found.", "type": "NetworkNotFound", "detail": ""}} _log_request_full /root/.rally/verification/verifier-2a39b324-126c-42d6-8380-0c1e59a73f6b/repo/tempest/lib/common/rest_client.py:437
2019-03-28 09:41:03.345 8181 INFO tempest.lib.common.rest_client [req-1995fc71-c30f-4133-ba8d-2e8ccd23acf5 ] Request (TrunkTestJSON:_run_cleanups): 404 DELETE http://172.30.9.25:9696/v2.0/networks/cc516f4e-eb72-4158-9e35-433b9a953235 0.029s
2019-03-28 09:41:03.346 8181 DEBUG tempest.lib.common.rest_client [req-1995fc71-c30f-4133-ba8d-2e8ccd23acf5 ] Request - Headers: {'Content-Type': 'application/json', 'Accept': 'application/json', 'X-Auth-Token': ''} Body: None Response - Headers: {'status': '404', u'content-length': '138', 'content-location': 'http://172.30.9.25:9696/v2.0/networks/cc516f4e-eb72-4158-9e35-433b9a953235', u'date': 'Thu, 28 Mar 2019 09:41:03 GMT', u'content-type': 'application/json', u'connection': 'close', u'x-openstack-request-id': 'req-1995fc71-c30f-4133-ba8d-2e8ccd23acf5'} Body: {"NeutronError": {"message": "Network cc516f4e-eb72-4158-9e35-433b9a953235 could not be found.", "type": "NetworkNotFound", "detail": ""}} _log_request_full /root/.rally/verification/verifier-2a39b324-126c-42d6-8380-0c1e59a73f6b/repo/tempest/lib/common/rest_client.py:437
2019-03-28 09:41:03.369 8181 INFO tempest.lib.common.rest_client [req-61a0776f-b6b3-469b-b5eb-e65e09a4b128 ] Request (TrunkTestJSON:_run_cleanups): 404 DELETE http://172.30.9.25:9696/v2.0/networks/7ef703a5-c2ab-4f24-824c-cb80eb90a149 0.022s
2019-03-28 09:41:03.369 8181 DEBUG tempest.lib.common.rest_client [req-61a0776f-b6b3-469b-b5eb-e65e09a4b128 ] Request - Headers: {'Content-Type': 'application/json', 'Accept': 'application/json', 'X-Auth-Token': ''} Body: None Response - Headers: {'status': '404', u'content-length': '138', 'content-location': 'http://172.30.9.25:9696/v2.0/networks/7ef703a5-c2ab-4f24-824c-cb80eb90a149', u'date': 'Thu, 28 Mar 2019 09:41:03 GMT', u'content-type': 'application/json', u'connection': 'close', u'x-openstack-request-id': 'req-61a0776f-b6b3-469b-b5eb-e65e09a4b128'} Body: {"NeutronError": {"message": "Network 7ef703a5-c2ab-4f24-824c-cb80eb90a149 could not be found.", "type": "NetworkNotFound", "detail": ""}} _log_request_full /root/.rally/verification/verifier-2a39b324-126c-42d6-8380-0c1e59a73f6b/repo/tempest/lib/common/rest_client.py:437
2019-03-28 09:41:03.409 8181 INFO tempest.lib.common.rest_client [req-73bd6f8b-dfc9-4f90-8756-05864ae29a41 ] Request (TrunkTestJSON:_run_cleanups): 404 DELETE http://172.30.9.25:9696/v2.0/networks/99685179-f77f-40b6-9ce6-6db7e8ec3b34 0.038s
2019-03-28 09:41:03.409 8181 DEBUG tempest.lib.common.rest_client [req-73bd6f8b-dfc9-4f90-8756-05864ae29a41 ] Request - Headers: {'Content-Type': 'application/json', 'Accept': 'application/json', 'X-Auth-Token': ''} Body: None Response - Headers: {'status': '404', u'content-length': '138', 'content-location': 'http://172.30.9.25:9696/v2.0/networks/99685179-f77f-40b6-9ce6-6db7e8ec3b34', u'date': 'Thu, 28 Mar 2019 09:41:03 GMT', u'content-type': 'application/json', u'connection': 'close', u'x-openstack-request-id': 'req-73bd6f8b-dfc9-4f90-8756-05864ae29a41'} Body: {"NeutronError": {"message": "Network 99685179-f77f-40b6-9ce6-6db7e8ec3b34 could not be found.", "type": "NetworkNotFound", "detail": ""}} _log_request_full /root/.rally/verification/verifier-2a39b324-126c-42d6-8380-0c1e59a73f6b/repo/tempest/lib/common/rest_client.py:437
2019-03-28 09:41:03.431 8181 INFO tempest.lib.common.rest_client [req-51cb0517-b114-4fce-800d-47f2bae06f7c ] Request (TrunkTestJSON:_run_cleanups): 404 DELETE http://172.30.9.25:9696/v2.0/networks/22bd255e-654a-4a68-a260-49d2e4d9d6df 0.021s
2019-03-28 09:41:03.431 8181 DEBUG tempest.lib.common.rest_client [req-51cb0517-b114-4fce-800d-47f2bae06f7c ] Request - Headers: {'Content-Type': 'application/json', 'Accept': 'application/json', 'X-Auth-Token': ''} Body: None Response - Headers: {'status': '404', u'content-length': '138', 'content-location': 'http://172.30.9.25:9696/v2.0/networks/22bd255e-654a-4a68-a260-49d2e4d9d6df', u'date': 'Thu, 28 Mar 2019 09:41:03 GMT', u'content-type': 'application/json', u'connection': 'close', u'x-openstack-request-id': 'req-51cb0517-b114-4fce-800d-47f2bae06f7c'} Body: {"NeutronError": {"message": "Network 22bd255e-654a-4a68-a260-49d2e4d9d6df could not be found.", "type": "NetworkNotFound", "detail": ""}} _log_request_full /root/.rally/verification/verifier-2a39b324-126c-42d6-8380-0c1e59a73f6b/repo/tempest/lib/common/rest_client.py:437
2019-03-28 09:41:03.453 8177 INFO tempest.lib.common.rest_client [req-6154644c-470a-445d-ae92-6ed5c446c854 ] Request (TrunkTestJSON:_run_cleanups): 204 DELETE http://172.30.9.25:9696/v2.0/ports/9d6c67bd-42a9-4d29-953f-fb97e25fc9f6 0.703s
2019-03-28 09:41:03.453 8177 DEBUG tempest.lib.common.rest_client [req-6154644c-470a-445d-ae92-6ed5c446c854 ] Request - Headers: {'Content-Type': 'application/json', 'Accept': 'application/json', 'X-Auth-Token': ''} Body: None Response - Headers: {'status': '204', u'content-length': '0', 'content-location': 'http://172.30.9.25:9696/v2.0/ports/9d6c67bd-42a9-4d29-953f-fb97e25fc9f6', u'date': 'Thu, 28 Mar 2019 09:41:03 GMT', u'connection': 'close', u'x-openstack-request-id': 'req-6154644c-470a-445d-ae92-6ed5c446c854'} Body: _log_request_full /root/.rally/verification/verifier-2a39b324-126c-42d6-8380-0c1e59a73f6b/repo/tempest/lib/common/rest_client.py:437
2019-03-28 09:41:03.462 8181 INFO tempest.lib.common.rest_client [req-1bdbb390-1640-4cce-882a-3d86a4553565 ] Request (TrunkTestJSON:_run_cleanups): 404 DELETE http://172.30.9.25:9696/v2.0/networks/c16f812f-a877-41fa-a8ea-b2c42ce3d470 0.029s
2019-03-28 09:41:03.462 8181 DEBUG tempest.lib.common.rest_client [req-1bdbb390-1640-4cce-882a-3d86a4553565 ] Request - Headers: {'Content-Type': 'application/json', 'Accept': 'application/json', 'X-Auth-Token': ''} Body: None Response - Headers: {'status': '404', u'content-length': '138', 'content-location': 'http://172.30.9.25:9696/v2.0/networks/c16f812f-a877-41fa-a8ea-b2c42ce3d470', u'date': 'Thu, 28 Mar 2019 09:41:03 GMT', u'content-type': 'application/json', u'connection': 'close', u'x-openstack-request-id': 'req-1bdbb390-1640-4cce-882a-3d86a4553565'} Body: {"NeutronError": {"message": "Network c16f812f-a877-41fa-a8ea-b2c42ce3d470 could not be found.", "type": "NetworkNotFound", "detail": ""}} _log_request_full /root/.rally/verification/verifier-2a39b324-126c-42d6-8380-0c1e59a73f6b/repo/tempest/lib/common/rest_client.py:437
2019-03-28 09:41:03.488 8181 INFO tempest.lib.common.rest_client [req-5c413992-9beb-4f2f-9245-7ed41f029ab5 ] Request (TrunkTestJSON:_run_cleanups): 404 DELETE http://172.30.9.25:9696/v2.0/networks/4c2b413d-53f8-408b-b051-65f6328f3407 0.025s
2019-03-28 09:41:03.489 8181 DEBUG tempest.lib.common.rest_client [req-5c413992-9beb-4f2f-9245-7ed41f029ab5 ] Request - Headers: {'Content-Type': 'application/json', 'Accept': 'application/json', 'X-Auth-Token': ''} Body: None Response - Headers: {'status': '404', u'content-length': '138', 'content-location': 'http://172.30.9.25:9696/v2.0/networks/4c2b413d-53f8-408b-b051-65f6328f3407', u'date': 'Thu, 28 Mar 2019 09:41:03 GMT', u'content-type': 'application/json', u'connection': 'close', u'x-openstack-request-id': 'req-5c413992-9beb-4f2f-9245-7ed41f029ab5'} Body: {"NeutronError": {"message": "Network 4c2b413d-53f8-408b-b051-65f6328f3407 could not be found.", "type": "NetworkNotFound", "detail": ""}} _log_request_full /root/.rally/verification/verifier-2a39b324-126c-42d6-8380-0c1e59a73f6b/repo/tempest/lib/common/rest_client.py:437
2019-03-28 09:41:03.512 8181 INFO tempest.lib.common.rest_client [req-c0220591-2bc3-4e37-8124-d3f04eda318c ] Request (TrunkTestJSON:_run_cleanups): 404 DELETE http://172.30.9.25:9696/v2.0/networks/93d6c088-30a7-4a55-be6b-e3dcb90e13a5 0.022s
2019-03-28 09:41:03.512 8181 DEBUG tempest.lib.common.rest_client [req-c0220591-2bc3-4e37-8124-d3f04eda318c ] Request - Headers: {'Content-Type': 'application/json', 'Accept': 'application/json', 'X-Auth-Token': ''} Body: None Response - Headers: {'status': '404', u'content-length': '138', 'content-location': 'http://172.30.9.25:9696/v2.0/networks/93d6c088-30a7-4a55-be6b-e3dcb90e13a5', u'date': 'Thu, 28 Mar 2019 09:41:03 GMT', u'content-type': 'application/json', u'connection': 'close', u'x-openstack-request-id': 'req-c0220591-2bc3-4e37-8124-d3f04eda318c'} Body: {"NeutronError": {"message": "Network 93d6c088-30a7-4a55-be6b-e3dcb90e13a5 could not be found.", "type": "NetworkNotFound", "detail": ""}} _log_request_full /root/.rally/verification/verifier-2a39b324-126c-42d6-8380-0c1e59a73f6b/repo/tempest/lib/common/rest_client.py:437
2019-03-28 09:41:03.535 8181 INFO tempest.lib.common.rest_client [req-a416eae0-2a02-45ec-a2ca-4caf48356684 ] Request (TrunkTestJSON:_run_cleanups): 404 DELETE http://172.30.9.25:9696/v2.0/networks/dac22fea-b182-45c5-9493-2bc5fe271c85 0.022s
2019-03-28 09:41:03.535 8181 DEBUG tempest.lib.common.rest_client [req-a416eae0-2a02-45ec-a2ca-4caf48356684 ] Request - Headers: {'Content-Type': 'application/json', 'Accept': 'application/json', 'X-Auth-Token': ''} Body: None Response - Headers: {'status': '404', u'content-length': '138', 'content-location': 'http://172.30.9.25:9696/v2.0/networks/dac22fea-b182-45c5-9493-2bc5fe271c85', u'date': 'Thu, 28 Mar 2019 09:41:03 GMT', u'content-type': 'application/json', u'connection': 'close', u'x-openstack-request-id': 'req-a416eae0-2a02-45ec-a2ca-4caf48356684'} Body: {"NeutronError": {"message": "Network dac22fea-b182-45c5-9493-2bc5fe271c85 could not be found.", "type": "NetworkNotFound", "detail": ""}} _log_request_full /root/.rally/verification/verifier-2a39b324-126c-42d6-8380-0c1e59a73f6b/repo/tempest/lib/common/rest_client.py:437
2019-03-28 09:41:03.743 8181 INFO tempest.lib.common.rest_client [req-b0cf74f8-d6d9-4142-8813-8695ea0a133b ] Request (TrunkTestJSON:test_create_trunk_nonexistent_subport_port_id): 201 POST http://172.30.9.25:9696/v2.0/networks 0.206s
2019-03-28 09:41:03.744 8181 DEBUG tempest.lib.common.rest_client [req-b0cf74f8-d6d9-4142-8813-8695ea0a133b ] Request - Headers: {'Content-Type': 'application/json', 'Accept': 'application/json', 'X-Auth-Token': ''} Body: {"network": {"name": "tempest-test-network--1052322784"}} Response - Headers: {'status': '201', u'content-length': '610', 'content-location': 'http://172.30.9.25:9696/v2.0/networks', u'date': 'Thu, 28 Mar 2019 09:41:03 GMT', u'content-type': 'application/json', u'connection': 'close', u'x-openstack-request-id': 'req-b0cf74f8-d6d9-4142-8813-8695ea0a133b'} Body: {"network":{"ipv6_address_scope":null,"revision_number":2,"port_security_enabled":true,"id":"2b16ed21-a402-4270-9969-6992ceac9dba","router:external":false,"availability_zone_hints":[],"availability_zones":[],"ipv4_address_scope":null,"shared":false,"project_id":"6ac0a3c0f4c74b369626cad73166a7c1","l2_adjacency":true,"status":"ACTIVE","subnets":[],"description":"","tags":[],"updated_at":"2019-03-28T09:41:03Z","is_default":false,"name":"tempest-test-network--1052322784","qos_policy_id":null,"admin_state_up":true,"tenant_id":"6ac0a3c0f4c74b369626cad73166a7c1","created_at":"2019-03-28T09:41:03Z","mtu":1450}} _log_request_full /root/.rally/verification/verifier-2a39b324-126c-42d6-8380-0c1e59a73f6b/repo/tempest/lib/common/rest_client.py:437
2019-03-28 09:41:03.874 8177 INFO tempest.lib.common.rest_client [req-d4290e5b-4b0c-44cd-a30a-6f6246495225 ] Request (TrunkTestJSON:_run_cleanups): 204 DELETE http://172.30.9.25:9696/v2.0/ports/8c78f4b9-6339-4d26-bde6-7b2da720618b 0.420s
2019-03-28 09:41:03.874 8177 DEBUG tempest.lib.common.rest_client [req-d4290e5b-4b0c-44cd-a30a-6f6246495225 ] Request - Headers: {'Content-Type': 'application/json', 'Accept': 'application/json', 'X-Auth-Token': ''} Body: None Response - Headers: {'status': '204', u'content-length': '0', 'content-location': 'http://172.30.9.25:9696/v2.0/ports/8c78f4b9-6339-4d26-bde6-7b2da720618b', u'date': 'Thu, 28 Mar 2019 09:41:03 GMT', u'connection': 'close', u'x-openstack-request-id': 'req-d4290e5b-4b0c-44cd-a30a-6f6246495225'} Body: _log_request_full /root/.rally/verification/verifier-2a39b324-126c-42d6-8380-0c1e59a73f6b/repo/tempest/lib/common/rest_client.py:437
2019-03-28 09:41:03.897 8177 INFO tempest.lib.common.rest_client [req-5eee3305-c86c-495e-b34f-d4428b1b709b ] Request (TrunkTestJSON:_run_cleanups): 404 DELETE http://172.30.9.25:9696/v2.0/networks/2df78a02-5e34-405f-be99-617416056590 0.021s
2019-03-28 09:41:03.897 8177 DEBUG tempest.lib.common.rest_client [req-5eee3305-c86c-495e-b34f-d4428b1b709b ] Request - Headers: {'Content-Type': 'application/json', 'Accept': 'application/json', 'X-Auth-Token': ''} Body: None Response - Headers: {'status': '404', u'content-length': '138', 'content-location': 'http://172.30.9.25:9696/v2.0/networks/2df78a02-5e34-405f-be99-617416056590', u'date': 'Thu, 28 Mar 2019 09:41:03 GMT', u'content-type': 'application/json', u'connection': 'close', u'x-openstack-request-id': 'req-5eee3305-c86c-495e-b34f-d4428b1b709b'} Body: {"NeutronError": {"message": "Network 2df78a02-5e34-405f-be99-617416056590 could not be found.", "type": "NetworkNotFound", "detail": ""}} _log_request_full /root/.rally/verification/verifier-2a39b324-126c-42d6-8380-0c1e59a73f6b/repo/tempest/lib/common/rest_client.py:437
2019-03-28 09:41:03.918 8177 INFO tempest.lib.common.rest_client [req-48831f51-b096-46c2-b972-f8f84999491a ] Request (TrunkTestJSON:_run_cleanups): 404 DELETE http://172.30.9.25:9696/v2.0/networks/4a18da6b-aa27-4e2f-a77d-e8044fd4c32c 0.020s
2019-03-28 09:41:03.919 8177 DEBUG tempest.lib.common.rest_client [req-48831f51-b096-46c2-b972-f8f84999491a ] Request - Headers: {'Content-Type': 'application/json', 'Accept': 'application/json', 'X-Auth-Token': ''} Body: None Response - Headers: {'status': '404', u'content-length': '138', 'content-location': 'http://172.30.9.25:9696/v2.0/networks/4a18da6b-aa27-4e2f-a77d-e8044fd4c32c', u'date': 'Thu, 28 Mar 2019 09:41:03 GMT', u'content-type': 'application/json', u'connection': 'close', u'x-openstack-request-id': 'req-48831f51-b096-46c2-b972-f8f84999491a'} Body: {"NeutronError": {"message": "Network 4a18da6b-aa27-4e2f-a77d-e8044fd4c32c could not be found.", "type": "NetworkNotFound", "detail": ""}} _log_request_full /root/.rally/verification/verifier-2a39b324-126c-42d6-8380-0c1e59a73f6b/repo/tempest/lib/common/rest_client.py:437
2019-03-28 09:41:03.943 8177 INFO tempest.lib.common.rest_client [req-d15b3554-de54-4e63-b2df-e35fd1f94754 ] Request (TrunkTestJSON:_run_cleanups): 404 DELETE http://172.30.9.25:9696/v2.0/networks/604ef743-5459-4624-9f21-e149e0afa162 0.024s
2019-03-28 09:41:03.944 8177 DEBUG tempest.lib.common.rest_client [req-d15b3554-de54-4e63-b2df-e35fd1f94754 ] Request - Headers: {'Content-Type': 'application/json', 'Accept': 'application/json', 'X-Auth-Token': ''} Body: None Response - Headers: {'status': '404', u'content-length': '138', 'content-location': 'http://172.30.9.25:9696/v2.0/networks/604ef743-5459-4624-9f21-e149e0afa162', u'date': 'Thu, 28 Mar 2019 09:41:03 GMT', u'content-type': 'application/json', u'connection': 'close', u'x-openstack-request-id': 'req-d15b3554-de54-4e63-b2df-e35fd1f94754'} Body: {"NeutronError": {"message": "Network 604ef743-5459-4624-9f21-e149e0afa162 could not be found.", "type": "NetworkNotFound", "detail": ""}} _log_request_full /root/.rally/verification/verifier-2a39b324-126c-42d6-8380-0c1e59a73f6b/repo/tempest/lib/common/rest_client.py:437
2019-03-28 09:41:03.965 8177 INFO tempest.lib.common.rest_client [req-188382d9-2e01-477b-8a93-b2e773ea094e ] Request (TrunkTestJSON:_run_cleanups): 404 DELETE http://172.30.9.25:9696/v2.0/networks/3a257d49-9e72-493a-86b7-9224d2303491 0.020s
2019-03-28 09:41:03.965 8177 DEBUG tempest.lib.common.rest_client [req-188382d9-2e01-477b-8a93-b2e773ea094e ] Request - Headers: {'Content-Type': 'application/json', 'Accept': 'application/json', 'X-Auth-Token': ''} Body: None Response - Headers: {'status': '404', u'content-length': '138', 'content-location': 'http://172.30.9.25:9696/v2.0/networks/3a257d49-9e72-493a-86b7-9224d2303491', u'date': 'Thu, 28 Mar 2019 09:41:03 GMT', u'content-type': 'application/json', u'connection': 'close', u'x-openstack-request-id': 'req-188382d9-2e01-477b-8a93-b2e773ea094e'} Body: {"NeutronError": {"message": "Network 3a257d49-9e72-493a-86b7-9224d2303491 could not be found.", "type": "NetworkNotFound", "detail": ""}} _log_request_full /root/.rally/verification/verifier-2a39b324-126c-42d6-8380-0c1e59a73f6b/repo/tempest/lib/common/rest_client.py:437
2019-03-28 09:41:03.993 8177 INFO tempest.lib.common.rest_client [req-64e55f66-60c0-4f54-8fc4-858890422ac4 ] Request (TrunkTestJSON:_run_cleanups): 404 DELETE http://172.30.9.25:9696/v2.0/networks/7afb163c-b665-40ce-b357-822d70a9eda4 0.026s
2019-03-28 09:41:03.993 8177 DEBUG tempest.lib.common.rest_client [req-64e55f66-60c0-4f54-8fc4-858890422ac4 ] Request - Headers: {'Content-Type': 'application/json', 'Accept': 'application/json', 'X-Auth-Token': ''} Body: None Response - Headers: {'status': '404', u'content-length': '138', 'content-location': 'http://172.30.9.25:9696/v2.0/networks/7afb163c-b665-40ce-b357-822d70a9eda4', u'date': 'Thu, 28 Mar 2019 09:41:03 GMT', u'content-type': 'application/json', u'connection': 'close', u'x-openstack-request-id': 'req-64e55f66-60c0-4f54-8fc4-858890422ac4'} Body: {"NeutronError": {"message": "Network 7afb163c-b665-40ce-b357-822d70a9eda4 could not be found.", "type": "NetworkNotFound", "detail": ""}} _log_request_full /root/.rally/verification/verifier-2a39b324-126c-42d6-8380-0c1e59a73f6b/repo/tempest/lib/common/rest_client.py:437
2019-03-28 09:41:04.017 8177 INFO tempest.lib.common.rest_client [req-c23c597d-a328-4371-bb1f-4209e271f7cb ] Request (TrunkTestJSON:_run_cleanups): 404 DELETE http://172.30.9.25:9696/v2.0/networks/36e589ba-c144-49ef-959a-0af2d530dee2 0.022s
2019-03-28 09:41:04.017 8177 DEBUG tempest.lib.common.rest_client [req-c23c597d-a328-4371-bb1f-4209e271f7cb ] Request - Headers: {'Content-Type': 'application/json', 'Accept': 'application/json', 'X-Auth-Token': ''} Body: None Response - Headers: {'status': '404', u'content-length': '138', 'content-location': 'http://172.30.9.25:9696/v2.0/networks/36e589ba-c144-49ef-959a-0af2d530dee2', u'date': 'Thu, 28 Mar 2019 09:41:03 GMT', u'content-type': 'application/json', u'connection': 'close', u'x-openstack-request-id': 'req-c23c597d-a328-4371-bb1f-4209e271f7cb'} Body: {"NeutronError": {"message": "Network 36e589ba-c144-49ef-959a-0af2d530dee2 could not be found.", "type": "NetworkNotFound", "detail": ""}} _log_request_full /root/.rally/verification/verifier-2a39b324-126c-42d6-8380-0c1e59a73f6b/repo/tempest/lib/common/rest_client.py:437
2019-03-28 09:41:04.053 8177 INFO tempest.lib.common.rest_client [req-5282cd4c-6f68-48c9-a359-d961366ffad8 ] Request (TrunkTestJSON:_run_cleanups): 404 DELETE http://172.30.9.25:9696/v2.0/networks/09d448f6-49bf-4829-8d97-dc06945df5fb 0.035s
2019-03-28 09:41:04.053 8177 DEBUG tempest.lib.common.rest_client [req-5282cd4c-6f68-48c9-a359-d961366ffad8 ] Request - Headers: {'Content-Type': 'application/json', 'Accept': 'application/json', 'X-Auth-Token': ''} Body: None Response - Headers: {'status': '404', u'content-length': '138', 'content-location': 'http://172.30.9.25:9696/v2.0/networks/09d448f6-49bf-4829-8d97-dc06945df5fb', u'date': 'Thu, 28 Mar 2019 09:41:04 GMT', u'content-type': 'application/json', u'connection': 'close', u'x-openstack-request-id': 'req-5282cd4c-6f68-48c9-a359-d961366ffad8'} Body: {"NeutronError": {"message": "Network 09d448f6-49bf-4829-8d97-dc06945df5fb could not be found.", "type": "NetworkNotFound", "detail": ""}} _log_request_full /root/.rally/verification/verifier-2a39b324-126c-42d6-8380-0c1e59a73f6b/repo/tempest/lib/common/rest_client.py:437
2019-03-28 09:41:04.075 8177 INFO tempest.lib.common.rest_client [req-dac726ab-cc75-43f3-8d53-8833b00e79d2 ] Request (TrunkTestJSON:_run_cleanups): 404 DELETE http://172.30.9.25:9696/v2.0/networks/74d0301b-3920-496b-9389-eef2f779152e 0.021s
2019-03-28 09:41:04.076 8177 DEBUG tempest.lib.common.rest_client [req-dac726ab-cc75-43f3-8d53-8833b00e79d2 ] Request - Headers: {'Content-Type': 'application/json', 'Accept': 'application/json', 'X-Auth-Token': ''} Body: None Response - Headers: {'status': '404', u'content-length': '138', 'content-location': 'http://172.30.9.25:9696/v2.0/networks/74d0301b-3920-496b-9389-eef2f779152e', u'date': 'Thu, 28 Mar 2019 09:41:04 GMT', u'content-type': 'application/json', u'connection': 'close', u'x-openstack-request-id': 'req-dac726ab-cc75-43f3-8d53-8833b00e79d2'} Body: {"NeutronError": {"message": "Network 74d0301b-3920-496b-9389-eef2f779152e could not be found.", "type": "NetworkNotFound", "detail": ""}} _log_request_full /root/.rally/verification/verifier-2a39b324-126c-42d6-8380-0c1e59a73f6b/repo/tempest/lib/common/rest_client.py:437
2019-03-28 09:41:04.097 8177 INFO tempest.lib.common.rest_client [req-1b33dddb-8a6b-40cf-981a-2d80c5b0d5d8 ] Request (TrunkTestJSON:_run_cleanups): 404 DELETE http://172.30.9.25:9696/v2.0/networks/6815db3c-b9c9-458b-9213-d34a6a8972e6 0.020s
2019-03-28 09:41:04.097 8177 DEBUG tempest.lib.common.rest_client [req-1b33dddb-8a6b-40cf-981a-2d80c5b0d5d8 ] Request - Headers: {'Content-Type': 'application/json', 'Accept': 'application/json', 'X-Auth-Token': ''} Body: None Response - Headers: {'status': '404', u'content-length': '138', 'content-location': 'http://172.30.9.25:9696/v2.0/networks/6815db3c-b9c9-458b-9213-d34a6a8972e6', u'date': 'Thu, 28 Mar 2019 09:41:04 GMT', u'content-type': 'application/json', u'connection': 'close', u'x-openstack-request-id': 'req-1b33dddb-8a6b-40cf-981a-2d80c5b0d5d8'} Body: {"NeutronError": {"message": "Network 6815db3c-b9c9-458b-9213-d34a6a8972e6 could not be found.", "type": "NetworkNotFound", "detail": ""}} _log_request_full /root/.rally/verification/verifier-2a39b324-126c-42d6-8380-0c1e59a73f6b/repo/tempest/lib/common/rest_client.py:437
2019-03-28 09:41:04.130 8177 INFO tempest.lib.common.rest_client [req-8bdf424b-8bc6-4484-b413-0dda40dc0c3a ] Request (TrunkTestJSON:_run_cleanups): 404 DELETE http://172.30.9.25:9696/v2.0/networks/1d156152-d218-4b71-a67f-7fd505e1f5b8 0.031s
2019-03-28 09:41:04.130 8177 DEBUG tempest.lib.common.rest_client [req-8bdf424b-8bc6-4484-b413-0dda40dc0c3a ] Request - Headers: {'Content-Type': 'application/json', 'Accept': 'application/json', 'X-Auth-Token': ''} Body: None Response - Headers: {'status': '404', u'content-length': '138', 'content-location': 'http://172.30.9.25:9696/v2.0/networks/1d156152-d218-4b71-a67f-7fd505e1f5b8', u'date': 'Thu, 28 Mar 2019 09:41:04 GMT', u'content-type': 'application/json', u'connection': 'close', u'x-openstack-request-id': 'req-8bdf424b-8bc6-4484-b413-0dda40dc0c3a'} Body: {"NeutronError": {"message": "Network 1d156152-d218-4b71-a67f-7fd505e1f5b8 could not be found.", "type": "NetworkNotFound", "detail": ""}} _log_request_full /root/.rally/verification/verifier-2a39b324-126c-42d6-8380-0c1e59a73f6b/repo/tempest/lib/common/rest_client.py:437
2019-03-28 09:41:04.154 8177 INFO tempest.lib.common.rest_client [req-216813af-dca7-40e0-93e6-021007010c0e ] Request (TrunkTestJSON:_run_cleanups): 404 DELETE http://172.30.9.25:9696/v2.0/networks/ad137a0e-1e0b-498d-b99c-20ac1052c19c 0.023s
2019-03-28 09:41:04.154 8177 DEBUG tempest.lib.common.rest_client [req-216813af-dca7-40e0-93e6-021007010c0e ] Request - Headers: {'Content-Type': 'application/json', 'Accept': 'application/json', 'X-Auth-Token': ''} Body: None Response - Headers: {'status': '404', u'content-length': '138', 'content-location': 'http://172.30.9.25:9696/v2.0/networks/ad137a0e-1e0b-498d-b99c-20ac1052c19c', u'date': 'Thu, 28 Mar 2019 09:41:04 GMT', u'content-type': 'application/json', u'connection': 'close', u'x-openstack-request-id': 'req-216813af-dca7-40e0-93e6-021007010c0e'} Body: {"NeutronError": {"message": "Network ad137a0e-1e0b-498d-b99c-20ac1052c19c could not be found.", "type": "NetworkNotFound", "detail": ""}} _log_request_full /root/.rally/verification/verifier-2a39b324-126c-42d6-8380-0c1e59a73f6b/repo/tempest/lib/common/rest_client.py:437
2019-03-28 09:41:04.327 8178 INFO tempest.lib.common.rest_client [req-ba4483cc-b100-440b-bc80-bdd503806f48 ] Request (TrunkTest:test_trunk_subport_lifecycle): 200 GET http://172.30.9.25:9696/v2.0/ports/0920b8ee-c09e-464f-af9f-c8957b7afe50 0.044s
2019-03-28 09:41:04.328 8178 DEBUG tempest.lib.common.rest_client [req-ba4483cc-b100-440b-bc80-bdd503806f48 ] Request - Headers: {'Content-Type': 'application/json', 'Accept': 'application/json', 'X-Auth-Token': ''} Body: None Response - Headers: {'status': '200', u'content-length': '679', 'content-location': 'http://172.30.9.25:9696/v2.0/ports/0920b8ee-c09e-464f-af9f-c8957b7afe50', u'date': 'Thu, 28 Mar 2019 09:41:04 GMT', u'content-type': 'application/json', u'connection': 'close', u'x-openstack-request-id': 'req-ba4483cc-b100-440b-bc80-bdd503806f48'} Body: {"port":{"allowed_address_pairs":[],"extra_dhcp_opts":[],"updated_at":"2019-03-28T09:41:02Z","device_owner":"trunk:subport","revision_number":5,"port_security_enabled":true,"fixed_ips":[],"id":"0920b8ee-c09e-464f-af9f-c8957b7afe50","security_groups":["546d709c-d78b-4da3-9b58-0823a53afb57"],"mac_address":"fa:16:3e:b3:8e:57","device_id":"","status":"ACTIVE","description":"","tags":[],"name":"","project_id":"db0e74d64b4645b69475817faacf36a1","qos_policy_id":null,"admin_state_up":true,"network_id":"045d784f-f647-457a-8973-b53a59a99e71","tenant_id":"db0e74d64b4645b69475817faacf36a1","created_at":"2019-03-28T09:40:51Z","binding:vnic_type":"normal","ip_allocation":"immediate"}} _log_request_full /root/.rally/verification/verifier-2a39b324-126c-42d6-8380-0c1e59a73f6b/repo/tempest/lib/common/rest_client.py:437
2019-03-28 09:41:04.742 8181 INFO tempest.lib.common.rest_client [req-f0df9907-3541-4d71-b052-f9b43e72ba5f ] Request (TrunkTestJSON:test_create_trunk_nonexistent_subport_port_id): 201 POST http://172.30.9.25:9696/v2.0/ports 0.997s
