2019-03-25 10:15:01.277 12062 DEBUG tempest.lib.common.rest_client [req-20b2e908-459a-46e0-891f-85c4f6dedb88 ] Request - Headers: {'Content-Type': 'application/json', 'Accept': 'application/json', 'X-Auth-Token': ''} Body: None Response - Headers: {'status': '200', u'content-length': '1400', 'content-location': 'http://172.30.9.30:8774/v2.1/servers/0d7b5322-64db-4b30-ad94-0880085e73b1', u'x-compute-request-id': 'req-20b2e908-459a-46e0-891f-85c4f6dedb88', u'vary': 'OpenStack-API-Version,X-OpenStack-Nova-API-Version,Accept-Encoding', u'server': 'Apache', u'openstack-api-version': 'compute 2.1', u'connection': 'close', u'x-openstack-nova-api-version': '2.1', u'date': 'Mon, 25 Mar 2019 10:15:01 GMT', u'content-type': 'application/json', u'x-openstack-request-id': 'req-20b2e908-459a-46e0-891f-85c4f6dedb88'} Body: {"server": {"OS-EXT-STS:task_state": "spawning", "addresses": {}, "links": [{"href": "http://172.30.9.30:8774/v2.1/servers/0d7b5322-64db-4b30-ad94-0880085e73b1", "rel": "self"}, {"href": "http://172.30.9.30:8774/servers/0d7b5322-64db-4b30-ad94-0880085e73b1", "rel": "bookmark"}], "image": {"id": "eb018698-c42a-4d68-abff-d81833f24b6d", "links": [{"href": "http://172.30.9.30:8774/images/eb018698-c42a-4d68-abff-d81833f24b6d", "rel": "bookmark"}]}, "OS-EXT-STS:vm_state": "building", "OS-SRV-USG:launched_at": null, "flavor": {"id": "d1df2c0e-76b1-479e-a084-ac6b474adfc5", "links": [{"href": "http://172.30.9.30:8774/flavors/d1df2c0e-76b1-479e-a084-ac6b474adfc5", "rel": "bookmark"}]}, "id": "0d7b5322-64db-4b30-ad94-0880085e73b1", "security_groups": [{"name": "tempest-secgroup-1955443587"}], "user_id": "6eb4566f6b614f7fa16c2b4d4d51f2ef", "OS-DCF:diskConfig": "MANUAL", "accessIPv4": "", "accessIPv6": "", "progress": 0, "OS-EXT-STS:power_state": 0, "OS-EXT-AZ:availability_zone": "nova", "config_drive": "", "status": "BUILD", "updated": "2019-03-25T10:14:54Z", "hostId": "e6980d220e05507bb3e2c56037642fb846ce44f00f5134b94b2f1344", "OS-SRV-USG:terminated_at": null, "key_name": "tempest-keypair-test-923341388", "name": "tempest-server-test-1066699459", "created": "2019-03-25T10:14:50Z", "tenant_id": "c8482cf773de45608a6345dfd753ba15", "os-extended-volumes:volumes_attached": [], "metadata": {}}} _log_request_full /root/.rally/verification/verifier-911b72a8-ac8b-4542-9294-919949a759cc/repo/tempest/lib/common/rest_client.py:437
2019-03-25 10:15:01.498 12061 INFO tempest.lib.common.rest_client [req-e97fcce1-5c88-4cf0-9290-4d7fe9103500 ] Request (TrunkTestJSON:test_create_update_trunk_with_description): 201 POST http://172.30.9.30:9696/v2.0/trunks 0.501s
2019-03-25 10:15:01.499 12061 DEBUG tempest.lib.common.rest_client [req-e97fcce1-5c88-4cf0-9290-4d7fe9103500 ] Request - Headers: {'Content-Type': 'application/json', 'Accept': 'application/json', 'X-Auth-Token': ''} Body: {"trunk": {"port_id": "10f101e2-8803-442e-abe9-b9a8345b16d0", "description": "foo description"}} Response - Headers: {'status': '201', u'content-length': '422', 'content-location': 'http://172.30.9.30:9696/v2.0/trunks', u'date': 'Mon, 25 Mar 2019 10:15:01 GMT', u'content-type': 'application/json', u'connection': 'close', u'x-openstack-request-id': 'req-e97fcce1-5c88-4cf0-9290-4d7fe9103500'} Body: {"trunk": {"status": "DOWN", "sub_ports": [], "name": "", "admin_state_up": true, "tenant_id": "04cf1695f5bb40a3ba41726d0afb5773", "created_at": "2019-03-25T10:15:01Z", "tags": [], "updated_at": "2019-03-25T10:15:01Z", "revision_number": 0, "project_id": "04cf1695f5bb40a3ba41726d0afb5773", "port_id": "10f101e2-8803-442e-abe9-b9a8345b16d0", "id": "51cfa67c-f906-478e-8528-639118bbc5d6", "description": "foo description"}} _log_request_full /root/.rally/verification/verifier-911b72a8-ac8b-4542-9294-919949a759cc/repo/tempest/lib/common/rest_client.py:437
2019-03-25 10:15:01.586 12061 INFO tempest.lib.common.rest_client [req-883ed0cd-bf95-478a-8577-fb42211df1fd ] Request (TrunkTestJSON:test_create_update_trunk_with_description): 200 PUT http://172.30.9.30:9696/v2.0/trunks/51cfa67c-f906-478e-8528-639118bbc5d6 0.086s
2019-03-25 10:15:01.587 12061 DEBUG tempest.lib.common.rest_client [req-883ed0cd-bf95-478a-8577-fb42211df1fd ] Request - Headers: {'Content-Type': 'application/json', 'Accept': 'application/json', 'X-Auth-Token': ''} Body: {"trunk": {"description": ""}} Response - Headers: {'status': '200', u'content-length': '407', 'content-location': 'http://172.30.9.30:9696/v2.0/trunks/51cfa67c-f906-478e-8528-639118bbc5d6', u'date': 'Mon, 25 Mar 2019 10:15:01 GMT', u'content-type': 'application/json', u'connection': 'close', u'x-openstack-request-id': 'req-883ed0cd-bf95-478a-8577-fb42211df1fd'} Body: {"trunk": {"status": "DOWN", "sub_ports": [], "name": "", "admin_state_up": true, "tenant_id": "04cf1695f5bb40a3ba41726d0afb5773", "created_at": "2019-03-25T10:15:01Z", "tags": [], "updated_at": "2019-03-25T10:15:01Z", "revision_number": 0, "project_id": "04cf1695f5bb40a3ba41726d0afb5773", "port_id": "10f101e2-8803-442e-abe9-b9a8345b16d0", "id": "51cfa67c-f906-478e-8528-639118bbc5d6", "description": ""}} _log_request_full /root/.rally/verification/verifier-911b72a8-ac8b-4542-9294-919949a759cc/repo/tempest/lib/common/rest_client.py:437
2019-03-25 10:15:01.602 12061 INFO tempest.lib.common.rest_client [req-76f01bfa-0dc4-41cc-9f18-f47a519e8c5b ] Request (TrunkTestJSON:_run_cleanups): 404 GET http://172.30.9.30:9696/v2.0/trunks/36b36ff8-9d3e-4326-839a-eaf037e9cea1/get_subports 0.014s
2019-03-25 10:15:01.602 12061 DEBUG tempest.lib.common.rest_client [req-76f01bfa-0dc4-41cc-9f18-f47a519e8c5b ] Request - Headers: {'Content-Type': 'application/json', 'Accept': 'application/json', 'X-Auth-Token': ''} Body: None Response - Headers: {'status': '404', u'content-length': '134', 'content-location': 'http://172.30.9.30:9696/v2.0/trunks/36b36ff8-9d3e-4326-839a-eaf037e9cea1/get_subports', u'date': 'Mon, 25 Mar 2019 10:15:01 GMT', u'content-type': 'application/json', u'connection': 'close', u'x-openstack-request-id': 'req-76f01bfa-0dc4-41cc-9f18-f47a519e8c5b'} Body: {"NeutronError": {"message": "Trunk 36b36ff8-9d3e-4326-839a-eaf037e9cea1 could not be found.", "type": "TrunkNotFound", "detail": ""}} _log_request_full /root/.rally/verification/verifier-911b72a8-ac8b-4542-9294-919949a759cc/repo/tempest/lib/common/rest_client.py:437
2019-03-25 10:15:01.619 12061 INFO tempest.lib.common.rest_client [req-091e16ed-473b-474e-ab10-41fbf445f3fd ] Request (TrunkTestJSON:_run_cleanups): 404 DELETE http://172.30.9.30:9696/v2.0/trunks/36b36ff8-9d3e-4326-839a-eaf037e9cea1 0.015s
2019-03-25 10:15:01.619 12061 DEBUG tempest.lib.common.rest_client [req-091e16ed-473b-474e-ab10-41fbf445f3fd ] Request - Headers: {'Content-Type': 'application/json', 'Accept': 'application/json', 'X-Auth-Token': ''} Body: None Response - Headers: {'status': '404', u'content-length': '134', 'content-location': 'http://172.30.9.30:9696/v2.0/trunks/36b36ff8-9d3e-4326-839a-eaf037e9cea1', u'date': 'Mon, 25 Mar 2019 10:15:01 GMT', u'content-type': 'application/json', u'connection': 'close', u'x-openstack-request-id': 'req-091e16ed-473b-474e-ab10-41fbf445f3fd'} Body: {"NeutronError": {"message": "Trunk 36b36ff8-9d3e-4326-839a-eaf037e9cea1 could not be found.", "type": "TrunkNotFound", "detail": ""}} _log_request_full /root/.rally/verification/verifier-911b72a8-ac8b-4542-9294-919949a759cc/repo/tempest/lib/common/rest_client.py:437
2019-03-25 10:15:01.636 12061 INFO tempest.lib.common.rest_client [req-7fd8c421-e93e-4f34-9a5a-0ca55bcdce2f ] Request (TrunkTestJSON:_run_cleanups): 404 GET http://172.30.9.30:9696/v2.0/trunks/d3a41efa-fcd5-4404-a230-435b75ae9982/get_subports 0.016s
2019-03-25 10:15:01.637 12061 DEBUG tempest.lib.common.rest_client [req-7fd8c421-e93e-4f34-9a5a-0ca55bcdce2f ] Request - Headers: {'Content-Type': 'application/json', 'Accept': 'application/json', 'X-Auth-Token': ''} Body: None Response - Headers: {'status': '404', u'content-length': '134', 'content-location': 'http://172.30.9.30:9696/v2.0/trunks/d3a41efa-fcd5-4404-a230-435b75ae9982/get_subports', u'date': 'Mon, 25 Mar 2019 10:15:01 GMT', u'content-type': 'application/json', u'connection': 'close', u'x-openstack-request-id': 'req-7fd8c421-e93e-4f34-9a5a-0ca55bcdce2f'} Body: {"NeutronError": {"message": "Trunk d3a41efa-fcd5-4404-a230-435b75ae9982 could not be found.", "type": "TrunkNotFound", "detail": ""}} _log_request_full /root/.rally/verification/verifier-911b72a8-ac8b-4542-9294-919949a759cc/repo/tempest/lib/common/rest_client.py:437
2019-03-25 10:15:01.653 12061 INFO tempest.lib.common.rest_client [req-50f2c772-351b-49db-b10b-b1af7e1c81a3 ] Request (TrunkTestJSON:_run_cleanups): 404 DELETE http://172.30.9.30:9696/v2.0/trunks/d3a41efa-fcd5-4404-a230-435b75ae9982 0.016s
2019-03-25 10:15:01.654 12061 DEBUG tempest.lib.common.rest_client [req-50f2c772-351b-49db-b10b-b1af7e1c81a3 ] Request - Headers: {'Content-Type': 'application/json', 'Accept': 'application/json', 'X-Auth-Token': ''} Body: None Response - Headers: {'status': '404', u'content-length': '134', 'content-location': 'http://172.30.9.30:9696/v2.0/trunks/d3a41efa-fcd5-4404-a230-435b75ae9982', u'date': 'Mon, 25 Mar 2019 10:15:01 GMT', u'content-type': 'application/json', u'connection': 'close', u'x-openstack-request-id': 'req-50f2c772-351b-49db-b10b-b1af7e1c81a3'} Body: {"NeutronError": {"message": "Trunk d3a41efa-fcd5-4404-a230-435b75ae9982 could not be found.", "type": "TrunkNotFound", "detail": ""}} _log_request_full /root/.rally/verification/verifier-911b72a8-ac8b-4542-9294-919949a759cc/repo/tempest/lib/common/rest_client.py:437
2019-03-25 10:15:01.674 12061 INFO tempest.lib.common.rest_client [req-17abc610-622f-4035-b21e-3d7a91bcccb1 ] Request (TrunkTestJSON:_run_cleanups): 404 GET http://172.30.9.30:9696/v2.0/trunks/59c7b2eb-9d52-43dc-a79d-2ce7c937498a/get_subports 0.019s
2019-03-25 10:15:01.674 12061 DEBUG tempest.lib.common.rest_client [req-17abc610-622f-4035-b21e-3d7a91bcccb1 ] Request - Headers: {'Content-Type': 'application/json', 'Accept': 'application/json', 'X-Auth-Token': ''} Body: None Response - Headers: {'status': '404', u'content-length': '134', 'content-location': 'http://172.30.9.30:9696/v2.0/trunks/59c7b2eb-9d52-43dc-a79d-2ce7c937498a/get_subports', u'date': 'Mon, 25 Mar 2019 10:15:01 GMT', u'content-type': 'application/json', u'connection': 'close', u'x-openstack-request-id': 'req-17abc610-622f-4035-b21e-3d7a91bcccb1'} Body: {"NeutronError": {"message": "Trunk 59c7b2eb-9d52-43dc-a79d-2ce7c937498a could not be found.", "type": "TrunkNotFound", "detail": ""}} _log_request_full /root/.rally/verification/verifier-911b72a8-ac8b-4542-9294-919949a759cc/repo/tempest/lib/common/rest_client.py:437
2019-03-25 10:15:01.696 12061 INFO tempest.lib.common.rest_client [req-04c10684-f3f0-4867-84b2-ae2fee4147b6 ] Request (TrunkTestJSON:_run_cleanups): 404 DELETE http://172.30.9.30:9696/v2.0/trunks/59c7b2eb-9d52-43dc-a79d-2ce7c937498a 0.020s
2019-03-25 10:15:01.696 12061 DEBUG tempest.lib.common.rest_client [req-04c10684-f3f0-4867-84b2-ae2fee4147b6 ] Request - Headers: {'Content-Type': 'application/json', 'Accept': 'application/json', 'X-Auth-Token': ''} Body: None Response - Headers: {'status': '404', u'content-length': '134', 'content-location': 'http://172.30.9.30:9696/v2.0/trunks/59c7b2eb-9d52-43dc-a79d-2ce7c937498a', u'date': 'Mon, 25 Mar 2019 10:15:01 GMT', u'content-type': 'application/json', u'connection': 'close', u'x-openstack-request-id': 'req-04c10684-f3f0-4867-84b2-ae2fee4147b6'} Body: {"NeutronError": {"message": "Trunk 59c7b2eb-9d52-43dc-a79d-2ce7c937498a could not be found.", "type": "TrunkNotFound", "detail": ""}} _log_request_full /root/.rally/verification/verifier-911b72a8-ac8b-4542-9294-919949a759cc/repo/tempest/lib/common/rest_client.py:437
2019-03-25 10:15:01.728 12061 INFO tempest.lib.common.rest_client [req-460c56a4-441c-4c47-bf79-08c7f5220c92 ] Request (TrunkTestJSON:_run_cleanups): 404 GET http://172.30.9.30:9696/v2.0/trunks/34e311a1-6550-49e8-8bc9-3436bdc80491/get_subports 0.031s
2019-03-25 10:15:01.729 12061 DEBUG tempest.lib.common.rest_client [req-460c56a4-441c-4c47-bf79-08c7f5220c92 ] Request - Headers: {'Content-Type': 'application/json', 'Accept': 'application/json', 'X-Auth-Token': ''} Body: None Response - Headers: {'status': '404', u'content-length': '134', 'content-location': 'http://172.30.9.30:9696/v2.0/trunks/34e311a1-6550-49e8-8bc9-3436bdc80491/get_subports', u'date': 'Mon, 25 Mar 2019 10:15:01 GMT', u'content-type': 'application/json', u'connection': 'close', u'x-openstack-request-id': 'req-460c56a4-441c-4c47-bf79-08c7f5220c92'} Body: {"NeutronError": {"message": "Trunk 34e311a1-6550-49e8-8bc9-3436bdc80491 could not be found.", "type": "TrunkNotFound", "detail": ""}} _log_request_full /root/.rally/verification/verifier-911b72a8-ac8b-4542-9294-919949a759cc/repo/tempest/lib/common/rest_client.py:437
2019-03-25 10:15:01.744 12061 INFO tempest.lib.common.rest_client [req-a790a2d1-e6f5-4393-93d0-c06736b09272 ] Request (TrunkTestJSON:_run_cleanups): 404 DELETE http://172.30.9.30:9696/v2.0/trunks/34e311a1-6550-49e8-8bc9-3436bdc80491 0.015s
2019-03-25 10:15:01.745 12061 DEBUG tempest.lib.common.rest_client [req-a790a2d1-e6f5-4393-93d0-c06736b09272 ] Request - Headers: {'Content-Type': 'application/json', 'Accept': 'application/json', 'X-Auth-Token': ''} Body: None Response - Headers: {'status': '404', u'content-length': '134', 'content-location': 'http://172.30.9.30:9696/v2.0/trunks/34e311a1-6550-49e8-8bc9-3436bdc80491', u'date': 'Mon, 25 Mar 2019 10:15:01 GMT', u'content-type': 'application/json', u'connection': 'close', u'x-openstack-request-id': 'req-a790a2d1-e6f5-4393-93d0-c06736b09272'} Body: {"NeutronError": {"message": "Trunk 34e311a1-6550-49e8-8bc9-3436bdc80491 could not be found.", "type": "TrunkNotFound", "detail": ""}} _log_request_full /root/.rally/verification/verifier-911b72a8-ac8b-4542-9294-919949a759cc/repo/tempest/lib/common/rest_client.py:437
2019-03-25 10:15:01.760 12061 INFO tempest.lib.common.rest_client [req-3a9daab5-99e6-4786-b9d4-c2ab05c038af ] Request (TrunkTestJSON:_run_cleanups): 404 GET http://172.30.9.30:9696/v2.0/trunks/ff1507e4-568a-46cb-b9b2-49564952dbd8/get_subports 0.014s
2019-03-25 10:15:01.760 12061 DEBUG tempest.lib.common.rest_client [req-3a9daab5-99e6-4786-b9d4-c2ab05c038af ] Request - Headers: {'Content-Type': 'application/json', 'Accept': 'application/json', 'X-Auth-Token': ''} Body: None Response - Headers: {'status': '404', u'content-length': '134', 'content-location': 'http://172.30.9.30:9696/v2.0/trunks/ff1507e4-568a-46cb-b9b2-49564952dbd8/get_subports', u'date': 'Mon, 25 Mar 2019 10:15:01 GMT', u'content-type': 'application/json', u'connection': 'close', u'x-openstack-request-id': 'req-3a9daab5-99e6-4786-b9d4-c2ab05c038af'} Body: {"NeutronError": {"message": "Trunk ff1507e4-568a-46cb-b9b2-49564952dbd8 could not be found.", "type": "TrunkNotFound", "detail": ""}} _log_request_full /root/.rally/verification/verifier-911b72a8-ac8b-4542-9294-919949a759cc/repo/tempest/lib/common/rest_client.py:437
2019-03-25 10:15:01.775 12061 INFO tempest.lib.common.rest_client [req-331b5bd1-da62-43f7-b935-0752e1b1bca1 ] Request (TrunkTestJSON:_run_cleanups): 404 DELETE http://172.30.9.30:9696/v2.0/trunks/ff1507e4-568a-46cb-b9b2-49564952dbd8 0.014s
2019-03-25 10:15:01.776 12061 DEBUG tempest.lib.common.rest_client [req-331b5bd1-da62-43f7-b935-0752e1b1bca1 ] Request - Headers: {'Content-Type': 'application/json', 'Accept': 'application/json', 'X-Auth-Token': ''} Body: None Response - Headers: {'status': '404', u'content-length': '134', 'content-location': 'http://172.30.9.30:9696/v2.0/trunks/ff1507e4-568a-46cb-b9b2-49564952dbd8', u'date': 'Mon, 25 Mar 2019 10:15:01 GMT', u'content-type': 'application/json', u'connection': 'close', u'x-openstack-request-id': 'req-331b5bd1-da62-43f7-b935-0752e1b1bca1'} Body: {"NeutronError": {"message": "Trunk ff1507e4-568a-46cb-b9b2-49564952dbd8 could not be found.", "type": "TrunkNotFound", "detail": ""}} _log_request_full /root/.rally/verification/verifier-911b72a8-ac8b-4542-9294-919949a759cc/repo/tempest/lib/common/rest_client.py:437
2019-03-25 10:15:01.805 12065 INFO tempest.lib.common.rest_client [req-a2ede89e-451d-4256-bd83-44a98d3e3f22 ] Request (TrunkTestJSON:test_create_subport_missing_segmentation_id): 201 POST http://172.30.9.30:9696/v2.0/ports 0.861s
2019-03-25 10:15:01.805 12065 DEBUG tempest.lib.common.rest_client [req-a2ede89e-451d-4256-bd83-44a98d3e3f22 ] Request - Headers: {'Content-Type': 'application/json', 'Accept': 'application/json', 'X-Auth-Token': ''} Body: {"port": {"network_id": "1e5fac50-6fe2-40fb-b32a-313fc43dbbe6"}} Response - Headers: {'status': '201', u'content-length': '664', 'content-location': 'http://172.30.9.30:9696/v2.0/ports', u'date': 'Mon, 25 Mar 2019 10:15:01 GMT', u'content-type': 'application/json', u'connection': 'close', u'x-openstack-request-id': 'req-a2ede89e-451d-4256-bd83-44a98d3e3f22'} Body: {"port":{"allowed_address_pairs":[],"extra_dhcp_opts":[],"updated_at":"2019-03-25T10:15:01Z","device_owner":"","revision_number":2,"port_security_enabled":true,"fixed_ips":[],"id":"4c45ba61-8bc4-4533-bcfa-78722a3d0aea","security_groups":["d4192fcc-216b-4af0-b821-e1b744ef9c76"],"mac_address":"fa:16:3e:a1:87:ee","device_id":"","status":"DOWN","description":"","tags":[],"name":"","project_id":"d99419631aa64a62bafac4475337ec15","qos_policy_id":null,"admin_state_up":true,"network_id":"1e5fac50-6fe2-40fb-b32a-313fc43dbbe6","tenant_id":"d99419631aa64a62bafac4475337ec15","created_at":"2019-03-25T10:15:01Z","binding:vnic_type":"normal","ip_allocation":"immediate"}} _log_request_full /root/.rally/verification/verifier-911b72a8-ac8b-4542-9294-919949a759cc/repo/tempest/lib/common/rest_client.py:437
2019-03-25 10:15:01.808 12061 INFO tempest.lib.common.rest_client [req-d033687a-f8f7-4d7e-8275-1f227e92613f ] Request (TrunkTestJSON:_run_cleanups): 200 GET http://172.30.9.30:9696/v2.0/trunks/51cfa67c-f906-478e-8528-639118bbc5d6/get_subports 0.032s
2019-03-25 10:15:01.809 12061 DEBUG tempest.lib.common.rest_client [req-d033687a-f8f7-4d7e-8275-1f227e92613f ] Request - Headers: {'Content-Type': 'application/json', 'Accept': 'application/json', 'X-Auth-Token': ''} Body: None Response - Headers: {'status': '200', u'content-length': '17', 'content-location': 'http://172.30.9.30:9696/v2.0/trunks/51cfa67c-f906-478e-8528-639118bbc5d6/get_subports', u'date': 'Mon, 25 Mar 2019 10:15:01 GMT', u'content-type': 'application/json', u'connection': 'close', u'x-openstack-request-id': 'req-d033687a-f8f7-4d7e-8275-1f227e92613f'} Body: {"sub_ports": []} _log_request_full /root/.rally/verification/verifier-911b72a8-ac8b-4542-9294-919949a759cc/repo/tempest/lib/common/rest_client.py:437
2019-03-25 10:15:01.842 12065 INFO tempest.lib.common.rest_client [req-663b5c70-ed40-4ba4-869e-85036305043a ] Request (TrunkTestJSON:test_create_subport_missing_segmentation_id): 400 PUT http://172.30.9.30:9696/v2.0/trunks/84451cd5-2449-4122-8e11-3901ab0b2c56/add_subports 0.035s
2019-03-25 10:15:01.842 12065 DEBUG tempest.lib.common.rest_client [req-663b5c70-ed40-4ba4-869e-85036305043a ] Request - Headers: {'Content-Type': 'application/json', 'Accept': 'application/json', 'X-Auth-Token': ''} Body: {"sub_ports": [{"segmentation_type": "vlan", "port_id": "4c45ba61-8bc4-4533-bcfa-78722a3d0aea"}]} Response - Headers: {'status': '400', u'content-length': '302', 'content-location': 'http://172.30.9.30:9696/v2.0/trunks/84451cd5-2449-4122-8e11-3901ab0b2c56/add_subports', u'date': 'Mon, 25 Mar 2019 10:15:01 GMT', u'content-type': 'application/json', u'connection': 'close', u'x-openstack-request-id': 'req-663b5c70-ed40-4ba4-869e-85036305043a'} Body: {"NeutronError": {"message": "Invalid input for operation: Invalid subport details '{u'segmentation_type': u'vlan', u'port_id': u'4c45ba61-8bc4-4533-bcfa-78722a3d0aea'}': missing segmentation information. Must specify both segmentation_id and segmentation_type.", "type": "InvalidInput", "detail": ""}} _log_request_full /root/.rally/verification/verifier-911b72a8-ac8b-4542-9294-919949a759cc/repo/tempest/lib/common/rest_client.py:437
2019-03-25 10:15:01.857 12065 INFO tempest.lib.common.rest_client [req-c81171af-e1ef-4f53-96e9-645d93692f3e ] Request (TrunkTestJSON:_run_cleanups): 404 GET http://172.30.9.30:9696/v2.0/trunks/56c07d1d-603d-4597-a085-7dfc69df5297/get_subports 0.013s
2019-03-25 10:15:01.857 12065 DEBUG tempest.lib.common.rest_client [req-c81171af-e1ef-4f53-96e9-645d93692f3e ] Request - Headers: {'Content-Type': 'application/json', 'Accept': 'application/json', 'X-Auth-Token': ''} Body: None Response - Headers: {'status': '404', u'content-length': '134', 'content-location': 'http://172.30.9.30:9696/v2.0/trunks/56c07d1d-603d-4597-a085-7dfc69df5297/get_subports', u'date': 'Mon, 25 Mar 2019 10:15:01 GMT', u'content-type': 'application/json', u'connection': 'close', u'x-openstack-request-id': 'req-c81171af-e1ef-4f53-96e9-645d93692f3e'} Body: {"NeutronError": {"message": "Trunk 56c07d1d-603d-4597-a085-7dfc69df5297 could not be found.", "type": "TrunkNotFound", "detail": ""}} _log_request_full /root/.rally/verification/verifier-911b72a8-ac8b-4542-9294-919949a759cc/repo/tempest/lib/common/rest_client.py:437
2019-03-25 10:15:01.873 12065 INFO tempest.lib.common.rest_client [req-d2a4116e-7f75-44f4-b31c-708440aef940 ] Request (TrunkTestJSON:_run_cleanups): 404 DELETE http://172.30.9.30:9696/v2.0/trunks/56c07d1d-603d-4597-a085-7dfc69df5297 0.015s
2019-03-25 10:15:01.873 12065 DEBUG tempest.lib.common.rest_client [req-d2a4116e-7f75-44f4-b31c-708440aef940 ] Request - Headers: {'Content-Type': 'application/json', 'Accept': 'application/json', 'X-Auth-Token': ''} Body: None Response - Headers: {'status': '404', u'content-length': '134', 'content-location': 'http://172.30.9.30:9696/v2.0/trunks/56c07d1d-603d-4597-a085-7dfc69df5297', u'date': 'Mon, 25 Mar 2019 10:15:01 GMT', u'content-type': 'application/json', u'connection': 'close', u'x-openstack-request-id': 'req-d2a4116e-7f75-44f4-b31c-708440aef940'} Body: {"NeutronError": {"message": "Trunk 56c07d1d-603d-4597-a085-7dfc69df5297 could not be found.", "type": "TrunkNotFound", "detail": ""}} _log_request_full /root/.rally/verification/verifier-911b72a8-ac8b-4542-9294-919949a759cc/repo/tempest/lib/common/rest_client.py:437
2019-03-25 10:15:01.885 12061 INFO tempest.lib.common.rest_client [req-fb8ffb0a-91d7-4b8f-86ff-dddefec61bec ] Request (TrunkTestJSON:_run_cleanups): 200 PUT http://172.30.9.30:9696/v2.0/trunks/51cfa67c-f906-478e-8528-639118bbc5d6/remove_subports 0.075s
2019-03-25 10:15:01.885 12061 DEBUG tempest.lib.common.rest_client [req-fb8ffb0a-91d7-4b8f-86ff-dddefec61bec ] Request - Headers: {'Content-Type': 'application/json', 'Accept': 'application/json', 'X-Auth-Token': ''} Body: {"sub_ports": []} Response - Headers: {'status': '200', u'content-length': '396', 'content-location': 'http://172.30.9.30:9696/v2.0/trunks/51cfa67c-f906-478e-8528-639118bbc5d6/remove_subports', u'date': 'Mon, 25 Mar 2019 10:15:01 GMT', u'content-type': 'application/json', u'connection': 'close', u'x-openstack-request-id': 'req-fb8ffb0a-91d7-4b8f-86ff-dddefec61bec'} Body: {"status": "DOWN", "sub_ports": [], "name": "", "admin_state_up": true, "tenant_id": "04cf1695f5bb40a3ba41726d0afb5773", "created_at": "2019-03-25T10:15:01Z", "tags": [], "updated_at": "2019-03-25T10:15:01Z", "revision_number": 1, "project_id": "04cf1695f5bb40a3ba41726d0afb5773", "port_id": "10f101e2-8803-442e-abe9-b9a8345b16d0", "id": "51cfa67c-f906-478e-8528-639118bbc5d6", "description": ""} _log_request_full /root/.rally/verification/verifier-911b72a8-ac8b-4542-9294-919949a759cc/repo/tempest/lib/common/rest_client.py:437
2019-03-25 10:15:01.887 12065 INFO tempest.lib.common.rest_client [req-6c79070c-5e76-4436-ac2f-c1a78008e6f0 ] Request (TrunkTestJSON:_run_cleanups): 404 GET http://172.30.9.30:9696/v2.0/trunks/4290d3be-fe9d-44d5-87d3-74fbe211e8c5/get_subports 0.013s
2019-03-25 10:15:01.888 12065 DEBUG tempest.lib.common.rest_client [req-6c79070c-5e76-4436-ac2f-c1a78008e6f0 ] Request - Headers: {'Content-Type': 'application/json', 'Accept': 'application/json', 'X-Auth-Token': ''} Body: None Response - Headers: {'status': '404', u'content-length': '134', 'content-location': 'http://172.30.9.30:9696/v2.0/trunks/4290d3be-fe9d-44d5-87d3-74fbe211e8c5/get_subports', u'date': 'Mon, 25 Mar 2019 10:15:01 GMT', u'content-type': 'application/json', u'connection': 'close', u'x-openstack-request-id': 'req-6c79070c-5e76-4436-ac2f-c1a78008e6f0'} Body: {"NeutronError": {"message": "Trunk 4290d3be-fe9d-44d5-87d3-74fbe211e8c5 could not be found.", "type": "TrunkNotFound", "detail": ""}} _log_request_full /root/.rally/verification/verifier-911b72a8-ac8b-4542-9294-919949a759cc/repo/tempest/lib/common/rest_client.py:437
2019-03-25 10:15:01.921 12065 INFO tempest.lib.common.rest_client [req-b6818208-d843-4c7a-86da-5ca536e613f9 ] Request (TrunkTestJSON:_run_cleanups): 404 DELETE http://172.30.9.30:9696/v2.0/trunks/4290d3be-fe9d-44d5-87d3-74fbe211e8c5 0.032s
2019-03-25 10:15:01.921 12065 DEBUG tempest.lib.common.rest_client [req-b6818208-d843-4c7a-86da-5ca536e613f9 ] Request - Headers: {'Content-Type': 'application/json', 'Accept': 'application/json', 'X-Auth-Token': ''} Body: None Response - Headers: {'status': '404', u'content-length': '134', 'content-location': 'http://172.30.9.30:9696/v2.0/trunks/4290d3be-fe9d-44d5-87d3-74fbe211e8c5', u'date': 'Mon, 25 Mar 2019 10:15:01 GMT', u'content-type': 'application/json', u'connection': 'close', u'x-openstack-request-id': 'req-b6818208-d843-4c7a-86da-5ca536e613f9'} Body: {"NeutronError": {"message": "Trunk 4290d3be-fe9d-44d5-87d3-74fbe211e8c5 could not be found.", "type": "TrunkNotFound", "detail": ""}} _log_request_full /root/.rally/verification/verifier-911b72a8-ac8b-4542-9294-919949a759cc/repo/tempest/lib/common/rest_client.py:437
2019-03-25 10:15:01.938 12065 INFO tempest.lib.common.rest_client [req-22026103-aa40-4137-b2a7-8f9f38e58102 ] Request (TrunkTestJSON:_run_cleanups): 404 GET http://172.30.9.30:9696/v2.0/trunks/ac13a0c3-1083-40a2-92ee-321b23cd8d52/get_subports 0.016s
2019-03-25 10:15:01.939 12065 DEBUG tempest.lib.common.rest_client [req-22026103-aa40-4137-b2a7-8f9f38e58102 ] Request - Headers: {'Content-Type': 'application/json', 'Accept': 'application/json', 'X-Auth-Token': ''} Body: None Response - Headers: {'status': '404', u'content-length': '134', 'content-location': 'http://172.30.9.30:9696/v2.0/trunks/ac13a0c3-1083-40a2-92ee-321b23cd8d52/get_subports', u'date': 'Mon, 25 Mar 2019 10:15:01 GMT', u'content-type': 'application/json', u'connection': 'close', u'x-openstack-request-id': 'req-22026103-aa40-4137-b2a7-8f9f38e58102'} Body: {"NeutronError": {"message": "Trunk ac13a0c3-1083-40a2-92ee-321b23cd8d52 could not be found.", "type": "TrunkNotFound", "detail": ""}} _log_request_full /root/.rally/verification/verifier-911b72a8-ac8b-4542-9294-919949a759cc/repo/tempest/lib/common/rest_client.py:437
2019-03-25 10:15:01.963 12065 INFO tempest.lib.common.rest_client [req-a7f0ca94-d8e5-4b2d-a06f-e0a88885bf53 ] Request (TrunkTestJSON:_run_cleanups): 404 DELETE http://172.30.9.30:9696/v2.0/trunks/ac13a0c3-1083-40a2-92ee-321b23cd8d52 0.023s
2019-03-25 10:15:01.963 12065 DEBUG tempest.lib.common.rest_client [req-a7f0ca94-d8e5-4b2d-a06f-e0a88885bf53 ] Request - Headers: {'Content-Type': 'application/json', 'Accept': 'application/json', 'X-Auth-Token': ''} Body: None Response - Headers: {'status': '404', u'content-length': '134', 'content-location': 'http://172.30.9.30:9696/v2.0/trunks/ac13a0c3-1083-40a2-92ee-321b23cd8d52', u'date': 'Mon, 25 Mar 2019 10:15:01 GMT', u'content-type': 'application/json', u'connection': 'close', u'x-openstack-request-id': 'req-a7f0ca94-d8e5-4b2d-a06f-e0a88885bf53'} Body: {"NeutronError": {"message": "Trunk ac13a0c3-1083-40a2-92ee-321b23cd8d52 could not be found.", "type": "TrunkNotFound", "detail": ""}} _log_request_full /root/.rally/verification/verifier-911b72a8-ac8b-4542-9294-919949a759cc/repo/tempest/lib/common/rest_client.py:437
2019-03-25 10:15:01.994 12065 INFO tempest.lib.common.rest_client [req-3b292caf-8997-445f-bc89-e5f813f3393a ] Request (TrunkTestJSON:_run_cleanups): 404 GET http://172.30.9.30:9696/v2.0/trunks/8149778c-1e70-4c48-80c5-cd0ed09d13df/get_subports 0.030s
2019-03-25 10:15:01.995 12065 DEBUG tempest.lib.common.rest_client [req-3b292caf-8997-445f-bc89-e5f813f3393a ] Request - Headers: {'Content-Type': 'application/json', 'Accept': 'application/json', 'X-Auth-Token': ''} Body: None Response - Headers: {'status': '404', u'content-length': '134', 'content-location': 'http://172.30.9.30:9696/v2.0/trunks/8149778c-1e70-4c48-80c5-cd0ed09d13df/get_subports', u'date': 'Mon, 25 Mar 2019 10:15:01 GMT', u'content-type': 'application/json', u'connection': 'close', u'x-openstack-request-id': 'req-3b292caf-8997-445f-bc89-e5f813f3393a'} Body: {"NeutronError": {"message": "Trunk 8149778c-1e70-4c48-80c5-cd0ed09d13df could not be found.", "type": "TrunkNotFound", "detail": ""}} _log_request_full /root/.rally/verification/verifier-911b72a8-ac8b-4542-9294-919949a759cc/repo/tempest/lib/common/rest_client.py:437
2019-03-25 10:15:02.012 12065 INFO tempest.lib.common.rest_client [req-d228a66c-a6e5-460d-86ec-842b1138e8fc ] Request (TrunkTestJSON:_run_cleanups): 404 DELETE http://172.30.9.30:9696/v2.0/trunks/8149778c-1e70-4c48-80c5-cd0ed09d13df 0.016s
2019-03-25 10:15:02.012 12065 DEBUG tempest.lib.common.rest_client [req-d228a66c-a6e5-460d-86ec-842b1138e8fc ] Request - Headers: {'Content-Type': 'application/json', 'Accept': 'application/json', 'X-Auth-Token': ''} Body: None Response - Headers: {'status': '404', u'content-length': '134', 'content-location': 'http://172.30.9.30:9696/v2.0/trunks/8149778c-1e70-4c48-80c5-cd0ed09d13df', u'date': 'Mon, 25 Mar 2019 10:15:02 GMT', u'content-type': 'application/json', u'connection': 'close', u'x-openstack-request-id': 'req-d228a66c-a6e5-460d-86ec-842b1138e8fc'} Body: {"NeutronError": {"message": "Trunk 8149778c-1e70-4c48-80c5-cd0ed09d13df could not be found.", "type": "TrunkNotFound", "detail": ""}} _log_request_full /root/.rally/verification/verifier-911b72a8-ac8b-4542-9294-919949a759cc/repo/tempest/lib/common/rest_client.py:437
2019-03-25 10:15:02.029 12061 INFO tempest.lib.common.rest_client [req-778a8b50-372c-40ce-bb99-6a2ef7655cd1 ] Request (TrunkTestJSON:_run_cleanups): 204 DELETE http://172.30.9.30:9696/v2.0/trunks/51cfa67c-f906-478e-8528-639118bbc5d6 0.142s
2019-03-25 10:15:02.029 12061 DEBUG tempest.lib.common.rest_client [req-778a8b50-372c-40ce-bb99-6a2ef7655cd1 ] Request - Headers: {'Content-Type': 'application/json', 'Accept': 'application/json', 'X-Auth-Token': ''} Body: None Response - Headers: {'status': '204', u'content-length': '0', 'content-location': 'http://172.30.9.30:9696/v2.0/trunks/51cfa67c-f906-478e-8528-639118bbc5d6', u'date': 'Mon, 25 Mar 2019 10:15:02 GMT', u'connection': 'close', u'x-openstack-request-id': 'req-778a8b50-372c-40ce-bb99-6a2ef7655cd1'} Body: _log_request_full /root/.rally/verification/verifier-911b72a8-ac8b-4542-9294-919949a759cc/repo/tempest/lib/common/rest_client.py:437
2019-03-25 10:15:02.043 12065 INFO tempest.lib.common.rest_client [req-1ff99f43-ad8e-4c3b-8d1e-c23b32b8a79a ] Request (TrunkTestJSON:_run_cleanups): 200 GET http://172.30.9.30:9696/v2.0/trunks/84451cd5-2449-4122-8e11-3901ab0b2c56/get_subports 0.030s
2019-03-25 10:15:02.043 12065 DEBUG tempest.lib.common.rest_client [req-1ff99f43-ad8e-4c3b-8d1e-c23b32b8a79a ] Request - Headers: {'Content-Type': 'application/json', 'Accept': 'application/json', 'X-Auth-Token': ''} Body: None Response - Headers: {'status': '200', u'content-length': '17', 'content-location': 'http://172.30.9.30:9696/v2.0/trunks/84451cd5-2449-4122-8e11-3901ab0b2c56/get_subports', u'date': 'Mon, 25 Mar 2019 10:15:02 GMT', u'content-type': 'application/json', u'connection': 'close', u'x-openstack-request-id': 'req-1ff99f43-ad8e-4c3b-8d1e-c23b32b8a79a'} Body: {"sub_ports": []} _log_request_full /root/.rally/verification/verifier-911b72a8-ac8b-4542-9294-919949a759cc/repo/tempest/lib/common/rest_client.py:437
2019-03-25 10:15:02.047 12061 INFO tempest.lib.common.rest_client [req-83a83d22-0a15-46e0-bf89-d25c0032bafa ] Request (TrunkTestJSON:_run_cleanups): 404 GET http://172.30.9.30:9696/v2.0/trunks/36b36ff8-9d3e-4326-839a-eaf037e9cea1 0.017s
2019-03-25 10:15:02.047 12061 DEBUG tempest.lib.common.rest_client [req-83a83d22-0a15-46e0-bf89-d25c0032bafa ] Request - Headers: {'Content-Type': 'application/json', 'Accept': 'application/json', 'X-Auth-Token': ''} Body: None Response - Headers: {'status': '404', u'content-length': '134', 'content-location': 'http://172.30.9.30:9696/v2.0/trunks/36b36ff8-9d3e-4326-839a-eaf037e9cea1', u'date': 'Mon, 25 Mar 2019 10:15:02 GMT', u'content-type': 'application/json', u'connection': 'close', u'x-openstack-request-id': 'req-83a83d22-0a15-46e0-bf89-d25c0032bafa'} Body: {"NeutronError": {"message": "Trunk 36b36ff8-9d3e-4326-839a-eaf037e9cea1 could not be found.", "type": "TrunkNotFound", "detail": ""}} _log_request_full /root/.rally/verification/verifier-911b72a8-ac8b-4542-9294-919949a759cc/repo/tempest/lib/common/rest_client.py:437
2019-03-25 10:15:02.065 12061 INFO tempest.lib.common.rest_client [req-cfd290f7-edfb-4540-8b74-d164fb31ff2b ] Request (TrunkTestJSON:_run_cleanups): 404 GET http://172.30.9.30:9696/v2.0/trunks/d3a41efa-fcd5-4404-a230-435b75ae9982 0.017s
2019-03-25 10:15:02.065 12061 DEBUG tempest.lib.common.rest_client [req-cfd290f7-edfb-4540-8b74-d164fb31ff2b ] Request - Headers: {'Content-Type': 'application/json', 'Accept': 'application/json', 'X-Auth-Token': ''} Body: None Response - Headers: {'status': '404', u'content-length': '134', 'content-location': 'http://172.30.9.30:9696/v2.0/trunks/d3a41efa-fcd5-4404-a230-435b75ae9982', u'date': 'Mon, 25 Mar 2019 10:15:02 GMT', u'content-type': 'application/json', u'connection': 'close', u'x-openstack-request-id': 'req-cfd290f7-edfb-4540-8b74-d164fb31ff2b'} Body: {"NeutronError": {"message": "Trunk d3a41efa-fcd5-4404-a230-435b75ae9982 could not be found.", "type": "TrunkNotFound", "detail": ""}} _log_request_full /root/.rally/verification/verifier-911b72a8-ac8b-4542-9294-919949a759cc/repo/tempest/lib/common/rest_client.py:437
2019-03-25 10:15:02.081 12061 INFO tempest.lib.common.rest_client [req-877bed3f-f316-4906-97e8-27dabb8e0f29 ] Request (TrunkTestJSON:_run_cleanups): 404 GET http://172.30.9.30:9696/v2.0/trunks/59c7b2eb-9d52-43dc-a79d-2ce7c937498a 0.014s
2019-03-25 10:15:02.081 12061 DEBUG tempest.lib.common.rest_client [req-877bed3f-f316-4906-97e8-27dabb8e0f29 ] Request - Headers: {'Content-Type': 'application/json', 'Accept': 'application/json', 'X-Auth-Token': ''} Body: None Response - Headers: {'status': '404', u'content-length': '134', 'content-location': 'http://172.30.9.30:9696/v2.0/trunks/59c7b2eb-9d52-43dc-a79d-2ce7c937498a', u'date': 'Mon, 25 Mar 2019 10:15:02 GMT', u'content-type': 'application/json', u'connection': 'close', u'x-openstack-request-id': 'req-877bed3f-f316-4906-97e8-27dabb8e0f29'} Body: {"NeutronError": {"message": "Trunk 59c7b2eb-9d52-43dc-a79d-2ce7c937498a could not be found.", "type": "TrunkNotFound", "detail": ""}} _log_request_full /root/.rally/verification/verifier-911b72a8-ac8b-4542-9294-919949a759cc/repo/tempest/lib/common/rest_client.py:437
2019-03-25 10:15:02.096 12061 INFO tempest.lib.common.rest_client [req-020be128-ad25-4fa0-855c-e92f14036fe5 ] Request (TrunkTestJSON:_run_cleanups): 404 GET http://172.30.9.30:9696/v2.0/trunks/34e311a1-6550-49e8-8bc9-3436bdc80491 0.015s
2019-03-25 10:15:02.097 12061 DEBUG tempest.lib.common.rest_client [req-020be128-ad25-4fa0-855c-e92f14036fe5 ] Request - Headers: {'Content-Type': 'application/json', 'Accept': 'application/json', 'X-Auth-Token': ''} Body: None Response - Headers: {'status': '404', u'content-length': '134', 'content-location': 'http://172.30.9.30:9696/v2.0/trunks/34e311a1-6550-49e8-8bc9-3436bdc80491', u'date': 'Mon, 25 Mar 2019 10:15:02 GMT', u'content-type': 'application/json', u'connection': 'close', u'x-openstack-request-id': 'req-020be128-ad25-4fa0-855c-e92f14036fe5'} Body: {"NeutronError": {"message": "Trunk 34e311a1-6550-49e8-8bc9-3436bdc80491 could not be found.", "type": "TrunkNotFound", "detail": ""}} _log_request_full /root/.rally/verification/verifier-911b72a8-ac8b-4542-9294-919949a759cc/repo/tempest/lib/common/rest_client.py:437
2019-03-25 10:15:02.098 12065 INFO tempest.lib.common.rest_client [req-60f47d7a-36be-4ac6-bc5a-e4545beaa974 ] Request (TrunkTestJSON:_run_cleanups): 200 PUT http://172.30.9.30:9696/v2.0/trunks/84451cd5-2449-4122-8e11-3901ab0b2c56/remove_subports 0.054s
2019-03-25 10:15:02.098 12065 DEBUG tempest.lib.common.rest_client [req-60f47d7a-36be-4ac6-bc5a-e4545beaa974 ] Request - Headers: {'Content-Type': 'application/json', 'Accept': 'application/json', 'X-Auth-Token': ''} Body: {"sub_ports": []} Response - Headers: {'status': '200', u'content-length': '396', 'content-location': 'http://172.30.9.30:9696/v2.0/trunks/84451cd5-2449-4122-8e11-3901ab0b2c56/remove_subports', u'date': 'Mon, 25 Mar 2019 10:15:02 GMT', u'content-type': 'application/json', u'connection': 'close', u'x-openstack-request-id': 'req-60f47d7a-36be-4ac6-bc5a-e4545beaa974'} Body: {"status": "DOWN", "sub_ports": [], "name": "", "admin_state_up": true, "tenant_id": "d99419631aa64a62bafac4475337ec15", "created_at": "2019-03-25T10:15:00Z", "tags": [], "updated_at": "2019-03-25T10:15:02Z", "revision_number": 1, "project_id": "d99419631aa64a62bafac4475337ec15", "port_id": "40d29557-ba34-4335-b275-0739be55a2c9", "id": "84451cd5-2449-4122-8e11-3901ab0b2c56", "description": ""} _log_request_full /root/.rally/verification/verifier-911b72a8-ac8b-4542-9294-919949a759cc/repo/tempest/lib/common/rest_client.py:437
2019-03-25 10:15:02.113 12061 INFO tempest.lib.common.rest_client [req-a1f64c3a-99c2-4c06-8fae-4fc001a3cb46 ] Request (TrunkTestJSON:_run_cleanups): 404 GET http://172.30.9.30:9696/v2.0/trunks/ff1507e4-568a-46cb-b9b2-49564952dbd8 0.015s
2019-03-25 10:15:02.113 12061 DEBUG tempest.lib.common.rest_client [req-a1f64c3a-99c2-4c06-8fae-4fc001a3cb46 ] Request - Headers: {'Content-Type': 'application/json', 'Accept': 'application/json', 'X-Auth-Token': ''} Body: None Response - Headers: {'status': '404', u'content-length': '134', 'content-location': 'http://172.30.9.30:9696/v2.0/trunks/ff1507e4-568a-46cb-b9b2-49564952dbd8', u'date': 'Mon, 25 Mar 2019 10:15:02 GMT', u'content-type': 'application/json', u'connection': 'close', u'x-openstack-request-id': 'req-a1f64c3a-99c2-4c06-8fae-4fc001a3cb46'} Body: {"NeutronError": {"message": "Trunk ff1507e4-568a-46cb-b9b2-49564952dbd8 could not be found.", "type": "TrunkNotFound", "detail": ""}} _log_request_full /root/.rally/verification/verifier-911b72a8-ac8b-4542-9294-919949a759cc/repo/tempest/lib/common/rest_client.py:437
2019-03-25 10:15:02.130 12061 INFO tempest.lib.common.rest_client [req-eb0cae67-0aa1-46aa-ad54-47fb6d8993fa ] Request (TrunkTestJSON:_run_cleanups): 404 GET http://172.30.9.30:9696/v2.0/trunks/51cfa67c-f906-478e-8528-639118bbc5d6 0.015s
2019-03-25 10:15:02.130 12061 DEBUG tempest.lib.common.rest_client [req-eb0cae67-0aa1-46aa-ad54-47fb6d8993fa ] Request - Headers: {'Content-Type': 'application/json', 'Accept': 'application/json', 'X-Auth-Token': ''} Body: None Response - Headers: {'status': '404', u'content-length': '134', 'content-location': 'http://172.30.9.30:9696/v2.0/trunks/51cfa67c-f906-478e-8528-639118bbc5d6', u'date': 'Mon, 25 Mar 2019 10:15:02 GMT', u'content-type': 'application/json', u'connection': 'close', u'x-openstack-request-id': 'req-eb0cae67-0aa1-46aa-ad54-47fb6d8993fa'} Body: {"NeutronError": {"message": "Trunk 51cfa67c-f906-478e-8528-639118bbc5d6 could not be found.", "type": "TrunkNotFound", "detail": ""}} _log_request_full /root/.rally/verification/verifier-911b72a8-ac8b-4542-9294-919949a759cc/repo/tempest/lib/common/rest_client.py:437
2019-03-25 10:15:02.171 12061 INFO tempest.lib.common.rest_client [req-f99a55d7-d33f-4086-8299-11a01f7cb554 ] Request (TrunkTestJSON:_run_cleanups): 404 DELETE http://172.30.9.30:9696/v2.0/ports/89f25b9c-63c9-4f5e-b03c-252f22213883 0.040s
2019-03-25 10:15:02.171 12061 DEBUG tempest.lib.common.rest_client [req-f99a55d7-d33f-4086-8299-11a01f7cb554 ] Request - Headers: {'Content-Type': 'application/json', 'Accept': 'application/json', 'X-Auth-Token': ''} Body: None Response - Headers: {'status': '404', u'content-length': '132', 'content-location': 'http://172.30.9.30:9696/v2.0/ports/89f25b9c-63c9-4f5e-b03c-252f22213883', u'date': 'Mon, 25 Mar 2019 10:15:02 GMT', u'content-type': 'application/json', u'connection': 'close', u'x-openstack-request-id': 'req-f99a55d7-d33f-4086-8299-11a01f7cb554'} Body: {"NeutronError": {"message": "Port 89f25b9c-63c9-4f5e-b03c-252f22213883 could not be found.", "type": "PortNotFound", "detail": ""}} _log_request_full /root/.rally/verification/verifier-911b72a8-ac8b-4542-9294-919949a759cc/repo/tempest/lib/common/rest_client.py:437
2019-03-25 10:15:02.204 12061 INFO tempest.lib.common.rest_client [req-a0ea67b6-67b5-473e-8304-68ae4e519deb ] Request (TrunkTestJSON:_run_cleanups): 404 DELETE http://172.30.9.30:9696/v2.0/ports/393cb65f-7819-4ad6-b2e9-2ef66ccfa7d7 0.032s
2019-03-25 10:15:02.205 12061 DEBUG tempest.lib.common.rest_client [req-a0ea67b6-67b5-473e-8304-68ae4e519deb ] Request - Headers: {'Content-Type': 'application/json', 'Accept': 'application/json', 'X-Auth-Token': ''} Body: None Response - Headers: {'status': '404', u'content-length': '132', 'content-location': 'http://172.30.9.30:9696/v2.0/ports/393cb65f-7819-4ad6-b2e9-2ef66ccfa7d7', u'date': 'Mon, 25 Mar 2019 10:15:02 GMT', u'content-type': 'application/json', u'connection': 'close', u'x-openstack-request-id': 'req-a0ea67b6-67b5-473e-8304-68ae4e519deb'} Body: {"NeutronError": {"message": "Port 393cb65f-7819-4ad6-b2e9-2ef66ccfa7d7 could not be found.", "type": "PortNotFound", "detail": ""}} _log_request_full /root/.rally/verification/verifier-911b72a8-ac8b-4542-9294-919949a759cc/repo/tempest/lib/common/rest_client.py:437
2019-03-25 10:15:02.240 12061 INFO tempest.lib.common.rest_client [req-d9f232a0-3113-45c0-8d81-71d091e0364a ] Request (TrunkTestJSON:_run_cleanups): 404 DELETE http://172.30.9.30:9696/v2.0/ports/06bd8905-bdef-4c1f-a1a9-4d55525082db 0.035s
2019-03-25 10:15:02.241 12061 DEBUG tempest.lib.common.rest_client [req-d9f232a0-3113-45c0-8d81-71d091e0364a ] Request - Headers: {'Content-Type': 'application/json', 'Accept': 'application/json', 'X-Auth-Token': ''} Body: None Response - Headers: {'status': '404', u'content-length': '132', 'content-location': 'http://172.30.9.30:9696/v2.0/ports/06bd8905-bdef-4c1f-a1a9-4d55525082db', u'date': 'Mon, 25 Mar 2019 10:15:02 GMT', u'content-type': 'application/json', u'connection': 'close', u'x-openstack-request-id': 'req-d9f232a0-3113-45c0-8d81-71d091e0364a'} Body: {"NeutronError": {"message": "Port 06bd8905-bdef-4c1f-a1a9-4d55525082db could not be found.", "type": "PortNotFound", "detail": ""}} _log_request_full /root/.rally/verification/verifier-911b72a8-ac8b-4542-9294-919949a759cc/repo/tempest/lib/common/rest_client.py:437
2019-03-25 10:15:02.279 12065 INFO tempest.lib.common.rest_client [req-42faaf0b-d461-4674-990d-afb05ffa3b42 ] Request (TrunkTestJSON:_run_cleanups): 204 DELETE http://172.30.9.30:9696/v2.0/trunks/84451cd5-2449-4122-8e11-3901ab0b2c56 0.179s
2019-03-25 10:15:02.279 12065 DEBUG tempest.lib.common.rest_client [req-42faaf0b-d461-4674-990d-afb05ffa3b42 ] Request - Headers: {'Content-Type': 'application/json', 'Accept': 'application/json', 'X-Auth-Token': ''} Body: None Response - Headers: {'status': '204', u'content-length': '0', 'content-location': 'http://172.30.9.30:9696/v2.0/trunks/84451cd5-2449-4122-8e11-3901ab0b2c56', u'date': 'Mon, 25 Mar 2019 10:15:02 GMT', u'connection': 'close', u'x-openstack-request-id': 'req-42faaf0b-d461-4674-990d-afb05ffa3b42'} Body: _log_request_full /root/.rally/verification/verifier-911b72a8-ac8b-4542-9294-919949a759cc/repo/tempest/lib/common/rest_client.py:437
2019-03-25 10:15:02.279 12061 INFO tempest.lib.common.rest_client [req-1fbfe5e6-1716-421c-bfcf-1cf96fb038d1 ] Request (TrunkTestJSON:_run_cleanups): 404 DELETE http://172.30.9.30:9696/v2.0/ports/d8f0f10e-d64f-4533-b09f-c40412bef79e 0.037s
2019-03-25 10:15:02.280 12061 DEBUG tempest.lib.common.rest_client [req-1fbfe5e6-1716-421c-bfcf-1cf96fb038d1 ] Request - Headers: {'Content-Type': 'application/json', 'Accept': 'application/json', 'X-Auth-Token': ''} Body: None Response - Headers: {'status': '404', u'content-length': '132', 'content-location': 'http://172.30.9.30:9696/v2.0/ports/d8f0f10e-d64f-4533-b09f-c40412bef79e', u'date': 'Mon, 25 Mar 2019 10:15:02 GMT', u'content-type': 'application/json', u'connection': 'close', u'x-openstack-request-id': 'req-1fbfe5e6-1716-421c-bfcf-1cf96fb038d1'} Body: {"NeutronError": {"message": "Port d8f0f10e-d64f-4533-b09f-c40412bef79e could not be found.", "type": "PortNotFound", "detail": ""}} _log_request_full /root/.rally/verification/verifier-911b72a8-ac8b-4542-9294-919949a759cc/repo/tempest/lib/common/rest_client.py:437
2019-03-25 10:15:02.295 12065 INFO tempest.lib.common.rest_client [req-82126dd0-3388-4817-b696-4799e56323ac ] Request (TrunkTestJSON:_run_cleanups): 404 GET http://172.30.9.30:9696/v2.0/trunks/56c07d1d-603d-4597-a085-7dfc69df5297 0.014s
2019-03-25 10:15:02.295 12065 DEBUG tempest.lib.common.rest_client [req-82126dd0-3388-4817-b696-4799e56323ac ] Request - Headers: {'Content-Type': 'application/json', 'Accept': 'application/json', 'X-Auth-Token': ''} Body: None Response - Headers: {'status': '404', u'content-length': '134', 'content-location': 'http://172.30.9.30:9696/v2.0/trunks/56c07d1d-603d-4597-a085-7dfc69df5297', u'date': 'Mon, 25 Mar 2019 10:15:02 GMT', u'content-type': 'application/json', u'connection': 'close', u'x-openstack-request-id': 'req-82126dd0-3388-4817-b696-4799e56323ac'} Body: {"NeutronError": {"message": "Trunk 56c07d1d-603d-4597-a085-7dfc69df5297 could not be found.", "type": "TrunkNotFound", "detail": ""}} _log_request_full /root/.rally/verification/verifier-911b72a8-ac8b-4542-9294-919949a759cc/repo/tempest/lib/common/rest_client.py:437
2019-03-25 10:15:02.310 12065 INFO tempest.lib.common.rest_client [req-f10ca089-98c1-4dd8-8f39-b8cee50eb893 ] Request (TrunkTestJSON:_run_cleanups): 404 GET http://172.30.9.30:9696/v2.0/trunks/4290d3be-fe9d-44d5-87d3-74fbe211e8c5 0.014s
2019-03-25 10:15:02.311 12065 DEBUG tempest.lib.common.rest_client [req-f10ca089-98c1-4dd8-8f39-b8cee50eb893 ] Request - Headers: {'Content-Type': 'application/json', 'Accept': 'application/json', 'X-Auth-Token': ''} Body: None Response - Headers: {'status': '404', u'content-length': '134', 'content-location': 'http://172.30.9.30:9696/v2.0/trunks/4290d3be-fe9d-44d5-87d3-74fbe211e8c5', u'date': 'Mon, 25 Mar 2019 10:15:02 GMT', u'content-type': 'application/json', u'connection': 'close', u'x-openstack-request-id': 'req-f10ca089-98c1-4dd8-8f39-b8cee50eb893'} Body: {"NeutronError": {"message": "Trunk 4290d3be-fe9d-44d5-87d3-74fbe211e8c5 could not be found.", "type": "TrunkNotFound", "detail": ""}} _log_request_full /root/.rally/verification/verifier-911b72a8-ac8b-4542-9294-919949a759cc/repo/tempest/lib/common/rest_client.py:437
2019-03-25 10:15:02.319 12061 INFO tempest.lib.common.rest_client [req-dbe791ad-5f4d-48ab-acaa-e54632bb8e7b ] Request (TrunkTestJSON:_run_cleanups): 404 DELETE http://172.30.9.30:9696/v2.0/ports/fefa330f-e497-4f82-9663-9db024db4c32 0.038s
2019-03-25 10:15:02.319 12061 DEBUG tempest.lib.common.rest_client [req-dbe791ad-5f4d-48ab-acaa-e54632bb8e7b ] Request - Headers: {'Content-Type': 'application/json', 'Accept': 'application/json', 'X-Auth-Token': ''} Body: None Response - Headers: {'status': '404', u'content-length': '132', 'content-location': 'http://172.30.9.30:9696/v2.0/ports/fefa330f-e497-4f82-9663-9db024db4c32', u'date': 'Mon, 25 Mar 2019 10:15:02 GMT', u'content-type': 'application/json', u'connection': 'close', u'x-openstack-request-id': 'req-dbe791ad-5f4d-48ab-acaa-e54632bb8e7b'} Body: {"NeutronError": {"message": "Port fefa330f-e497-4f82-9663-9db024db4c32 could not be found.", "type": "PortNotFound", "detail": ""}} _log_request_full /root/.rally/verification/verifier-911b72a8-ac8b-4542-9294-919949a759cc/repo/tempest/lib/common/rest_client.py:437
2019-03-25 10:15:02.326 12065 INFO tempest.lib.common.rest_client [req-b8829dbb-018f-4be8-adbc-380f32bf38c1 ] Request (TrunkTestJSON:_run_cleanups): 404 GET http://172.30.9.30:9696/v2.0/trunks/ac13a0c3-1083-40a2-92ee-321b23cd8d52 0.014s
2019-03-25 10:15:02.326 12065 DEBUG tempest.lib.common.rest_client [req-b8829dbb-018f-4be8-adbc-380f32bf38c1 ] Request - Headers: {'Content-Type': 'application/json', 'Accept': 'application/json', 'X-Auth-Token': ''} Body: None Response - Headers: {'status': '404', u'content-length': '134', 'content-location': 'http://172.30.9.30:9696/v2.0/trunks/ac13a0c3-1083-40a2-92ee-321b23cd8d52', u'date': 'Mon, 25 Mar 2019 10:15:02 GMT', u'content-type': 'application/json', u'connection': 'close', u'x-openstack-request-id': 'req-b8829dbb-018f-4be8-adbc-380f32bf38c1'} Body: {"NeutronError": {"message": "Trunk ac13a0c3-1083-40a2-92ee-321b23cd8d52 could not be found.", "type": "TrunkNotFound", "detail": ""}} _log_request_full /root/.rally/verification/verifier-911b72a8-ac8b-4542-9294-919949a759cc/repo/tempest/lib/common/rest_client.py:437
2019-03-25 10:15:02.344 12065 INFO tempest.lib.common.rest_client [req-4b6acb33-ecd3-4aed-9a8f-34f35bc95eef ] Request (TrunkTestJSON:_run_cleanups): 404 GET http://172.30.9.30:9696/v2.0/trunks/8149778c-1e70-4c48-80c5-cd0ed09d13df 0.017s
