2019-03-25 10:15:08.311 12065 INFO tempest.lib.common.rest_client [req-962c5896-abed-4cdc-8c28-1d11782efe44 ] Request (TrunkTestJSON:_run_cleanups): 404 DELETE http://172.30.9.30:9696/v2.0/ports/d146783d-b111-4a6a-b35d-15af865a8d09 0.033s
2019-03-25 10:15:08.312 12065 DEBUG tempest.lib.common.rest_client [req-962c5896-abed-4cdc-8c28-1d11782efe44 ] Request - Headers: {'Content-Type': 'application/json', 'Accept': 'application/json', 'X-Auth-Token': ''} Body: None Response - Headers: {'status': '404', u'content-length': '132', 'content-location': 'http://172.30.9.30:9696/v2.0/ports/d146783d-b111-4a6a-b35d-15af865a8d09', u'date': 'Mon, 25 Mar 2019 10:15:08 GMT', u'content-type': 'application/json', u'connection': 'close', u'x-openstack-request-id': 'req-962c5896-abed-4cdc-8c28-1d11782efe44'} Body: {"NeutronError": {"message": "Port d146783d-b111-4a6a-b35d-15af865a8d09 could not be found.", "type": "PortNotFound", "detail": ""}} _log_request_full /root/.rally/verification/verifier-911b72a8-ac8b-4542-9294-919949a759cc/repo/tempest/lib/common/rest_client.py:437
2019-03-25 10:15:08.350 12065 INFO tempest.lib.common.rest_client [req-1dda324d-d5c4-4013-9fb1-a0888a0bdbf0 ] Request (TrunkTestJSON:_run_cleanups): 404 DELETE http://172.30.9.30:9696/v2.0/ports/9aab6568-c498-41c5-941d-ac7b8bb37b29 0.037s
2019-03-25 10:15:08.351 12065 DEBUG tempest.lib.common.rest_client [req-1dda324d-d5c4-4013-9fb1-a0888a0bdbf0 ] Request - Headers: {'Content-Type': 'application/json', 'Accept': 'application/json', 'X-Auth-Token': ''} Body: None Response - Headers: {'status': '404', u'content-length': '132', 'content-location': 'http://172.30.9.30:9696/v2.0/ports/9aab6568-c498-41c5-941d-ac7b8bb37b29', u'date': 'Mon, 25 Mar 2019 10:15:08 GMT', u'content-type': 'application/json', u'connection': 'close', u'x-openstack-request-id': 'req-1dda324d-d5c4-4013-9fb1-a0888a0bdbf0'} Body: {"NeutronError": {"message": "Port 9aab6568-c498-41c5-941d-ac7b8bb37b29 could not be found.", "type": "PortNotFound", "detail": ""}} _log_request_full /root/.rally/verification/verifier-911b72a8-ac8b-4542-9294-919949a759cc/repo/tempest/lib/common/rest_client.py:437
2019-03-25 10:15:08.383 12065 INFO tempest.lib.common.rest_client [req-60ef302a-b27c-4eb0-abf1-6015f1be284f ] Request (TrunkTestJSON:_run_cleanups): 404 DELETE http://172.30.9.30:9696/v2.0/ports/c03317c1-151f-42dd-bfe9-335bfe659220 0.031s
2019-03-25 10:15:08.383 12065 DEBUG tempest.lib.common.rest_client [req-60ef302a-b27c-4eb0-abf1-6015f1be284f ] Request - Headers: {'Content-Type': 'application/json', 'Accept': 'application/json', 'X-Auth-Token': ''} Body: None Response - Headers: {'status': '404', u'content-length': '132', 'content-location': 'http://172.30.9.30:9696/v2.0/ports/c03317c1-151f-42dd-bfe9-335bfe659220', u'date': 'Mon, 25 Mar 2019 10:15:08 GMT', u'content-type': 'application/json', u'connection': 'close', u'x-openstack-request-id': 'req-60ef302a-b27c-4eb0-abf1-6015f1be284f'} Body: {"NeutronError": {"message": "Port c03317c1-151f-42dd-bfe9-335bfe659220 could not be found.", "type": "PortNotFound", "detail": ""}} _log_request_full /root/.rally/verification/verifier-911b72a8-ac8b-4542-9294-919949a759cc/repo/tempest/lib/common/rest_client.py:437
2019-03-25 10:15:08.396 12061 INFO tempest.lib.common.rest_client [req-4d277d16-0044-4538-a10a-669b79d2773a ] Request (TrunkTestJSON:_run_cleanups): 204 DELETE http://172.30.9.30:9696/v2.0/ports/92000a1d-d5eb-4a79-bf43-53f62ea01749 0.447s
2019-03-25 10:15:08.396 12061 DEBUG tempest.lib.common.rest_client [req-4d277d16-0044-4538-a10a-669b79d2773a ] Request - Headers: {'Content-Type': 'application/json', 'Accept': 'application/json', 'X-Auth-Token': ''} Body: None Response - Headers: {'status': '204', u'content-length': '0', 'content-location': 'http://172.30.9.30:9696/v2.0/ports/92000a1d-d5eb-4a79-bf43-53f62ea01749', u'date': 'Mon, 25 Mar 2019 10:15:08 GMT', u'connection': 'close', u'x-openstack-request-id': 'req-4d277d16-0044-4538-a10a-669b79d2773a'} Body: _log_request_full /root/.rally/verification/verifier-911b72a8-ac8b-4542-9294-919949a759cc/repo/tempest/lib/common/rest_client.py:437
2019-03-25 10:15:08.419 12061 INFO tempest.lib.common.rest_client [req-29f4bf6b-4713-49b8-b5b2-fb87992872de ] Request (TrunkTestJSON:_run_cleanups): 404 DELETE http://172.30.9.30:9696/v2.0/networks/56188d60-00ab-44bc-8192-027136997add 0.022s
2019-03-25 10:15:08.420 12061 DEBUG tempest.lib.common.rest_client [req-29f4bf6b-4713-49b8-b5b2-fb87992872de ] Request - Headers: {'Content-Type': 'application/json', 'Accept': 'application/json', 'X-Auth-Token': ''} Body: None Response - Headers: {'status': '404', u'content-length': '138', 'content-location': 'http://172.30.9.30:9696/v2.0/networks/56188d60-00ab-44bc-8192-027136997add', u'date': 'Mon, 25 Mar 2019 10:15:08 GMT', u'content-type': 'application/json', u'connection': 'close', u'x-openstack-request-id': 'req-29f4bf6b-4713-49b8-b5b2-fb87992872de'} Body: {"NeutronError": {"message": "Network 56188d60-00ab-44bc-8192-027136997add could not be found.", "type": "NetworkNotFound", "detail": ""}} _log_request_full /root/.rally/verification/verifier-911b72a8-ac8b-4542-9294-919949a759cc/repo/tempest/lib/common/rest_client.py:437
2019-03-25 10:15:08.420 12065 INFO tempest.lib.common.rest_client [req-da2f5fcc-1f72-4c8b-bd1b-4efceba4c1b2 ] Request (TrunkTestJSON:_run_cleanups): 404 DELETE http://172.30.9.30:9696/v2.0/ports/40d29557-ba34-4335-b275-0739be55a2c9 0.036s
2019-03-25 10:15:08.420 12065 DEBUG tempest.lib.common.rest_client [req-da2f5fcc-1f72-4c8b-bd1b-4efceba4c1b2 ] Request - Headers: {'Content-Type': 'application/json', 'Accept': 'application/json', 'X-Auth-Token': ''} Body: None Response - Headers: {'status': '404', u'content-length': '132', 'content-location': 'http://172.30.9.30:9696/v2.0/ports/40d29557-ba34-4335-b275-0739be55a2c9', u'date': 'Mon, 25 Mar 2019 10:15:08 GMT', u'content-type': 'application/json', u'connection': 'close', u'x-openstack-request-id': 'req-da2f5fcc-1f72-4c8b-bd1b-4efceba4c1b2'} Body: {"NeutronError": {"message": "Port 40d29557-ba34-4335-b275-0739be55a2c9 could not be found.", "type": "PortNotFound", "detail": ""}} _log_request_full /root/.rally/verification/verifier-911b72a8-ac8b-4542-9294-919949a759cc/repo/tempest/lib/common/rest_client.py:437
2019-03-25 10:15:08.444 12061 INFO tempest.lib.common.rest_client [req-193a4824-186d-421e-818a-8377d96a84b6 ] Request (TrunkTestJSON:_run_cleanups): 404 DELETE http://172.30.9.30:9696/v2.0/networks/fa8e9d10-72bc-4723-87ef-09cd636e0be3 0.024s
2019-03-25 10:15:08.445 12061 DEBUG tempest.lib.common.rest_client [req-193a4824-186d-421e-818a-8377d96a84b6 ] Request - Headers: {'Content-Type': 'application/json', 'Accept': 'application/json', 'X-Auth-Token': ''} Body: None Response - Headers: {'status': '404', u'content-length': '138', 'content-location': 'http://172.30.9.30:9696/v2.0/networks/fa8e9d10-72bc-4723-87ef-09cd636e0be3', u'date': 'Mon, 25 Mar 2019 10:15:08 GMT', u'content-type': 'application/json', u'connection': 'close', u'x-openstack-request-id': 'req-193a4824-186d-421e-818a-8377d96a84b6'} Body: {"NeutronError": {"message": "Network fa8e9d10-72bc-4723-87ef-09cd636e0be3 could not be found.", "type": "NetworkNotFound", "detail": ""}} _log_request_full /root/.rally/verification/verifier-911b72a8-ac8b-4542-9294-919949a759cc/repo/tempest/lib/common/rest_client.py:437
2019-03-25 10:15:08.468 12061 INFO tempest.lib.common.rest_client [req-b08753dc-34e6-4a1a-8f19-eafafc4130c1 ] Request (TrunkTestJSON:_run_cleanups): 404 DELETE http://172.30.9.30:9696/v2.0/networks/c09a8b81-c293-4860-bf10-039e113c97e1 0.022s
2019-03-25 10:15:08.468 12061 DEBUG tempest.lib.common.rest_client [req-b08753dc-34e6-4a1a-8f19-eafafc4130c1 ] Request - Headers: {'Content-Type': 'application/json', 'Accept': 'application/json', 'X-Auth-Token': ''} Body: None Response - Headers: {'status': '404', u'content-length': '138', 'content-location': 'http://172.30.9.30:9696/v2.0/networks/c09a8b81-c293-4860-bf10-039e113c97e1', u'date': 'Mon, 25 Mar 2019 10:15:08 GMT', u'content-type': 'application/json', u'connection': 'close', u'x-openstack-request-id': 'req-b08753dc-34e6-4a1a-8f19-eafafc4130c1'} Body: {"NeutronError": {"message": "Network c09a8b81-c293-4860-bf10-039e113c97e1 could not be found.", "type": "NetworkNotFound", "detail": ""}} _log_request_full /root/.rally/verification/verifier-911b72a8-ac8b-4542-9294-919949a759cc/repo/tempest/lib/common/rest_client.py:437
2019-03-25 10:15:08.490 12061 INFO tempest.lib.common.rest_client [req-6d2b1418-655c-4002-9837-1e109b52d73f ] Request (TrunkTestJSON:_run_cleanups): 404 DELETE http://172.30.9.30:9696/v2.0/networks/a9cbb531-ce4c-41b8-8854-4460942516bc 0.021s
2019-03-25 10:15:08.491 12061 DEBUG tempest.lib.common.rest_client [req-6d2b1418-655c-4002-9837-1e109b52d73f ] Request - Headers: {'Content-Type': 'application/json', 'Accept': 'application/json', 'X-Auth-Token': ''} Body: None Response - Headers: {'status': '404', u'content-length': '138', 'content-location': 'http://172.30.9.30:9696/v2.0/networks/a9cbb531-ce4c-41b8-8854-4460942516bc', u'date': 'Mon, 25 Mar 2019 10:15:08 GMT', u'content-type': 'application/json', u'connection': 'close', u'x-openstack-request-id': 'req-6d2b1418-655c-4002-9837-1e109b52d73f'} Body: {"NeutronError": {"message": "Network a9cbb531-ce4c-41b8-8854-4460942516bc could not be found.", "type": "NetworkNotFound", "detail": ""}} _log_request_full /root/.rally/verification/verifier-911b72a8-ac8b-4542-9294-919949a759cc/repo/tempest/lib/common/rest_client.py:437
2019-03-25 10:15:08.512 12061 INFO tempest.lib.common.rest_client [req-82bacc34-957d-479d-8702-437d51a4cd6d ] Request (TrunkTestJSON:_run_cleanups): 404 DELETE http://172.30.9.30:9696/v2.0/networks/cbe661f6-6a3d-43e2-b2b6-d620581e992d 0.021s
2019-03-25 10:15:08.513 12061 DEBUG tempest.lib.common.rest_client [req-82bacc34-957d-479d-8702-437d51a4cd6d ] Request - Headers: {'Content-Type': 'application/json', 'Accept': 'application/json', 'X-Auth-Token': ''} Body: None Response - Headers: {'status': '404', u'content-length': '138', 'content-location': 'http://172.30.9.30:9696/v2.0/networks/cbe661f6-6a3d-43e2-b2b6-d620581e992d', u'date': 'Mon, 25 Mar 2019 10:15:08 GMT', u'content-type': 'application/json', u'connection': 'close', u'x-openstack-request-id': 'req-82bacc34-957d-479d-8702-437d51a4cd6d'} Body: {"NeutronError": {"message": "Network cbe661f6-6a3d-43e2-b2b6-d620581e992d could not be found.", "type": "NetworkNotFound", "detail": ""}} _log_request_full /root/.rally/verification/verifier-911b72a8-ac8b-4542-9294-919949a759cc/repo/tempest/lib/common/rest_client.py:437
2019-03-25 10:15:08.533 12061 INFO tempest.lib.common.rest_client [req-83d910ff-720c-4a93-9dc6-da3e75fb3dc9 ] Request (TrunkTestJSON:_run_cleanups): 404 DELETE http://172.30.9.30:9696/v2.0/networks/da360dcc-424f-42b6-b1ba-ea3ad0144308 0.020s
2019-03-25 10:15:08.534 12061 DEBUG tempest.lib.common.rest_client [req-83d910ff-720c-4a93-9dc6-da3e75fb3dc9 ] Request - Headers: {'Content-Type': 'application/json', 'Accept': 'application/json', 'X-Auth-Token': ''} Body: None Response - Headers: {'status': '404', u'content-length': '138', 'content-location': 'http://172.30.9.30:9696/v2.0/networks/da360dcc-424f-42b6-b1ba-ea3ad0144308', u'date': 'Mon, 25 Mar 2019 10:15:08 GMT', u'content-type': 'application/json', u'connection': 'close', u'x-openstack-request-id': 'req-83d910ff-720c-4a93-9dc6-da3e75fb3dc9'} Body: {"NeutronError": {"message": "Network da360dcc-424f-42b6-b1ba-ea3ad0144308 could not be found.", "type": "NetworkNotFound", "detail": ""}} _log_request_full /root/.rally/verification/verifier-911b72a8-ac8b-4542-9294-919949a759cc/repo/tempest/lib/common/rest_client.py:437
2019-03-25 10:15:08.558 12061 INFO tempest.lib.common.rest_client [req-81bd37da-6cb8-4c2e-a255-3c21579ceb6b ] Request (TrunkTestJSON:_run_cleanups): 404 DELETE http://172.30.9.30:9696/v2.0/networks/fb094060-682d-4c4d-bd3d-de17d62b6458 0.023s
2019-03-25 10:15:08.558 12061 DEBUG tempest.lib.common.rest_client [req-81bd37da-6cb8-4c2e-a255-3c21579ceb6b ] Request - Headers: {'Content-Type': 'application/json', 'Accept': 'application/json', 'X-Auth-Token': ''} Body: None Response - Headers: {'status': '404', u'content-length': '138', 'content-location': 'http://172.30.9.30:9696/v2.0/networks/fb094060-682d-4c4d-bd3d-de17d62b6458', u'date': 'Mon, 25 Mar 2019 10:15:08 GMT', u'content-type': 'application/json', u'connection': 'close', u'x-openstack-request-id': 'req-81bd37da-6cb8-4c2e-a255-3c21579ceb6b'} Body: {"NeutronError": {"message": "Network fb094060-682d-4c4d-bd3d-de17d62b6458 could not be found.", "type": "NetworkNotFound", "detail": ""}} _log_request_full /root/.rally/verification/verifier-911b72a8-ac8b-4542-9294-919949a759cc/repo/tempest/lib/common/rest_client.py:437
2019-03-25 10:15:08.735 12065 INFO tempest.lib.common.rest_client [req-1be4c719-71ca-4877-8b8d-e22c370fb7ec ] Request (TrunkTestJSON:_run_cleanups): 404 DELETE http://172.30.9.30:9696/v2.0/ports/4c45ba61-8bc4-4533-bcfa-78722a3d0aea 0.314s
2019-03-25 10:15:08.735 12065 DEBUG tempest.lib.common.rest_client [req-1be4c719-71ca-4877-8b8d-e22c370fb7ec ] Request - Headers: {'Content-Type': 'application/json', 'Accept': 'application/json', 'X-Auth-Token': ''} Body: None Response - Headers: {'status': '404', u'content-length': '132', 'content-location': 'http://172.30.9.30:9696/v2.0/ports/4c45ba61-8bc4-4533-bcfa-78722a3d0aea', u'date': 'Mon, 25 Mar 2019 10:15:08 GMT', u'content-type': 'application/json', u'connection': 'close', u'x-openstack-request-id': 'req-1be4c719-71ca-4877-8b8d-e22c370fb7ec'} Body: {"NeutronError": {"message": "Port 4c45ba61-8bc4-4533-bcfa-78722a3d0aea could not be found.", "type": "PortNotFound", "detail": ""}} _log_request_full /root/.rally/verification/verifier-911b72a8-ac8b-4542-9294-919949a759cc/repo/tempest/lib/common/rest_client.py:437
2019-03-25 10:15:08.773 12062 WARNING tempest.lib.common.ssh [-] Failed to establish authenticated ssh connection to cirros@172.30.9.200 ([Errno None] Unable to connect to port 22 on 172.30.9.200). Number attempts: 2. Retry after 3 seconds.: NoValidConnectionsError: [Errno None] Unable to connect to port 22 on 172.30.9.200
2019-03-25 10:15:09.162 12065 INFO tempest.lib.common.rest_client [req-c6bd7030-71ad-455a-9ed7-2bec51edccc4 ] Request (TrunkTestJSON:_run_cleanups): 204 DELETE http://172.30.9.30:9696/v2.0/ports/9a75ca55-aa21-4301-ba51-2d5939f663df 0.426s
2019-03-25 10:15:09.163 12065 DEBUG tempest.lib.common.rest_client [req-c6bd7030-71ad-455a-9ed7-2bec51edccc4 ] Request - Headers: {'Content-Type': 'application/json', 'Accept': 'application/json', 'X-Auth-Token': ''} Body: None Response - Headers: {'status': '204', u'content-length': '0', 'content-location': 'http://172.30.9.30:9696/v2.0/ports/9a75ca55-aa21-4301-ba51-2d5939f663df', u'date': 'Mon, 25 Mar 2019 10:15:09 GMT', u'connection': 'close', u'x-openstack-request-id': 'req-c6bd7030-71ad-455a-9ed7-2bec51edccc4'} Body: _log_request_full /root/.rally/verification/verifier-911b72a8-ac8b-4542-9294-919949a759cc/repo/tempest/lib/common/rest_client.py:437
2019-03-25 10:15:09.183 12065 INFO tempest.lib.common.rest_client [req-14c37044-2ace-4d7c-8311-3d47da978be7 ] Request (TrunkTestJSON:_run_cleanups): 404 DELETE http://172.30.9.30:9696/v2.0/networks/3a51a33b-dbe3-4345-bdc0-c0c4f38b5513 0.019s
2019-03-25 10:15:09.183 12065 DEBUG tempest.lib.common.rest_client [req-14c37044-2ace-4d7c-8311-3d47da978be7 ] Request - Headers: {'Content-Type': 'application/json', 'Accept': 'application/json', 'X-Auth-Token': ''} Body: None Response - Headers: {'status': '404', u'content-length': '138', 'content-location': 'http://172.30.9.30:9696/v2.0/networks/3a51a33b-dbe3-4345-bdc0-c0c4f38b5513', u'date': 'Mon, 25 Mar 2019 10:15:09 GMT', u'content-type': 'application/json', u'connection': 'close', u'x-openstack-request-id': 'req-14c37044-2ace-4d7c-8311-3d47da978be7'} Body: {"NeutronError": {"message": "Network 3a51a33b-dbe3-4345-bdc0-c0c4f38b5513 could not be found.", "type": "NetworkNotFound", "detail": ""}} _log_request_full /root/.rally/verification/verifier-911b72a8-ac8b-4542-9294-919949a759cc/repo/tempest/lib/common/rest_client.py:437
2019-03-25 10:15:09.205 12065 INFO tempest.lib.common.rest_client [req-cf6a2deb-cade-4a15-8130-87a59373ab5f ] Request (TrunkTestJSON:_run_cleanups): 404 DELETE http://172.30.9.30:9696/v2.0/networks/bb7bd7df-c751-4661-8734-dc17666f3f9d 0.020s
2019-03-25 10:15:09.205 12065 DEBUG tempest.lib.common.rest_client [req-cf6a2deb-cade-4a15-8130-87a59373ab5f ] Request - Headers: {'Content-Type': 'application/json', 'Accept': 'application/json', 'X-Auth-Token': ''} Body: None Response - Headers: {'status': '404', u'content-length': '138', 'content-location': 'http://172.30.9.30:9696/v2.0/networks/bb7bd7df-c751-4661-8734-dc17666f3f9d', u'date': 'Mon, 25 Mar 2019 10:15:09 GMT', u'content-type': 'application/json', u'connection': 'close', u'x-openstack-request-id': 'req-cf6a2deb-cade-4a15-8130-87a59373ab5f'} Body: {"NeutronError": {"message": "Network bb7bd7df-c751-4661-8734-dc17666f3f9d could not be found.", "type": "NetworkNotFound", "detail": ""}} _log_request_full /root/.rally/verification/verifier-911b72a8-ac8b-4542-9294-919949a759cc/repo/tempest/lib/common/rest_client.py:437
2019-03-25 10:15:09.226 12065 INFO tempest.lib.common.rest_client [req-584645e1-079e-4e76-bb46-3eb8176de2ec ] Request (TrunkTestJSON:_run_cleanups): 404 DELETE http://172.30.9.30:9696/v2.0/networks/d6a98163-7827-4d82-9b18-a1315978d8e6 0.020s
2019-03-25 10:15:09.227 12065 DEBUG tempest.lib.common.rest_client [req-584645e1-079e-4e76-bb46-3eb8176de2ec ] Request - Headers: {'Content-Type': 'application/json', 'Accept': 'application/json', 'X-Auth-Token': ''} Body: None Response - Headers: {'status': '404', u'content-length': '138', 'content-location': 'http://172.30.9.30:9696/v2.0/networks/d6a98163-7827-4d82-9b18-a1315978d8e6', u'date': 'Mon, 25 Mar 2019 10:15:09 GMT', u'content-type': 'application/json', u'connection': 'close', u'x-openstack-request-id': 'req-584645e1-079e-4e76-bb46-3eb8176de2ec'} Body: {"NeutronError": {"message": "Network d6a98163-7827-4d82-9b18-a1315978d8e6 could not be found.", "type": "NetworkNotFound", "detail": ""}} _log_request_full /root/.rally/verification/verifier-911b72a8-ac8b-4542-9294-919949a759cc/repo/tempest/lib/common/rest_client.py:437
2019-03-25 10:15:09.260 12065 INFO tempest.lib.common.rest_client [req-1b6f0506-ed47-46b5-80ca-1e938a994531 ] Request (TrunkTestJSON:_run_cleanups): 404 DELETE http://172.30.9.30:9696/v2.0/networks/1b3ee6cb-c02e-4e1e-8b59-c0b141d650a1 0.032s
2019-03-25 10:15:09.260 12065 DEBUG tempest.lib.common.rest_client [req-1b6f0506-ed47-46b5-80ca-1e938a994531 ] Request - Headers: {'Content-Type': 'application/json', 'Accept': 'application/json', 'X-Auth-Token': ''} Body: None Response - Headers: {'status': '404', u'content-length': '138', 'content-location': 'http://172.30.9.30:9696/v2.0/networks/1b3ee6cb-c02e-4e1e-8b59-c0b141d650a1', u'date': 'Mon, 25 Mar 2019 10:15:09 GMT', u'content-type': 'application/json', u'connection': 'close', u'x-openstack-request-id': 'req-1b6f0506-ed47-46b5-80ca-1e938a994531'} Body: {"NeutronError": {"message": "Network 1b3ee6cb-c02e-4e1e-8b59-c0b141d650a1 could not be found.", "type": "NetworkNotFound", "detail": ""}} _log_request_full /root/.rally/verification/verifier-911b72a8-ac8b-4542-9294-919949a759cc/repo/tempest/lib/common/rest_client.py:437
2019-03-25 10:15:09.281 12065 INFO tempest.lib.common.rest_client [req-7c0cbb18-8aee-42c3-84aa-47c04dba43ec ] Request (TrunkTestJSON:_run_cleanups): 404 DELETE http://172.30.9.30:9696/v2.0/networks/e968b732-88d6-4a2e-aeea-69612b0b65b4 0.019s
2019-03-25 10:15:09.281 12065 DEBUG tempest.lib.common.rest_client [req-7c0cbb18-8aee-42c3-84aa-47c04dba43ec ] Request - Headers: {'Content-Type': 'application/json', 'Accept': 'application/json', 'X-Auth-Token': ''} Body: None Response - Headers: {'status': '404', u'content-length': '138', 'content-location': 'http://172.30.9.30:9696/v2.0/networks/e968b732-88d6-4a2e-aeea-69612b0b65b4', u'date': 'Mon, 25 Mar 2019 10:15:09 GMT', u'content-type': 'application/json', u'connection': 'close', u'x-openstack-request-id': 'req-7c0cbb18-8aee-42c3-84aa-47c04dba43ec'} Body: {"NeutronError": {"message": "Network e968b732-88d6-4a2e-aeea-69612b0b65b4 could not be found.", "type": "NetworkNotFound", "detail": ""}} _log_request_full /root/.rally/verification/verifier-911b72a8-ac8b-4542-9294-919949a759cc/repo/tempest/lib/common/rest_client.py:437
2019-03-25 10:15:09.311 12065 INFO tempest.lib.common.rest_client [req-c8dc7f57-c95a-4a07-8315-112c0113d6c8 ] Request (TrunkTestJSON:_run_cleanups): 404 DELETE http://172.30.9.30:9696/v2.0/networks/3f752d74-8cd2-4444-818e-01745d5445ad 0.029s
2019-03-25 10:15:09.312 12065 DEBUG tempest.lib.common.rest_client [req-c8dc7f57-c95a-4a07-8315-112c0113d6c8 ] Request - Headers: {'Content-Type': 'application/json', 'Accept': 'application/json', 'X-Auth-Token': ''} Body: None Response - Headers: {'status': '404', u'content-length': '138', 'content-location': 'http://172.30.9.30:9696/v2.0/networks/3f752d74-8cd2-4444-818e-01745d5445ad', u'date': 'Mon, 25 Mar 2019 10:15:09 GMT', u'content-type': 'application/json', u'connection': 'close', u'x-openstack-request-id': 'req-c8dc7f57-c95a-4a07-8315-112c0113d6c8'} Body: {"NeutronError": {"message": "Network 3f752d74-8cd2-4444-818e-01745d5445ad could not be found.", "type": "NetworkNotFound", "detail": ""}} _log_request_full /root/.rally/verification/verifier-911b72a8-ac8b-4542-9294-919949a759cc/repo/tempest/lib/common/rest_client.py:437
2019-03-25 10:15:09.342 12065 INFO tempest.lib.common.rest_client [req-44411af5-55ba-41d3-8354-9b7d2998ab4c ] Request (TrunkTestJSON:_run_cleanups): 404 DELETE http://172.30.9.30:9696/v2.0/networks/1e5fac50-6fe2-40fb-b32a-313fc43dbbe6 0.029s
2019-03-25 10:15:09.343 12065 DEBUG tempest.lib.common.rest_client [req-44411af5-55ba-41d3-8354-9b7d2998ab4c ] Request - Headers: {'Content-Type': 'application/json', 'Accept': 'application/json', 'X-Auth-Token': ''} Body: None Response - Headers: {'status': '404', u'content-length': '138', 'content-location': 'http://172.30.9.30:9696/v2.0/networks/1e5fac50-6fe2-40fb-b32a-313fc43dbbe6', u'date': 'Mon, 25 Mar 2019 10:15:09 GMT', u'content-type': 'application/json', u'connection': 'close', u'x-openstack-request-id': 'req-44411af5-55ba-41d3-8354-9b7d2998ab4c'} Body: {"NeutronError": {"message": "Network 1e5fac50-6fe2-40fb-b32a-313fc43dbbe6 could not be found.", "type": "NetworkNotFound", "detail": ""}} _log_request_full /root/.rally/verification/verifier-911b72a8-ac8b-4542-9294-919949a759cc/repo/tempest/lib/common/rest_client.py:437
2019-03-25 10:15:09.470 12061 INFO tempest.lib.common.rest_client [req-d0e03a4c-6d42-402b-91e9-47612e22b584 ] Request (TrunkTestJSON:_run_cleanups): 204 DELETE http://172.30.9.30:9696/v2.0/networks/c529cfcc-dce5-40d1-8c5d-28d66afca1f9 0.911s
2019-03-25 10:15:09.470 12061 DEBUG tempest.lib.common.rest_client [req-d0e03a4c-6d42-402b-91e9-47612e22b584 ] Request - Headers: {'Content-Type': 'application/json', 'Accept': 'application/json', 'X-Auth-Token': ''} Body: None Response - Headers: {'status': '204', u'content-length': '0', 'content-location': 'http://172.30.9.30:9696/v2.0/networks/c529cfcc-dce5-40d1-8c5d-28d66afca1f9', u'date': 'Mon, 25 Mar 2019 10:15:09 GMT', u'connection': 'close', u'x-openstack-request-id': 'req-d0e03a4c-6d42-402b-91e9-47612e22b584'} Body: _log_request_full /root/.rally/verification/verifier-911b72a8-ac8b-4542-9294-919949a759cc/repo/tempest/lib/common/rest_client.py:437
2019-03-25 10:15:10.220 12065 INFO tempest.lib.common.rest_client [req-e5b729c6-07f0-431f-ad95-afb44e3e0029 ] Request (TrunkTestJSON:_run_cleanups): 204 DELETE http://172.30.9.30:9696/v2.0/networks/02065e5f-d9de-4a9e-aa6c-1c6738edf1ac 0.876s
2019-03-25 10:15:10.220 12065 DEBUG tempest.lib.common.rest_client [req-e5b729c6-07f0-431f-ad95-afb44e3e0029 ] Request - Headers: {'Content-Type': 'application/json', 'Accept': 'application/json', 'X-Auth-Token': ''} Body: None Response - Headers: {'status': '204', u'content-length': '0', 'content-location': 'http://172.30.9.30:9696/v2.0/networks/02065e5f-d9de-4a9e-aa6c-1c6738edf1ac', u'date': 'Mon, 25 Mar 2019 10:15:10 GMT', u'connection': 'close', u'x-openstack-request-id': 'req-e5b729c6-07f0-431f-ad95-afb44e3e0029'} Body: _log_request_full /root/.rally/verification/verifier-911b72a8-ac8b-4542-9294-919949a759cc/repo/tempest/lib/common/rest_client.py:437
2019-03-25 10:15:10.368 12061 INFO tempest.lib.common.rest_client [req-78be68f9-e007-47a3-afdc-2d6caf6a025e ] Request (TrunkTestJSON:_run_cleanups): 204 DELETE http://172.30.9.30:9696/v2.0/networks/d0670475-64a4-4fd4-8fe0-a612a7b35287 0.896s
2019-03-25 10:15:10.368 12061 DEBUG tempest.lib.common.rest_client [req-78be68f9-e007-47a3-afdc-2d6caf6a025e ] Request - Headers: {'Content-Type': 'application/json', 'Accept': 'application/json', 'X-Auth-Token': ''} Body: None Response - Headers: {'status': '204', u'content-length': '0', 'content-location': 'http://172.30.9.30:9696/v2.0/networks/d0670475-64a4-4fd4-8fe0-a612a7b35287', u'date': 'Mon, 25 Mar 2019 10:15:10 GMT', u'connection': 'close', u'x-openstack-request-id': 'req-78be68f9-e007-47a3-afdc-2d6caf6a025e'} Body: _log_request_full /root/.rally/verification/verifier-911b72a8-ac8b-4542-9294-919949a759cc/repo/tempest/lib/common/rest_client.py:437
2019-03-25 10:15:10.437 12065 INFO tempest.lib.common.rest_client [req-2f300654-d61c-4dd7-aebf-454125c54cac ] Request (TrunkTestJSON:test_create_subport_nonexistent_trunk): 201 POST http://172.30.9.30:9696/v2.0/networks 0.215s
2019-03-25 10:15:10.438 12065 DEBUG tempest.lib.common.rest_client [req-2f300654-d61c-4dd7-aebf-454125c54cac ] Request - Headers: {'Content-Type': 'application/json', 'Accept': 'application/json', 'X-Auth-Token': ''} Body: {"network": {"name": "tempest-test-network--1854598906"}} Response - Headers: {'status': '201', u'content-length': '610', 'content-location': 'http://172.30.9.30:9696/v2.0/networks', u'date': 'Mon, 25 Mar 2019 10:15:10 GMT', u'content-type': 'application/json', u'connection': 'close', u'x-openstack-request-id': 'req-2f300654-d61c-4dd7-aebf-454125c54cac'} Body: {"network":{"ipv6_address_scope":null,"revision_number":2,"port_security_enabled":true,"id":"c1c3eefa-a66d-40ce-9ee9-b4d9fa5661b6","router:external":false,"availability_zone_hints":[],"availability_zones":[],"ipv4_address_scope":null,"shared":false,"project_id":"d99419631aa64a62bafac4475337ec15","l2_adjacency":true,"status":"ACTIVE","subnets":[],"description":"","tags":[],"updated_at":"2019-03-25T10:15:10Z","is_default":false,"name":"tempest-test-network--1854598906","qos_policy_id":null,"admin_state_up":true,"tenant_id":"d99419631aa64a62bafac4475337ec15","created_at":"2019-03-25T10:15:10Z","mtu":1450}} _log_request_full /root/.rally/verification/verifier-911b72a8-ac8b-4542-9294-919949a759cc/repo/tempest/lib/common/rest_client.py:437
2019-03-25 10:15:10.611 12061 INFO tempest.lib.common.rest_client [req-055cb492-d64f-4a41-989a-3e6cb5cc61ef ] Request (TrunkTestJSON:test_get_subports): 201 POST http://172.30.9.30:9696/v2.0/networks 0.241s
2019-03-25 10:15:10.612 12061 DEBUG tempest.lib.common.rest_client [req-055cb492-d64f-4a41-989a-3e6cb5cc61ef ] Request - Headers: {'Content-Type': 'application/json', 'Accept': 'application/json', 'X-Auth-Token': ''} Body: {"network": {"name": "tempest-test-network--40151616"}} Response - Headers: {'status': '201', u'content-length': '608', 'content-location': 'http://172.30.9.30:9696/v2.0/networks', u'date': 'Mon, 25 Mar 2019 10:15:10 GMT', u'content-type': 'application/json', u'connection': 'close', u'x-openstack-request-id': 'req-055cb492-d64f-4a41-989a-3e6cb5cc61ef'} Body: {"network":{"ipv6_address_scope":null,"revision_number":2,"port_security_enabled":true,"id":"85e60ced-bfce-499c-b962-47277460d6ec","router:external":false,"availability_zone_hints":[],"availability_zones":[],"ipv4_address_scope":null,"shared":false,"project_id":"04cf1695f5bb40a3ba41726d0afb5773","l2_adjacency":true,"status":"ACTIVE","subnets":[],"description":"","tags":[],"updated_at":"2019-03-25T10:15:10Z","is_default":false,"name":"tempest-test-network--40151616","qos_policy_id":null,"admin_state_up":true,"tenant_id":"04cf1695f5bb40a3ba41726d0afb5773","created_at":"2019-03-25T10:15:10Z","mtu":1450}} _log_request_full /root/.rally/verification/verifier-911b72a8-ac8b-4542-9294-919949a759cc/repo/tempest/lib/common/rest_client.py:437
2019-03-25 10:15:11.633 12065 INFO tempest.lib.common.rest_client [req-c867aca6-33e1-4093-811f-9e2c91c84d74 ] Request (TrunkTestJSON:test_create_subport_nonexistent_trunk): 201 POST http://172.30.9.30:9696/v2.0/ports 1.194s
2019-03-25 10:15:11.633 12065 DEBUG tempest.lib.common.rest_client [req-c867aca6-33e1-4093-811f-9e2c91c84d74 ] Request - Headers: {'Content-Type': 'application/json', 'Accept': 'application/json', 'X-Auth-Token': ''} Body: {"port": {"network_id": "c1c3eefa-a66d-40ce-9ee9-b4d9fa5661b6"}} Response - Headers: {'status': '201', u'content-length': '664', 'content-location': 'http://172.30.9.30:9696/v2.0/ports', u'date': 'Mon, 25 Mar 2019 10:15:11 GMT', u'content-type': 'application/json', u'connection': 'close', u'x-openstack-request-id': 'req-c867aca6-33e1-4093-811f-9e2c91c84d74'} Body: {"port":{"allowed_address_pairs":[],"extra_dhcp_opts":[],"updated_at":"2019-03-25T10:15:10Z","device_owner":"","revision_number":2,"port_security_enabled":true,"fixed_ips":[],"id":"66783675-1af6-4cf4-a001-5a812ff18d9c","security_groups":["d4192fcc-216b-4af0-b821-e1b744ef9c76"],"mac_address":"fa:16:3e:9e:8f:62","device_id":"","status":"DOWN","description":"","tags":[],"name":"","project_id":"d99419631aa64a62bafac4475337ec15","qos_policy_id":null,"admin_state_up":true,"network_id":"c1c3eefa-a66d-40ce-9ee9-b4d9fa5661b6","tenant_id":"d99419631aa64a62bafac4475337ec15","created_at":"2019-03-25T10:15:10Z","binding:vnic_type":"normal","ip_allocation":"immediate"}} _log_request_full /root/.rally/verification/verifier-911b72a8-ac8b-4542-9294-919949a759cc/repo/tempest/lib/common/rest_client.py:437
2019-03-25 10:15:11.649 12065 INFO tempest.lib.common.rest_client [req-8784b0bb-84c8-485f-979e-8bfb2ac8bb2c ] Request (TrunkTestJSON:test_create_subport_nonexistent_trunk): 404 PUT http://172.30.9.30:9696/v2.0/trunks/1654fa62-e581-4daa-8551-9ac4e87f8a81/add_subports 0.014s
2019-03-25 10:15:11.649 12065 DEBUG tempest.lib.common.rest_client [req-8784b0bb-84c8-485f-979e-8bfb2ac8bb2c ] Request - Headers: {'Content-Type': 'application/json', 'Accept': 'application/json', 'X-Auth-Token': ''} Body: {"sub_ports": [{"segmentation_type": "vlan", "port_id": "66783675-1af6-4cf4-a001-5a812ff18d9c", "segmentation_id": 2}]} Response - Headers: {'status': '404', u'content-length': '134', 'content-location': 'http://172.30.9.30:9696/v2.0/trunks/1654fa62-e581-4daa-8551-9ac4e87f8a81/add_subports', u'date': 'Mon, 25 Mar 2019 10:15:11 GMT', u'content-type': 'application/json', u'connection': 'close', u'x-openstack-request-id': 'req-8784b0bb-84c8-485f-979e-8bfb2ac8bb2c'} Body: {"NeutronError": {"message": "Trunk 1654fa62-e581-4daa-8551-9ac4e87f8a81 could not be found.", "type": "TrunkNotFound", "detail": ""}} _log_request_full /root/.rally/verification/verifier-911b72a8-ac8b-4542-9294-919949a759cc/repo/tempest/lib/common/rest_client.py:437
2019-03-25 10:15:11.663 12065 INFO tempest.lib.common.rest_client [req-91b49c77-1d03-4bed-81d3-0d3ee20d29d1 ] Request (TrunkTestJSON:_run_cleanups): 404 GET http://172.30.9.30:9696/v2.0/trunks/56c07d1d-603d-4597-a085-7dfc69df5297/get_subports 0.012s
2019-03-25 10:15:11.663 12065 DEBUG tempest.lib.common.rest_client [req-91b49c77-1d03-4bed-81d3-0d3ee20d29d1 ] Request - Headers: {'Content-Type': 'application/json', 'Accept': 'application/json', 'X-Auth-Token': ''} Body: None Response - Headers: {'status': '404', u'content-length': '134', 'content-location': 'http://172.30.9.30:9696/v2.0/trunks/56c07d1d-603d-4597-a085-7dfc69df5297/get_subports', u'date': 'Mon, 25 Mar 2019 10:15:11 GMT', u'content-type': 'application/json', u'connection': 'close', u'x-openstack-request-id': 'req-91b49c77-1d03-4bed-81d3-0d3ee20d29d1'} Body: {"NeutronError": {"message": "Trunk 56c07d1d-603d-4597-a085-7dfc69df5297 could not be found.", "type": "TrunkNotFound", "detail": ""}} _log_request_full /root/.rally/verification/verifier-911b72a8-ac8b-4542-9294-919949a759cc/repo/tempest/lib/common/rest_client.py:437
2019-03-25 10:15:11.679 12065 INFO tempest.lib.common.rest_client [req-d5e01fd8-94c6-431b-b5c1-e8254f69f209 ] Request (TrunkTestJSON:_run_cleanups): 404 DELETE http://172.30.9.30:9696/v2.0/trunks/56c07d1d-603d-4597-a085-7dfc69df5297 0.014s
2019-03-25 10:15:11.679 12065 DEBUG tempest.lib.common.rest_client [req-d5e01fd8-94c6-431b-b5c1-e8254f69f209 ] Request - Headers: {'Content-Type': 'application/json', 'Accept': 'application/json', 'X-Auth-Token': ''} Body: None Response - Headers: {'status': '404', u'content-length': '134', 'content-location': 'http://172.30.9.30:9696/v2.0/trunks/56c07d1d-603d-4597-a085-7dfc69df5297', u'date': 'Mon, 25 Mar 2019 10:15:11 GMT', u'content-type': 'application/json', u'connection': 'close', u'x-openstack-request-id': 'req-d5e01fd8-94c6-431b-b5c1-e8254f69f209'} Body: {"NeutronError": {"message": "Trunk 56c07d1d-603d-4597-a085-7dfc69df5297 could not be found.", "type": "TrunkNotFound", "detail": ""}} _log_request_full /root/.rally/verification/verifier-911b72a8-ac8b-4542-9294-919949a759cc/repo/tempest/lib/common/rest_client.py:437
2019-03-25 10:15:11.693 12061 INFO tempest.lib.common.rest_client [req-fba428fa-44c3-44a5-9c7c-6a46703ac640 ] Request (TrunkTestJSON:test_get_subports): 201 POST http://172.30.9.30:9696/v2.0/ports 1.080s
2019-03-25 10:15:11.693 12065 INFO tempest.lib.common.rest_client [req-719d8405-06ba-454c-ab4a-21a12f7793f8 ] Request (TrunkTestJSON:_run_cleanups): 404 GET http://172.30.9.30:9696/v2.0/trunks/4290d3be-fe9d-44d5-87d3-74fbe211e8c5/get_subports 0.013s
2019-03-25 10:15:11.693 12061 DEBUG tempest.lib.common.rest_client [req-fba428fa-44c3-44a5-9c7c-6a46703ac640 ] Request - Headers: {'Content-Type': 'application/json', 'Accept': 'application/json', 'X-Auth-Token': ''} Body: {"port": {"network_id": "85e60ced-bfce-499c-b962-47277460d6ec"}} Response - Headers: {'status': '201', u'content-length': '664', 'content-location': 'http://172.30.9.30:9696/v2.0/ports', u'date': 'Mon, 25 Mar 2019 10:15:11 GMT', u'content-type': 'application/json', u'connection': 'close', u'x-openstack-request-id': 'req-fba428fa-44c3-44a5-9c7c-6a46703ac640'} Body: {"port":{"allowed_address_pairs":[],"extra_dhcp_opts":[],"updated_at":"2019-03-25T10:15:10Z","device_owner":"","revision_number":2,"port_security_enabled":true,"fixed_ips":[],"id":"a1114996-763e-4469-8ded-1edf5af289b7","security_groups":["42c23888-3acb-4a9c-a177-4785f0f581dc"],"mac_address":"fa:16:3e:b5:ed:99","device_id":"","status":"DOWN","description":"","tags":[],"name":"","project_id":"04cf1695f5bb40a3ba41726d0afb5773","qos_policy_id":null,"admin_state_up":true,"network_id":"85e60ced-bfce-499c-b962-47277460d6ec","tenant_id":"04cf1695f5bb40a3ba41726d0afb5773","created_at":"2019-03-25T10:15:10Z","binding:vnic_type":"normal","ip_allocation":"immediate"}} _log_request_full /root/.rally/verification/verifier-911b72a8-ac8b-4542-9294-919949a759cc/repo/tempest/lib/common/rest_client.py:437
2019-03-25 10:15:11.693 12065 DEBUG tempest.lib.common.rest_client [req-719d8405-06ba-454c-ab4a-21a12f7793f8 ] Request - Headers: {'Content-Type': 'application/json', 'Accept': 'application/json', 'X-Auth-Token': ''} Body: None Response - Headers: {'status': '404', u'content-length': '134', 'content-location': 'http://172.30.9.30:9696/v2.0/trunks/4290d3be-fe9d-44d5-87d3-74fbe211e8c5/get_subports', u'date': 'Mon, 25 Mar 2019 10:15:11 GMT', u'content-type': 'application/json', u'connection': 'close', u'x-openstack-request-id': 'req-719d8405-06ba-454c-ab4a-21a12f7793f8'} Body: {"NeutronError": {"message": "Trunk 4290d3be-fe9d-44d5-87d3-74fbe211e8c5 could not be found.", "type": "TrunkNotFound", "detail": ""}} _log_request_full /root/.rally/verification/verifier-911b72a8-ac8b-4542-9294-919949a759cc/repo/tempest/lib/common/rest_client.py:437
2019-03-25 10:15:11.720 12065 INFO tempest.lib.common.rest_client [req-e9fbdf29-e1da-4650-bdb7-c669db6e4e3f ] Request (TrunkTestJSON:_run_cleanups): 404 DELETE http://172.30.9.30:9696/v2.0/trunks/4290d3be-fe9d-44d5-87d3-74fbe211e8c5 0.026s
2019-03-25 10:15:11.720 12065 DEBUG tempest.lib.common.rest_client [req-e9fbdf29-e1da-4650-bdb7-c669db6e4e3f ] Request - Headers: {'Content-Type': 'application/json', 'Accept': 'application/json', 'X-Auth-Token': ''} Body: None Response - Headers: {'status': '404', u'content-length': '134', 'content-location': 'http://172.30.9.30:9696/v2.0/trunks/4290d3be-fe9d-44d5-87d3-74fbe211e8c5', u'date': 'Mon, 25 Mar 2019 10:15:11 GMT', u'content-type': 'application/json', u'connection': 'close', u'x-openstack-request-id': 'req-e9fbdf29-e1da-4650-bdb7-c669db6e4e3f'} Body: {"NeutronError": {"message": "Trunk 4290d3be-fe9d-44d5-87d3-74fbe211e8c5 could not be found.", "type": "TrunkNotFound", "detail": ""}} _log_request_full /root/.rally/verification/verifier-911b72a8-ac8b-4542-9294-919949a759cc/repo/tempest/lib/common/rest_client.py:437
2019-03-25 10:15:11.743 12065 INFO tempest.lib.common.rest_client [req-6b71b02f-19ff-469c-be98-d5aa45d98c92 ] Request (TrunkTestJSON:_run_cleanups): 404 GET http://172.30.9.30:9696/v2.0/trunks/ac13a0c3-1083-40a2-92ee-321b23cd8d52/get_subports 0.022s
2019-03-25 10:15:11.743 12065 DEBUG tempest.lib.common.rest_client [req-6b71b02f-19ff-469c-be98-d5aa45d98c92 ] Request - Headers: {'Content-Type': 'application/json', 'Accept': 'application/json', 'X-Auth-Token': ''} Body: None Response - Headers: {'status': '404', u'content-length': '134', 'content-location': 'http://172.30.9.30:9696/v2.0/trunks/ac13a0c3-1083-40a2-92ee-321b23cd8d52/get_subports', u'date': 'Mon, 25 Mar 2019 10:15:11 GMT', u'content-type': 'application/json', u'connection': 'close', u'x-openstack-request-id': 'req-6b71b02f-19ff-469c-be98-d5aa45d98c92'} Body: {"NeutronError": {"message": "Trunk ac13a0c3-1083-40a2-92ee-321b23cd8d52 could not be found.", "type": "TrunkNotFound", "detail": ""}} _log_request_full /root/.rally/verification/verifier-911b72a8-ac8b-4542-9294-919949a759cc/repo/tempest/lib/common/rest_client.py:437
2019-03-25 10:15:11.765 12065 INFO tempest.lib.common.rest_client [req-02eb7895-a6db-4efe-a45c-e0a7a822ce59 ] Request (TrunkTestJSON:_run_cleanups): 404 DELETE http://172.30.9.30:9696/v2.0/trunks/ac13a0c3-1083-40a2-92ee-321b23cd8d52 0.021s
2019-03-25 10:15:11.766 12065 DEBUG tempest.lib.common.rest_client [req-02eb7895-a6db-4efe-a45c-e0a7a822ce59 ] Request - Headers: {'Content-Type': 'application/json', 'Accept': 'application/json', 'X-Auth-Token': ''} Body: None Response - Headers: {'status': '404', u'content-length': '134', 'content-location': 'http://172.30.9.30:9696/v2.0/trunks/ac13a0c3-1083-40a2-92ee-321b23cd8d52', u'date': 'Mon, 25 Mar 2019 10:15:11 GMT', u'content-type': 'application/json', u'connection': 'close', u'x-openstack-request-id': 'req-02eb7895-a6db-4efe-a45c-e0a7a822ce59'} Body: {"NeutronError": {"message": "Trunk ac13a0c3-1083-40a2-92ee-321b23cd8d52 could not be found.", "type": "TrunkNotFound", "detail": ""}} _log_request_full /root/.rally/verification/verifier-911b72a8-ac8b-4542-9294-919949a759cc/repo/tempest/lib/common/rest_client.py:437
2019-03-25 10:15:11.785 12065 INFO tempest.lib.common.rest_client [req-5fa5db42-cb4c-4345-b01a-7ece5877d1f4 ] Request (TrunkTestJSON:_run_cleanups): 404 GET http://172.30.9.30:9696/v2.0/trunks/8149778c-1e70-4c48-80c5-cd0ed09d13df/get_subports 0.018s
2019-03-25 10:15:11.785 12065 DEBUG tempest.lib.common.rest_client [req-5fa5db42-cb4c-4345-b01a-7ece5877d1f4 ] Request - Headers: {'Content-Type': 'application/json', 'Accept': 'application/json', 'X-Auth-Token': ''} Body: None Response - Headers: {'status': '404', u'content-length': '134', 'content-location': 'http://172.30.9.30:9696/v2.0/trunks/8149778c-1e70-4c48-80c5-cd0ed09d13df/get_subports', u'date': 'Mon, 25 Mar 2019 10:15:11 GMT', u'content-type': 'application/json', u'connection': 'close', u'x-openstack-request-id': 'req-5fa5db42-cb4c-4345-b01a-7ece5877d1f4'} Body: {"NeutronError": {"message": "Trunk 8149778c-1e70-4c48-80c5-cd0ed09d13df could not be found.", "type": "TrunkNotFound", "detail": ""}} _log_request_full /root/.rally/verification/verifier-911b72a8-ac8b-4542-9294-919949a759cc/repo/tempest/lib/common/rest_client.py:437
2019-03-25 10:15:11.810 12065 INFO tempest.lib.common.rest_client [req-5837b445-31a8-4893-a814-9fa026a96444 ] Request (TrunkTestJSON:_run_cleanups): 404 DELETE http://172.30.9.30:9696/v2.0/trunks/8149778c-1e70-4c48-80c5-cd0ed09d13df 0.024s
2019-03-25 10:15:11.810 12065 DEBUG tempest.lib.common.rest_client [req-5837b445-31a8-4893-a814-9fa026a96444 ] Request - Headers: {'Content-Type': 'application/json', 'Accept': 'application/json', 'X-Auth-Token': ''} Body: None Response - Headers: {'status': '404', u'content-length': '134', 'content-location': 'http://172.30.9.30:9696/v2.0/trunks/8149778c-1e70-4c48-80c5-cd0ed09d13df', u'date': 'Mon, 25 Mar 2019 10:15:11 GMT', u'content-type': 'application/json', u'connection': 'close', u'x-openstack-request-id': 'req-5837b445-31a8-4893-a814-9fa026a96444'} Body: {"NeutronError": {"message": "Trunk 8149778c-1e70-4c48-80c5-cd0ed09d13df could not be found.", "type": "TrunkNotFound", "detail": ""}} _log_request_full /root/.rally/verification/verifier-911b72a8-ac8b-4542-9294-919949a759cc/repo/tempest/lib/common/rest_client.py:437
2019-03-25 10:15:11.824 12065 INFO tempest.lib.common.rest_client [req-b9526e08-1fb7-4461-a0a5-05d193d02d1e ] Request (TrunkTestJSON:_run_cleanups): 404 GET http://172.30.9.30:9696/v2.0/trunks/84451cd5-2449-4122-8e11-3901ab0b2c56/get_subports 0.013s
2019-03-25 10:15:11.824 12065 DEBUG tempest.lib.common.rest_client [req-b9526e08-1fb7-4461-a0a5-05d193d02d1e ] Request - Headers: {'Content-Type': 'application/json', 'Accept': 'application/json', 'X-Auth-Token': ''} Body: None Response - Headers: {'status': '404', u'content-length': '134', 'content-location': 'http://172.30.9.30:9696/v2.0/trunks/84451cd5-2449-4122-8e11-3901ab0b2c56/get_subports', u'date': 'Mon, 25 Mar 2019 10:15:11 GMT', u'content-type': 'application/json', u'connection': 'close', u'x-openstack-request-id': 'req-b9526e08-1fb7-4461-a0a5-05d193d02d1e'} Body: {"NeutronError": {"message": "Trunk 84451cd5-2449-4122-8e11-3901ab0b2c56 could not be found.", "type": "TrunkNotFound", "detail": ""}} _log_request_full /root/.rally/verification/verifier-911b72a8-ac8b-4542-9294-919949a759cc/repo/tempest/lib/common/rest_client.py:437
2019-03-25 10:15:11.846 12065 INFO tempest.lib.common.rest_client [req-e1510946-af6d-4ac5-8bec-6dd4b49a714e ] Request (TrunkTestJSON:_run_cleanups): 404 DELETE http://172.30.9.30:9696/v2.0/trunks/84451cd5-2449-4122-8e11-3901ab0b2c56 0.021s
2019-03-25 10:15:11.846 12065 DEBUG tempest.lib.common.rest_client [req-e1510946-af6d-4ac5-8bec-6dd4b49a714e ] Request - Headers: {'Content-Type': 'application/json', 'Accept': 'application/json', 'X-Auth-Token': ''} Body: None Response - Headers: {'status': '404', u'content-length': '134', 'content-location': 'http://172.30.9.30:9696/v2.0/trunks/84451cd5-2449-4122-8e11-3901ab0b2c56', u'date': 'Mon, 25 Mar 2019 10:15:11 GMT', u'content-type': 'application/json', u'connection': 'close', u'x-openstack-request-id': 'req-e1510946-af6d-4ac5-8bec-6dd4b49a714e'} Body: {"NeutronError": {"message": "Trunk 84451cd5-2449-4122-8e11-3901ab0b2c56 could not be found.", "type": "TrunkNotFound", "detail": ""}} _log_request_full /root/.rally/verification/verifier-911b72a8-ac8b-4542-9294-919949a759cc/repo/tempest/lib/common/rest_client.py:437
2019-03-25 10:15:11.859 12065 INFO tempest.lib.common.rest_client [req-20896532-7788-4400-8dde-98460be970b9 ] Request (TrunkTestJSON:_run_cleanups): 404 GET http://172.30.9.30:9696/v2.0/trunks/2b0e49d6-e469-4103-b161-53fc21a25b17/get_subports 0.012s
2019-03-25 10:15:11.860 12065 DEBUG tempest.lib.common.rest_client [req-20896532-7788-4400-8dde-98460be970b9 ] Request - Headers: {'Content-Type': 'application/json', 'Accept': 'application/json', 'X-Auth-Token': ''} Body: None Response - Headers: {'status': '404', u'content-length': '134', 'content-location': 'http://172.30.9.30:9696/v2.0/trunks/2b0e49d6-e469-4103-b161-53fc21a25b17/get_subports', u'date': 'Mon, 25 Mar 2019 10:15:11 GMT', u'content-type': 'application/json', u'connection': 'close', u'x-openstack-request-id': 'req-20896532-7788-4400-8dde-98460be970b9'} Body: {"NeutronError": {"message": "Trunk 2b0e49d6-e469-4103-b161-53fc21a25b17 could not be found.", "type": "TrunkNotFound", "detail": ""}} _log_request_full /root/.rally/verification/verifier-911b72a8-ac8b-4542-9294-919949a759cc/repo/tempest/lib/common/rest_client.py:437
2019-03-25 10:15:11.878 12065 INFO tempest.lib.common.rest_client [req-a7760822-9eed-4aa2-9fc2-764a4dfce0a7 ] Request (TrunkTestJSON:_run_cleanups): 404 DELETE http://172.30.9.30:9696/v2.0/trunks/2b0e49d6-e469-4103-b161-53fc21a25b17 0.017s
2019-03-25 10:15:11.878 12065 DEBUG tempest.lib.common.rest_client [req-a7760822-9eed-4aa2-9fc2-764a4dfce0a7 ] Request - Headers: {'Content-Type': 'application/json', 'Accept': 'application/json', 'X-Auth-Token': ''} Body: None Response - Headers: {'status': '404', u'content-length': '134', 'content-location': 'http://172.30.9.30:9696/v2.0/trunks/2b0e49d6-e469-4103-b161-53fc21a25b17', u'date': 'Mon, 25 Mar 2019 10:15:11 GMT', u'content-type': 'application/json', u'connection': 'close', u'x-openstack-request-id': 'req-a7760822-9eed-4aa2-9fc2-764a4dfce0a7'} Body: {"NeutronError": {"message": "Trunk 2b0e49d6-e469-4103-b161-53fc21a25b17 could not be found.", "type": "TrunkNotFound", "detail": ""}} _log_request_full /root/.rally/verification/verifier-911b72a8-ac8b-4542-9294-919949a759cc/repo/tempest/lib/common/rest_client.py:437
2019-03-25 10:15:11.898 12065 INFO tempest.lib.common.rest_client [req-18fc428f-22e2-4e83-949c-941c8d4eea73 ] Request (TrunkTestJSON:_run_cleanups): 404 GET http://172.30.9.30:9696/v2.0/trunks/56c07d1d-603d-4597-a085-7dfc69df5297 0.019s
2019-03-25 10:15:11.898 12065 DEBUG tempest.lib.common.rest_client [req-18fc428f-22e2-4e83-949c-941c8d4eea73 ] Request - Headers: {'Content-Type': 'application/json', 'Accept': 'application/json', 'X-Auth-Token': ''} Body: None Response - Headers: {'status': '404', u'content-length': '134', 'content-location': 'http://172.30.9.30:9696/v2.0/trunks/56c07d1d-603d-4597-a085-7dfc69df5297', u'date': 'Mon, 25 Mar 2019 10:15:11 GMT', u'content-type': 'application/json', u'connection': 'close', u'x-openstack-request-id': 'req-18fc428f-22e2-4e83-949c-941c8d4eea73'} Body: {"NeutronError": {"message": "Trunk 56c07d1d-603d-4597-a085-7dfc69df5297 could not be found.", "type": "TrunkNotFound", "detail": ""}} _log_request_full /root/.rally/verification/verifier-911b72a8-ac8b-4542-9294-919949a759cc/repo/tempest/lib/common/rest_client.py:437
2019-03-25 10:15:11.912 12065 INFO tempest.lib.common.rest_client [req-5b6b7178-7f88-4050-b00d-927df682273c ] Request (TrunkTestJSON:_run_cleanups): 404 GET http://172.30.9.30:9696/v2.0/trunks/4290d3be-fe9d-44d5-87d3-74fbe211e8c5 0.013s
2019-03-25 10:15:11.912 12065 DEBUG tempest.lib.common.rest_client [req-5b6b7178-7f88-4050-b00d-927df682273c ] Request - Headers: {'Content-Type': 'application/json', 'Accept': 'application/json', 'X-Auth-Token': ''} Body: None Response - Headers: {'status': '404', u'content-length': '134', 'content-location': 'http://172.30.9.30:9696/v2.0/trunks/4290d3be-fe9d-44d5-87d3-74fbe211e8c5', u'date': 'Mon, 25 Mar 2019 10:15:11 GMT', u'content-type': 'application/json', u'connection': 'close', u'x-openstack-request-id': 'req-5b6b7178-7f88-4050-b00d-927df682273c'} Body: {"NeutronError": {"message": "Trunk 4290d3be-fe9d-44d5-87d3-74fbe211e8c5 could not be found.", "type": "TrunkNotFound", "detail": ""}} _log_request_full /root/.rally/verification/verifier-911b72a8-ac8b-4542-9294-919949a759cc/repo/tempest/lib/common/rest_client.py:437
2019-03-25 10:15:11.925 12065 INFO tempest.lib.common.rest_client [req-82f2f4bc-169f-4be6-8684-9a18ae8be7e8 ] Request (TrunkTestJSON:_run_cleanups): 404 GET http://172.30.9.30:9696/v2.0/trunks/ac13a0c3-1083-40a2-92ee-321b23cd8d52 0.012s
2019-03-25 10:15:11.926 12065 DEBUG tempest.lib.common.rest_client [req-82f2f4bc-169f-4be6-8684-9a18ae8be7e8 ] Request - Headers: {'Content-Type': 'application/json', 'Accept': 'application/json', 'X-Auth-Token': ''} Body: None Response - Headers: {'status': '404', u'content-length': '134', 'content-location': 'http://172.30.9.30:9696/v2.0/trunks/ac13a0c3-1083-40a2-92ee-321b23cd8d52', u'date': 'Mon, 25 Mar 2019 10:15:11 GMT', u'content-type': 'application/json', u'connection': 'close', u'x-openstack-request-id': 'req-82f2f4bc-169f-4be6-8684-9a18ae8be7e8'} Body: {"NeutronError": {"message": "Trunk ac13a0c3-1083-40a2-92ee-321b23cd8d52 could not be found.", "type": "TrunkNotFound", "detail": ""}} _log_request_full /root/.rally/verification/verifier-911b72a8-ac8b-4542-9294-919949a759cc/repo/tempest/lib/common/rest_client.py:437
2019-03-25 10:15:11.938 12065 INFO tempest.lib.common.rest_client [req-11b60256-1c1b-4a8d-9f75-719b313fb4c3 ] Request (TrunkTestJSON:_run_cleanups): 404 GET http://172.30.9.30:9696/v2.0/trunks/8149778c-1e70-4c48-80c5-cd0ed09d13df 0.012s
