2019-03-23 20:51:15.604 13030 DEBUG tempest.lib.common.rest_client [req-688b3741-41c9-4ebb-bc3e-38b2f45968cb ] Request - Headers: {'Content-Type': 'application/json', 'Accept': 'application/json', 'X-Auth-Token': ''} Body: {"floatingip": {"floating_network_id": "2435773f-7eb4-4a80-abb2-12098f92627b", "port_id": "063ab490-90eb-4616-9bfc-410efa47eeaf"}} Response - Headers: {'status': '201', u'content-length': '773', 'content-location': 'http://172.30.9.28:9696/v2.0/floatingips', u'date': 'Sat, 23 Mar 2019 20:51:15 GMT', u'content-type': 'application/json', u'connection': 'close', u'x-openstack-request-id': 'req-688b3741-41c9-4ebb-bc3e-38b2f45968cb'} Body: {"floatingip": {"router_id": "a023bea6-185f-4078-aa7a-bf43ab19bdc2", "status": "DOWN", "description": "", "tags": [], "tenant_id": "4ab8e0ee25e64580920760a072733f26", "created_at": "2019-03-23T20:51:13Z", "updated_at": "2019-03-23T20:51:13Z", "floating_network_id": "2435773f-7eb4-4a80-abb2-12098f92627b", "port_details": {"status": "DOWN", "name": "", "admin_state_up": true, "network_id": "5707bd40-07b0-4e05-959a-beefea0b522e", "device_owner": "", "mac_address": "fa:16:3e:eb:50:d3", "device_id": ""}, "fixed_ip_address": "192.168.120.7", "floating_ip_address": "172.30.9.200", "revision_number": 0, "project_id": "4ab8e0ee25e64580920760a072733f26", "port_id": "063ab490-90eb-4616-9bfc-410efa47eeaf", "id": "764abdb2-dff4-4610-b39f-2dfb33eda66f", "qos_policy_id": null}} _log_request_full /root/.rally/verification/verifier-6501d260-5d3e-4791-a3f1-b5a553cdeb3a/repo/tempest/lib/common/rest_client.py:437
2019-03-23 20:51:15.670 13032 INFO tempest.lib.common.rest_client [req-d72aea86-a972-47e9-aa1b-79bdb3734d2b ] Request (TrunksSearchCriteriaTest:tearDownClass): 204 DELETE http://172.30.9.28:9696/v2.0/ports/d6812e83-1d6b-4521-a2f5-ffc7bd452888 0.667s
2019-03-23 20:51:15.671 13032 DEBUG tempest.lib.common.rest_client [req-d72aea86-a972-47e9-aa1b-79bdb3734d2b ] Request - Headers: {'Content-Type': 'application/json', 'Accept': 'application/json', 'X-Auth-Token': ''} Body: None Response - Headers: {'status': '204', u'content-length': '0', 'content-location': 'http://172.30.9.28:9696/v2.0/ports/d6812e83-1d6b-4521-a2f5-ffc7bd452888', u'date': 'Sat, 23 Mar 2019 20:51:15 GMT', u'connection': 'close', u'x-openstack-request-id': 'req-d72aea86-a972-47e9-aa1b-79bdb3734d2b'} Body: _log_request_full /root/.rally/verification/verifier-6501d260-5d3e-4791-a3f1-b5a553cdeb3a/repo/tempest/lib/common/rest_client.py:437
2019-03-23 20:51:15.715 13029 INFO tempest.lib.common.rest_client [req-fe745e0d-defb-4391-b4e8-8002ca48ac55 ] Request (TrunkTestJSON:_run_cleanups): 404 DELETE http://172.30.9.28:9696/v2.0/trunks/dbf0e1b3-8b6d-4a3b-a5fe-0aee028bbb8d 0.341s
2019-03-23 20:51:15.715 13029 DEBUG tempest.lib.common.rest_client [req-fe745e0d-defb-4391-b4e8-8002ca48ac55 ] Request - Headers: {'Content-Type': 'application/json', 'Accept': 'application/json', 'X-Auth-Token': ''} Body: None Response - Headers: {'status': '404', u'content-length': '134', 'content-location': 'http://172.30.9.28:9696/v2.0/trunks/dbf0e1b3-8b6d-4a3b-a5fe-0aee028bbb8d', u'date': 'Sat, 23 Mar 2019 20:51:15 GMT', u'content-type': 'application/json', u'connection': 'close', u'x-openstack-request-id': 'req-fe745e0d-defb-4391-b4e8-8002ca48ac55'} Body: {"NeutronError": {"message": "Trunk dbf0e1b3-8b6d-4a3b-a5fe-0aee028bbb8d could not be found.", "type": "TrunkNotFound", "detail": ""}} _log_request_full /root/.rally/verification/verifier-6501d260-5d3e-4791-a3f1-b5a553cdeb3a/repo/tempest/lib/common/rest_client.py:437
2019-03-23 20:51:15.989 13029 INFO tempest.lib.common.rest_client [req-1c8fbebb-7494-434c-a437-54dbb8c54296 ] Request (TrunkTestJSON:_run_cleanups): 200 GET http://172.30.9.28:9696/v2.0/trunks/0bbdd973-be2b-417c-858e-7c9dea76065f/get_subports 0.273s
2019-03-23 20:51:15.990 13029 DEBUG tempest.lib.common.rest_client [req-1c8fbebb-7494-434c-a437-54dbb8c54296 ] Request - Headers: {'Content-Type': 'application/json', 'Accept': 'application/json', 'X-Auth-Token': ''} Body: None Response - Headers: {'status': '200', u'content-length': '17', 'content-location': 'http://172.30.9.28:9696/v2.0/trunks/0bbdd973-be2b-417c-858e-7c9dea76065f/get_subports', u'date': 'Sat, 23 Mar 2019 20:51:15 GMT', u'content-type': 'application/json', u'connection': 'close', u'x-openstack-request-id': 'req-1c8fbebb-7494-434c-a437-54dbb8c54296'} Body: {"sub_ports": []} _log_request_full /root/.rally/verification/verifier-6501d260-5d3e-4791-a3f1-b5a553cdeb3a/repo/tempest/lib/common/rest_client.py:437
2019-03-23 20:51:16.001 13031 INFO tempest.lib.common.rest_client [req-5359f5c5-6c24-45c7-843a-9fc36a1aaf55 ] Request (TestTrunkDetailsJSON:_run_cleanups): 204 DELETE http://172.30.9.28:9696/v2.0/ports/ddd6865a-8e40-4f73-ab87-bc5661d8822b 0.530s
2019-03-23 20:51:16.002 13031 DEBUG tempest.lib.common.rest_client [req-5359f5c5-6c24-45c7-843a-9fc36a1aaf55 ] Request - Headers: {'Content-Type': 'application/json', 'Accept': 'application/json', 'X-Auth-Token': ''} Body: None Response - Headers: {'status': '204', u'content-length': '0', 'content-location': 'http://172.30.9.28:9696/v2.0/ports/ddd6865a-8e40-4f73-ab87-bc5661d8822b', u'date': 'Sat, 23 Mar 2019 20:51:15 GMT', u'connection': 'close', u'x-openstack-request-id': 'req-5359f5c5-6c24-45c7-843a-9fc36a1aaf55'} Body: _log_request_full /root/.rally/verification/verifier-6501d260-5d3e-4791-a3f1-b5a553cdeb3a/repo/tempest/lib/common/rest_client.py:437
2019-03-23 20:51:16.250 13031 INFO tempest.lib.common.rest_client [req-5df3450c-a046-4d55-9796-068f547499a7 ] Request (TestTrunkDetailsJSON:_run_cleanups): 404 DELETE http://172.30.9.28:9696/v2.0/networks/6888ebf4-bc10-4c97-9905-ce09ae22f4b1 0.246s
2019-03-23 20:51:16.250 13031 DEBUG tempest.lib.common.rest_client [req-5df3450c-a046-4d55-9796-068f547499a7 ] Request - Headers: {'Content-Type': 'application/json', 'Accept': 'application/json', 'X-Auth-Token': ''} Body: None Response - Headers: {'status': '404', u'content-length': '138', 'content-location': 'http://172.30.9.28:9696/v2.0/networks/6888ebf4-bc10-4c97-9905-ce09ae22f4b1', u'date': 'Sat, 23 Mar 2019 20:51:16 GMT', u'content-type': 'application/json', u'connection': 'close', u'x-openstack-request-id': 'req-5df3450c-a046-4d55-9796-068f547499a7'} Body: {"NeutronError": {"message": "Network 6888ebf4-bc10-4c97-9905-ce09ae22f4b1 could not be found.", "type": "NetworkNotFound", "detail": ""}} _log_request_full /root/.rally/verification/verifier-6501d260-5d3e-4791-a3f1-b5a553cdeb3a/repo/tempest/lib/common/rest_client.py:437
2019-03-23 20:51:16.474 13029 INFO tempest.lib.common.rest_client [req-bd2aff81-e2c3-4e00-9f59-0513de3957c0 ] Request (TrunkTestJSON:_run_cleanups): 200 PUT http://172.30.9.28:9696/v2.0/trunks/0bbdd973-be2b-417c-858e-7c9dea76065f/remove_subports 0.484s
2019-03-23 20:51:16.475 13029 DEBUG tempest.lib.common.rest_client [req-bd2aff81-e2c3-4e00-9f59-0513de3957c0 ] Request - Headers: {'Content-Type': 'application/json', 'Accept': 'application/json', 'X-Auth-Token': ''} Body: {"sub_ports": []} Response - Headers: {'status': '200', u'content-length': '396', 'content-location': 'http://172.30.9.28:9696/v2.0/trunks/0bbdd973-be2b-417c-858e-7c9dea76065f/remove_subports', u'date': 'Sat, 23 Mar 2019 20:51:16 GMT', u'content-type': 'application/json', u'connection': 'close', u'x-openstack-request-id': 'req-bd2aff81-e2c3-4e00-9f59-0513de3957c0'} Body: {"status": "DOWN", "sub_ports": [], "name": "", "admin_state_up": true, "tenant_id": "7e01862c702e4dd3ae616842aeb20a53", "created_at": "2019-03-23T20:51:14Z", "tags": [], "updated_at": "2019-03-23T20:51:16Z", "revision_number": 1, "project_id": "7e01862c702e4dd3ae616842aeb20a53", "port_id": "16363852-3caa-4c15-824a-becd3d1d3448", "id": "0bbdd973-be2b-417c-858e-7c9dea76065f", "description": ""} _log_request_full /root/.rally/verification/verifier-6501d260-5d3e-4791-a3f1-b5a553cdeb3a/repo/tempest/lib/common/rest_client.py:437
2019-03-23 20:51:16.561 13031 INFO tempest.lib.common.rest_client [req-27985f7c-9692-437d-ab14-6d33c5a27b71 ] Request (TestTrunkDetailsJSON:_run_cleanups): 404 DELETE http://172.30.9.28:9696/v2.0/networks/9456d88d-e1fb-4133-9b39-564978457751 0.309s
2019-03-23 20:51:16.561 13031 DEBUG tempest.lib.common.rest_client [req-27985f7c-9692-437d-ab14-6d33c5a27b71 ] Request - Headers: {'Content-Type': 'application/json', 'Accept': 'application/json', 'X-Auth-Token': ''} Body: None Response - Headers: {'status': '404', u'content-length': '138', 'content-location': 'http://172.30.9.28:9696/v2.0/networks/9456d88d-e1fb-4133-9b39-564978457751', u'date': 'Sat, 23 Mar 2019 20:51:16 GMT', u'content-type': 'application/json', u'connection': 'close', u'x-openstack-request-id': 'req-27985f7c-9692-437d-ab14-6d33c5a27b71'} Body: {"NeutronError": {"message": "Network 9456d88d-e1fb-4133-9b39-564978457751 could not be found.", "type": "NetworkNotFound", "detail": ""}} _log_request_full /root/.rally/verification/verifier-6501d260-5d3e-4791-a3f1-b5a553cdeb3a/repo/tempest/lib/common/rest_client.py:437
2019-03-23 20:51:16.591 13033 INFO tempest.lib.common.rest_client [req-9720a5c8-df97-40ca-bf89-e987c3fdf8f8 ] Request (TrunkTestJSON:_run_cleanups): 204 DELETE http://172.30.9.28:9696/v2.0/networks/453ca17e-74ce-429e-95c7-7ea0b878d0e4 1.299s
2019-03-23 20:51:16.591 13033 DEBUG tempest.lib.common.rest_client [req-9720a5c8-df97-40ca-bf89-e987c3fdf8f8 ] Request - Headers: {'Content-Type': 'application/json', 'Accept': 'application/json', 'X-Auth-Token': ''} Body: None Response - Headers: {'status': '204', u'content-length': '0', 'content-location': 'http://172.30.9.28:9696/v2.0/networks/453ca17e-74ce-429e-95c7-7ea0b878d0e4', u'date': 'Sat, 23 Mar 2019 20:51:16 GMT', u'connection': 'close', u'x-openstack-request-id': 'req-9720a5c8-df97-40ca-bf89-e987c3fdf8f8'} Body: _log_request_full /root/.rally/verification/verifier-6501d260-5d3e-4791-a3f1-b5a553cdeb3a/repo/tempest/lib/common/rest_client.py:437
2019-03-23 20:51:16.617 13029 INFO tempest.lib.common.rest_client [req-e097baa1-ebcb-4c60-9805-1d70edb0c7e2 ] Request (TrunkTestJSON:_run_cleanups): 204 DELETE http://172.30.9.28:9696/v2.0/trunks/0bbdd973-be2b-417c-858e-7c9dea76065f 0.142s
2019-03-23 20:51:16.618 13029 DEBUG tempest.lib.common.rest_client [req-e097baa1-ebcb-4c60-9805-1d70edb0c7e2 ] Request - Headers: {'Content-Type': 'application/json', 'Accept': 'application/json', 'X-Auth-Token': ''} Body: None Response - Headers: {'status': '204', u'content-length': '0', 'content-location': 'http://172.30.9.28:9696/v2.0/trunks/0bbdd973-be2b-417c-858e-7c9dea76065f', u'date': 'Sat, 23 Mar 2019 20:51:16 GMT', u'connection': 'close', u'x-openstack-request-id': 'req-e097baa1-ebcb-4c60-9805-1d70edb0c7e2'} Body: _log_request_full /root/.rally/verification/verifier-6501d260-5d3e-4791-a3f1-b5a553cdeb3a/repo/tempest/lib/common/rest_client.py:437
2019-03-23 20:51:16.636 13029 INFO tempest.lib.common.rest_client [req-77ef4902-8441-4f81-a26c-f8af18b8a701 ] Request (TrunkTestJSON:_run_cleanups): 404 GET http://172.30.9.28:9696/v2.0/trunks/9472a4f2-09cc-4c93-aeb3-c88e1d86297f 0.018s
2019-03-23 20:51:16.637 13029 DEBUG tempest.lib.common.rest_client [req-77ef4902-8441-4f81-a26c-f8af18b8a701 ] Request - Headers: {'Content-Type': 'application/json', 'Accept': 'application/json', 'X-Auth-Token': ''} Body: None Response - Headers: {'status': '404', u'content-length': '134', 'content-location': 'http://172.30.9.28:9696/v2.0/trunks/9472a4f2-09cc-4c93-aeb3-c88e1d86297f', u'date': 'Sat, 23 Mar 2019 20:51:16 GMT', u'content-type': 'application/json', u'connection': 'close', u'x-openstack-request-id': 'req-77ef4902-8441-4f81-a26c-f8af18b8a701'} Body: {"NeutronError": {"message": "Trunk 9472a4f2-09cc-4c93-aeb3-c88e1d86297f could not be found.", "type": "TrunkNotFound", "detail": ""}} _log_request_full /root/.rally/verification/verifier-6501d260-5d3e-4791-a3f1-b5a553cdeb3a/repo/tempest/lib/common/rest_client.py:437
2019-03-23 20:51:16.650 13032 INFO tempest.lib.common.rest_client [req-6496d508-399d-4b5b-a5e3-d0e91e6904af ] Request (TrunksSearchCriteriaTest:tearDownClass): 204 DELETE http://172.30.9.28:9696/v2.0/ports/01492e43-9a79-4d18-b617-cb2d8f3db203 0.978s
2019-03-23 20:51:16.650 13032 DEBUG tempest.lib.common.rest_client [req-6496d508-399d-4b5b-a5e3-d0e91e6904af ] Request - Headers: {'Content-Type': 'application/json', 'Accept': 'application/json', 'X-Auth-Token': ''} Body: None Response - Headers: {'status': '204', u'content-length': '0', 'content-location': 'http://172.30.9.28:9696/v2.0/ports/01492e43-9a79-4d18-b617-cb2d8f3db203', u'date': 'Sat, 23 Mar 2019 20:51:16 GMT', u'connection': 'close', u'x-openstack-request-id': 'req-6496d508-399d-4b5b-a5e3-d0e91e6904af'} Body: _log_request_full /root/.rally/verification/verifier-6501d260-5d3e-4791-a3f1-b5a553cdeb3a/repo/tempest/lib/common/rest_client.py:437
2019-03-23 20:51:16.886 13029 INFO tempest.lib.common.rest_client [req-0e8b8c9c-53a5-4d33-841f-40d396bb671b ] Request (TrunkTestJSON:_run_cleanups): 404 GET http://172.30.9.28:9696/v2.0/trunks/dbf0e1b3-8b6d-4a3b-a5fe-0aee028bbb8d 0.248s
2019-03-23 20:51:16.886 13029 DEBUG tempest.lib.common.rest_client [req-0e8b8c9c-53a5-4d33-841f-40d396bb671b ] Request - Headers: {'Content-Type': 'application/json', 'Accept': 'application/json', 'X-Auth-Token': ''} Body: None Response - Headers: {'status': '404', u'content-length': '134', 'content-location': 'http://172.30.9.28:9696/v2.0/trunks/dbf0e1b3-8b6d-4a3b-a5fe-0aee028bbb8d', u'date': 'Sat, 23 Mar 2019 20:51:16 GMT', u'content-type': 'application/json', u'connection': 'close', u'x-openstack-request-id': 'req-0e8b8c9c-53a5-4d33-841f-40d396bb671b'} Body: {"NeutronError": {"message": "Trunk dbf0e1b3-8b6d-4a3b-a5fe-0aee028bbb8d could not be found.", "type": "TrunkNotFound", "detail": ""}} _log_request_full /root/.rally/verification/verifier-6501d260-5d3e-4791-a3f1-b5a553cdeb3a/repo/tempest/lib/common/rest_client.py:437
2019-03-23 20:51:17.178 13029 INFO tempest.lib.common.rest_client [req-1650b3b8-abd9-48f1-ab6c-57e9c00b4edf ] Request (TrunkTestJSON:_run_cleanups): 404 GET http://172.30.9.28:9696/v2.0/trunks/0bbdd973-be2b-417c-858e-7c9dea76065f 0.290s
2019-03-23 20:51:17.178 13029 DEBUG tempest.lib.common.rest_client [req-1650b3b8-abd9-48f1-ab6c-57e9c00b4edf ] Request - Headers: {'Content-Type': 'application/json', 'Accept': 'application/json', 'X-Auth-Token': ''} Body: None Response - Headers: {'status': '404', u'content-length': '134', 'content-location': 'http://172.30.9.28:9696/v2.0/trunks/0bbdd973-be2b-417c-858e-7c9dea76065f', u'date': 'Sat, 23 Mar 2019 20:51:17 GMT', u'content-type': 'application/json', u'connection': 'close', u'x-openstack-request-id': 'req-1650b3b8-abd9-48f1-ab6c-57e9c00b4edf'} Body: {"NeutronError": {"message": "Trunk 0bbdd973-be2b-417c-858e-7c9dea76065f could not be found.", "type": "TrunkNotFound", "detail": ""}} _log_request_full /root/.rally/verification/verifier-6501d260-5d3e-4791-a3f1-b5a553cdeb3a/repo/tempest/lib/common/rest_client.py:437
2019-03-23 20:51:17.214 13029 INFO tempest.lib.common.rest_client [req-e25bd3f1-bef0-4181-a7fc-756b6a974717 ] Request (TrunkTestJSON:_run_cleanups): 404 DELETE http://172.30.9.28:9696/v2.0/ports/b747f766-9e6c-4eb2-86bf-d807cde2e616 0.035s
2019-03-23 20:51:17.215 13029 DEBUG tempest.lib.common.rest_client [req-e25bd3f1-bef0-4181-a7fc-756b6a974717 ] Request - Headers: {'Content-Type': 'application/json', 'Accept': 'application/json', 'X-Auth-Token': ''} Body: None Response - Headers: {'status': '404', u'content-length': '132', 'content-location': 'http://172.30.9.28:9696/v2.0/ports/b747f766-9e6c-4eb2-86bf-d807cde2e616', u'date': 'Sat, 23 Mar 2019 20:51:17 GMT', u'content-type': 'application/json', u'connection': 'close', u'x-openstack-request-id': 'req-e25bd3f1-bef0-4181-a7fc-756b6a974717'} Body: {"NeutronError": {"message": "Port b747f766-9e6c-4eb2-86bf-d807cde2e616 could not be found.", "type": "PortNotFound", "detail": ""}} _log_request_full /root/.rally/verification/verifier-6501d260-5d3e-4791-a3f1-b5a553cdeb3a/repo/tempest/lib/common/rest_client.py:437
2019-03-23 20:51:17.218 13032 INFO tempest.lib.common.rest_client [req-d109d7cb-0b6f-43c3-9376-ad4bfb34c7ff ] Request (TrunksSearchCriteriaTest:tearDownClass): 204 DELETE http://172.30.9.28:9696/v2.0/ports/09d826a1-fccf-4230-abca-8342d47c5ccf 0.567s
2019-03-23 20:51:17.218 13032 DEBUG tempest.lib.common.rest_client [req-d109d7cb-0b6f-43c3-9376-ad4bfb34c7ff ] Request - Headers: {'Content-Type': 'application/json', 'Accept': 'application/json', 'X-Auth-Token': ''} Body: None Response - Headers: {'status': '204', u'content-length': '0', 'content-location': 'http://172.30.9.28:9696/v2.0/ports/09d826a1-fccf-4230-abca-8342d47c5ccf', u'date': 'Sat, 23 Mar 2019 20:51:17 GMT', u'connection': 'close', u'x-openstack-request-id': 'req-d109d7cb-0b6f-43c3-9376-ad4bfb34c7ff'} Body: _log_request_full /root/.rally/verification/verifier-6501d260-5d3e-4791-a3f1-b5a553cdeb3a/repo/tempest/lib/common/rest_client.py:437
2019-03-23 20:51:17.250 13029 INFO tempest.lib.common.rest_client [req-ab76c5ce-f863-4fee-adea-220efee1b006 ] Request (TrunkTestJSON:_run_cleanups): 404 DELETE http://172.30.9.28:9696/v2.0/ports/cbf3818b-a896-4ced-86ed-9ecf32d46203 0.034s
2019-03-23 20:51:17.250 13029 DEBUG tempest.lib.common.rest_client [req-ab76c5ce-f863-4fee-adea-220efee1b006 ] Request - Headers: {'Content-Type': 'application/json', 'Accept': 'application/json', 'X-Auth-Token': ''} Body: None Response - Headers: {'status': '404', u'content-length': '132', 'content-location': 'http://172.30.9.28:9696/v2.0/ports/cbf3818b-a896-4ced-86ed-9ecf32d46203', u'date': 'Sat, 23 Mar 2019 20:51:17 GMT', u'content-type': 'application/json', u'connection': 'close', u'x-openstack-request-id': 'req-ab76c5ce-f863-4fee-adea-220efee1b006'} Body: {"NeutronError": {"message": "Port cbf3818b-a896-4ced-86ed-9ecf32d46203 could not be found.", "type": "PortNotFound", "detail": ""}} _log_request_full /root/.rally/verification/verifier-6501d260-5d3e-4791-a3f1-b5a553cdeb3a/repo/tempest/lib/common/rest_client.py:437
2019-03-23 20:51:17.353 13031 INFO tempest.lib.common.rest_client [req-41ed789b-587f-42bd-99b4-175d698b84bb ] Request (TestTrunkDetailsJSON:_run_cleanups): 204 DELETE http://172.30.9.28:9696/v2.0/networks/28ddec2c-8a17-4670-951e-2788fe260434 0.791s
2019-03-23 20:51:17.354 13031 DEBUG tempest.lib.common.rest_client [req-41ed789b-587f-42bd-99b4-175d698b84bb ] Request - Headers: {'Content-Type': 'application/json', 'Accept': 'application/json', 'X-Auth-Token': ''} Body: None Response - Headers: {'status': '204', u'content-length': '0', 'content-location': 'http://172.30.9.28:9696/v2.0/networks/28ddec2c-8a17-4670-951e-2788fe260434', u'date': 'Sat, 23 Mar 2019 20:51:17 GMT', u'connection': 'close', u'x-openstack-request-id': 'req-41ed789b-587f-42bd-99b4-175d698b84bb'} Body: _log_request_full /root/.rally/verification/verifier-6501d260-5d3e-4791-a3f1-b5a553cdeb3a/repo/tempest/lib/common/rest_client.py:437
2019-03-23 20:51:17.356 13033 INFO tempest.lib.common.rest_client [req-25457d5f-5f69-40a8-8dbe-cff6ab35a8a6 ] Request (TrunkTestJSON:test_add_subport_port_id_disabled_trunk): 201 POST http://172.30.9.28:9696/v2.0/networks 0.761s
2019-03-23 20:51:17.356 13033 DEBUG tempest.lib.common.rest_client [req-25457d5f-5f69-40a8-8dbe-cff6ab35a8a6 ] Request - Headers: {'Content-Type': 'application/json', 'Accept': 'application/json', 'X-Auth-Token': ''} Body: {"network": {"name": "tempest-test-network--1368463543"}} Response - Headers: {'status': '201', u'content-length': '610', 'content-location': 'http://172.30.9.28:9696/v2.0/networks', u'date': 'Sat, 23 Mar 2019 20:51:17 GMT', u'content-type': 'application/json', u'connection': 'close', u'x-openstack-request-id': 'req-25457d5f-5f69-40a8-8dbe-cff6ab35a8a6'} Body: {"network":{"ipv6_address_scope":null,"revision_number":2,"port_security_enabled":true,"id":"1d96cce8-f906-4a22-9505-45f82fd8dad3","router:external":false,"availability_zone_hints":[],"availability_zones":[],"ipv4_address_scope":null,"shared":false,"project_id":"f11c48eb8695420abdd9d4d238dd7e81","l2_adjacency":true,"status":"ACTIVE","subnets":[],"description":"","tags":[],"updated_at":"2019-03-23T20:51:17Z","is_default":false,"name":"tempest-test-network--1368463543","qos_policy_id":null,"admin_state_up":true,"tenant_id":"f11c48eb8695420abdd9d4d238dd7e81","created_at":"2019-03-23T20:51:17Z","mtu":1450}} _log_request_full /root/.rally/verification/verifier-6501d260-5d3e-4791-a3f1-b5a553cdeb3a/repo/tempest/lib/common/rest_client.py:437
2019-03-23 20:51:17.587 13029 INFO tempest.lib.common.rest_client [req-2be23765-ef9f-457d-961f-89c9bc90e959 ] Request (TrunkTestJSON:_run_cleanups): 404 DELETE http://172.30.9.28:9696/v2.0/ports/e2012174-4bd0-4c39-9710-03ee12c2ce43 0.336s
2019-03-23 20:51:17.588 13029 DEBUG tempest.lib.common.rest_client [req-2be23765-ef9f-457d-961f-89c9bc90e959 ] Request - Headers: {'Content-Type': 'application/json', 'Accept': 'application/json', 'X-Auth-Token': ''} Body: None Response - Headers: {'status': '404', u'content-length': '132', 'content-location': 'http://172.30.9.28:9696/v2.0/ports/e2012174-4bd0-4c39-9710-03ee12c2ce43', u'date': 'Sat, 23 Mar 2019 20:51:17 GMT', u'content-type': 'application/json', u'connection': 'close', u'x-openstack-request-id': 'req-2be23765-ef9f-457d-961f-89c9bc90e959'} Body: {"NeutronError": {"message": "Port e2012174-4bd0-4c39-9710-03ee12c2ce43 could not be found.", "type": "PortNotFound", "detail": ""}} _log_request_full /root/.rally/verification/verifier-6501d260-5d3e-4791-a3f1-b5a553cdeb3a/repo/tempest/lib/common/rest_client.py:437
2019-03-23 20:51:18.009 13032 INFO tempest.lib.common.rest_client [req-50f1e1cc-a016-4c5e-ab4a-8c0164e9b6cc ] Request (TrunksSearchCriteriaTest:tearDownClass): 204 DELETE http://172.30.9.28:9696/v2.0/ports/68fa2b91-45d9-4015-ab5b-11080bdd5adf 0.789s
2019-03-23 20:51:18.009 13032 DEBUG tempest.lib.common.rest_client [req-50f1e1cc-a016-4c5e-ab4a-8c0164e9b6cc ] Request - Headers: {'Content-Type': 'application/json', 'Accept': 'application/json', 'X-Auth-Token': ''} Body: None Response - Headers: {'status': '204', u'content-length': '0', 'content-location': 'http://172.30.9.28:9696/v2.0/ports/68fa2b91-45d9-4015-ab5b-11080bdd5adf', u'date': 'Sat, 23 Mar 2019 20:51:18 GMT', u'connection': 'close', u'x-openstack-request-id': 'req-50f1e1cc-a016-4c5e-ab4a-8c0164e9b6cc'} Body: _log_request_full /root/.rally/verification/verifier-6501d260-5d3e-4791-a3f1-b5a553cdeb3a/repo/tempest/lib/common/rest_client.py:437
2019-03-23 20:51:18.020 13029 INFO tempest.lib.common.rest_client [req-d032b620-df09-4c44-9251-c5252e494e8b ] Request (TrunkTestJSON:_run_cleanups): 204 DELETE http://172.30.9.28:9696/v2.0/ports/16363852-3caa-4c15-824a-becd3d1d3448 0.431s
2019-03-23 20:51:18.021 13029 DEBUG tempest.lib.common.rest_client [req-d032b620-df09-4c44-9251-c5252e494e8b ] Request - Headers: {'Content-Type': 'application/json', 'Accept': 'application/json', 'X-Auth-Token': ''} Body: None Response - Headers: {'status': '204', u'content-length': '0', 'content-location': 'http://172.30.9.28:9696/v2.0/ports/16363852-3caa-4c15-824a-becd3d1d3448', u'date': 'Sat, 23 Mar 2019 20:51:18 GMT', u'connection': 'close', u'x-openstack-request-id': 'req-d032b620-df09-4c44-9251-c5252e494e8b'} Body: _log_request_full /root/.rally/verification/verifier-6501d260-5d3e-4791-a3f1-b5a553cdeb3a/repo/tempest/lib/common/rest_client.py:437
2019-03-23 20:51:18.246 13029 INFO tempest.lib.common.rest_client [req-283bba42-cc4c-4839-931d-efeffca1b2ee ] Request (TrunkTestJSON:_run_cleanups): 404 DELETE http://172.30.9.28:9696/v2.0/networks/eebd220a-804c-48f4-94c8-15946d186fbc 0.224s
2019-03-23 20:51:18.246 13029 DEBUG tempest.lib.common.rest_client [req-283bba42-cc4c-4839-931d-efeffca1b2ee ] Request - Headers: {'Content-Type': 'application/json', 'Accept': 'application/json', 'X-Auth-Token': ''} Body: None Response - Headers: {'status': '404', u'content-length': '138', 'content-location': 'http://172.30.9.28:9696/v2.0/networks/eebd220a-804c-48f4-94c8-15946d186fbc', u'date': 'Sat, 23 Mar 2019 20:51:18 GMT', u'content-type': 'application/json', u'connection': 'close', u'x-openstack-request-id': 'req-283bba42-cc4c-4839-931d-efeffca1b2ee'} Body: {"NeutronError": {"message": "Network eebd220a-804c-48f4-94c8-15946d186fbc could not be found.", "type": "NetworkNotFound", "detail": ""}} _log_request_full /root/.rally/verification/verifier-6501d260-5d3e-4791-a3f1-b5a553cdeb3a/repo/tempest/lib/common/rest_client.py:437
2019-03-23 20:51:18.280 13029 INFO tempest.lib.common.rest_client [req-cb8db5e1-faec-4683-92b9-53976bb040d2 ] Request (TrunkTestJSON:_run_cleanups): 404 DELETE http://172.30.9.28:9696/v2.0/networks/819a62fc-d41d-4112-987f-e57c5c634fb5 0.032s
2019-03-23 20:51:18.280 13029 DEBUG tempest.lib.common.rest_client [req-cb8db5e1-faec-4683-92b9-53976bb040d2 ] Request - Headers: {'Content-Type': 'application/json', 'Accept': 'application/json', 'X-Auth-Token': ''} Body: None Response - Headers: {'status': '404', u'content-length': '138', 'content-location': 'http://172.30.9.28:9696/v2.0/networks/819a62fc-d41d-4112-987f-e57c5c634fb5', u'date': 'Sat, 23 Mar 2019 20:51:18 GMT', u'content-type': 'application/json', u'connection': 'close', u'x-openstack-request-id': 'req-cb8db5e1-faec-4683-92b9-53976bb040d2'} Body: {"NeutronError": {"message": "Network 819a62fc-d41d-4112-987f-e57c5c634fb5 could not be found.", "type": "NetworkNotFound", "detail": ""}} _log_request_full /root/.rally/verification/verifier-6501d260-5d3e-4791-a3f1-b5a553cdeb3a/repo/tempest/lib/common/rest_client.py:437
2019-03-23 20:51:18.298 13031 INFO tempest.lib.common.rest_client [req-e9e17a2f-3b16-49da-a3ac-bf35e17613ce ] Request (TestTrunkDetailsJSON:_run_cleanups): 204 DELETE http://172.30.9.28:9696/v2.0/networks/5c322fc5-0841-4988-950a-fcae28397460 0.943s
2019-03-23 20:51:18.299 13031 DEBUG tempest.lib.common.rest_client [req-e9e17a2f-3b16-49da-a3ac-bf35e17613ce ] Request - Headers: {'Content-Type': 'application/json', 'Accept': 'application/json', 'X-Auth-Token': ''} Body: None Response - Headers: {'status': '204', u'content-length': '0', 'content-location': 'http://172.30.9.28:9696/v2.0/networks/5c322fc5-0841-4988-950a-fcae28397460', u'date': 'Sat, 23 Mar 2019 20:51:18 GMT', u'connection': 'close', u'x-openstack-request-id': 'req-e9e17a2f-3b16-49da-a3ac-bf35e17613ce'} Body: _log_request_full /root/.rally/verification/verifier-6501d260-5d3e-4791-a3f1-b5a553cdeb3a/repo/tempest/lib/common/rest_client.py:437
2019-03-23 20:51:18.318 13031 INFO tempest.lib.common.rest_client [req-1c3a5bf1-777a-4c21-81a5-139f80667d0f ] Request (TestTrunkDetailsJSON:tearDownClass): 404 GET http://172.30.9.28:9696/v2.0/trunks/9a8c777c-8a39-4085-94b1-0ea10e968270/get_subports 0.014s
2019-03-23 20:51:18.319 13031 DEBUG tempest.lib.common.rest_client [req-1c3a5bf1-777a-4c21-81a5-139f80667d0f ] Request - Headers: {'Content-Type': 'application/json', 'Accept': 'application/json', 'X-Auth-Token': ''} Body: None Response - Headers: {'status': '404', u'content-length': '134', 'content-location': 'http://172.30.9.28:9696/v2.0/trunks/9a8c777c-8a39-4085-94b1-0ea10e968270/get_subports', u'date': 'Sat, 23 Mar 2019 20:51:18 GMT', u'content-type': 'application/json', u'connection': 'close', u'x-openstack-request-id': 'req-1c3a5bf1-777a-4c21-81a5-139f80667d0f'} Body: {"NeutronError": {"message": "Trunk 9a8c777c-8a39-4085-94b1-0ea10e968270 could not be found.", "type": "TrunkNotFound", "detail": ""}} _log_request_full /root/.rally/verification/verifier-6501d260-5d3e-4791-a3f1-b5a553cdeb3a/repo/tempest/lib/common/rest_client.py:437
2019-03-23 20:51:18.337 13031 INFO tempest.lib.common.rest_client [req-f568be1b-f52f-4089-a65d-da6001dc27a9 ] Request (TestTrunkDetailsJSON:tearDownClass): 404 DELETE http://172.30.9.28:9696/v2.0/trunks/9a8c777c-8a39-4085-94b1-0ea10e968270 0.017s
2019-03-23 20:51:18.337 13031 DEBUG tempest.lib.common.rest_client [req-f568be1b-f52f-4089-a65d-da6001dc27a9 ] Request - Headers: {'Content-Type': 'application/json', 'Accept': 'application/json', 'X-Auth-Token': ''} Body: None Response - Headers: {'status': '404', u'content-length': '134', 'content-location': 'http://172.30.9.28:9696/v2.0/trunks/9a8c777c-8a39-4085-94b1-0ea10e968270', u'date': 'Sat, 23 Mar 2019 20:51:18 GMT', u'content-type': 'application/json', u'connection': 'close', u'x-openstack-request-id': 'req-f568be1b-f52f-4089-a65d-da6001dc27a9'} Body: {"NeutronError": {"message": "Trunk 9a8c777c-8a39-4085-94b1-0ea10e968270 could not be found.", "type": "TrunkNotFound", "detail": ""}} _log_request_full /root/.rally/verification/verifier-6501d260-5d3e-4791-a3f1-b5a553cdeb3a/repo/tempest/lib/common/rest_client.py:437
2019-03-23 20:51:18.484 13032 INFO tempest.lib.common.rest_client [req-e17bf929-2f6f-4730-b97e-25c6ab11868b ] Request (TrunksSearchCriteriaTest:tearDownClass): 204 DELETE http://172.30.9.28:9696/v2.0/ports/0265efbd-8070-4383-8ca8-e43dd3514e02 0.474s
2019-03-23 20:51:18.485 13032 DEBUG tempest.lib.common.rest_client [req-e17bf929-2f6f-4730-b97e-25c6ab11868b ] Request - Headers: {'Content-Type': 'application/json', 'Accept': 'application/json', 'X-Auth-Token': ''} Body: None Response - Headers: {'status': '204', u'content-length': '0', 'content-location': 'http://172.30.9.28:9696/v2.0/ports/0265efbd-8070-4383-8ca8-e43dd3514e02', u'date': 'Sat, 23 Mar 2019 20:51:18 GMT', u'connection': 'close', u'x-openstack-request-id': 'req-e17bf929-2f6f-4730-b97e-25c6ab11868b'} Body: _log_request_full /root/.rally/verification/verifier-6501d260-5d3e-4791-a3f1-b5a553cdeb3a/repo/tempest/lib/common/rest_client.py:437
2019-03-23 20:51:18.492 13033 INFO tempest.lib.common.rest_client [req-7b90f1ed-0158-429a-97fc-efae7c043eb0 ] Request (TrunkTestJSON:test_add_subport_port_id_disabled_trunk): 201 POST http://172.30.9.28:9696/v2.0/ports 1.134s
2019-03-23 20:51:18.492 13033 DEBUG tempest.lib.common.rest_client [req-7b90f1ed-0158-429a-97fc-efae7c043eb0 ] Request - Headers: {'Content-Type': 'application/json', 'Accept': 'application/json', 'X-Auth-Token': ''} Body: {"port": {"network_id": "1d96cce8-f906-4a22-9505-45f82fd8dad3"}} Response - Headers: {'status': '201', u'content-length': '664', 'content-location': 'http://172.30.9.28:9696/v2.0/ports', u'date': 'Sat, 23 Mar 2019 20:51:18 GMT', u'content-type': 'application/json', u'connection': 'close', u'x-openstack-request-id': 'req-7b90f1ed-0158-429a-97fc-efae7c043eb0'} Body: {"port":{"allowed_address_pairs":[],"extra_dhcp_opts":[],"updated_at":"2019-03-23T20:51:17Z","device_owner":"","revision_number":2,"port_security_enabled":true,"fixed_ips":[],"id":"28cc16db-89a3-4dcf-9eb0-153bccbd3bf5","security_groups":["9c8a1c66-7671-4593-baac-1a5a4aae9dc5"],"mac_address":"fa:16:3e:e8:9d:8d","device_id":"","status":"DOWN","description":"","tags":[],"name":"","project_id":"f11c48eb8695420abdd9d4d238dd7e81","qos_policy_id":null,"admin_state_up":true,"network_id":"1d96cce8-f906-4a22-9505-45f82fd8dad3","tenant_id":"f11c48eb8695420abdd9d4d238dd7e81","created_at":"2019-03-23T20:51:17Z","binding:vnic_type":"normal","ip_allocation":"immediate"}} _log_request_full /root/.rally/verification/verifier-6501d260-5d3e-4791-a3f1-b5a553cdeb3a/repo/tempest/lib/common/rest_client.py:437
2019-03-23 20:51:18.567 13031 INFO tempest.lib.common.rest_client [req-774419e7-a239-43aa-84df-545a9af8c65d ] Request (TestTrunkDetailsJSON:tearDownClass): 404 GET http://172.30.9.28:9696/v2.0/trunks/1eb08859-d941-4ec9-8cf6-4259bf693e69/get_subports 0.229s
2019-03-23 20:51:18.567 13031 DEBUG tempest.lib.common.rest_client [req-774419e7-a239-43aa-84df-545a9af8c65d ] Request - Headers: {'Content-Type': 'application/json', 'Accept': 'application/json', 'X-Auth-Token': ''} Body: None Response - Headers: {'status': '404', u'content-length': '134', 'content-location': 'http://172.30.9.28:9696/v2.0/trunks/1eb08859-d941-4ec9-8cf6-4259bf693e69/get_subports', u'date': 'Sat, 23 Mar 2019 20:51:18 GMT', u'content-type': 'application/json', u'connection': 'close', u'x-openstack-request-id': 'req-774419e7-a239-43aa-84df-545a9af8c65d'} Body: {"NeutronError": {"message": "Trunk 1eb08859-d941-4ec9-8cf6-4259bf693e69 could not be found.", "type": "TrunkNotFound", "detail": ""}} _log_request_full /root/.rally/verification/verifier-6501d260-5d3e-4791-a3f1-b5a553cdeb3a/repo/tempest/lib/common/rest_client.py:437
2019-03-23 20:51:18.835 13031 INFO tempest.lib.common.rest_client [req-12fb5ac3-e68e-44e4-87dd-16e7d7990700 ] Request (TestTrunkDetailsJSON:tearDownClass): 404 DELETE http://172.30.9.28:9696/v2.0/trunks/1eb08859-d941-4ec9-8cf6-4259bf693e69 0.266s
2019-03-23 20:51:18.835 13031 DEBUG tempest.lib.common.rest_client [req-12fb5ac3-e68e-44e4-87dd-16e7d7990700 ] Request - Headers: {'Content-Type': 'application/json', 'Accept': 'application/json', 'X-Auth-Token': ''} Body: None Response - Headers: {'status': '404', u'content-length': '134', 'content-location': 'http://172.30.9.28:9696/v2.0/trunks/1eb08859-d941-4ec9-8cf6-4259bf693e69', u'date': 'Sat, 23 Mar 2019 20:51:18 GMT', u'content-type': 'application/json', u'connection': 'close', u'x-openstack-request-id': 'req-12fb5ac3-e68e-44e4-87dd-16e7d7990700'} Body: {"NeutronError": {"message": "Trunk 1eb08859-d941-4ec9-8cf6-4259bf693e69 could not be found.", "type": "TrunkNotFound", "detail": ""}} _log_request_full /root/.rally/verification/verifier-6501d260-5d3e-4791-a3f1-b5a553cdeb3a/repo/tempest/lib/common/rest_client.py:437
2019-03-23 20:51:18.838 13029 INFO tempest.lib.common.rest_client [req-444a3e83-d2d0-46fb-a3be-e605763d2d08 ] Request (TrunkTestJSON:_run_cleanups): 404 DELETE http://172.30.9.28:9696/v2.0/networks/0bd88893-b89e-42af-9f5a-a7ccd5823516 0.557s
2019-03-23 20:51:18.839 13029 DEBUG tempest.lib.common.rest_client [req-444a3e83-d2d0-46fb-a3be-e605763d2d08 ] Request - Headers: {'Content-Type': 'application/json', 'Accept': 'application/json', 'X-Auth-Token': ''} Body: None Response - Headers: {'status': '404', u'content-length': '138', 'content-location': 'http://172.30.9.28:9696/v2.0/networks/0bd88893-b89e-42af-9f5a-a7ccd5823516', u'date': 'Sat, 23 Mar 2019 20:51:18 GMT', u'content-type': 'application/json', u'connection': 'close', u'x-openstack-request-id': 'req-444a3e83-d2d0-46fb-a3be-e605763d2d08'} Body: {"NeutronError": {"message": "Network 0bd88893-b89e-42af-9f5a-a7ccd5823516 could not be found.", "type": "NetworkNotFound", "detail": ""}} _log_request_full /root/.rally/verification/verifier-6501d260-5d3e-4791-a3f1-b5a553cdeb3a/repo/tempest/lib/common/rest_client.py:437
2019-03-23 20:51:18.852 13031 INFO tempest.lib.common.rest_client [req-e57c1463-7ade-4f5e-8289-0879f8bec2e0 ] Request (TestTrunkDetailsJSON:tearDownClass): 404 GET http://172.30.9.28:9696/v2.0/trunks/9a8c777c-8a39-4085-94b1-0ea10e968270 0.016s
2019-03-23 20:51:18.853 13031 DEBUG tempest.lib.common.rest_client [req-e57c1463-7ade-4f5e-8289-0879f8bec2e0 ] Request - Headers: {'Content-Type': 'application/json', 'Accept': 'application/json', 'X-Auth-Token': ''} Body: None Response - Headers: {'status': '404', u'content-length': '134', 'content-location': 'http://172.30.9.28:9696/v2.0/trunks/9a8c777c-8a39-4085-94b1-0ea10e968270', u'date': 'Sat, 23 Mar 2019 20:51:18 GMT', u'content-type': 'application/json', u'connection': 'close', u'x-openstack-request-id': 'req-e57c1463-7ade-4f5e-8289-0879f8bec2e0'} Body: {"NeutronError": {"message": "Trunk 9a8c777c-8a39-4085-94b1-0ea10e968270 could not be found.", "type": "TrunkNotFound", "detail": ""}} _log_request_full /root/.rally/verification/verifier-6501d260-5d3e-4791-a3f1-b5a553cdeb3a/repo/tempest/lib/common/rest_client.py:437
2019-03-23 20:51:18.867 13031 INFO tempest.lib.common.rest_client [req-832ba974-03b5-49a9-91a6-8d291c34e08d ] Request (TestTrunkDetailsJSON:tearDownClass): 404 GET http://172.30.9.28:9696/v2.0/trunks/1eb08859-d941-4ec9-8cf6-4259bf693e69 0.013s
2019-03-23 20:51:18.867 13031 DEBUG tempest.lib.common.rest_client [req-832ba974-03b5-49a9-91a6-8d291c34e08d ] Request - Headers: {'Content-Type': 'application/json', 'Accept': 'application/json', 'X-Auth-Token': ''} Body: None Response - Headers: {'status': '404', u'content-length': '134', 'content-location': 'http://172.30.9.28:9696/v2.0/trunks/1eb08859-d941-4ec9-8cf6-4259bf693e69', u'date': 'Sat, 23 Mar 2019 20:51:18 GMT', u'content-type': 'application/json', u'connection': 'close', u'x-openstack-request-id': 'req-832ba974-03b5-49a9-91a6-8d291c34e08d'} Body: {"NeutronError": {"message": "Trunk 1eb08859-d941-4ec9-8cf6-4259bf693e69 could not be found.", "type": "TrunkNotFound", "detail": ""}} _log_request_full /root/.rally/verification/verifier-6501d260-5d3e-4791-a3f1-b5a553cdeb3a/repo/tempest/lib/common/rest_client.py:437
2019-03-23 20:51:18.903 13031 INFO tempest.lib.common.rest_client [req-f14cfa3f-fb11-40a4-a78b-fed3a79d8112 ] Request (TestTrunkDetailsJSON:tearDownClass): 404 DELETE http://172.30.9.28:9696/v2.0/ports/fb84eddb-5ff6-4ea2-9af5-7036e932f409 0.036s
2019-03-23 20:51:18.904 13031 DEBUG tempest.lib.common.rest_client [req-f14cfa3f-fb11-40a4-a78b-fed3a79d8112 ] Request - Headers: {'Content-Type': 'application/json', 'Accept': 'application/json', 'X-Auth-Token': ''} Body: None Response - Headers: {'status': '404', u'content-length': '132', 'content-location': 'http://172.30.9.28:9696/v2.0/ports/fb84eddb-5ff6-4ea2-9af5-7036e932f409', u'date': 'Sat, 23 Mar 2019 20:51:18 GMT', u'content-type': 'application/json', u'connection': 'close', u'x-openstack-request-id': 'req-f14cfa3f-fb11-40a4-a78b-fed3a79d8112'} Body: {"NeutronError": {"message": "Port fb84eddb-5ff6-4ea2-9af5-7036e932f409 could not be found.", "type": "PortNotFound", "detail": ""}} _log_request_full /root/.rally/verification/verifier-6501d260-5d3e-4791-a3f1-b5a553cdeb3a/repo/tempest/lib/common/rest_client.py:437
2019-03-23 20:51:19.096 13032 INFO tempest.lib.common.rest_client [req-539f71ec-fecb-4707-be13-8b2ae3d34198 ] Request (TrunksSearchCriteriaTest:tearDownClass): 204 DELETE http://172.30.9.28:9696/v2.0/networks/769b894b-98e3-4b1a-899f-6e67d0700ef6 0.610s
2019-03-23 20:51:19.097 13032 DEBUG tempest.lib.common.rest_client [req-539f71ec-fecb-4707-be13-8b2ae3d34198 ] Request - Headers: {'Content-Type': 'application/json', 'Accept': 'application/json', 'X-Auth-Token': ''} Body: None Response - Headers: {'status': '204', u'content-length': '0', 'content-location': 'http://172.30.9.28:9696/v2.0/networks/769b894b-98e3-4b1a-899f-6e67d0700ef6', u'date': 'Sat, 23 Mar 2019 20:51:19 GMT', u'connection': 'close', u'x-openstack-request-id': 'req-539f71ec-fecb-4707-be13-8b2ae3d34198'} Body: _log_request_full /root/.rally/verification/verifier-6501d260-5d3e-4791-a3f1-b5a553cdeb3a/repo/tempest/lib/common/rest_client.py:437
2019-03-23 20:51:19.098 13033 INFO tempest.lib.common.rest_client [req-53d9d05e-1dcc-4eb2-b26c-3fe608db0a87 ] Request (TrunkTestJSON:test_add_subport_port_id_disabled_trunk): 201 POST http://172.30.9.28:9696/v2.0/trunks 0.605s
2019-03-23 20:51:19.099 13033 DEBUG tempest.lib.common.rest_client [req-53d9d05e-1dcc-4eb2-b26c-3fe608db0a87 ] Request - Headers: {'Content-Type': 'application/json', 'Accept': 'application/json', 'X-Auth-Token': ''} Body: {"trunk": {"port_id": "28cc16db-89a3-4dcf-9eb0-153bccbd3bf5", "admin_state_up": false}} Response - Headers: {'status': '201', u'content-length': '408', 'content-location': 'http://172.30.9.28:9696/v2.0/trunks', u'date': 'Sat, 23 Mar 2019 20:51:19 GMT', u'content-type': 'application/json', u'connection': 'close', u'x-openstack-request-id': 'req-53d9d05e-1dcc-4eb2-b26c-3fe608db0a87'} Body: {"trunk": {"status": "DOWN", "sub_ports": [], "name": "", "admin_state_up": false, "tenant_id": "f11c48eb8695420abdd9d4d238dd7e81", "created_at": "2019-03-23T20:51:18Z", "tags": [], "updated_at": "2019-03-23T20:51:18Z", "revision_number": 0, "project_id": "f11c48eb8695420abdd9d4d238dd7e81", "port_id": "28cc16db-89a3-4dcf-9eb0-153bccbd3bf5", "id": "3bdd189a-f5f2-4604-a75a-84ba5ad355c1", "description": ""}} _log_request_full /root/.rally/verification/verifier-6501d260-5d3e-4791-a3f1-b5a553cdeb3a/repo/tempest/lib/common/rest_client.py:437
2019-03-23 20:51:19.141 13031 INFO tempest.lib.common.rest_client [req-edd58447-3145-475e-83bd-1374ad95d8ab ] Request (TestTrunkDetailsJSON:tearDownClass): 404 DELETE http://172.30.9.28:9696/v2.0/ports/8ea47545-4fe9-47f3-b7a7-7890ccae218c 0.236s
2019-03-23 20:51:19.141 13031 DEBUG tempest.lib.common.rest_client [req-edd58447-3145-475e-83bd-1374ad95d8ab ] Request - Headers: {'Content-Type': 'application/json', 'Accept': 'application/json', 'X-Auth-Token': ''} Body: None Response - Headers: {'status': '404', u'content-length': '132', 'content-location': 'http://172.30.9.28:9696/v2.0/ports/8ea47545-4fe9-47f3-b7a7-7890ccae218c', u'date': 'Sat, 23 Mar 2019 20:51:19 GMT', u'content-type': 'application/json', u'connection': 'close', u'x-openstack-request-id': 'req-edd58447-3145-475e-83bd-1374ad95d8ab'} Body: {"NeutronError": {"message": "Port 8ea47545-4fe9-47f3-b7a7-7890ccae218c could not be found.", "type": "PortNotFound", "detail": ""}} _log_request_full /root/.rally/verification/verifier-6501d260-5d3e-4791-a3f1-b5a553cdeb3a/repo/tempest/lib/common/rest_client.py:437
2019-03-23 20:51:19.176 13031 INFO tempest.lib.common.rest_client [req-8ef4a71f-81ac-4edd-91f2-0ba1e9325ce3 ] Request (TestTrunkDetailsJSON:tearDownClass): 404 DELETE http://172.30.9.28:9696/v2.0/ports/7122f3e9-80b3-4e24-88dc-77863751e26f 0.033s
2019-03-23 20:51:19.176 13031 DEBUG tempest.lib.common.rest_client [req-8ef4a71f-81ac-4edd-91f2-0ba1e9325ce3 ] Request - Headers: {'Content-Type': 'application/json', 'Accept': 'application/json', 'X-Auth-Token': ''} Body: None Response - Headers: {'status': '404', u'content-length': '132', 'content-location': 'http://172.30.9.28:9696/v2.0/ports/7122f3e9-80b3-4e24-88dc-77863751e26f', u'date': 'Sat, 23 Mar 2019 20:51:19 GMT', u'content-type': 'application/json', u'connection': 'close', u'x-openstack-request-id': 'req-8ef4a71f-81ac-4edd-91f2-0ba1e9325ce3'} Body: {"NeutronError": {"message": "Port 7122f3e9-80b3-4e24-88dc-77863751e26f could not be found.", "type": "PortNotFound", "detail": ""}} _log_request_full /root/.rally/verification/verifier-6501d260-5d3e-4791-a3f1-b5a553cdeb3a/repo/tempest/lib/common/rest_client.py:437
2019-03-23 20:51:19.220 13031 INFO tempest.lib.common.rest_client [req-1e5c2ddf-536c-4609-85cb-35cbb9139e1b ] Request (TestTrunkDetailsJSON:tearDownClass): 404 DELETE http://172.30.9.28:9696/v2.0/ports/ddd6865a-8e40-4f73-ab87-bc5661d8822b 0.043s
2019-03-23 20:51:19.220 13031 DEBUG tempest.lib.common.rest_client [req-1e5c2ddf-536c-4609-85cb-35cbb9139e1b ] Request - Headers: {'Content-Type': 'application/json', 'Accept': 'application/json', 'X-Auth-Token': ''} Body: None Response - Headers: {'status': '404', u'content-length': '132', 'content-location': 'http://172.30.9.28:9696/v2.0/ports/ddd6865a-8e40-4f73-ab87-bc5661d8822b', u'date': 'Sat, 23 Mar 2019 20:51:19 GMT', u'content-type': 'application/json', u'connection': 'close', u'x-openstack-request-id': 'req-1e5c2ddf-536c-4609-85cb-35cbb9139e1b'} Body: {"NeutronError": {"message": "Port ddd6865a-8e40-4f73-ab87-bc5661d8822b could not be found.", "type": "PortNotFound", "detail": ""}} _log_request_full /root/.rally/verification/verifier-6501d260-5d3e-4791-a3f1-b5a553cdeb3a/repo/tempest/lib/common/rest_client.py:437
2019-03-23 20:51:19.245 13031 INFO tempest.lib.common.rest_client [req-5c36da46-98d5-4a80-8496-b8661ab79990 ] Request (TestTrunkDetailsJSON:tearDownClass): 404 DELETE http://172.30.9.28:9696/v2.0/networks/6888ebf4-bc10-4c97-9905-ce09ae22f4b1 0.024s
2019-03-23 20:51:19.246 13031 DEBUG tempest.lib.common.rest_client [req-5c36da46-98d5-4a80-8496-b8661ab79990 ] Request - Headers: {'Content-Type': 'application/json', 'Accept': 'application/json', 'X-Auth-Token': ''} Body: None Response - Headers: {'status': '404', u'content-length': '138', 'content-location': 'http://172.30.9.28:9696/v2.0/networks/6888ebf4-bc10-4c97-9905-ce09ae22f4b1', u'date': 'Sat, 23 Mar 2019 20:51:19 GMT', u'content-type': 'application/json', u'connection': 'close', u'x-openstack-request-id': 'req-5c36da46-98d5-4a80-8496-b8661ab79990'} Body: {"NeutronError": {"message": "Network 6888ebf4-bc10-4c97-9905-ce09ae22f4b1 could not be found.", "type": "NetworkNotFound", "detail": ""}} _log_request_full /root/.rally/verification/verifier-6501d260-5d3e-4791-a3f1-b5a553cdeb3a/repo/tempest/lib/common/rest_client.py:437
2019-03-23 20:51:19.455 13033 INFO tempest.lib.common.rest_client [req-f9706be5-1f76-4298-b73a-9da96d1de89c ] Request (TrunkTestJSON:test_add_subport_port_id_disabled_trunk): 409 PUT http://172.30.9.28:9696/v2.0/trunks/3bdd189a-f5f2-4604-a75a-84ba5ad355c1/add_subports 0.354s
2019-03-23 20:51:19.455 13033 DEBUG tempest.lib.common.rest_client [req-f9706be5-1f76-4298-b73a-9da96d1de89c ] Request - Headers: {'Content-Type': 'application/json', 'Accept': 'application/json', 'X-Auth-Token': ''} Body: {"sub_ports": [{"segmentation_type": "vlan", "port_id": "28cc16db-89a3-4dcf-9eb0-153bccbd3bf5", "segmentation_id": 2}]} Response - Headers: {'status': '409', u'content-length': '181', 'content-location': 'http://172.30.9.28:9696/v2.0/trunks/3bdd189a-f5f2-4604-a75a-84ba5ad355c1/add_subports', u'date': 'Sat, 23 Mar 2019 20:51:19 GMT', u'content-type': 'application/json', u'connection': 'close', u'x-openstack-request-id': 'req-f9706be5-1f76-4298-b73a-9da96d1de89c'} Body: {"NeutronError": {"message": "Port 28cc16db-89a3-4dcf-9eb0-153bccbd3bf5 is currently in use and is not eligible for use as a parent port.", "type": "ParentPortInUse", "detail": ""}} _log_request_full /root/.rally/verification/verifier-6501d260-5d3e-4791-a3f1-b5a553cdeb3a/repo/tempest/lib/common/rest_client.py:437
2019-03-23 20:51:19.462 13032 INFO tempest.lib.common.rest_client [req-0e1b9bdf-4556-4c74-86a8-2f7de8809383 ] Request (TrunksSearchCriteriaTest:tearDownClass): 204 DELETE http://172.30.9.28:5000/v3/users/2961fda5199e46faa08c79bd1e58315d 0.364s
2019-03-23 20:51:19.463 13032 DEBUG tempest.lib.common.rest_client [req-0e1b9bdf-4556-4c74-86a8-2f7de8809383 ] Request - Headers: {'Content-Type': 'application/json', 'Accept': 'application/json', 'X-Auth-Token': ''} Body: None Response - Headers: {'status': '204', 'content-location': 'http://172.30.9.28:5000/v3/users/2961fda5199e46faa08c79bd1e58315d', u'vary': 'X-Auth-Token', u'server': 'Apache', u'connection': 'close', u'date': 'Sat, 23 Mar 2019 20:51:19 GMT', u'content-type': 'text/plain', u'x-openstack-request-id': 'req-0e1b9bdf-4556-4c74-86a8-2f7de8809383'} Body: _log_request_full /root/.rally/verification/verifier-6501d260-5d3e-4791-a3f1-b5a553cdeb3a/repo/tempest/lib/common/rest_client.py:437
2019-03-23 20:51:19.465 13031 INFO tempest.lib.common.rest_client [req-75dba88e-6747-4f48-a0ac-3c9e3c06617b ] Request (TestTrunkDetailsJSON:tearDownClass): 404 DELETE http://172.30.9.28:9696/v2.0/networks/9456d88d-e1fb-4133-9b39-564978457751 0.218s
2019-03-23 20:51:19.465 13031 DEBUG tempest.lib.common.rest_client [req-75dba88e-6747-4f48-a0ac-3c9e3c06617b ] Request - Headers: {'Content-Type': 'application/json', 'Accept': 'application/json', 'X-Auth-Token': ''} Body: None Response - Headers: {'status': '404', u'content-length': '138', 'content-location': 'http://172.30.9.28:9696/v2.0/networks/9456d88d-e1fb-4133-9b39-564978457751', u'date': 'Sat, 23 Mar 2019 20:51:19 GMT', u'content-type': 'application/json', u'connection': 'close', u'x-openstack-request-id': 'req-75dba88e-6747-4f48-a0ac-3c9e3c06617b'} Body: {"NeutronError": {"message": "Network 9456d88d-e1fb-4133-9b39-564978457751 could not be found.", "type": "NetworkNotFound", "detail": ""}} _log_request_full /root/.rally/verification/verifier-6501d260-5d3e-4791-a3f1-b5a553cdeb3a/repo/tempest/lib/common/rest_client.py:437
2019-03-23 20:51:19.535 13033 INFO tempest.lib.common.rest_client [req-f2d9bb1d-e315-4d3f-9d49-2c6b3d41a556 ] Request (TrunkTestJSON:test_add_subport_port_id_disabled_trunk): 200 PUT http://172.30.9.28:9696/v2.0/trunks/3bdd189a-f5f2-4604-a75a-84ba5ad355c1 0.079s
2019-03-23 20:51:19.536 13033 DEBUG tempest.lib.common.rest_client [req-f2d9bb1d-e315-4d3f-9d49-2c6b3d41a556 ] Request - Headers: {'Content-Type': 'application/json', 'Accept': 'application/json', 'X-Auth-Token': ''} Body: {"trunk": {"admin_state_up": true}} Response - Headers: {'status': '200', u'content-length': '407', 'content-location': 'http://172.30.9.28:9696/v2.0/trunks/3bdd189a-f5f2-4604-a75a-84ba5ad355c1', u'date': 'Sat, 23 Mar 2019 20:51:19 GMT', u'content-type': 'application/json', u'connection': 'close', u'x-openstack-request-id': 'req-f2d9bb1d-e315-4d3f-9d49-2c6b3d41a556'} Body: {"trunk": {"status": "DOWN", "sub_ports": [], "name": "", "admin_state_up": true, "tenant_id": "f11c48eb8695420abdd9d4d238dd7e81", "created_at": "2019-03-23T20:51:18Z", "tags": [], "updated_at": "2019-03-23T20:51:19Z", "revision_number": 1, "project_id": "f11c48eb8695420abdd9d4d238dd7e81", "port_id": "28cc16db-89a3-4dcf-9eb0-153bccbd3bf5", "id": "3bdd189a-f5f2-4604-a75a-84ba5ad355c1", "description": ""}} _log_request_full /root/.rally/verification/verifier-6501d260-5d3e-4791-a3f1-b5a553cdeb3a/repo/tempest/lib/common/rest_client.py:437
2019-03-23 20:51:19.548 13029 INFO tempest.lib.common.rest_client [req-de93deb4-1e29-400b-83ba-f63a507f0f85 ] Request (TrunkTestJSON:_run_cleanups): 204 DELETE http://172.30.9.28:9696/v2.0/networks/e8e58eae-4898-497f-b18f-33aa060e8b1d 0.708s
2019-03-23 20:51:19.549 13029 DEBUG tempest.lib.common.rest_client [req-de93deb4-1e29-400b-83ba-f63a507f0f85 ] Request - Headers: {'Content-Type': 'application/json', 'Accept': 'application/json', 'X-Auth-Token': ''} Body: None Response - Headers: {'status': '204', u'content-length': '0', 'content-location': 'http://172.30.9.28:9696/v2.0/networks/e8e58eae-4898-497f-b18f-33aa060e8b1d', u'date': 'Sat, 23 Mar 2019 20:51:19 GMT', u'connection': 'close', u'x-openstack-request-id': 'req-de93deb4-1e29-400b-83ba-f63a507f0f85'} Body: _log_request_full /root/.rally/verification/verifier-6501d260-5d3e-4791-a3f1-b5a553cdeb3a/repo/tempest/lib/common/rest_client.py:437
