2019-02-27 15:18:34.802 13022 INFO tempest.lib.common.rest_client [req-d8d0fc86-ed5e-4085-93f1-3c25fdca4522 ] Request (TrunkTestJSON:_run_cleanups): 404 GET http://172.30.9.23:9696/v2.0/trunks/53603cce-361e-44a8-b32e-871cc484f9e5/get_subports 0.015s
2019-02-27 15:18:34.802 13022 DEBUG tempest.lib.common.rest_client [req-d8d0fc86-ed5e-4085-93f1-3c25fdca4522 ] Request - Headers: {'Content-Type': 'application/json', 'Accept': 'application/json', 'X-Auth-Token': ''} Body: None Response - Headers: {'status': '404', u'content-length': '134', 'content-location': 'http://172.30.9.23:9696/v2.0/trunks/53603cce-361e-44a8-b32e-871cc484f9e5/get_subports', u'date': 'Wed, 27 Feb 2019 15:18:34 GMT', u'content-type': 'application/json', u'connection': 'close', u'x-openstack-request-id': 'req-d8d0fc86-ed5e-4085-93f1-3c25fdca4522'} Body: {"NeutronError": {"message": "Trunk 53603cce-361e-44a8-b32e-871cc484f9e5 could not be found.", "type": "TrunkNotFound", "detail": ""}} _log_request_full /root/.rally/verification/verifier-fc40542d-7bfc-4d03-8eaf-a118924af0b3/repo/tempest/lib/common/rest_client.py:437
2019-02-27 15:18:34.821 13022 INFO tempest.lib.common.rest_client [req-ed38fdd5-118d-4385-b9dc-9215f9bbacb6 ] Request (TrunkTestJSON:_run_cleanups): 404 DELETE http://172.30.9.23:9696/v2.0/trunks/53603cce-361e-44a8-b32e-871cc484f9e5 0.018s
2019-02-27 15:18:34.821 13022 DEBUG tempest.lib.common.rest_client [req-ed38fdd5-118d-4385-b9dc-9215f9bbacb6 ] Request - Headers: {'Content-Type': 'application/json', 'Accept': 'application/json', 'X-Auth-Token': ''} Body: None Response - Headers: {'status': '404', u'content-length': '134', 'content-location': 'http://172.30.9.23:9696/v2.0/trunks/53603cce-361e-44a8-b32e-871cc484f9e5', u'date': 'Wed, 27 Feb 2019 15:18:34 GMT', u'content-type': 'application/json', u'connection': 'close', u'x-openstack-request-id': 'req-ed38fdd5-118d-4385-b9dc-9215f9bbacb6'} Body: {"NeutronError": {"message": "Trunk 53603cce-361e-44a8-b32e-871cc484f9e5 could not be found.", "type": "TrunkNotFound", "detail": ""}} _log_request_full /root/.rally/verification/verifier-fc40542d-7bfc-4d03-8eaf-a118924af0b3/repo/tempest/lib/common/rest_client.py:437
2019-02-27 15:18:34.837 13022 INFO tempest.lib.common.rest_client [req-324e862f-1c06-4e70-b0a4-86c235d07b5a ] Request (TrunkTestJSON:_run_cleanups): 404 GET http://172.30.9.23:9696/v2.0/trunks/a7b0df77-91b3-4633-8565-516859c0b408/get_subports 0.014s
2019-02-27 15:18:34.837 13022 DEBUG tempest.lib.common.rest_client [req-324e862f-1c06-4e70-b0a4-86c235d07b5a ] Request - Headers: {'Content-Type': 'application/json', 'Accept': 'application/json', 'X-Auth-Token': ''} Body: None Response - Headers: {'status': '404', u'content-length': '134', 'content-location': 'http://172.30.9.23:9696/v2.0/trunks/a7b0df77-91b3-4633-8565-516859c0b408/get_subports', u'date': 'Wed, 27 Feb 2019 15:18:34 GMT', u'content-type': 'application/json', u'connection': 'close', u'x-openstack-request-id': 'req-324e862f-1c06-4e70-b0a4-86c235d07b5a'} Body: {"NeutronError": {"message": "Trunk a7b0df77-91b3-4633-8565-516859c0b408 could not be found.", "type": "TrunkNotFound", "detail": ""}} _log_request_full /root/.rally/verification/verifier-fc40542d-7bfc-4d03-8eaf-a118924af0b3/repo/tempest/lib/common/rest_client.py:437
2019-02-27 15:18:34.855 13022 INFO tempest.lib.common.rest_client [req-c96af5cc-5252-4869-8407-93522ae7933d ] Request (TrunkTestJSON:_run_cleanups): 404 DELETE http://172.30.9.23:9696/v2.0/trunks/a7b0df77-91b3-4633-8565-516859c0b408 0.017s
2019-02-27 15:18:34.855 13022 DEBUG tempest.lib.common.rest_client [req-c96af5cc-5252-4869-8407-93522ae7933d ] Request - Headers: {'Content-Type': 'application/json', 'Accept': 'application/json', 'X-Auth-Token': ''} Body: None Response - Headers: {'status': '404', u'content-length': '134', 'content-location': 'http://172.30.9.23:9696/v2.0/trunks/a7b0df77-91b3-4633-8565-516859c0b408', u'date': 'Wed, 27 Feb 2019 15:18:34 GMT', u'content-type': 'application/json', u'connection': 'close', u'x-openstack-request-id': 'req-c96af5cc-5252-4869-8407-93522ae7933d'} Body: {"NeutronError": {"message": "Trunk a7b0df77-91b3-4633-8565-516859c0b408 could not be found.", "type": "TrunkNotFound", "detail": ""}} _log_request_full /root/.rally/verification/verifier-fc40542d-7bfc-4d03-8eaf-a118924af0b3/repo/tempest/lib/common/rest_client.py:437
2019-02-27 15:18:34.870 13022 INFO tempest.lib.common.rest_client [req-fd47fdd2-f810-473a-8403-05b868bddcb9 ] Request (TrunkTestJSON:_run_cleanups): 404 GET http://172.30.9.23:9696/v2.0/trunks/abe28a6a-b52a-423a-a087-4d4c5aa219b5/get_subports 0.014s
2019-02-27 15:18:34.871 13022 DEBUG tempest.lib.common.rest_client [req-fd47fdd2-f810-473a-8403-05b868bddcb9 ] Request - Headers: {'Content-Type': 'application/json', 'Accept': 'application/json', 'X-Auth-Token': ''} Body: None Response - Headers: {'status': '404', u'content-length': '134', 'content-location': 'http://172.30.9.23:9696/v2.0/trunks/abe28a6a-b52a-423a-a087-4d4c5aa219b5/get_subports', u'date': 'Wed, 27 Feb 2019 15:18:34 GMT', u'content-type': 'application/json', u'connection': 'close', u'x-openstack-request-id': 'req-fd47fdd2-f810-473a-8403-05b868bddcb9'} Body: {"NeutronError": {"message": "Trunk abe28a6a-b52a-423a-a087-4d4c5aa219b5 could not be found.", "type": "TrunkNotFound", "detail": ""}} _log_request_full /root/.rally/verification/verifier-fc40542d-7bfc-4d03-8eaf-a118924af0b3/repo/tempest/lib/common/rest_client.py:437
2019-02-27 15:18:35.228 13022 INFO tempest.lib.common.rest_client [req-dd5132c9-7bac-4c03-be8d-f6c733316ad2 ] Request (TrunkTestJSON:_run_cleanups): 404 DELETE http://172.30.9.23:9696/v2.0/trunks/abe28a6a-b52a-423a-a087-4d4c5aa219b5 0.356s
2019-02-27 15:18:35.228 13022 DEBUG tempest.lib.common.rest_client [req-dd5132c9-7bac-4c03-be8d-f6c733316ad2 ] Request - Headers: {'Content-Type': 'application/json', 'Accept': 'application/json', 'X-Auth-Token': ''} Body: None Response - Headers: {'status': '404', u'content-length': '134', 'content-location': 'http://172.30.9.23:9696/v2.0/trunks/abe28a6a-b52a-423a-a087-4d4c5aa219b5', u'date': 'Wed, 27 Feb 2019 15:18:35 GMT', u'content-type': 'application/json', u'connection': 'close', u'x-openstack-request-id': 'req-dd5132c9-7bac-4c03-be8d-f6c733316ad2'} Body: {"NeutronError": {"message": "Trunk abe28a6a-b52a-423a-a087-4d4c5aa219b5 could not be found.", "type": "TrunkNotFound", "detail": ""}} _log_request_full /root/.rally/verification/verifier-fc40542d-7bfc-4d03-8eaf-a118924af0b3/repo/tempest/lib/common/rest_client.py:437
2019-02-27 15:18:35.243 13026 INFO tempest.lib.common.rest_client [req-5e774415-f87b-4895-bfb1-7e5db569208f ] Request (TrunkTestJSON:test_create_subport_missing_segmentation_id): 201 POST http://172.30.9.23:9696/v2.0/ports 0.950s
2019-02-27 15:18:35.244 13026 DEBUG tempest.lib.common.rest_client [req-5e774415-f87b-4895-bfb1-7e5db569208f ] Request - Headers: {'Content-Type': 'application/json', 'Accept': 'application/json', 'X-Auth-Token': ''} Body: {"port": {"network_id": "71b6f9e3-5701-48d6-9404-04592b00bc29"}} Response - Headers: {'status': '201', u'content-length': '664', 'content-location': 'http://172.30.9.23:9696/v2.0/ports', u'date': 'Wed, 27 Feb 2019 15:18:35 GMT', u'content-type': 'application/json', u'connection': 'close', u'x-openstack-request-id': 'req-5e774415-f87b-4895-bfb1-7e5db569208f'} Body: {"port":{"allowed_address_pairs":[],"extra_dhcp_opts":[],"updated_at":"2019-02-27T15:18:34Z","device_owner":"","revision_number":2,"port_security_enabled":true,"fixed_ips":[],"id":"fc2c0bb4-38ea-4e19-9b5f-7b485fbb598f","security_groups":["555c5cf9-1e09-4964-a552-f155249d0d9c"],"mac_address":"fa:16:3e:24:16:71","device_id":"","status":"DOWN","description":"","tags":[],"name":"","project_id":"cb46561a4e1e444d891282df9a9c0f6f","qos_policy_id":null,"admin_state_up":true,"network_id":"71b6f9e3-5701-48d6-9404-04592b00bc29","tenant_id":"cb46561a4e1e444d891282df9a9c0f6f","created_at":"2019-02-27T15:18:34Z","binding:vnic_type":"normal","ip_allocation":"immediate"}} _log_request_full /root/.rally/verification/verifier-fc40542d-7bfc-4d03-8eaf-a118924af0b3/repo/tempest/lib/common/rest_client.py:437
2019-02-27 15:18:35.244 13022 INFO tempest.lib.common.rest_client [req-c8e133cf-af84-4a99-b0c9-3d37b91d3b3a ] Request (TrunkTestJSON:_run_cleanups): 404 GET http://172.30.9.23:9696/v2.0/trunks/7b0eef98-ae5a-481b-a7cf-5f64873aa06f/get_subports 0.015s
2019-02-27 15:18:35.245 13022 DEBUG tempest.lib.common.rest_client [req-c8e133cf-af84-4a99-b0c9-3d37b91d3b3a ] Request - Headers: {'Content-Type': 'application/json', 'Accept': 'application/json', 'X-Auth-Token': ''} Body: None Response - Headers: {'status': '404', u'content-length': '134', 'content-location': 'http://172.30.9.23:9696/v2.0/trunks/7b0eef98-ae5a-481b-a7cf-5f64873aa06f/get_subports', u'date': 'Wed, 27 Feb 2019 15:18:35 GMT', u'content-type': 'application/json', u'connection': 'close', u'x-openstack-request-id': 'req-c8e133cf-af84-4a99-b0c9-3d37b91d3b3a'} Body: {"NeutronError": {"message": "Trunk 7b0eef98-ae5a-481b-a7cf-5f64873aa06f could not be found.", "type": "TrunkNotFound", "detail": ""}} _log_request_full /root/.rally/verification/verifier-fc40542d-7bfc-4d03-8eaf-a118924af0b3/repo/tempest/lib/common/rest_client.py:437
2019-02-27 15:18:35.262 13022 INFO tempest.lib.common.rest_client [req-45b489c8-a5e8-4c36-b915-90f0d080a86f ] Request (TrunkTestJSON:_run_cleanups): 404 DELETE http://172.30.9.23:9696/v2.0/trunks/7b0eef98-ae5a-481b-a7cf-5f64873aa06f 0.016s
2019-02-27 15:18:35.263 13022 DEBUG tempest.lib.common.rest_client [req-45b489c8-a5e8-4c36-b915-90f0d080a86f ] Request - Headers: {'Content-Type': 'application/json', 'Accept': 'application/json', 'X-Auth-Token': ''} Body: None Response - Headers: {'status': '404', u'content-length': '134', 'content-location': 'http://172.30.9.23:9696/v2.0/trunks/7b0eef98-ae5a-481b-a7cf-5f64873aa06f', u'date': 'Wed, 27 Feb 2019 15:18:35 GMT', u'content-type': 'application/json', u'connection': 'close', u'x-openstack-request-id': 'req-45b489c8-a5e8-4c36-b915-90f0d080a86f'} Body: {"NeutronError": {"message": "Trunk 7b0eef98-ae5a-481b-a7cf-5f64873aa06f could not be found.", "type": "TrunkNotFound", "detail": ""}} _log_request_full /root/.rally/verification/verifier-fc40542d-7bfc-4d03-8eaf-a118924af0b3/repo/tempest/lib/common/rest_client.py:437
2019-02-27 15:18:35.275 13026 INFO tempest.lib.common.rest_client [req-2505d0e6-1f23-4ec5-8042-981e5ae906ad ] Request (TrunkTestJSON:test_create_subport_missing_segmentation_id): 400 PUT http://172.30.9.23:9696/v2.0/trunks/ead5d78f-109c-4d68-ad9a-5d65026ea719/add_subports 0.030s
2019-02-27 15:18:35.276 13026 DEBUG tempest.lib.common.rest_client [req-2505d0e6-1f23-4ec5-8042-981e5ae906ad ] Request - Headers: {'Content-Type': 'application/json', 'Accept': 'application/json', 'X-Auth-Token': ''} Body: {"sub_ports": [{"segmentation_type": "vlan", "port_id": "fc2c0bb4-38ea-4e19-9b5f-7b485fbb598f"}]} Response - Headers: {'status': '400', u'content-length': '302', 'content-location': 'http://172.30.9.23:9696/v2.0/trunks/ead5d78f-109c-4d68-ad9a-5d65026ea719/add_subports', u'date': 'Wed, 27 Feb 2019 15:18:35 GMT', u'content-type': 'application/json', u'connection': 'close', u'x-openstack-request-id': 'req-2505d0e6-1f23-4ec5-8042-981e5ae906ad'} Body: {"NeutronError": {"message": "Invalid input for operation: Invalid subport details '{u'segmentation_type': u'vlan', u'port_id': u'fc2c0bb4-38ea-4e19-9b5f-7b485fbb598f'}': missing segmentation information. Must specify both segmentation_id and segmentation_type.", "type": "InvalidInput", "detail": ""}} _log_request_full /root/.rally/verification/verifier-fc40542d-7bfc-4d03-8eaf-a118924af0b3/repo/tempest/lib/common/rest_client.py:437
2019-02-27 15:18:35.282 13022 INFO tempest.lib.common.rest_client [req-cce5579e-06e1-430f-92ac-1e64fa138238 ] Request (TrunkTestJSON:_run_cleanups): 404 GET http://172.30.9.23:9696/v2.0/trunks/80fae607-7117-43fa-be00-fb6a95038608/get_subports 0.018s
2019-02-27 15:18:35.282 13022 DEBUG tempest.lib.common.rest_client [req-cce5579e-06e1-430f-92ac-1e64fa138238 ] Request - Headers: {'Content-Type': 'application/json', 'Accept': 'application/json', 'X-Auth-Token': ''} Body: None Response - Headers: {'status': '404', u'content-length': '134', 'content-location': 'http://172.30.9.23:9696/v2.0/trunks/80fae607-7117-43fa-be00-fb6a95038608/get_subports', u'date': 'Wed, 27 Feb 2019 15:18:35 GMT', u'content-type': 'application/json', u'connection': 'close', u'x-openstack-request-id': 'req-cce5579e-06e1-430f-92ac-1e64fa138238'} Body: {"NeutronError": {"message": "Trunk 80fae607-7117-43fa-be00-fb6a95038608 could not be found.", "type": "TrunkNotFound", "detail": ""}} _log_request_full /root/.rally/verification/verifier-fc40542d-7bfc-4d03-8eaf-a118924af0b3/repo/tempest/lib/common/rest_client.py:437
2019-02-27 15:18:35.290 13026 INFO tempest.lib.common.rest_client [req-94c692c1-f035-48c7-af72-a32a79b8574c ] Request (TrunkTestJSON:_run_cleanups): 404 GET http://172.30.9.23:9696/v2.0/trunks/0bb8e6a6-60f4-4059-bfc0-12600864b8be/get_subports 0.013s
2019-02-27 15:18:35.290 13026 DEBUG tempest.lib.common.rest_client [req-94c692c1-f035-48c7-af72-a32a79b8574c ] Request - Headers: {'Content-Type': 'application/json', 'Accept': 'application/json', 'X-Auth-Token': ''} Body: None Response - Headers: {'status': '404', u'content-length': '134', 'content-location': 'http://172.30.9.23:9696/v2.0/trunks/0bb8e6a6-60f4-4059-bfc0-12600864b8be/get_subports', u'date': 'Wed, 27 Feb 2019 15:18:35 GMT', u'content-type': 'application/json', u'connection': 'close', u'x-openstack-request-id': 'req-94c692c1-f035-48c7-af72-a32a79b8574c'} Body: {"NeutronError": {"message": "Trunk 0bb8e6a6-60f4-4059-bfc0-12600864b8be could not be found.", "type": "TrunkNotFound", "detail": ""}} _log_request_full /root/.rally/verification/verifier-fc40542d-7bfc-4d03-8eaf-a118924af0b3/repo/tempest/lib/common/rest_client.py:437
2019-02-27 15:18:35.299 13022 INFO tempest.lib.common.rest_client [req-ba9d29d6-a938-49a0-93fc-e218b66ee3c9 ] Request (TrunkTestJSON:_run_cleanups): 404 DELETE http://172.30.9.23:9696/v2.0/trunks/80fae607-7117-43fa-be00-fb6a95038608 0.016s
2019-02-27 15:18:35.299 13022 DEBUG tempest.lib.common.rest_client [req-ba9d29d6-a938-49a0-93fc-e218b66ee3c9 ] Request - Headers: {'Content-Type': 'application/json', 'Accept': 'application/json', 'X-Auth-Token': ''} Body: None Response - Headers: {'status': '404', u'content-length': '134', 'content-location': 'http://172.30.9.23:9696/v2.0/trunks/80fae607-7117-43fa-be00-fb6a95038608', u'date': 'Wed, 27 Feb 2019 15:18:35 GMT', u'content-type': 'application/json', u'connection': 'close', u'x-openstack-request-id': 'req-ba9d29d6-a938-49a0-93fc-e218b66ee3c9'} Body: {"NeutronError": {"message": "Trunk 80fae607-7117-43fa-be00-fb6a95038608 could not be found.", "type": "TrunkNotFound", "detail": ""}} _log_request_full /root/.rally/verification/verifier-fc40542d-7bfc-4d03-8eaf-a118924af0b3/repo/tempest/lib/common/rest_client.py:437
2019-02-27 15:18:35.312 13026 INFO tempest.lib.common.rest_client [req-4980ee26-f02e-4d81-87f3-abcf94864e9d ] Request (TrunkTestJSON:_run_cleanups): 404 DELETE http://172.30.9.23:9696/v2.0/trunks/0bb8e6a6-60f4-4059-bfc0-12600864b8be 0.021s
2019-02-27 15:18:35.312 13026 DEBUG tempest.lib.common.rest_client [req-4980ee26-f02e-4d81-87f3-abcf94864e9d ] Request - Headers: {'Content-Type': 'application/json', 'Accept': 'application/json', 'X-Auth-Token': ''} Body: None Response - Headers: {'status': '404', u'content-length': '134', 'content-location': 'http://172.30.9.23:9696/v2.0/trunks/0bb8e6a6-60f4-4059-bfc0-12600864b8be', u'date': 'Wed, 27 Feb 2019 15:18:35 GMT', u'content-type': 'application/json', u'connection': 'close', u'x-openstack-request-id': 'req-4980ee26-f02e-4d81-87f3-abcf94864e9d'} Body: {"NeutronError": {"message": "Trunk 0bb8e6a6-60f4-4059-bfc0-12600864b8be could not be found.", "type": "TrunkNotFound", "detail": ""}} _log_request_full /root/.rally/verification/verifier-fc40542d-7bfc-4d03-8eaf-a118924af0b3/repo/tempest/lib/common/rest_client.py:437
2019-02-27 15:18:35.329 13026 INFO tempest.lib.common.rest_client [req-9cd6b895-6ded-4493-a916-4e2056d53265 ] Request (TrunkTestJSON:_run_cleanups): 404 GET http://172.30.9.23:9696/v2.0/trunks/7235b425-87a6-4f56-9f97-21d906d0a305/get_subports 0.016s
2019-02-27 15:18:35.329 13022 INFO tempest.lib.common.rest_client [req-060c5cd1-4e56-40e9-a5e8-737caca4a4ce ] Request (TrunkTestJSON:_run_cleanups): 200 GET http://172.30.9.23:9696/v2.0/trunks/57288a48-ac28-43c3-b0ac-d4e4f1dca855/get_subports 0.030s
2019-02-27 15:18:35.330 13026 DEBUG tempest.lib.common.rest_client [req-9cd6b895-6ded-4493-a916-4e2056d53265 ] Request - Headers: {'Content-Type': 'application/json', 'Accept': 'application/json', 'X-Auth-Token': ''} Body: None Response - Headers: {'status': '404', u'content-length': '134', 'content-location': 'http://172.30.9.23:9696/v2.0/trunks/7235b425-87a6-4f56-9f97-21d906d0a305/get_subports', u'date': 'Wed, 27 Feb 2019 15:18:35 GMT', u'content-type': 'application/json', u'connection': 'close', u'x-openstack-request-id': 'req-9cd6b895-6ded-4493-a916-4e2056d53265'} Body: {"NeutronError": {"message": "Trunk 7235b425-87a6-4f56-9f97-21d906d0a305 could not be found.", "type": "TrunkNotFound", "detail": ""}} _log_request_full /root/.rally/verification/verifier-fc40542d-7bfc-4d03-8eaf-a118924af0b3/repo/tempest/lib/common/rest_client.py:437
2019-02-27 15:18:35.330 13022 DEBUG tempest.lib.common.rest_client [req-060c5cd1-4e56-40e9-a5e8-737caca4a4ce ] Request - Headers: {'Content-Type': 'application/json', 'Accept': 'application/json', 'X-Auth-Token': ''} Body: None Response - Headers: {'status': '200', u'content-length': '17', 'content-location': 'http://172.30.9.23:9696/v2.0/trunks/57288a48-ac28-43c3-b0ac-d4e4f1dca855/get_subports', u'date': 'Wed, 27 Feb 2019 15:18:35 GMT', u'content-type': 'application/json', u'connection': 'close', u'x-openstack-request-id': 'req-060c5cd1-4e56-40e9-a5e8-737caca4a4ce'} Body: {"sub_ports": []} _log_request_full /root/.rally/verification/verifier-fc40542d-7bfc-4d03-8eaf-a118924af0b3/repo/tempest/lib/common/rest_client.py:437
2019-02-27 15:18:35.347 13026 INFO tempest.lib.common.rest_client [req-b38a4a81-d5c3-49bb-b570-31c01bd5345f ] Request (TrunkTestJSON:_run_cleanups): 404 DELETE http://172.30.9.23:9696/v2.0/trunks/7235b425-87a6-4f56-9f97-21d906d0a305 0.016s
2019-02-27 15:18:35.347 13026 DEBUG tempest.lib.common.rest_client [req-b38a4a81-d5c3-49bb-b570-31c01bd5345f ] Request - Headers: {'Content-Type': 'application/json', 'Accept': 'application/json', 'X-Auth-Token': ''} Body: None Response - Headers: {'status': '404', u'content-length': '134', 'content-location': 'http://172.30.9.23:9696/v2.0/trunks/7235b425-87a6-4f56-9f97-21d906d0a305', u'date': 'Wed, 27 Feb 2019 15:18:35 GMT', u'content-type': 'application/json', u'connection': 'close', u'x-openstack-request-id': 'req-b38a4a81-d5c3-49bb-b570-31c01bd5345f'} Body: {"NeutronError": {"message": "Trunk 7235b425-87a6-4f56-9f97-21d906d0a305 could not be found.", "type": "TrunkNotFound", "detail": ""}} _log_request_full /root/.rally/verification/verifier-fc40542d-7bfc-4d03-8eaf-a118924af0b3/repo/tempest/lib/common/rest_client.py:437
2019-02-27 15:18:35.362 13026 INFO tempest.lib.common.rest_client [req-255eaa03-4093-411a-8c0e-4d9211efaa94 ] Request (TrunkTestJSON:_run_cleanups): 404 GET http://172.30.9.23:9696/v2.0/trunks/be8aba47-5699-431f-ac2b-610b3edcb8b4/get_subports 0.014s
2019-02-27 15:18:35.362 13026 DEBUG tempest.lib.common.rest_client [req-255eaa03-4093-411a-8c0e-4d9211efaa94 ] Request - Headers: {'Content-Type': 'application/json', 'Accept': 'application/json', 'X-Auth-Token': ''} Body: None Response - Headers: {'status': '404', u'content-length': '134', 'content-location': 'http://172.30.9.23:9696/v2.0/trunks/be8aba47-5699-431f-ac2b-610b3edcb8b4/get_subports', u'date': 'Wed, 27 Feb 2019 15:18:35 GMT', u'content-type': 'application/json', u'connection': 'close', u'x-openstack-request-id': 'req-255eaa03-4093-411a-8c0e-4d9211efaa94'} Body: {"NeutronError": {"message": "Trunk be8aba47-5699-431f-ac2b-610b3edcb8b4 could not be found.", "type": "TrunkNotFound", "detail": ""}} _log_request_full /root/.rally/verification/verifier-fc40542d-7bfc-4d03-8eaf-a118924af0b3/repo/tempest/lib/common/rest_client.py:437
2019-02-27 15:18:35.378 13026 INFO tempest.lib.common.rest_client [req-934ebbc2-fbf2-4a9a-9745-0d1f0ee3cf81 ] Request (TrunkTestJSON:_run_cleanups): 404 DELETE http://172.30.9.23:9696/v2.0/trunks/be8aba47-5699-431f-ac2b-610b3edcb8b4 0.015s
2019-02-27 15:18:35.378 13026 DEBUG tempest.lib.common.rest_client [req-934ebbc2-fbf2-4a9a-9745-0d1f0ee3cf81 ] Request - Headers: {'Content-Type': 'application/json', 'Accept': 'application/json', 'X-Auth-Token': ''} Body: None Response - Headers: {'status': '404', u'content-length': '134', 'content-location': 'http://172.30.9.23:9696/v2.0/trunks/be8aba47-5699-431f-ac2b-610b3edcb8b4', u'date': 'Wed, 27 Feb 2019 15:18:35 GMT', u'content-type': 'application/json', u'connection': 'close', u'x-openstack-request-id': 'req-934ebbc2-fbf2-4a9a-9745-0d1f0ee3cf81'} Body: {"NeutronError": {"message": "Trunk be8aba47-5699-431f-ac2b-610b3edcb8b4 could not be found.", "type": "TrunkNotFound", "detail": ""}} _log_request_full /root/.rally/verification/verifier-fc40542d-7bfc-4d03-8eaf-a118924af0b3/repo/tempest/lib/common/rest_client.py:437
2019-02-27 15:18:35.394 13022 INFO tempest.lib.common.rest_client [req-1c178068-b6b1-4fd7-a3e2-610e4ef1813e ] Request (TrunkTestJSON:_run_cleanups): 200 PUT http://172.30.9.23:9696/v2.0/trunks/57288a48-ac28-43c3-b0ac-d4e4f1dca855/remove_subports 0.063s
2019-02-27 15:18:35.394 13022 DEBUG tempest.lib.common.rest_client [req-1c178068-b6b1-4fd7-a3e2-610e4ef1813e ] Request - Headers: {'Content-Type': 'application/json', 'Accept': 'application/json', 'X-Auth-Token': ''} Body: {"sub_ports": []} Response - Headers: {'status': '200', u'content-length': '396', 'content-location': 'http://172.30.9.23:9696/v2.0/trunks/57288a48-ac28-43c3-b0ac-d4e4f1dca855/remove_subports', u'date': 'Wed, 27 Feb 2019 15:18:35 GMT', u'content-type': 'application/json', u'connection': 'close', u'x-openstack-request-id': 'req-1c178068-b6b1-4fd7-a3e2-610e4ef1813e'} Body: {"status": "DOWN", "sub_ports": [], "name": "", "admin_state_up": true, "tenant_id": "fb0364891cb54c4c9ac12149d687e44d", "created_at": "2019-02-27T15:18:34Z", "tags": [], "updated_at": "2019-02-27T15:18:35Z", "revision_number": 1, "project_id": "fb0364891cb54c4c9ac12149d687e44d", "port_id": "7bf981ae-7666-43e4-b233-8f458e42ddaa", "id": "57288a48-ac28-43c3-b0ac-d4e4f1dca855", "description": ""} _log_request_full /root/.rally/verification/verifier-fc40542d-7bfc-4d03-8eaf-a118924af0b3/repo/tempest/lib/common/rest_client.py:437
2019-02-27 15:18:35.396 13026 INFO tempest.lib.common.rest_client [req-c87de059-64b4-4512-8c81-11cc841ce529 ] Request (TrunkTestJSON:_run_cleanups): 404 GET http://172.30.9.23:9696/v2.0/trunks/5ee1fef6-6aa9-4f01-ad48-48548278caba/get_subports 0.017s
2019-02-27 15:18:35.396 13026 DEBUG tempest.lib.common.rest_client [req-c87de059-64b4-4512-8c81-11cc841ce529 ] Request - Headers: {'Content-Type': 'application/json', 'Accept': 'application/json', 'X-Auth-Token': ''} Body: None Response - Headers: {'status': '404', u'content-length': '134', 'content-location': 'http://172.30.9.23:9696/v2.0/trunks/5ee1fef6-6aa9-4f01-ad48-48548278caba/get_subports', u'date': 'Wed, 27 Feb 2019 15:18:35 GMT', u'content-type': 'application/json', u'connection': 'close', u'x-openstack-request-id': 'req-c87de059-64b4-4512-8c81-11cc841ce529'} Body: {"NeutronError": {"message": "Trunk 5ee1fef6-6aa9-4f01-ad48-48548278caba could not be found.", "type": "TrunkNotFound", "detail": ""}} _log_request_full /root/.rally/verification/verifier-fc40542d-7bfc-4d03-8eaf-a118924af0b3/repo/tempest/lib/common/rest_client.py:437
2019-02-27 15:18:35.412 13026 INFO tempest.lib.common.rest_client [req-20c3b4ed-26c0-4000-becb-77dd4ceb50e8 ] Request (TrunkTestJSON:_run_cleanups): 404 DELETE http://172.30.9.23:9696/v2.0/trunks/5ee1fef6-6aa9-4f01-ad48-48548278caba 0.015s
2019-02-27 15:18:35.412 13026 DEBUG tempest.lib.common.rest_client [req-20c3b4ed-26c0-4000-becb-77dd4ceb50e8 ] Request - Headers: {'Content-Type': 'application/json', 'Accept': 'application/json', 'X-Auth-Token': ''} Body: None Response - Headers: {'status': '404', u'content-length': '134', 'content-location': 'http://172.30.9.23:9696/v2.0/trunks/5ee1fef6-6aa9-4f01-ad48-48548278caba', u'date': 'Wed, 27 Feb 2019 15:18:35 GMT', u'content-type': 'application/json', u'connection': 'close', u'x-openstack-request-id': 'req-20c3b4ed-26c0-4000-becb-77dd4ceb50e8'} Body: {"NeutronError": {"message": "Trunk 5ee1fef6-6aa9-4f01-ad48-48548278caba could not be found.", "type": "TrunkNotFound", "detail": ""}} _log_request_full /root/.rally/verification/verifier-fc40542d-7bfc-4d03-8eaf-a118924af0b3/repo/tempest/lib/common/rest_client.py:437
2019-02-27 15:18:35.443 13026 INFO tempest.lib.common.rest_client [req-c03844e7-e62e-42da-a3c9-2d491e142cb2 ] Request (TrunkTestJSON:_run_cleanups): 200 GET http://172.30.9.23:9696/v2.0/trunks/ead5d78f-109c-4d68-ad9a-5d65026ea719/get_subports 0.031s
2019-02-27 15:18:35.444 13026 DEBUG tempest.lib.common.rest_client [req-c03844e7-e62e-42da-a3c9-2d491e142cb2 ] Request - Headers: {'Content-Type': 'application/json', 'Accept': 'application/json', 'X-Auth-Token': ''} Body: None Response - Headers: {'status': '200', u'content-length': '17', 'content-location': 'http://172.30.9.23:9696/v2.0/trunks/ead5d78f-109c-4d68-ad9a-5d65026ea719/get_subports', u'date': 'Wed, 27 Feb 2019 15:18:35 GMT', u'content-type': 'application/json', u'connection': 'close', u'x-openstack-request-id': 'req-c03844e7-e62e-42da-a3c9-2d491e142cb2'} Body: {"sub_ports": []} _log_request_full /root/.rally/verification/verifier-fc40542d-7bfc-4d03-8eaf-a118924af0b3/repo/tempest/lib/common/rest_client.py:437
2019-02-27 15:18:35.544 13026 INFO tempest.lib.common.rest_client [req-5060fdd0-be2e-4aa2-b4ef-efdc5a57c9a1 ] Request (TrunkTestJSON:_run_cleanups): 200 PUT http://172.30.9.23:9696/v2.0/trunks/ead5d78f-109c-4d68-ad9a-5d65026ea719/remove_subports 0.099s
2019-02-27 15:18:35.544 13026 DEBUG tempest.lib.common.rest_client [req-5060fdd0-be2e-4aa2-b4ef-efdc5a57c9a1 ] Request - Headers: {'Content-Type': 'application/json', 'Accept': 'application/json', 'X-Auth-Token': ''} Body: {"sub_ports": []} Response - Headers: {'status': '200', u'content-length': '396', 'content-location': 'http://172.30.9.23:9696/v2.0/trunks/ead5d78f-109c-4d68-ad9a-5d65026ea719/remove_subports', u'date': 'Wed, 27 Feb 2019 15:18:35 GMT', u'content-type': 'application/json', u'connection': 'close', u'x-openstack-request-id': 'req-5060fdd0-be2e-4aa2-b4ef-efdc5a57c9a1'} Body: {"status": "DOWN", "sub_ports": [], "name": "", "admin_state_up": true, "tenant_id": "cb46561a4e1e444d891282df9a9c0f6f", "created_at": "2019-02-27T15:18:34Z", "tags": [], "updated_at": "2019-02-27T15:18:35Z", "revision_number": 1, "project_id": "cb46561a4e1e444d891282df9a9c0f6f", "port_id": "9a775450-4e97-4ea6-b6a5-ae58ec93e41d", "id": "ead5d78f-109c-4d68-ad9a-5d65026ea719", "description": ""} _log_request_full /root/.rally/verification/verifier-fc40542d-7bfc-4d03-8eaf-a118924af0b3/repo/tempest/lib/common/rest_client.py:437
2019-02-27 15:18:35.560 13022 INFO tempest.lib.common.rest_client [req-21f21bfc-03ed-4312-abfe-40f85d8cb0eb ] Request (TrunkTestJSON:_run_cleanups): 204 DELETE http://172.30.9.23:9696/v2.0/trunks/57288a48-ac28-43c3-b0ac-d4e4f1dca855 0.164s
2019-02-27 15:18:35.560 13022 DEBUG tempest.lib.common.rest_client [req-21f21bfc-03ed-4312-abfe-40f85d8cb0eb ] Request - Headers: {'Content-Type': 'application/json', 'Accept': 'application/json', 'X-Auth-Token': ''} Body: None Response - Headers: {'status': '204', u'content-length': '0', 'content-location': 'http://172.30.9.23:9696/v2.0/trunks/57288a48-ac28-43c3-b0ac-d4e4f1dca855', u'date': 'Wed, 27 Feb 2019 15:18:35 GMT', u'connection': 'close', u'x-openstack-request-id': 'req-21f21bfc-03ed-4312-abfe-40f85d8cb0eb'} Body: _log_request_full /root/.rally/verification/verifier-fc40542d-7bfc-4d03-8eaf-a118924af0b3/repo/tempest/lib/common/rest_client.py:437
2019-02-27 15:18:35.574 13022 INFO tempest.lib.common.rest_client [req-22948b02-0186-40d8-b251-f64b711c8876 ] Request (TrunkTestJSON:_run_cleanups): 404 GET http://172.30.9.23:9696/v2.0/trunks/53603cce-361e-44a8-b32e-871cc484f9e5 0.014s
2019-02-27 15:18:35.574 13022 DEBUG tempest.lib.common.rest_client [req-22948b02-0186-40d8-b251-f64b711c8876 ] Request - Headers: {'Content-Type': 'application/json', 'Accept': 'application/json', 'X-Auth-Token': ''} Body: None Response - Headers: {'status': '404', u'content-length': '134', 'content-location': 'http://172.30.9.23:9696/v2.0/trunks/53603cce-361e-44a8-b32e-871cc484f9e5', u'date': 'Wed, 27 Feb 2019 15:18:35 GMT', u'content-type': 'application/json', u'connection': 'close', u'x-openstack-request-id': 'req-22948b02-0186-40d8-b251-f64b711c8876'} Body: {"NeutronError": {"message": "Trunk 53603cce-361e-44a8-b32e-871cc484f9e5 could not be found.", "type": "TrunkNotFound", "detail": ""}} _log_request_full /root/.rally/verification/verifier-fc40542d-7bfc-4d03-8eaf-a118924af0b3/repo/tempest/lib/common/rest_client.py:437
2019-02-27 15:18:35.591 13022 INFO tempest.lib.common.rest_client [req-10ae10b7-773b-4931-829a-85b87508314f ] Request (TrunkTestJSON:_run_cleanups): 404 GET http://172.30.9.23:9696/v2.0/trunks/a7b0df77-91b3-4633-8565-516859c0b408 0.016s
2019-02-27 15:18:35.591 13022 DEBUG tempest.lib.common.rest_client [req-10ae10b7-773b-4931-829a-85b87508314f ] Request - Headers: {'Content-Type': 'application/json', 'Accept': 'application/json', 'X-Auth-Token': ''} Body: None Response - Headers: {'status': '404', u'content-length': '134', 'content-location': 'http://172.30.9.23:9696/v2.0/trunks/a7b0df77-91b3-4633-8565-516859c0b408', u'date': 'Wed, 27 Feb 2019 15:18:35 GMT', u'content-type': 'application/json', u'connection': 'close', u'x-openstack-request-id': 'req-10ae10b7-773b-4931-829a-85b87508314f'} Body: {"NeutronError": {"message": "Trunk a7b0df77-91b3-4633-8565-516859c0b408 could not be found.", "type": "TrunkNotFound", "detail": ""}} _log_request_full /root/.rally/verification/verifier-fc40542d-7bfc-4d03-8eaf-a118924af0b3/repo/tempest/lib/common/rest_client.py:437
2019-02-27 15:18:35.605 13022 INFO tempest.lib.common.rest_client [req-c0687f20-4e59-46a0-97ea-23fc4cfb2a2d ] Request (TrunkTestJSON:_run_cleanups): 404 GET http://172.30.9.23:9696/v2.0/trunks/abe28a6a-b52a-423a-a087-4d4c5aa219b5 0.013s
2019-02-27 15:18:35.605 13022 DEBUG tempest.lib.common.rest_client [req-c0687f20-4e59-46a0-97ea-23fc4cfb2a2d ] Request - Headers: {'Content-Type': 'application/json', 'Accept': 'application/json', 'X-Auth-Token': ''} Body: None Response - Headers: {'status': '404', u'content-length': '134', 'content-location': 'http://172.30.9.23:9696/v2.0/trunks/abe28a6a-b52a-423a-a087-4d4c5aa219b5', u'date': 'Wed, 27 Feb 2019 15:18:35 GMT', u'content-type': 'application/json', u'connection': 'close', u'x-openstack-request-id': 'req-c0687f20-4e59-46a0-97ea-23fc4cfb2a2d'} Body: {"NeutronError": {"message": "Trunk abe28a6a-b52a-423a-a087-4d4c5aa219b5 could not be found.", "type": "TrunkNotFound", "detail": ""}} _log_request_full /root/.rally/verification/verifier-fc40542d-7bfc-4d03-8eaf-a118924af0b3/repo/tempest/lib/common/rest_client.py:437
2019-02-27 15:18:35.624 13022 INFO tempest.lib.common.rest_client [req-a98e9e10-f651-42f1-8474-6969260204a8 ] Request (TrunkTestJSON:_run_cleanups): 404 GET http://172.30.9.23:9696/v2.0/trunks/7b0eef98-ae5a-481b-a7cf-5f64873aa06f 0.018s
2019-02-27 15:18:35.624 13022 DEBUG tempest.lib.common.rest_client [req-a98e9e10-f651-42f1-8474-6969260204a8 ] Request - Headers: {'Content-Type': 'application/json', 'Accept': 'application/json', 'X-Auth-Token': ''} Body: None Response - Headers: {'status': '404', u'content-length': '134', 'content-location': 'http://172.30.9.23:9696/v2.0/trunks/7b0eef98-ae5a-481b-a7cf-5f64873aa06f', u'date': 'Wed, 27 Feb 2019 15:18:35 GMT', u'content-type': 'application/json', u'connection': 'close', u'x-openstack-request-id': 'req-a98e9e10-f651-42f1-8474-6969260204a8'} Body: {"NeutronError": {"message": "Trunk 7b0eef98-ae5a-481b-a7cf-5f64873aa06f could not be found.", "type": "TrunkNotFound", "detail": ""}} _log_request_full /root/.rally/verification/verifier-fc40542d-7bfc-4d03-8eaf-a118924af0b3/repo/tempest/lib/common/rest_client.py:437
2019-02-27 15:18:35.643 13022 INFO tempest.lib.common.rest_client [req-0a11911f-cfc2-47d0-b7fa-4445d95d921e ] Request (TrunkTestJSON:_run_cleanups): 404 GET http://172.30.9.23:9696/v2.0/trunks/80fae607-7117-43fa-be00-fb6a95038608 0.018s
2019-02-27 15:18:35.643 13022 DEBUG tempest.lib.common.rest_client [req-0a11911f-cfc2-47d0-b7fa-4445d95d921e ] Request - Headers: {'Content-Type': 'application/json', 'Accept': 'application/json', 'X-Auth-Token': ''} Body: None Response - Headers: {'status': '404', u'content-length': '134', 'content-location': 'http://172.30.9.23:9696/v2.0/trunks/80fae607-7117-43fa-be00-fb6a95038608', u'date': 'Wed, 27 Feb 2019 15:18:35 GMT', u'content-type': 'application/json', u'connection': 'close', u'x-openstack-request-id': 'req-0a11911f-cfc2-47d0-b7fa-4445d95d921e'} Body: {"NeutronError": {"message": "Trunk 80fae607-7117-43fa-be00-fb6a95038608 could not be found.", "type": "TrunkNotFound", "detail": ""}} _log_request_full /root/.rally/verification/verifier-fc40542d-7bfc-4d03-8eaf-a118924af0b3/repo/tempest/lib/common/rest_client.py:437
2019-02-27 15:18:35.658 13022 INFO tempest.lib.common.rest_client [req-fb8d702d-effe-4166-b20a-7eaba8a2e2d7 ] Request (TrunkTestJSON:_run_cleanups): 404 GET http://172.30.9.23:9696/v2.0/trunks/57288a48-ac28-43c3-b0ac-d4e4f1dca855 0.014s
2019-02-27 15:18:35.658 13022 DEBUG tempest.lib.common.rest_client [req-fb8d702d-effe-4166-b20a-7eaba8a2e2d7 ] Request - Headers: {'Content-Type': 'application/json', 'Accept': 'application/json', 'X-Auth-Token': ''} Body: None Response - Headers: {'status': '404', u'content-length': '134', 'content-location': 'http://172.30.9.23:9696/v2.0/trunks/57288a48-ac28-43c3-b0ac-d4e4f1dca855', u'date': 'Wed, 27 Feb 2019 15:18:35 GMT', u'content-type': 'application/json', u'connection': 'close', u'x-openstack-request-id': 'req-fb8d702d-effe-4166-b20a-7eaba8a2e2d7'} Body: {"NeutronError": {"message": "Trunk 57288a48-ac28-43c3-b0ac-d4e4f1dca855 could not be found.", "type": "TrunkNotFound", "detail": ""}} _log_request_full /root/.rally/verification/verifier-fc40542d-7bfc-4d03-8eaf-a118924af0b3/repo/tempest/lib/common/rest_client.py:437
2019-02-27 15:18:35.934 13026 INFO tempest.lib.common.rest_client [req-0bf32bf6-b154-4dcc-b366-22e820c8ea25 ] Request (TrunkTestJSON:_run_cleanups): 204 DELETE http://172.30.9.23:9696/v2.0/trunks/ead5d78f-109c-4d68-ad9a-5d65026ea719 0.390s
2019-02-27 15:18:35.935 13026 DEBUG tempest.lib.common.rest_client [req-0bf32bf6-b154-4dcc-b366-22e820c8ea25 ] Request - Headers: {'Content-Type': 'application/json', 'Accept': 'application/json', 'X-Auth-Token': ''} Body: None Response - Headers: {'status': '204', u'content-length': '0', 'content-location': 'http://172.30.9.23:9696/v2.0/trunks/ead5d78f-109c-4d68-ad9a-5d65026ea719', u'date': 'Wed, 27 Feb 2019 15:18:35 GMT', u'connection': 'close', u'x-openstack-request-id': 'req-0bf32bf6-b154-4dcc-b366-22e820c8ea25'} Body: _log_request_full /root/.rally/verification/verifier-fc40542d-7bfc-4d03-8eaf-a118924af0b3/repo/tempest/lib/common/rest_client.py:437
2019-02-27 15:18:35.949 13026 INFO tempest.lib.common.rest_client [req-80fa4e8c-b077-4b3c-be86-1de01c804de8 ] Request (TrunkTestJSON:_run_cleanups): 404 GET http://172.30.9.23:9696/v2.0/trunks/0bb8e6a6-60f4-4059-bfc0-12600864b8be 0.014s
2019-02-27 15:18:35.950 13026 DEBUG tempest.lib.common.rest_client [req-80fa4e8c-b077-4b3c-be86-1de01c804de8 ] Request - Headers: {'Content-Type': 'application/json', 'Accept': 'application/json', 'X-Auth-Token': ''} Body: None Response - Headers: {'status': '404', u'content-length': '134', 'content-location': 'http://172.30.9.23:9696/v2.0/trunks/0bb8e6a6-60f4-4059-bfc0-12600864b8be', u'date': 'Wed, 27 Feb 2019 15:18:35 GMT', u'content-type': 'application/json', u'connection': 'close', u'x-openstack-request-id': 'req-80fa4e8c-b077-4b3c-be86-1de01c804de8'} Body: {"NeutronError": {"message": "Trunk 0bb8e6a6-60f4-4059-bfc0-12600864b8be could not be found.", "type": "TrunkNotFound", "detail": ""}} _log_request_full /root/.rally/verification/verifier-fc40542d-7bfc-4d03-8eaf-a118924af0b3/repo/tempest/lib/common/rest_client.py:437
2019-02-27 15:18:35.952 13022 INFO tempest.lib.common.rest_client [req-83ee1a4d-fd80-4607-8b35-8e49240065f7 ] Request (TrunkTestJSON:_run_cleanups): 404 DELETE http://172.30.9.23:9696/v2.0/ports/d756fc62-73aa-423c-beed-60089a8067ef 0.293s
2019-02-27 15:18:35.952 13022 DEBUG tempest.lib.common.rest_client [req-83ee1a4d-fd80-4607-8b35-8e49240065f7 ] Request - Headers: {'Content-Type': 'application/json', 'Accept': 'application/json', 'X-Auth-Token': ''} Body: None Response - Headers: {'status': '404', u'content-length': '132', 'content-location': 'http://172.30.9.23:9696/v2.0/ports/d756fc62-73aa-423c-beed-60089a8067ef', u'date': 'Wed, 27 Feb 2019 15:18:35 GMT', u'content-type': 'application/json', u'connection': 'close', u'x-openstack-request-id': 'req-83ee1a4d-fd80-4607-8b35-8e49240065f7'} Body: {"NeutronError": {"message": "Port d756fc62-73aa-423c-beed-60089a8067ef could not be found.", "type": "PortNotFound", "detail": ""}} _log_request_full /root/.rally/verification/verifier-fc40542d-7bfc-4d03-8eaf-a118924af0b3/repo/tempest/lib/common/rest_client.py:437
2019-02-27 15:18:35.965 13026 INFO tempest.lib.common.rest_client [req-84a35cd0-5f61-4c86-b8f8-e963ed143e7f ] Request (TrunkTestJSON:_run_cleanups): 404 GET http://172.30.9.23:9696/v2.0/trunks/7235b425-87a6-4f56-9f97-21d906d0a305 0.015s
2019-02-27 15:18:35.966 13026 DEBUG tempest.lib.common.rest_client [req-84a35cd0-5f61-4c86-b8f8-e963ed143e7f ] Request - Headers: {'Content-Type': 'application/json', 'Accept': 'application/json', 'X-Auth-Token': ''} Body: None Response - Headers: {'status': '404', u'content-length': '134', 'content-location': 'http://172.30.9.23:9696/v2.0/trunks/7235b425-87a6-4f56-9f97-21d906d0a305', u'date': 'Wed, 27 Feb 2019 15:18:35 GMT', u'content-type': 'application/json', u'connection': 'close', u'x-openstack-request-id': 'req-84a35cd0-5f61-4c86-b8f8-e963ed143e7f'} Body: {"NeutronError": {"message": "Trunk 7235b425-87a6-4f56-9f97-21d906d0a305 could not be found.", "type": "TrunkNotFound", "detail": ""}} _log_request_full /root/.rally/verification/verifier-fc40542d-7bfc-4d03-8eaf-a118924af0b3/repo/tempest/lib/common/rest_client.py:437
2019-02-27 15:18:35.982 13026 INFO tempest.lib.common.rest_client [req-14c498b5-e89c-42fe-bd3e-34ce0714f765 ] Request (TrunkTestJSON:_run_cleanups): 404 GET http://172.30.9.23:9696/v2.0/trunks/be8aba47-5699-431f-ac2b-610b3edcb8b4 0.015s
2019-02-27 15:18:35.982 13026 DEBUG tempest.lib.common.rest_client [req-14c498b5-e89c-42fe-bd3e-34ce0714f765 ] Request - Headers: {'Content-Type': 'application/json', 'Accept': 'application/json', 'X-Auth-Token': ''} Body: None Response - Headers: {'status': '404', u'content-length': '134', 'content-location': 'http://172.30.9.23:9696/v2.0/trunks/be8aba47-5699-431f-ac2b-610b3edcb8b4', u'date': 'Wed, 27 Feb 2019 15:18:35 GMT', u'content-type': 'application/json', u'connection': 'close', u'x-openstack-request-id': 'req-14c498b5-e89c-42fe-bd3e-34ce0714f765'} Body: {"NeutronError": {"message": "Trunk be8aba47-5699-431f-ac2b-610b3edcb8b4 could not be found.", "type": "TrunkNotFound", "detail": ""}} _log_request_full /root/.rally/verification/verifier-fc40542d-7bfc-4d03-8eaf-a118924af0b3/repo/tempest/lib/common/rest_client.py:437
2019-02-27 15:18:35.986 13022 INFO tempest.lib.common.rest_client [req-45417d1f-2214-46c9-978b-e0d4f10adb23 ] Request (TrunkTestJSON:_run_cleanups): 404 DELETE http://172.30.9.23:9696/v2.0/ports/be2099d5-e63a-4656-a056-fabf3eae92ff 0.033s
2019-02-27 15:18:35.987 13022 DEBUG tempest.lib.common.rest_client [req-45417d1f-2214-46c9-978b-e0d4f10adb23 ] Request - Headers: {'Content-Type': 'application/json', 'Accept': 'application/json', 'X-Auth-Token': ''} Body: None Response - Headers: {'status': '404', u'content-length': '132', 'content-location': 'http://172.30.9.23:9696/v2.0/ports/be2099d5-e63a-4656-a056-fabf3eae92ff', u'date': 'Wed, 27 Feb 2019 15:18:35 GMT', u'content-type': 'application/json', u'connection': 'close', u'x-openstack-request-id': 'req-45417d1f-2214-46c9-978b-e0d4f10adb23'} Body: {"NeutronError": {"message": "Port be2099d5-e63a-4656-a056-fabf3eae92ff could not be found.", "type": "PortNotFound", "detail": ""}} _log_request_full /root/.rally/verification/verifier-fc40542d-7bfc-4d03-8eaf-a118924af0b3/repo/tempest/lib/common/rest_client.py:437
2019-02-27 15:18:36.003 13026 INFO tempest.lib.common.rest_client [req-daff0db4-aefc-4045-aeeb-7ada706458a2 ] Request (TrunkTestJSON:_run_cleanups): 404 GET http://172.30.9.23:9696/v2.0/trunks/5ee1fef6-6aa9-4f01-ad48-48548278caba 0.020s
2019-02-27 15:18:36.004 13026 DEBUG tempest.lib.common.rest_client [req-daff0db4-aefc-4045-aeeb-7ada706458a2 ] Request - Headers: {'Content-Type': 'application/json', 'Accept': 'application/json', 'X-Auth-Token': ''} Body: None Response - Headers: {'status': '404', u'content-length': '134', 'content-location': 'http://172.30.9.23:9696/v2.0/trunks/5ee1fef6-6aa9-4f01-ad48-48548278caba', u'date': 'Wed, 27 Feb 2019 15:18:35 GMT', u'content-type': 'application/json', u'connection': 'close', u'x-openstack-request-id': 'req-daff0db4-aefc-4045-aeeb-7ada706458a2'} Body: {"NeutronError": {"message": "Trunk 5ee1fef6-6aa9-4f01-ad48-48548278caba could not be found.", "type": "TrunkNotFound", "detail": ""}} _log_request_full /root/.rally/verification/verifier-fc40542d-7bfc-4d03-8eaf-a118924af0b3/repo/tempest/lib/common/rest_client.py:437
2019-02-27 15:18:36.016 13022 INFO tempest.lib.common.rest_client [req-8968d9ec-be19-47ee-9a1c-b3c5aa25dbfc ] Request (TrunkTestJSON:_run_cleanups): 404 DELETE http://172.30.9.23:9696/v2.0/ports/fe6a16f9-0567-40c0-9715-892f6c9cdc3e 0.029s
2019-02-27 15:18:36.017 13022 DEBUG tempest.lib.common.rest_client [req-8968d9ec-be19-47ee-9a1c-b3c5aa25dbfc ] Request - Headers: {'Content-Type': 'application/json', 'Accept': 'application/json', 'X-Auth-Token': ''} Body: None Response - Headers: {'status': '404', u'content-length': '132', 'content-location': 'http://172.30.9.23:9696/v2.0/ports/fe6a16f9-0567-40c0-9715-892f6c9cdc3e', u'date': 'Wed, 27 Feb 2019 15:18:36 GMT', u'content-type': 'application/json', u'connection': 'close', u'x-openstack-request-id': 'req-8968d9ec-be19-47ee-9a1c-b3c5aa25dbfc'} Body: {"NeutronError": {"message": "Port fe6a16f9-0567-40c0-9715-892f6c9cdc3e could not be found.", "type": "PortNotFound", "detail": ""}} _log_request_full /root/.rally/verification/verifier-fc40542d-7bfc-4d03-8eaf-a118924af0b3/repo/tempest/lib/common/rest_client.py:437
2019-02-27 15:18:36.017 13026 INFO tempest.lib.common.rest_client [req-8798adf2-001a-4080-b5a7-db3807bcb646 ] Request (TrunkTestJSON:_run_cleanups): 404 GET http://172.30.9.23:9696/v2.0/trunks/ead5d78f-109c-4d68-ad9a-5d65026ea719 0.012s
2019-02-27 15:18:36.017 13026 DEBUG tempest.lib.common.rest_client [req-8798adf2-001a-4080-b5a7-db3807bcb646 ] Request - Headers: {'Content-Type': 'application/json', 'Accept': 'application/json', 'X-Auth-Token': ''} Body: None Response - Headers: {'status': '404', u'content-length': '134', 'content-location': 'http://172.30.9.23:9696/v2.0/trunks/ead5d78f-109c-4d68-ad9a-5d65026ea719', u'date': 'Wed, 27 Feb 2019 15:18:36 GMT', u'content-type': 'application/json', u'connection': 'close', u'x-openstack-request-id': 'req-8798adf2-001a-4080-b5a7-db3807bcb646'} Body: {"NeutronError": {"message": "Trunk ead5d78f-109c-4d68-ad9a-5d65026ea719 could not be found.", "type": "TrunkNotFound", "detail": ""}} _log_request_full /root/.rally/verification/verifier-fc40542d-7bfc-4d03-8eaf-a118924af0b3/repo/tempest/lib/common/rest_client.py:437
2019-02-27 15:18:36.051 13022 INFO tempest.lib.common.rest_client [req-6087cae5-71d3-4aec-915f-7fd1dce06520 ] Request (TrunkTestJSON:_run_cleanups): 404 DELETE http://172.30.9.23:9696/v2.0/ports/ec2c2729-2735-4449-80fe-dbea7930895a 0.033s
2019-02-27 15:18:36.051 13022 DEBUG tempest.lib.common.rest_client [req-6087cae5-71d3-4aec-915f-7fd1dce06520 ] Request - Headers: {'Content-Type': 'application/json', 'Accept': 'application/json', 'X-Auth-Token': ''} Body: None Response - Headers: {'status': '404', u'content-length': '132', 'content-location': 'http://172.30.9.23:9696/v2.0/ports/ec2c2729-2735-4449-80fe-dbea7930895a', u'date': 'Wed, 27 Feb 2019 15:18:36 GMT', u'content-type': 'application/json', u'connection': 'close', u'x-openstack-request-id': 'req-6087cae5-71d3-4aec-915f-7fd1dce06520'} Body: {"NeutronError": {"message": "Port ec2c2729-2735-4449-80fe-dbea7930895a could not be found.", "type": "PortNotFound", "detail": ""}} _log_request_full /root/.rally/verification/verifier-fc40542d-7bfc-4d03-8eaf-a118924af0b3/repo/tempest/lib/common/rest_client.py:437
2019-02-27 15:18:36.054 13026 INFO tempest.lib.common.rest_client [req-ce6b0869-4344-4a52-bd4b-91912c2d81e9 ] Request (TrunkTestJSON:_run_cleanups): 404 DELETE http://172.30.9.23:9696/v2.0/ports/94935fcc-50a3-4a2e-a670-6da325413eb0 0.036s
2019-02-27 15:18:36.055 13026 DEBUG tempest.lib.common.rest_client [req-ce6b0869-4344-4a52-bd4b-91912c2d81e9 ] Request - Headers: {'Content-Type': 'application/json', 'Accept': 'application/json', 'X-Auth-Token': ''} Body: None Response - Headers: {'status': '404', u'content-length': '132', 'content-location': 'http://172.30.9.23:9696/v2.0/ports/94935fcc-50a3-4a2e-a670-6da325413eb0', u'date': 'Wed, 27 Feb 2019 15:18:36 GMT', u'content-type': 'application/json', u'connection': 'close', u'x-openstack-request-id': 'req-ce6b0869-4344-4a52-bd4b-91912c2d81e9'} Body: {"NeutronError": {"message": "Port 94935fcc-50a3-4a2e-a670-6da325413eb0 could not be found.", "type": "PortNotFound", "detail": ""}} _log_request_full /root/.rally/verification/verifier-fc40542d-7bfc-4d03-8eaf-a118924af0b3/repo/tempest/lib/common/rest_client.py:437
2019-02-27 15:18:36.090 13026 INFO tempest.lib.common.rest_client [req-09ff8075-97bb-456d-9a5a-ce6ca82d9c5c ] Request (TrunkTestJSON:_run_cleanups): 404 DELETE http://172.30.9.23:9696/v2.0/ports/a1859b3c-5369-41b7-9b19-887a8e8fe4a8 0.035s
2019-02-27 15:18:36.091 13026 DEBUG tempest.lib.common.rest_client [req-09ff8075-97bb-456d-9a5a-ce6ca82d9c5c ] Request - Headers: {'Content-Type': 'application/json', 'Accept': 'application/json', 'X-Auth-Token': ''} Body: None Response - Headers: {'status': '404', u'content-length': '132', 'content-location': 'http://172.30.9.23:9696/v2.0/ports/a1859b3c-5369-41b7-9b19-887a8e8fe4a8', u'date': 'Wed, 27 Feb 2019 15:18:36 GMT', u'content-type': 'application/json', u'connection': 'close', u'x-openstack-request-id': 'req-09ff8075-97bb-456d-9a5a-ce6ca82d9c5c'} Body: {"NeutronError": {"message": "Port a1859b3c-5369-41b7-9b19-887a8e8fe4a8 could not be found.", "type": "PortNotFound", "detail": ""}} _log_request_full /root/.rally/verification/verifier-fc40542d-7bfc-4d03-8eaf-a118924af0b3/repo/tempest/lib/common/rest_client.py:437
2019-02-27 15:18:36.101 13022 INFO tempest.lib.common.rest_client [req-a73128eb-a21e-4bad-81ce-f13d9e169538 ] Request (TrunkTestJSON:_run_cleanups): 404 DELETE http://172.30.9.23:9696/v2.0/ports/dfed896e-424f-4bf8-8f58-1812219369cd 0.049s
2019-02-27 15:18:36.102 13022 DEBUG tempest.lib.common.rest_client [req-a73128eb-a21e-4bad-81ce-f13d9e169538 ] Request - Headers: {'Content-Type': 'application/json', 'Accept': 'application/json', 'X-Auth-Token': ''} Body: None Response - Headers: {'status': '404', u'content-length': '132', 'content-location': 'http://172.30.9.23:9696/v2.0/ports/dfed896e-424f-4bf8-8f58-1812219369cd', u'date': 'Wed, 27 Feb 2019 15:18:36 GMT', u'content-type': 'application/json', u'connection': 'close', u'x-openstack-request-id': 'req-a73128eb-a21e-4bad-81ce-f13d9e169538'} Body: {"NeutronError": {"message": "Port dfed896e-424f-4bf8-8f58-1812219369cd could not be found.", "type": "PortNotFound", "detail": ""}} _log_request_full /root/.rally/verification/verifier-fc40542d-7bfc-4d03-8eaf-a118924af0b3/repo/tempest/lib/common/rest_client.py:437
2019-02-27 15:18:36.123 13026 INFO tempest.lib.common.rest_client [req-1614b7f4-2f5a-4414-9e06-5adff55a0ac7 ] Request (TrunkTestJSON:_run_cleanups): 404 DELETE http://172.30.9.23:9696/v2.0/ports/6d612d43-54b7-476e-9c9a-922fba2d62ee 0.032s
2019-02-27 15:18:36.124 13026 DEBUG tempest.lib.common.rest_client [req-1614b7f4-2f5a-4414-9e06-5adff55a0ac7 ] Request - Headers: {'Content-Type': 'application/json', 'Accept': 'application/json', 'X-Auth-Token': ''} Body: None Response - Headers: {'status': '404', u'content-length': '132', 'content-location': 'http://172.30.9.23:9696/v2.0/ports/6d612d43-54b7-476e-9c9a-922fba2d62ee', u'date': 'Wed, 27 Feb 2019 15:18:36 GMT', u'content-type': 'application/json', u'connection': 'close', u'x-openstack-request-id': 'req-1614b7f4-2f5a-4414-9e06-5adff55a0ac7'} Body: {"NeutronError": {"message": "Port 6d612d43-54b7-476e-9c9a-922fba2d62ee could not be found.", "type": "PortNotFound", "detail": ""}} _log_request_full /root/.rally/verification/verifier-fc40542d-7bfc-4d03-8eaf-a118924af0b3/repo/tempest/lib/common/rest_client.py:437
2019-02-27 15:18:36.141 13022 INFO tempest.lib.common.rest_client [req-217f18f9-9056-4940-81c8-aee3e897e93b ] Request (TrunkTestJSON:_run_cleanups): 404 DELETE http://172.30.9.23:9696/v2.0/ports/cdfd3bfb-1f2f-4695-86f3-58553a96a707 0.039s
