2018-12-10 06:32:46.891 17844 DEBUG tempest.lib.common.rest_client [req-529004ef-7a8e-437c-90ba-b9e6decd591b ] Request - Headers: {'Content-Type': 'application/json', 'Accept': 'application/json', 'X-Auth-Token': ''} Body: None Response - Headers: {'status': '404', u'content-length': '134', 'content-location': 'http://172.30.9.28:9696/v2.0/trunks/85e16b4c-4e2f-48a5-8433-99fbb868932c/get_subports', u'date': 'Mon, 10 Dec 2018 06:32:46 GMT', u'content-type': 'application/json', u'connection': 'close', u'x-openstack-request-id': 'req-529004ef-7a8e-437c-90ba-b9e6decd591b'} Body: {"NeutronError": {"message": "Trunk 85e16b4c-4e2f-48a5-8433-99fbb868932c could not be found.", "type": "TrunkNotFound", "detail": ""}} _log_request_full /root/.rally/verification/verifier-4e323c96-aa5f-4fa4-8737-1208bd9caa0f/repo/tempest/lib/common/rest_client.py:436
2018-12-10 06:32:46.909 17844 INFO tempest.lib.common.rest_client [req-2d79130a-7ab7-44bd-86d5-559b16efecf8 ] Request (TrunkTestJSON:_run_cleanups): 404 DELETE http://172.30.9.28:9696/v2.0/trunks/85e16b4c-4e2f-48a5-8433-99fbb868932c 0.017s
2018-12-10 06:32:46.909 17844 DEBUG tempest.lib.common.rest_client [req-2d79130a-7ab7-44bd-86d5-559b16efecf8 ] Request - Headers: {'Content-Type': 'application/json', 'Accept': 'application/json', 'X-Auth-Token': ''} Body: None Response - Headers: {'status': '404', u'content-length': '134', 'content-location': 'http://172.30.9.28:9696/v2.0/trunks/85e16b4c-4e2f-48a5-8433-99fbb868932c', u'date': 'Mon, 10 Dec 2018 06:32:46 GMT', u'content-type': 'application/json', u'connection': 'close', u'x-openstack-request-id': 'req-2d79130a-7ab7-44bd-86d5-559b16efecf8'} Body: {"NeutronError": {"message": "Trunk 85e16b4c-4e2f-48a5-8433-99fbb868932c could not be found.", "type": "TrunkNotFound", "detail": ""}} _log_request_full /root/.rally/verification/verifier-4e323c96-aa5f-4fa4-8737-1208bd9caa0f/repo/tempest/lib/common/rest_client.py:436
2018-12-10 06:32:46.927 17844 INFO tempest.lib.common.rest_client [req-642302ed-941a-4dfb-8b6e-08822662fe42 ] Request (TrunkTestJSON:_run_cleanups): 404 GET http://172.30.9.28:9696/v2.0/trunks/820652c1-4b3d-4d8e-a2dc-acc7a40fd718/get_subports 0.018s
2018-12-10 06:32:46.928 17844 DEBUG tempest.lib.common.rest_client [req-642302ed-941a-4dfb-8b6e-08822662fe42 ] Request - Headers: {'Content-Type': 'application/json', 'Accept': 'application/json', 'X-Auth-Token': ''} Body: None Response - Headers: {'status': '404', u'content-length': '134', 'content-location': 'http://172.30.9.28:9696/v2.0/trunks/820652c1-4b3d-4d8e-a2dc-acc7a40fd718/get_subports', u'date': 'Mon, 10 Dec 2018 06:32:46 GMT', u'content-type': 'application/json', u'connection': 'close', u'x-openstack-request-id': 'req-642302ed-941a-4dfb-8b6e-08822662fe42'} Body: {"NeutronError": {"message": "Trunk 820652c1-4b3d-4d8e-a2dc-acc7a40fd718 could not be found.", "type": "TrunkNotFound", "detail": ""}} _log_request_full /root/.rally/verification/verifier-4e323c96-aa5f-4fa4-8737-1208bd9caa0f/repo/tempest/lib/common/rest_client.py:436
2018-12-10 06:32:46.951 17840 INFO tempest.lib.common.rest_client [req-2987bd2d-cefe-4193-b9c0-9e037f698f06 ] Request (TrunkTestJSON:test_get_subports): 201 POST http://172.30.9.28:9696/v2.0/trunks 0.725s
2018-12-10 06:32:46.952 17840 DEBUG tempest.lib.common.rest_client [req-2987bd2d-cefe-4193-b9c0-9e037f698f06 ] Request - Headers: {'Content-Type': 'application/json', 'Accept': 'application/json', 'X-Auth-Token': ''} Body: {"trunk": {"sub_ports": [{"segmentation_type": "vlan", "port_id": "6b5d0f60-c71b-4b83-953b-a90309f2ce68", "segmentation_id": 2}], "port_id": "8aa552f3-7e3f-4749-8fdd-6a217402ad92"}} Response - Headers: {'status': '201', u'content-length': '509', 'content-location': 'http://172.30.9.28:9696/v2.0/trunks', u'date': 'Mon, 10 Dec 2018 06:32:46 GMT', u'content-type': 'application/json', u'connection': 'close', u'x-openstack-request-id': 'req-2987bd2d-cefe-4193-b9c0-9e037f698f06'} Body: {"trunk": {"status": "DOWN", "sub_ports": [{"segmentation_type": "vlan", "port_id": "6b5d0f60-c71b-4b83-953b-a90309f2ce68", "segmentation_id": 2}], "name": "", "admin_state_up": true, "tenant_id": "8f481b01040e48b6989f267edd5adf05", "created_at": "2018-12-10T06:32:46Z", "tags": [], "updated_at": "2018-12-10T06:32:46Z", "revision_number": 0, "project_id": "8f481b01040e48b6989f267edd5adf05", "port_id": "8aa552f3-7e3f-4749-8fdd-6a217402ad92", "id": "5d349e24-5a7f-4033-8e17-ec86e7873302", "description": ""}} _log_request_full /root/.rally/verification/verifier-4e323c96-aa5f-4fa4-8737-1208bd9caa0f/repo/tempest/lib/common/rest_client.py:436
2018-12-10 06:32:46.954 17844 INFO tempest.lib.common.rest_client [req-c5014d68-7a3c-4aed-8f8d-23abf297f159 ] Request (TrunkTestJSON:_run_cleanups): 404 DELETE http://172.30.9.28:9696/v2.0/trunks/820652c1-4b3d-4d8e-a2dc-acc7a40fd718 0.026s
2018-12-10 06:32:46.955 17844 DEBUG tempest.lib.common.rest_client [req-c5014d68-7a3c-4aed-8f8d-23abf297f159 ] Request - Headers: {'Content-Type': 'application/json', 'Accept': 'application/json', 'X-Auth-Token': ''} Body: None Response - Headers: {'status': '404', u'content-length': '134', 'content-location': 'http://172.30.9.28:9696/v2.0/trunks/820652c1-4b3d-4d8e-a2dc-acc7a40fd718', u'date': 'Mon, 10 Dec 2018 06:32:46 GMT', u'content-type': 'application/json', u'connection': 'close', u'x-openstack-request-id': 'req-c5014d68-7a3c-4aed-8f8d-23abf297f159'} Body: {"NeutronError": {"message": "Trunk 820652c1-4b3d-4d8e-a2dc-acc7a40fd718 could not be found.", "type": "TrunkNotFound", "detail": ""}} _log_request_full /root/.rally/verification/verifier-4e323c96-aa5f-4fa4-8737-1208bd9caa0f/repo/tempest/lib/common/rest_client.py:436
2018-12-10 06:32:46.973 17844 INFO tempest.lib.common.rest_client [req-5e71a52f-9277-4912-9064-46c54bff4dee ] Request (TrunkTestJSON:_run_cleanups): 404 GET http://172.30.9.28:9696/v2.0/trunks/4104efaf-d869-41b6-b091-b1590507f8b0/get_subports 0.018s
2018-12-10 06:32:46.974 17844 DEBUG tempest.lib.common.rest_client [req-5e71a52f-9277-4912-9064-46c54bff4dee ] Request - Headers: {'Content-Type': 'application/json', 'Accept': 'application/json', 'X-Auth-Token': ''} Body: None Response - Headers: {'status': '404', u'content-length': '134', 'content-location': 'http://172.30.9.28:9696/v2.0/trunks/4104efaf-d869-41b6-b091-b1590507f8b0/get_subports', u'date': 'Mon, 10 Dec 2018 06:32:46 GMT', u'content-type': 'application/json', u'connection': 'close', u'x-openstack-request-id': 'req-5e71a52f-9277-4912-9064-46c54bff4dee'} Body: {"NeutronError": {"message": "Trunk 4104efaf-d869-41b6-b091-b1590507f8b0 could not be found.", "type": "TrunkNotFound", "detail": ""}} _log_request_full /root/.rally/verification/verifier-4e323c96-aa5f-4fa4-8737-1208bd9caa0f/repo/tempest/lib/common/rest_client.py:436
2018-12-10 06:32:46.984 17840 INFO tempest.lib.common.rest_client [req-a9bb7061-0ff3-4c4d-9c34-a7b86dc12d2d ] Request (TrunkTestJSON:test_get_subports): 200 GET http://172.30.9.28:9696/v2.0/trunks/5d349e24-5a7f-4033-8e17-ec86e7873302/get_subports 0.031s
2018-12-10 06:32:46.984 17840 DEBUG tempest.lib.common.rest_client [req-a9bb7061-0ff3-4c4d-9c34-a7b86dc12d2d ] Request - Headers: {'Content-Type': 'application/json', 'Accept': 'application/json', 'X-Auth-Token': ''} Body: None Response - Headers: {'status': '200', u'content-length': '119', 'content-location': 'http://172.30.9.28:9696/v2.0/trunks/5d349e24-5a7f-4033-8e17-ec86e7873302/get_subports', u'date': 'Mon, 10 Dec 2018 06:32:46 GMT', u'content-type': 'application/json', u'connection': 'close', u'x-openstack-request-id': 'req-a9bb7061-0ff3-4c4d-9c34-a7b86dc12d2d'} Body: {"sub_ports": [{"segmentation_type": "vlan", "port_id": "6b5d0f60-c71b-4b83-953b-a90309f2ce68", "segmentation_id": 2}]} _log_request_full /root/.rally/verification/verifier-4e323c96-aa5f-4fa4-8737-1208bd9caa0f/repo/tempest/lib/common/rest_client.py:436
2018-12-10 06:32:46.990 17844 INFO tempest.lib.common.rest_client [req-99c09ab4-e4ae-4cdc-909a-4f861c6186ff ] Request (TrunkTestJSON:_run_cleanups): 404 DELETE http://172.30.9.28:9696/v2.0/trunks/4104efaf-d869-41b6-b091-b1590507f8b0 0.015s
2018-12-10 06:32:46.990 17844 DEBUG tempest.lib.common.rest_client [req-99c09ab4-e4ae-4cdc-909a-4f861c6186ff ] Request - Headers: {'Content-Type': 'application/json', 'Accept': 'application/json', 'X-Auth-Token': ''} Body: None Response - Headers: {'status': '404', u'content-length': '134', 'content-location': 'http://172.30.9.28:9696/v2.0/trunks/4104efaf-d869-41b6-b091-b1590507f8b0', u'date': 'Mon, 10 Dec 2018 06:32:46 GMT', u'content-type': 'application/json', u'connection': 'close', u'x-openstack-request-id': 'req-99c09ab4-e4ae-4cdc-909a-4f861c6186ff'} Body: {"NeutronError": {"message": "Trunk 4104efaf-d869-41b6-b091-b1590507f8b0 could not be found.", "type": "TrunkNotFound", "detail": ""}} _log_request_full /root/.rally/verification/verifier-4e323c96-aa5f-4fa4-8737-1208bd9caa0f/repo/tempest/lib/common/rest_client.py:436
2018-12-10 06:32:47.000 17840 INFO tempest.lib.common.rest_client [req-81c8fe42-0080-4ce6-aecf-5f74a70668c8 ] Request (TrunkTestJSON:_run_cleanups): 404 GET http://172.30.9.28:9696/v2.0/trunks/12479f84-9fc2-4269-8c58-c89f75ed4989/get_subports 0.015s
2018-12-10 06:32:47.000 17840 DEBUG tempest.lib.common.rest_client [req-81c8fe42-0080-4ce6-aecf-5f74a70668c8 ] Request - Headers: {'Content-Type': 'application/json', 'Accept': 'application/json', 'X-Auth-Token': ''} Body: None Response - Headers: {'status': '404', u'content-length': '134', 'content-location': 'http://172.30.9.28:9696/v2.0/trunks/12479f84-9fc2-4269-8c58-c89f75ed4989/get_subports', u'date': 'Mon, 10 Dec 2018 06:32:46 GMT', u'content-type': 'application/json', u'connection': 'close', u'x-openstack-request-id': 'req-81c8fe42-0080-4ce6-aecf-5f74a70668c8'} Body: {"NeutronError": {"message": "Trunk 12479f84-9fc2-4269-8c58-c89f75ed4989 could not be found.", "type": "TrunkNotFound", "detail": ""}} _log_request_full /root/.rally/verification/verifier-4e323c96-aa5f-4fa4-8737-1208bd9caa0f/repo/tempest/lib/common/rest_client.py:436
2018-12-10 06:32:47.007 17844 INFO tempest.lib.common.rest_client [req-7612f607-c474-46b3-b5a2-a0b8711ad158 ] Request (TrunkTestJSON:_run_cleanups): 404 GET http://172.30.9.28:9696/v2.0/trunks/04d8a28e-cc38-40d1-94ba-5fb8cf1290d4/get_subports 0.016s
2018-12-10 06:32:47.007 17844 DEBUG tempest.lib.common.rest_client [req-7612f607-c474-46b3-b5a2-a0b8711ad158 ] Request - Headers: {'Content-Type': 'application/json', 'Accept': 'application/json', 'X-Auth-Token': ''} Body: None Response - Headers: {'status': '404', u'content-length': '134', 'content-location': 'http://172.30.9.28:9696/v2.0/trunks/04d8a28e-cc38-40d1-94ba-5fb8cf1290d4/get_subports', u'date': 'Mon, 10 Dec 2018 06:32:47 GMT', u'content-type': 'application/json', u'connection': 'close', u'x-openstack-request-id': 'req-7612f607-c474-46b3-b5a2-a0b8711ad158'} Body: {"NeutronError": {"message": "Trunk 04d8a28e-cc38-40d1-94ba-5fb8cf1290d4 could not be found.", "type": "TrunkNotFound", "detail": ""}} _log_request_full /root/.rally/verification/verifier-4e323c96-aa5f-4fa4-8737-1208bd9caa0f/repo/tempest/lib/common/rest_client.py:436
2018-12-10 06:32:47.017 17840 INFO tempest.lib.common.rest_client [req-ac9b0797-d572-4a8d-8294-c88e26553894 ] Request (TrunkTestJSON:_run_cleanups): 404 DELETE http://172.30.9.28:9696/v2.0/trunks/12479f84-9fc2-4269-8c58-c89f75ed4989 0.016s
2018-12-10 06:32:47.017 17840 DEBUG tempest.lib.common.rest_client [req-ac9b0797-d572-4a8d-8294-c88e26553894 ] Request - Headers: {'Content-Type': 'application/json', 'Accept': 'application/json', 'X-Auth-Token': ''} Body: None Response - Headers: {'status': '404', u'content-length': '134', 'content-location': 'http://172.30.9.28:9696/v2.0/trunks/12479f84-9fc2-4269-8c58-c89f75ed4989', u'date': 'Mon, 10 Dec 2018 06:32:46 GMT', u'content-type': 'application/json', u'connection': 'close', u'x-openstack-request-id': 'req-ac9b0797-d572-4a8d-8294-c88e26553894'} Body: {"NeutronError": {"message": "Trunk 12479f84-9fc2-4269-8c58-c89f75ed4989 could not be found.", "type": "TrunkNotFound", "detail": ""}} _log_request_full /root/.rally/verification/verifier-4e323c96-aa5f-4fa4-8737-1208bd9caa0f/repo/tempest/lib/common/rest_client.py:436
2018-12-10 06:32:47.022 17844 INFO tempest.lib.common.rest_client [req-5863080d-d845-4120-b24e-a62ad086b753 ] Request (TrunkTestJSON:_run_cleanups): 404 DELETE http://172.30.9.28:9696/v2.0/trunks/04d8a28e-cc38-40d1-94ba-5fb8cf1290d4 0.014s
2018-12-10 06:32:47.023 17844 DEBUG tempest.lib.common.rest_client [req-5863080d-d845-4120-b24e-a62ad086b753 ] Request - Headers: {'Content-Type': 'application/json', 'Accept': 'application/json', 'X-Auth-Token': ''} Body: None Response - Headers: {'status': '404', u'content-length': '134', 'content-location': 'http://172.30.9.28:9696/v2.0/trunks/04d8a28e-cc38-40d1-94ba-5fb8cf1290d4', u'date': 'Mon, 10 Dec 2018 06:32:47 GMT', u'content-type': 'application/json', u'connection': 'close', u'x-openstack-request-id': 'req-5863080d-d845-4120-b24e-a62ad086b753'} Body: {"NeutronError": {"message": "Trunk 04d8a28e-cc38-40d1-94ba-5fb8cf1290d4 could not be found.", "type": "TrunkNotFound", "detail": ""}} _log_request_full /root/.rally/verification/verifier-4e323c96-aa5f-4fa4-8737-1208bd9caa0f/repo/tempest/lib/common/rest_client.py:436
2018-12-10 06:32:47.035 17840 INFO tempest.lib.common.rest_client [req-2edff689-65de-4aee-a8ac-cfc7edb24466 ] Request (TrunkTestJSON:_run_cleanups): 404 GET http://172.30.9.28:9696/v2.0/trunks/9e79245e-03dc-4dc9-881b-521582f1f121/get_subports 0.017s
2018-12-10 06:32:47.035 17840 DEBUG tempest.lib.common.rest_client [req-2edff689-65de-4aee-a8ac-cfc7edb24466 ] Request - Headers: {'Content-Type': 'application/json', 'Accept': 'application/json', 'X-Auth-Token': ''} Body: None Response - Headers: {'status': '404', u'content-length': '134', 'content-location': 'http://172.30.9.28:9696/v2.0/trunks/9e79245e-03dc-4dc9-881b-521582f1f121/get_subports', u'date': 'Mon, 10 Dec 2018 06:32:47 GMT', u'content-type': 'application/json', u'connection': 'close', u'x-openstack-request-id': 'req-2edff689-65de-4aee-a8ac-cfc7edb24466'} Body: {"NeutronError": {"message": "Trunk 9e79245e-03dc-4dc9-881b-521582f1f121 could not be found.", "type": "TrunkNotFound", "detail": ""}} _log_request_full /root/.rally/verification/verifier-4e323c96-aa5f-4fa4-8737-1208bd9caa0f/repo/tempest/lib/common/rest_client.py:436
2018-12-10 06:32:47.051 17844 INFO tempest.lib.common.rest_client [req-d17f8161-d859-4a90-909f-e54a8cf3da31 ] Request (TrunkTestJSON:_run_cleanups): 200 GET http://172.30.9.28:9696/v2.0/trunks/6b27c262-20fb-4b73-8893-90f8d696ef30/get_subports 0.028s
2018-12-10 06:32:47.051 17844 DEBUG tempest.lib.common.rest_client [req-d17f8161-d859-4a90-909f-e54a8cf3da31 ] Request - Headers: {'Content-Type': 'application/json', 'Accept': 'application/json', 'X-Auth-Token': ''} Body: None Response - Headers: {'status': '200', u'content-length': '17', 'content-location': 'http://172.30.9.28:9696/v2.0/trunks/6b27c262-20fb-4b73-8893-90f8d696ef30/get_subports', u'date': 'Mon, 10 Dec 2018 06:32:46 GMT', u'content-type': 'application/json', u'connection': 'close', u'x-openstack-request-id': 'req-d17f8161-d859-4a90-909f-e54a8cf3da31'} Body: {"sub_ports": []} _log_request_full /root/.rally/verification/verifier-4e323c96-aa5f-4fa4-8737-1208bd9caa0f/repo/tempest/lib/common/rest_client.py:436
2018-12-10 06:32:47.058 17840 INFO tempest.lib.common.rest_client [req-1fb75aba-267b-4bdf-babd-239862786a77 ] Request (TrunkTestJSON:_run_cleanups): 404 DELETE http://172.30.9.28:9696/v2.0/trunks/9e79245e-03dc-4dc9-881b-521582f1f121 0.022s
2018-12-10 06:32:47.058 17840 DEBUG tempest.lib.common.rest_client [req-1fb75aba-267b-4bdf-babd-239862786a77 ] Request - Headers: {'Content-Type': 'application/json', 'Accept': 'application/json', 'X-Auth-Token': ''} Body: None Response - Headers: {'status': '404', u'content-length': '134', 'content-location': 'http://172.30.9.28:9696/v2.0/trunks/9e79245e-03dc-4dc9-881b-521582f1f121', u'date': 'Mon, 10 Dec 2018 06:32:47 GMT', u'content-type': 'application/json', u'connection': 'close', u'x-openstack-request-id': 'req-1fb75aba-267b-4bdf-babd-239862786a77'} Body: {"NeutronError": {"message": "Trunk 9e79245e-03dc-4dc9-881b-521582f1f121 could not be found.", "type": "TrunkNotFound", "detail": ""}} _log_request_full /root/.rally/verification/verifier-4e323c96-aa5f-4fa4-8737-1208bd9caa0f/repo/tempest/lib/common/rest_client.py:436
2018-12-10 06:32:47.071 17840 INFO tempest.lib.common.rest_client [req-ea405198-e904-490a-8a7a-177dab1f2cf1 ] Request (TrunkTestJSON:_run_cleanups): 404 GET http://172.30.9.28:9696/v2.0/trunks/de9b0518-2bc1-465b-9b62-3c7c5ac25e6a/get_subports 0.012s
2018-12-10 06:32:47.071 17840 DEBUG tempest.lib.common.rest_client [req-ea405198-e904-490a-8a7a-177dab1f2cf1 ] Request - Headers: {'Content-Type': 'application/json', 'Accept': 'application/json', 'X-Auth-Token': ''} Body: None Response - Headers: {'status': '404', u'content-length': '134', 'content-location': 'http://172.30.9.28:9696/v2.0/trunks/de9b0518-2bc1-465b-9b62-3c7c5ac25e6a/get_subports', u'date': 'Mon, 10 Dec 2018 06:32:47 GMT', u'content-type': 'application/json', u'connection': 'close', u'x-openstack-request-id': 'req-ea405198-e904-490a-8a7a-177dab1f2cf1'} Body: {"NeutronError": {"message": "Trunk de9b0518-2bc1-465b-9b62-3c7c5ac25e6a could not be found.", "type": "TrunkNotFound", "detail": ""}} _log_request_full /root/.rally/verification/verifier-4e323c96-aa5f-4fa4-8737-1208bd9caa0f/repo/tempest/lib/common/rest_client.py:436
2018-12-10 06:32:47.092 17840 INFO tempest.lib.common.rest_client [req-bd1dfd18-48eb-4df1-b160-82cad6ed7f9c ] Request (TrunkTestJSON:_run_cleanups): 404 DELETE http://172.30.9.28:9696/v2.0/trunks/de9b0518-2bc1-465b-9b62-3c7c5ac25e6a 0.020s
2018-12-10 06:32:47.093 17840 DEBUG tempest.lib.common.rest_client [req-bd1dfd18-48eb-4df1-b160-82cad6ed7f9c ] Request - Headers: {'Content-Type': 'application/json', 'Accept': 'application/json', 'X-Auth-Token': ''} Body: None Response - Headers: {'status': '404', u'content-length': '134', 'content-location': 'http://172.30.9.28:9696/v2.0/trunks/de9b0518-2bc1-465b-9b62-3c7c5ac25e6a', u'date': 'Mon, 10 Dec 2018 06:32:47 GMT', u'content-type': 'application/json', u'connection': 'close', u'x-openstack-request-id': 'req-bd1dfd18-48eb-4df1-b160-82cad6ed7f9c'} Body: {"NeutronError": {"message": "Trunk de9b0518-2bc1-465b-9b62-3c7c5ac25e6a could not be found.", "type": "TrunkNotFound", "detail": ""}} _log_request_full /root/.rally/verification/verifier-4e323c96-aa5f-4fa4-8737-1208bd9caa0f/repo/tempest/lib/common/rest_client.py:436
2018-12-10 06:32:47.107 17844 INFO tempest.lib.common.rest_client [req-de91ee27-a592-4685-9776-7f0f0b2f9a09 ] Request (TrunkTestJSON:_run_cleanups): 200 PUT http://172.30.9.28:9696/v2.0/trunks/6b27c262-20fb-4b73-8893-90f8d696ef30/remove_subports 0.055s
2018-12-10 06:32:47.107 17844 DEBUG tempest.lib.common.rest_client [req-de91ee27-a592-4685-9776-7f0f0b2f9a09 ] Request - Headers: {'Content-Type': 'application/json', 'Accept': 'application/json', 'X-Auth-Token': ''} Body: {"sub_ports": []} Response - Headers: {'status': '200', u'content-length': '396', 'content-location': 'http://172.30.9.28:9696/v2.0/trunks/6b27c262-20fb-4b73-8893-90f8d696ef30/remove_subports', u'date': 'Mon, 10 Dec 2018 06:32:47 GMT', u'content-type': 'application/json', u'connection': 'close', u'x-openstack-request-id': 'req-de91ee27-a592-4685-9776-7f0f0b2f9a09'} Body: {"status": "DOWN", "sub_ports": [], "name": "", "admin_state_up": true, "tenant_id": "f36d22ed70a74068ad085ac69169a7d2", "created_at": "2018-12-10T06:32:44Z", "tags": [], "updated_at": "2018-12-10T06:32:47Z", "revision_number": 1, "project_id": "f36d22ed70a74068ad085ac69169a7d2", "port_id": "a8ffa434-e39e-4093-a598-e114e7e9c922", "id": "6b27c262-20fb-4b73-8893-90f8d696ef30", "description": ""} _log_request_full /root/.rally/verification/verifier-4e323c96-aa5f-4fa4-8737-1208bd9caa0f/repo/tempest/lib/common/rest_client.py:436
2018-12-10 06:32:47.109 17840 INFO tempest.lib.common.rest_client [req-787cdac1-ad24-439c-a686-96d2f9d4de8f ] Request (TrunkTestJSON:_run_cleanups): 404 GET http://172.30.9.28:9696/v2.0/trunks/15478c8b-b7ae-44da-b5aa-4d000e9884e7/get_subports 0.015s
2018-12-10 06:32:47.109 17840 DEBUG tempest.lib.common.rest_client [req-787cdac1-ad24-439c-a686-96d2f9d4de8f ] Request - Headers: {'Content-Type': 'application/json', 'Accept': 'application/json', 'X-Auth-Token': ''} Body: None Response - Headers: {'status': '404', u'content-length': '134', 'content-location': 'http://172.30.9.28:9696/v2.0/trunks/15478c8b-b7ae-44da-b5aa-4d000e9884e7/get_subports', u'date': 'Mon, 10 Dec 2018 06:32:47 GMT', u'content-type': 'application/json', u'connection': 'close', u'x-openstack-request-id': 'req-787cdac1-ad24-439c-a686-96d2f9d4de8f'} Body: {"NeutronError": {"message": "Trunk 15478c8b-b7ae-44da-b5aa-4d000e9884e7 could not be found.", "type": "TrunkNotFound", "detail": ""}} _log_request_full /root/.rally/verification/verifier-4e323c96-aa5f-4fa4-8737-1208bd9caa0f/repo/tempest/lib/common/rest_client.py:436
2018-12-10 06:32:47.125 17840 INFO tempest.lib.common.rest_client [req-613f2c5c-0660-48ac-8fa4-9321d1a4de11 ] Request (TrunkTestJSON:_run_cleanups): 404 DELETE http://172.30.9.28:9696/v2.0/trunks/15478c8b-b7ae-44da-b5aa-4d000e9884e7 0.015s
2018-12-10 06:32:47.125 17840 DEBUG tempest.lib.common.rest_client [req-613f2c5c-0660-48ac-8fa4-9321d1a4de11 ] Request - Headers: {'Content-Type': 'application/json', 'Accept': 'application/json', 'X-Auth-Token': ''} Body: None Response - Headers: {'status': '404', u'content-length': '134', 'content-location': 'http://172.30.9.28:9696/v2.0/trunks/15478c8b-b7ae-44da-b5aa-4d000e9884e7', u'date': 'Mon, 10 Dec 2018 06:32:47 GMT', u'content-type': 'application/json', u'connection': 'close', u'x-openstack-request-id': 'req-613f2c5c-0660-48ac-8fa4-9321d1a4de11'} Body: {"NeutronError": {"message": "Trunk 15478c8b-b7ae-44da-b5aa-4d000e9884e7 could not be found.", "type": "TrunkNotFound", "detail": ""}} _log_request_full /root/.rally/verification/verifier-4e323c96-aa5f-4fa4-8737-1208bd9caa0f/repo/tempest/lib/common/rest_client.py:436
2018-12-10 06:32:47.140 17840 INFO tempest.lib.common.rest_client [req-6ba641be-dc5d-4834-a6df-6b573dc76cc1 ] Request (TrunkTestJSON:_run_cleanups): 404 GET http://172.30.9.28:9696/v2.0/trunks/17189315-6105-4190-991b-1cab292f901c/get_subports 0.014s
2018-12-10 06:32:47.140 17840 DEBUG tempest.lib.common.rest_client [req-6ba641be-dc5d-4834-a6df-6b573dc76cc1 ] Request - Headers: {'Content-Type': 'application/json', 'Accept': 'application/json', 'X-Auth-Token': ''} Body: None Response - Headers: {'status': '404', u'content-length': '134', 'content-location': 'http://172.30.9.28:9696/v2.0/trunks/17189315-6105-4190-991b-1cab292f901c/get_subports', u'date': 'Mon, 10 Dec 2018 06:32:47 GMT', u'content-type': 'application/json', u'connection': 'close', u'x-openstack-request-id': 'req-6ba641be-dc5d-4834-a6df-6b573dc76cc1'} Body: {"NeutronError": {"message": "Trunk 17189315-6105-4190-991b-1cab292f901c could not be found.", "type": "TrunkNotFound", "detail": ""}} _log_request_full /root/.rally/verification/verifier-4e323c96-aa5f-4fa4-8737-1208bd9caa0f/repo/tempest/lib/common/rest_client.py:436
2018-12-10 06:32:47.162 17840 INFO tempest.lib.common.rest_client [req-fa19010c-a997-4427-ba06-87b7fcc01efc ] Request (TrunkTestJSON:_run_cleanups): 404 DELETE http://172.30.9.28:9696/v2.0/trunks/17189315-6105-4190-991b-1cab292f901c 0.021s
2018-12-10 06:32:47.163 17840 DEBUG tempest.lib.common.rest_client [req-fa19010c-a997-4427-ba06-87b7fcc01efc ] Request - Headers: {'Content-Type': 'application/json', 'Accept': 'application/json', 'X-Auth-Token': ''} Body: None Response - Headers: {'status': '404', u'content-length': '134', 'content-location': 'http://172.30.9.28:9696/v2.0/trunks/17189315-6105-4190-991b-1cab292f901c', u'date': 'Mon, 10 Dec 2018 06:32:47 GMT', u'content-type': 'application/json', u'connection': 'close', u'x-openstack-request-id': 'req-fa19010c-a997-4427-ba06-87b7fcc01efc'} Body: {"NeutronError": {"message": "Trunk 17189315-6105-4190-991b-1cab292f901c could not be found.", "type": "TrunkNotFound", "detail": ""}} _log_request_full /root/.rally/verification/verifier-4e323c96-aa5f-4fa4-8737-1208bd9caa0f/repo/tempest/lib/common/rest_client.py:436
2018-12-10 06:32:47.177 17840 INFO tempest.lib.common.rest_client [req-693d869e-d6b2-4fa4-91f0-cfa6885432fe ] Request (TrunkTestJSON:_run_cleanups): 404 GET http://172.30.9.28:9696/v2.0/trunks/668e3fec-ceb9-43c7-8687-1b821a7a07d1/get_subports 0.013s
2018-12-10 06:32:47.177 17840 DEBUG tempest.lib.common.rest_client [req-693d869e-d6b2-4fa4-91f0-cfa6885432fe ] Request - Headers: {'Content-Type': 'application/json', 'Accept': 'application/json', 'X-Auth-Token': ''} Body: None Response - Headers: {'status': '404', u'content-length': '134', 'content-location': 'http://172.30.9.28:9696/v2.0/trunks/668e3fec-ceb9-43c7-8687-1b821a7a07d1/get_subports', u'date': 'Mon, 10 Dec 2018 06:32:47 GMT', u'content-type': 'application/json', u'connection': 'close', u'x-openstack-request-id': 'req-693d869e-d6b2-4fa4-91f0-cfa6885432fe'} Body: {"NeutronError": {"message": "Trunk 668e3fec-ceb9-43c7-8687-1b821a7a07d1 could not be found.", "type": "TrunkNotFound", "detail": ""}} _log_request_full /root/.rally/verification/verifier-4e323c96-aa5f-4fa4-8737-1208bd9caa0f/repo/tempest/lib/common/rest_client.py:436
2018-12-10 06:32:47.192 17840 INFO tempest.lib.common.rest_client [req-b9b818a3-b523-45de-b498-edfbb65d42a7 ] Request (TrunkTestJSON:_run_cleanups): 404 DELETE http://172.30.9.28:9696/v2.0/trunks/668e3fec-ceb9-43c7-8687-1b821a7a07d1 0.014s
2018-12-10 06:32:47.193 17840 DEBUG tempest.lib.common.rest_client [req-b9b818a3-b523-45de-b498-edfbb65d42a7 ] Request - Headers: {'Content-Type': 'application/json', 'Accept': 'application/json', 'X-Auth-Token': ''} Body: None Response - Headers: {'status': '404', u'content-length': '134', 'content-location': 'http://172.30.9.28:9696/v2.0/trunks/668e3fec-ceb9-43c7-8687-1b821a7a07d1', u'date': 'Mon, 10 Dec 2018 06:32:47 GMT', u'content-type': 'application/json', u'connection': 'close', u'x-openstack-request-id': 'req-b9b818a3-b523-45de-b498-edfbb65d42a7'} Body: {"NeutronError": {"message": "Trunk 668e3fec-ceb9-43c7-8687-1b821a7a07d1 could not be found.", "type": "TrunkNotFound", "detail": ""}} _log_request_full /root/.rally/verification/verifier-4e323c96-aa5f-4fa4-8737-1208bd9caa0f/repo/tempest/lib/common/rest_client.py:436
2018-12-10 06:32:47.209 17840 INFO tempest.lib.common.rest_client [req-25d776bd-07a5-4ca0-95ce-3a35906fc5bd ] Request (TrunkTestJSON:_run_cleanups): 404 GET http://172.30.9.28:9696/v2.0/trunks/f2ded04b-28ba-4c6a-a6cb-7e6610207271/get_subports 0.015s
2018-12-10 06:32:47.209 17840 DEBUG tempest.lib.common.rest_client [req-25d776bd-07a5-4ca0-95ce-3a35906fc5bd ] Request - Headers: {'Content-Type': 'application/json', 'Accept': 'application/json', 'X-Auth-Token': ''} Body: None Response - Headers: {'status': '404', u'content-length': '134', 'content-location': 'http://172.30.9.28:9696/v2.0/trunks/f2ded04b-28ba-4c6a-a6cb-7e6610207271/get_subports', u'date': 'Mon, 10 Dec 2018 06:32:47 GMT', u'content-type': 'application/json', u'connection': 'close', u'x-openstack-request-id': 'req-25d776bd-07a5-4ca0-95ce-3a35906fc5bd'} Body: {"NeutronError": {"message": "Trunk f2ded04b-28ba-4c6a-a6cb-7e6610207271 could not be found.", "type": "TrunkNotFound", "detail": ""}} _log_request_full /root/.rally/verification/verifier-4e323c96-aa5f-4fa4-8737-1208bd9caa0f/repo/tempest/lib/common/rest_client.py:436
2018-12-10 06:32:47.225 17840 INFO tempest.lib.common.rest_client [req-1aa2890d-85c6-4f2f-b931-2a127d3ae103 ] Request (TrunkTestJSON:_run_cleanups): 404 DELETE http://172.30.9.28:9696/v2.0/trunks/f2ded04b-28ba-4c6a-a6cb-7e6610207271 0.015s
2018-12-10 06:32:47.225 17840 DEBUG tempest.lib.common.rest_client [req-1aa2890d-85c6-4f2f-b931-2a127d3ae103 ] Request - Headers: {'Content-Type': 'application/json', 'Accept': 'application/json', 'X-Auth-Token': ''} Body: None Response - Headers: {'status': '404', u'content-length': '134', 'content-location': 'http://172.30.9.28:9696/v2.0/trunks/f2ded04b-28ba-4c6a-a6cb-7e6610207271', u'date': 'Mon, 10 Dec 2018 06:32:47 GMT', u'content-type': 'application/json', u'connection': 'close', u'x-openstack-request-id': 'req-1aa2890d-85c6-4f2f-b931-2a127d3ae103'} Body: {"NeutronError": {"message": "Trunk f2ded04b-28ba-4c6a-a6cb-7e6610207271 could not be found.", "type": "TrunkNotFound", "detail": ""}} _log_request_full /root/.rally/verification/verifier-4e323c96-aa5f-4fa4-8737-1208bd9caa0f/repo/tempest/lib/common/rest_client.py:436
2018-12-10 06:32:47.255 17844 INFO tempest.lib.common.rest_client [req-4a7fa9c1-418c-4520-b6e0-35559056c448 ] Request (TrunkTestJSON:_run_cleanups): 204 DELETE http://172.30.9.28:9696/v2.0/trunks/6b27c262-20fb-4b73-8893-90f8d696ef30 0.147s
2018-12-10 06:32:47.256 17844 DEBUG tempest.lib.common.rest_client [req-4a7fa9c1-418c-4520-b6e0-35559056c448 ] Request - Headers: {'Content-Type': 'application/json', 'Accept': 'application/json', 'X-Auth-Token': ''} Body: None Response - Headers: {'status': '204', u'content-length': '0', 'content-location': 'http://172.30.9.28:9696/v2.0/trunks/6b27c262-20fb-4b73-8893-90f8d696ef30', u'date': 'Mon, 10 Dec 2018 06:32:47 GMT', u'connection': 'close', u'x-openstack-request-id': 'req-4a7fa9c1-418c-4520-b6e0-35559056c448'} Body: _log_request_full /root/.rally/verification/verifier-4e323c96-aa5f-4fa4-8737-1208bd9caa0f/repo/tempest/lib/common/rest_client.py:436
2018-12-10 06:32:47.257 17840 INFO tempest.lib.common.rest_client [req-ca976c8f-e9ab-4ba0-84b7-1216a3e26a05 ] Request (TrunkTestJSON:_run_cleanups): 200 GET http://172.30.9.28:9696/v2.0/trunks/5d349e24-5a7f-4033-8e17-ec86e7873302/get_subports 0.031s
2018-12-10 06:32:47.258 17840 DEBUG tempest.lib.common.rest_client [req-ca976c8f-e9ab-4ba0-84b7-1216a3e26a05 ] Request - Headers: {'Content-Type': 'application/json', 'Accept': 'application/json', 'X-Auth-Token': ''} Body: None Response - Headers: {'status': '200', u'content-length': '119', 'content-location': 'http://172.30.9.28:9696/v2.0/trunks/5d349e24-5a7f-4033-8e17-ec86e7873302/get_subports', u'date': 'Mon, 10 Dec 2018 06:32:47 GMT', u'content-type': 'application/json', u'connection': 'close', u'x-openstack-request-id': 'req-ca976c8f-e9ab-4ba0-84b7-1216a3e26a05'} Body: {"sub_ports": [{"segmentation_type": "vlan", "port_id": "6b5d0f60-c71b-4b83-953b-a90309f2ce68", "segmentation_id": 2}]} _log_request_full /root/.rally/verification/verifier-4e323c96-aa5f-4fa4-8737-1208bd9caa0f/repo/tempest/lib/common/rest_client.py:436
2018-12-10 06:32:47.270 17844 INFO tempest.lib.common.rest_client [req-5de078cc-6593-40e2-9e7a-faa48b7f530e ] Request (TrunkTestJSON:_run_cleanups): 404 GET http://172.30.9.28:9696/v2.0/trunks/380e0cb9-bfc7-47e7-ad08-a12cbbb8cd4a 0.013s
2018-12-10 06:32:47.270 17844 DEBUG tempest.lib.common.rest_client [req-5de078cc-6593-40e2-9e7a-faa48b7f530e ] Request - Headers: {'Content-Type': 'application/json', 'Accept': 'application/json', 'X-Auth-Token': ''} Body: None Response - Headers: {'status': '404', u'content-length': '134', 'content-location': 'http://172.30.9.28:9696/v2.0/trunks/380e0cb9-bfc7-47e7-ad08-a12cbbb8cd4a', u'date': 'Mon, 10 Dec 2018 06:32:47 GMT', u'content-type': 'application/json', u'connection': 'close', u'x-openstack-request-id': 'req-5de078cc-6593-40e2-9e7a-faa48b7f530e'} Body: {"NeutronError": {"message": "Trunk 380e0cb9-bfc7-47e7-ad08-a12cbbb8cd4a could not be found.", "type": "TrunkNotFound", "detail": ""}} _log_request_full /root/.rally/verification/verifier-4e323c96-aa5f-4fa4-8737-1208bd9caa0f/repo/tempest/lib/common/rest_client.py:436
2018-12-10 06:32:47.284 17844 INFO tempest.lib.common.rest_client [req-dfc9cb11-c5e7-4acd-be55-10671da88e0b ] Request (TrunkTestJSON:_run_cleanups): 404 GET http://172.30.9.28:9696/v2.0/trunks/e0295932-a0fd-43f8-9201-c56e8c91f014 0.014s
2018-12-10 06:32:47.285 17844 DEBUG tempest.lib.common.rest_client [req-dfc9cb11-c5e7-4acd-be55-10671da88e0b ] Request - Headers: {'Content-Type': 'application/json', 'Accept': 'application/json', 'X-Auth-Token': ''} Body: None Response - Headers: {'status': '404', u'content-length': '134', 'content-location': 'http://172.30.9.28:9696/v2.0/trunks/e0295932-a0fd-43f8-9201-c56e8c91f014', u'date': 'Mon, 10 Dec 2018 06:32:47 GMT', u'content-type': 'application/json', u'connection': 'close', u'x-openstack-request-id': 'req-dfc9cb11-c5e7-4acd-be55-10671da88e0b'} Body: {"NeutronError": {"message": "Trunk e0295932-a0fd-43f8-9201-c56e8c91f014 could not be found.", "type": "TrunkNotFound", "detail": ""}} _log_request_full /root/.rally/verification/verifier-4e323c96-aa5f-4fa4-8737-1208bd9caa0f/repo/tempest/lib/common/rest_client.py:436
2018-12-10 06:32:47.299 17844 INFO tempest.lib.common.rest_client [req-d232eaee-d3fd-4160-8098-8c0d0c8d6956 ] Request (TrunkTestJSON:_run_cleanups): 404 GET http://172.30.9.28:9696/v2.0/trunks/85e16b4c-4e2f-48a5-8433-99fbb868932c 0.013s
2018-12-10 06:32:47.299 17844 DEBUG tempest.lib.common.rest_client [req-d232eaee-d3fd-4160-8098-8c0d0c8d6956 ] Request - Headers: {'Content-Type': 'application/json', 'Accept': 'application/json', 'X-Auth-Token': ''} Body: None Response - Headers: {'status': '404', u'content-length': '134', 'content-location': 'http://172.30.9.28:9696/v2.0/trunks/85e16b4c-4e2f-48a5-8433-99fbb868932c', u'date': 'Mon, 10 Dec 2018 06:32:47 GMT', u'content-type': 'application/json', u'connection': 'close', u'x-openstack-request-id': 'req-d232eaee-d3fd-4160-8098-8c0d0c8d6956'} Body: {"NeutronError": {"message": "Trunk 85e16b4c-4e2f-48a5-8433-99fbb868932c could not be found.", "type": "TrunkNotFound", "detail": ""}} _log_request_full /root/.rally/verification/verifier-4e323c96-aa5f-4fa4-8737-1208bd9caa0f/repo/tempest/lib/common/rest_client.py:436
2018-12-10 06:32:47.319 17840 INFO tempest.lib.common.rest_client [req-bf19d39c-5bac-4a19-a390-2d6babcf2e0d ] Request (TrunkTestJSON:_run_cleanups): 200 PUT http://172.30.9.28:9696/v2.0/trunks/5d349e24-5a7f-4033-8e17-ec86e7873302/remove_subports 0.060s
2018-12-10 06:32:47.320 17840 DEBUG tempest.lib.common.rest_client [req-bf19d39c-5bac-4a19-a390-2d6babcf2e0d ] Request - Headers: {'Content-Type': 'application/json', 'Accept': 'application/json', 'X-Auth-Token': ''} Body: {"sub_ports": [{"port_id": "6b5d0f60-c71b-4b83-953b-a90309f2ce68", "segmentation_type": "vlan", "segmentation_id": 2}]} Response - Headers: {'status': '200', u'content-length': '396', 'content-location': 'http://172.30.9.28:9696/v2.0/trunks/5d349e24-5a7f-4033-8e17-ec86e7873302/remove_subports', u'date': 'Mon, 10 Dec 2018 06:32:47 GMT', u'content-type': 'application/json', u'connection': 'close', u'x-openstack-request-id': 'req-bf19d39c-5bac-4a19-a390-2d6babcf2e0d'} Body: {"status": "DOWN", "sub_ports": [], "name": "", "admin_state_up": true, "tenant_id": "8f481b01040e48b6989f267edd5adf05", "created_at": "2018-12-10T06:32:46Z", "tags": [], "updated_at": "2018-12-10T06:32:47Z", "revision_number": 1, "project_id": "8f481b01040e48b6989f267edd5adf05", "port_id": "8aa552f3-7e3f-4749-8fdd-6a217402ad92", "id": "5d349e24-5a7f-4033-8e17-ec86e7873302", "description": ""} _log_request_full /root/.rally/verification/verifier-4e323c96-aa5f-4fa4-8737-1208bd9caa0f/repo/tempest/lib/common/rest_client.py:436
2018-12-10 06:32:47.329 17844 INFO tempest.lib.common.rest_client [req-1c186f25-4819-4d69-a42e-c8b1b9e28291 ] Request (TrunkTestJSON:_run_cleanups): 404 GET http://172.30.9.28:9696/v2.0/trunks/820652c1-4b3d-4d8e-a2dc-acc7a40fd718 0.030s
2018-12-10 06:32:47.330 17844 DEBUG tempest.lib.common.rest_client [req-1c186f25-4819-4d69-a42e-c8b1b9e28291 ] Request - Headers: {'Content-Type': 'application/json', 'Accept': 'application/json', 'X-Auth-Token': ''} Body: None Response - Headers: {'status': '404', u'content-length': '134', 'content-location': 'http://172.30.9.28:9696/v2.0/trunks/820652c1-4b3d-4d8e-a2dc-acc7a40fd718', u'date': 'Mon, 10 Dec 2018 06:32:47 GMT', u'content-type': 'application/json', u'connection': 'close', u'x-openstack-request-id': 'req-1c186f25-4819-4d69-a42e-c8b1b9e28291'} Body: {"NeutronError": {"message": "Trunk 820652c1-4b3d-4d8e-a2dc-acc7a40fd718 could not be found.", "type": "TrunkNotFound", "detail": ""}} _log_request_full /root/.rally/verification/verifier-4e323c96-aa5f-4fa4-8737-1208bd9caa0f/repo/tempest/lib/common/rest_client.py:436
2018-12-10 06:32:47.347 17844 INFO tempest.lib.common.rest_client [req-f4cb950c-2adc-4133-9634-ba42f5f56ca8 ] Request (TrunkTestJSON:_run_cleanups): 404 GET http://172.30.9.28:9696/v2.0/trunks/4104efaf-d869-41b6-b091-b1590507f8b0 0.016s
2018-12-10 06:32:47.347 17844 DEBUG tempest.lib.common.rest_client [req-f4cb950c-2adc-4133-9634-ba42f5f56ca8 ] Request - Headers: {'Content-Type': 'application/json', 'Accept': 'application/json', 'X-Auth-Token': ''} Body: None Response - Headers: {'status': '404', u'content-length': '134', 'content-location': 'http://172.30.9.28:9696/v2.0/trunks/4104efaf-d869-41b6-b091-b1590507f8b0', u'date': 'Mon, 10 Dec 2018 06:32:47 GMT', u'content-type': 'application/json', u'connection': 'close', u'x-openstack-request-id': 'req-f4cb950c-2adc-4133-9634-ba42f5f56ca8'} Body: {"NeutronError": {"message": "Trunk 4104efaf-d869-41b6-b091-b1590507f8b0 could not be found.", "type": "TrunkNotFound", "detail": ""}} _log_request_full /root/.rally/verification/verifier-4e323c96-aa5f-4fa4-8737-1208bd9caa0f/repo/tempest/lib/common/rest_client.py:436
2018-12-10 06:32:47.363 17844 INFO tempest.lib.common.rest_client [req-75660f33-e2ae-44a1-8f72-8c667745b438 ] Request (TrunkTestJSON:_run_cleanups): 404 GET http://172.30.9.28:9696/v2.0/trunks/04d8a28e-cc38-40d1-94ba-5fb8cf1290d4 0.015s
2018-12-10 06:32:47.363 17844 DEBUG tempest.lib.common.rest_client [req-75660f33-e2ae-44a1-8f72-8c667745b438 ] Request - Headers: {'Content-Type': 'application/json', 'Accept': 'application/json', 'X-Auth-Token': ''} Body: None Response - Headers: {'status': '404', u'content-length': '134', 'content-location': 'http://172.30.9.28:9696/v2.0/trunks/04d8a28e-cc38-40d1-94ba-5fb8cf1290d4', u'date': 'Mon, 10 Dec 2018 06:32:47 GMT', u'content-type': 'application/json', u'connection': 'close', u'x-openstack-request-id': 'req-75660f33-e2ae-44a1-8f72-8c667745b438'} Body: {"NeutronError": {"message": "Trunk 04d8a28e-cc38-40d1-94ba-5fb8cf1290d4 could not be found.", "type": "TrunkNotFound", "detail": ""}} _log_request_full /root/.rally/verification/verifier-4e323c96-aa5f-4fa4-8737-1208bd9caa0f/repo/tempest/lib/common/rest_client.py:436
2018-12-10 06:32:47.379 17844 INFO tempest.lib.common.rest_client [req-171cccd6-bcf9-4e1c-9650-357d4a7fc32a ] Request (TrunkTestJSON:_run_cleanups): 404 GET http://172.30.9.28:9696/v2.0/trunks/6b27c262-20fb-4b73-8893-90f8d696ef30 0.015s
2018-12-10 06:32:47.379 17844 DEBUG tempest.lib.common.rest_client [req-171cccd6-bcf9-4e1c-9650-357d4a7fc32a ] Request - Headers: {'Content-Type': 'application/json', 'Accept': 'application/json', 'X-Auth-Token': ''} Body: None Response - Headers: {'status': '404', u'content-length': '134', 'content-location': 'http://172.30.9.28:9696/v2.0/trunks/6b27c262-20fb-4b73-8893-90f8d696ef30', u'date': 'Mon, 10 Dec 2018 06:32:47 GMT', u'content-type': 'application/json', u'connection': 'close', u'x-openstack-request-id': 'req-171cccd6-bcf9-4e1c-9650-357d4a7fc32a'} Body: {"NeutronError": {"message": "Trunk 6b27c262-20fb-4b73-8893-90f8d696ef30 could not be found.", "type": "TrunkNotFound", "detail": ""}} _log_request_full /root/.rally/verification/verifier-4e323c96-aa5f-4fa4-8737-1208bd9caa0f/repo/tempest/lib/common/rest_client.py:436
2018-12-10 06:32:47.418 17844 INFO tempest.lib.common.rest_client [req-041ffd6a-24e3-4814-bb5f-7c32a08a8b1e ] Request (TrunkTestJSON:_run_cleanups): 404 DELETE http://172.30.9.28:9696/v2.0/ports/bc7d5f24-df51-453e-976d-96f09e43598a 0.038s
2018-12-10 06:32:47.418 17844 DEBUG tempest.lib.common.rest_client [req-041ffd6a-24e3-4814-bb5f-7c32a08a8b1e ] Request - Headers: {'Content-Type': 'application/json', 'Accept': 'application/json', 'X-Auth-Token': ''} Body: None Response - Headers: {'status': '404', u'content-length': '132', 'content-location': 'http://172.30.9.28:9696/v2.0/ports/bc7d5f24-df51-453e-976d-96f09e43598a', u'date': 'Mon, 10 Dec 2018 06:32:47 GMT', u'content-type': 'application/json', u'connection': 'close', u'x-openstack-request-id': 'req-041ffd6a-24e3-4814-bb5f-7c32a08a8b1e'} Body: {"NeutronError": {"message": "Port bc7d5f24-df51-453e-976d-96f09e43598a could not be found.", "type": "PortNotFound", "detail": ""}} _log_request_full /root/.rally/verification/verifier-4e323c96-aa5f-4fa4-8737-1208bd9caa0f/repo/tempest/lib/common/rest_client.py:436
2018-12-10 06:32:47.447 17840 INFO tempest.lib.common.rest_client [req-ff42b02d-2892-4c60-ab0c-18e44e5914c8 ] Request (TrunkTestJSON:_run_cleanups): 204 DELETE http://172.30.9.28:9696/v2.0/trunks/5d349e24-5a7f-4033-8e17-ec86e7873302 0.126s
2018-12-10 06:32:47.447 17840 DEBUG tempest.lib.common.rest_client [req-ff42b02d-2892-4c60-ab0c-18e44e5914c8 ] Request - Headers: {'Content-Type': 'application/json', 'Accept': 'application/json', 'X-Auth-Token': ''} Body: None Response - Headers: {'status': '204', u'content-length': '0', 'content-location': 'http://172.30.9.28:9696/v2.0/trunks/5d349e24-5a7f-4033-8e17-ec86e7873302', u'date': 'Mon, 10 Dec 2018 06:32:47 GMT', u'connection': 'close', u'x-openstack-request-id': 'req-ff42b02d-2892-4c60-ab0c-18e44e5914c8'} Body: _log_request_full /root/.rally/verification/verifier-4e323c96-aa5f-4fa4-8737-1208bd9caa0f/repo/tempest/lib/common/rest_client.py:436
2018-12-10 06:32:47.458 17844 INFO tempest.lib.common.rest_client [req-cf2a2704-c4b6-4b7c-bc79-1f5efa0bd289 ] Request (TrunkTestJSON:_run_cleanups): 404 DELETE http://172.30.9.28:9696/v2.0/ports/b75f934c-96c7-49f6-bb56-c9e6fa7056e5 0.039s
2018-12-10 06:32:47.458 17844 DEBUG tempest.lib.common.rest_client [req-cf2a2704-c4b6-4b7c-bc79-1f5efa0bd289 ] Request - Headers: {'Content-Type': 'application/json', 'Accept': 'application/json', 'X-Auth-Token': ''} Body: None Response - Headers: {'status': '404', u'content-length': '132', 'content-location': 'http://172.30.9.28:9696/v2.0/ports/b75f934c-96c7-49f6-bb56-c9e6fa7056e5', u'date': 'Mon, 10 Dec 2018 06:32:47 GMT', u'content-type': 'application/json', u'connection': 'close', u'x-openstack-request-id': 'req-cf2a2704-c4b6-4b7c-bc79-1f5efa0bd289'} Body: {"NeutronError": {"message": "Port b75f934c-96c7-49f6-bb56-c9e6fa7056e5 could not be found.", "type": "PortNotFound", "detail": ""}} _log_request_full /root/.rally/verification/verifier-4e323c96-aa5f-4fa4-8737-1208bd9caa0f/repo/tempest/lib/common/rest_client.py:436
2018-12-10 06:32:47.461 17840 INFO tempest.lib.common.rest_client [req-f1217f74-8ba0-4f37-ab47-82a50e4fd9d3 ] Request (TrunkTestJSON:_run_cleanups): 404 GET http://172.30.9.28:9696/v2.0/trunks/12479f84-9fc2-4269-8c58-c89f75ed4989 0.013s
2018-12-10 06:32:47.461 17840 DEBUG tempest.lib.common.rest_client [req-f1217f74-8ba0-4f37-ab47-82a50e4fd9d3 ] Request - Headers: {'Content-Type': 'application/json', 'Accept': 'application/json', 'X-Auth-Token': ''} Body: None Response - Headers: {'status': '404', u'content-length': '134', 'content-location': 'http://172.30.9.28:9696/v2.0/trunks/12479f84-9fc2-4269-8c58-c89f75ed4989', u'date': 'Mon, 10 Dec 2018 06:32:47 GMT', u'content-type': 'application/json', u'connection': 'close', u'x-openstack-request-id': 'req-f1217f74-8ba0-4f37-ab47-82a50e4fd9d3'} Body: {"NeutronError": {"message": "Trunk 12479f84-9fc2-4269-8c58-c89f75ed4989 could not be found.", "type": "TrunkNotFound", "detail": ""}} _log_request_full /root/.rally/verification/verifier-4e323c96-aa5f-4fa4-8737-1208bd9caa0f/repo/tempest/lib/common/rest_client.py:436
2018-12-10 06:32:47.475 17840 INFO tempest.lib.common.rest_client [req-7fbf538f-71cd-48b8-bed2-4e0a2f3b78c3 ] Request (TrunkTestJSON:_run_cleanups): 404 GET http://172.30.9.28:9696/v2.0/trunks/9e79245e-03dc-4dc9-881b-521582f1f121 0.013s
2018-12-10 06:32:47.476 17840 DEBUG tempest.lib.common.rest_client [req-7fbf538f-71cd-48b8-bed2-4e0a2f3b78c3 ] Request - Headers: {'Content-Type': 'application/json', 'Accept': 'application/json', 'X-Auth-Token': ''} Body: None Response - Headers: {'status': '404', u'content-length': '134', 'content-location': 'http://172.30.9.28:9696/v2.0/trunks/9e79245e-03dc-4dc9-881b-521582f1f121', u'date': 'Mon, 10 Dec 2018 06:32:47 GMT', u'content-type': 'application/json', u'connection': 'close', u'x-openstack-request-id': 'req-7fbf538f-71cd-48b8-bed2-4e0a2f3b78c3'} Body: {"NeutronError": {"message": "Trunk 9e79245e-03dc-4dc9-881b-521582f1f121 could not be found.", "type": "TrunkNotFound", "detail": ""}} _log_request_full /root/.rally/verification/verifier-4e323c96-aa5f-4fa4-8737-1208bd9caa0f/repo/tempest/lib/common/rest_client.py:436
2018-12-10 06:32:47.491 17840 INFO tempest.lib.common.rest_client [req-47c86c85-7a8a-4cd1-a028-e300d7e35a23 ] Request (TrunkTestJSON:_run_cleanups): 404 GET http://172.30.9.28:9696/v2.0/trunks/de9b0518-2bc1-465b-9b62-3c7c5ac25e6a 0.015s
2018-12-10 06:32:47.492 17840 DEBUG tempest.lib.common.rest_client [req-47c86c85-7a8a-4cd1-a028-e300d7e35a23 ] Request - Headers: {'Content-Type': 'application/json', 'Accept': 'application/json', 'X-Auth-Token': ''} Body: None Response - Headers: {'status': '404', u'content-length': '134', 'content-location': 'http://172.30.9.28:9696/v2.0/trunks/de9b0518-2bc1-465b-9b62-3c7c5ac25e6a', u'date': 'Mon, 10 Dec 2018 06:32:47 GMT', u'content-type': 'application/json', u'connection': 'close', u'x-openstack-request-id': 'req-47c86c85-7a8a-4cd1-a028-e300d7e35a23'} Body: {"NeutronError": {"message": "Trunk de9b0518-2bc1-465b-9b62-3c7c5ac25e6a could not be found.", "type": "TrunkNotFound", "detail": ""}} _log_request_full /root/.rally/verification/verifier-4e323c96-aa5f-4fa4-8737-1208bd9caa0f/repo/tempest/lib/common/rest_client.py:436
2018-12-10 06:32:47.493 17844 INFO tempest.lib.common.rest_client [req-20e4b2f9-fa7e-4f19-bb63-26985b328be3 ] Request (TrunkTestJSON:_run_cleanups): 404 DELETE http://172.30.9.28:9696/v2.0/ports/93767c52-3f19-4d00-b10b-176b7a7148c3 0.034s
2018-12-10 06:32:47.493 17844 DEBUG tempest.lib.common.rest_client [req-20e4b2f9-fa7e-4f19-bb63-26985b328be3 ] Request - Headers: {'Content-Type': 'application/json', 'Accept': 'application/json', 'X-Auth-Token': ''} Body: None Response - Headers: {'status': '404', u'content-length': '132', 'content-location': 'http://172.30.9.28:9696/v2.0/ports/93767c52-3f19-4d00-b10b-176b7a7148c3', u'date': 'Mon, 10 Dec 2018 06:32:47 GMT', u'content-type': 'application/json', u'connection': 'close', u'x-openstack-request-id': 'req-20e4b2f9-fa7e-4f19-bb63-26985b328be3'} Body: {"NeutronError": {"message": "Port 93767c52-3f19-4d00-b10b-176b7a7148c3 could not be found.", "type": "PortNotFound", "detail": ""}} _log_request_full /root/.rally/verification/verifier-4e323c96-aa5f-4fa4-8737-1208bd9caa0f/repo/tempest/lib/common/rest_client.py:436
2018-12-10 06:32:47.505 17840 INFO tempest.lib.common.rest_client [req-5837b228-0981-4988-9568-f29c7bde2cc0 ] Request (TrunkTestJSON:_run_cleanups): 404 GET http://172.30.9.28:9696/v2.0/trunks/15478c8b-b7ae-44da-b5aa-4d000e9884e7 0.012s
2018-12-10 06:32:47.505 17840 DEBUG tempest.lib.common.rest_client [req-5837b228-0981-4988-9568-f29c7bde2cc0 ] Request - Headers: {'Content-Type': 'application/json', 'Accept': 'application/json', 'X-Auth-Token': ''} Body: None Response - Headers: {'status': '404', u'content-length': '134', 'content-location': 'http://172.30.9.28:9696/v2.0/trunks/15478c8b-b7ae-44da-b5aa-4d000e9884e7', u'date': 'Mon, 10 Dec 2018 06:32:47 GMT', u'content-type': 'application/json', u'connection': 'close', u'x-openstack-request-id': 'req-5837b228-0981-4988-9568-f29c7bde2cc0'} Body: {"NeutronError": {"message": "Trunk 15478c8b-b7ae-44da-b5aa-4d000e9884e7 could not be found.", "type": "TrunkNotFound", "detail": ""}} _log_request_full /root/.rally/verification/verifier-4e323c96-aa5f-4fa4-8737-1208bd9caa0f/repo/tempest/lib/common/rest_client.py:436
2018-12-10 06:32:47.519 17840 INFO tempest.lib.common.rest_client [req-19a6ab56-aeeb-49a0-a054-0c70b330cae1 ] Request (TrunkTestJSON:_run_cleanups): 404 GET http://172.30.9.28:9696/v2.0/trunks/17189315-6105-4190-991b-1cab292f901c 0.013s
2018-12-10 06:32:47.519 17840 DEBUG tempest.lib.common.rest_client [req-19a6ab56-aeeb-49a0-a054-0c70b330cae1 ] Request - Headers: {'Content-Type': 'application/json', 'Accept': 'application/json', 'X-Auth-Token': ''} Body: None Response - Headers: {'status': '404', u'content-length': '134', 'content-location': 'http://172.30.9.28:9696/v2.0/trunks/17189315-6105-4190-991b-1cab292f901c', u'date': 'Mon, 10 Dec 2018 06:32:47 GMT', u'content-type': 'application/json', u'connection': 'close', u'x-openstack-request-id': 'req-19a6ab56-aeeb-49a0-a054-0c70b330cae1'} Body: {"NeutronError": {"message": "Trunk 17189315-6105-4190-991b-1cab292f901c could not be found.", "type": "TrunkNotFound", "detail": ""}} _log_request_full /root/.rally/verification/verifier-4e323c96-aa5f-4fa4-8737-1208bd9caa0f/repo/tempest/lib/common/rest_client.py:436
2018-12-10 06:32:47.525 17844 INFO tempest.lib.common.rest_client [req-d83f7a6e-2d8d-4261-9f8e-63eac609d4fa ] Request (TrunkTestJSON:_run_cleanups): 404 DELETE http://172.30.9.28:9696/v2.0/ports/06a421ed-2c90-4a40-bb80-98b03a83ee00 0.031s
