2018-12-10 06:32:54.859 17844 INFO tempest.lib.common.rest_client [req-a216dcab-e9f0-4a06-b653-a6198307487b ] Request (TrunkTestJSON:_run_cleanups): 404 GET http://172.30.9.28:9696/v2.0/trunks/e0295932-a0fd-43f8-9201-c56e8c91f014/get_subports 0.013s
2018-12-10 06:32:54.859 17844 DEBUG tempest.lib.common.rest_client [req-a216dcab-e9f0-4a06-b653-a6198307487b ] Request - Headers: {'Content-Type': 'application/json', 'Accept': 'application/json', 'X-Auth-Token': ''} Body: None Response - Headers: {'status': '404', u'content-length': '134', 'content-location': 'http://172.30.9.28:9696/v2.0/trunks/e0295932-a0fd-43f8-9201-c56e8c91f014/get_subports', u'date': 'Mon, 10 Dec 2018 06:32:54 GMT', u'content-type': 'application/json', u'connection': 'close', u'x-openstack-request-id': 'req-a216dcab-e9f0-4a06-b653-a6198307487b'} Body: {"NeutronError": {"message": "Trunk e0295932-a0fd-43f8-9201-c56e8c91f014 could not be found.", "type": "TrunkNotFound", "detail": ""}} _log_request_full /root/.rally/verification/verifier-4e323c96-aa5f-4fa4-8737-1208bd9caa0f/repo/tempest/lib/common/rest_client.py:436
2018-12-10 06:32:54.876 17844 INFO tempest.lib.common.rest_client [req-ecc5de2c-ccbf-406a-93c9-2081d00f724d ] Request (TrunkTestJSON:_run_cleanups): 404 DELETE http://172.30.9.28:9696/v2.0/trunks/e0295932-a0fd-43f8-9201-c56e8c91f014 0.016s
2018-12-10 06:32:54.876 17844 DEBUG tempest.lib.common.rest_client [req-ecc5de2c-ccbf-406a-93c9-2081d00f724d ] Request - Headers: {'Content-Type': 'application/json', 'Accept': 'application/json', 'X-Auth-Token': ''} Body: None Response - Headers: {'status': '404', u'content-length': '134', 'content-location': 'http://172.30.9.28:9696/v2.0/trunks/e0295932-a0fd-43f8-9201-c56e8c91f014', u'date': 'Mon, 10 Dec 2018 06:32:54 GMT', u'content-type': 'application/json', u'connection': 'close', u'x-openstack-request-id': 'req-ecc5de2c-ccbf-406a-93c9-2081d00f724d'} Body: {"NeutronError": {"message": "Trunk e0295932-a0fd-43f8-9201-c56e8c91f014 could not be found.", "type": "TrunkNotFound", "detail": ""}} _log_request_full /root/.rally/verification/verifier-4e323c96-aa5f-4fa4-8737-1208bd9caa0f/repo/tempest/lib/common/rest_client.py:436
2018-12-10 06:32:54.892 17844 INFO tempest.lib.common.rest_client [req-9dd1db14-60f7-4c14-b55c-fadc7a095ff3 ] Request (TrunkTestJSON:_run_cleanups): 404 GET http://172.30.9.28:9696/v2.0/trunks/85e16b4c-4e2f-48a5-8433-99fbb868932c/get_subports 0.015s
2018-12-10 06:32:54.893 17844 DEBUG tempest.lib.common.rest_client [req-9dd1db14-60f7-4c14-b55c-fadc7a095ff3 ] Request - Headers: {'Content-Type': 'application/json', 'Accept': 'application/json', 'X-Auth-Token': ''} Body: None Response - Headers: {'status': '404', u'content-length': '134', 'content-location': 'http://172.30.9.28:9696/v2.0/trunks/85e16b4c-4e2f-48a5-8433-99fbb868932c/get_subports', u'date': 'Mon, 10 Dec 2018 06:32:54 GMT', u'content-type': 'application/json', u'connection': 'close', u'x-openstack-request-id': 'req-9dd1db14-60f7-4c14-b55c-fadc7a095ff3'} Body: {"NeutronError": {"message": "Trunk 85e16b4c-4e2f-48a5-8433-99fbb868932c could not be found.", "type": "TrunkNotFound", "detail": ""}} _log_request_full /root/.rally/verification/verifier-4e323c96-aa5f-4fa4-8737-1208bd9caa0f/repo/tempest/lib/common/rest_client.py:436
2018-12-10 06:32:54.909 17844 INFO tempest.lib.common.rest_client [req-ffdcb2bd-4eb6-4dc6-8842-9a4257a91589 ] Request (TrunkTestJSON:_run_cleanups): 404 DELETE http://172.30.9.28:9696/v2.0/trunks/85e16b4c-4e2f-48a5-8433-99fbb868932c 0.015s
2018-12-10 06:32:54.909 17844 DEBUG tempest.lib.common.rest_client [req-ffdcb2bd-4eb6-4dc6-8842-9a4257a91589 ] Request - Headers: {'Content-Type': 'application/json', 'Accept': 'application/json', 'X-Auth-Token': ''} Body: None Response - Headers: {'status': '404', u'content-length': '134', 'content-location': 'http://172.30.9.28:9696/v2.0/trunks/85e16b4c-4e2f-48a5-8433-99fbb868932c', u'date': 'Mon, 10 Dec 2018 06:32:54 GMT', u'content-type': 'application/json', u'connection': 'close', u'x-openstack-request-id': 'req-ffdcb2bd-4eb6-4dc6-8842-9a4257a91589'} Body: {"NeutronError": {"message": "Trunk 85e16b4c-4e2f-48a5-8433-99fbb868932c could not be found.", "type": "TrunkNotFound", "detail": ""}} _log_request_full /root/.rally/verification/verifier-4e323c96-aa5f-4fa4-8737-1208bd9caa0f/repo/tempest/lib/common/rest_client.py:436
2018-12-10 06:32:54.923 17844 INFO tempest.lib.common.rest_client [req-90bc4334-ed41-4ce0-9f8c-13c5181b1826 ] Request (TrunkTestJSON:_run_cleanups): 404 GET http://172.30.9.28:9696/v2.0/trunks/820652c1-4b3d-4d8e-a2dc-acc7a40fd718/get_subports 0.014s
2018-12-10 06:32:54.924 17844 DEBUG tempest.lib.common.rest_client [req-90bc4334-ed41-4ce0-9f8c-13c5181b1826 ] Request - Headers: {'Content-Type': 'application/json', 'Accept': 'application/json', 'X-Auth-Token': ''} Body: None Response - Headers: {'status': '404', u'content-length': '134', 'content-location': 'http://172.30.9.28:9696/v2.0/trunks/820652c1-4b3d-4d8e-a2dc-acc7a40fd718/get_subports', u'date': 'Mon, 10 Dec 2018 06:32:54 GMT', u'content-type': 'application/json', u'connection': 'close', u'x-openstack-request-id': 'req-90bc4334-ed41-4ce0-9f8c-13c5181b1826'} Body: {"NeutronError": {"message": "Trunk 820652c1-4b3d-4d8e-a2dc-acc7a40fd718 could not be found.", "type": "TrunkNotFound", "detail": ""}} _log_request_full /root/.rally/verification/verifier-4e323c96-aa5f-4fa4-8737-1208bd9caa0f/repo/tempest/lib/common/rest_client.py:436
2018-12-10 06:32:54.940 17844 INFO tempest.lib.common.rest_client [req-ca274717-b2e4-40f7-b41c-201540c038d3 ] Request (TrunkTestJSON:_run_cleanups): 404 DELETE http://172.30.9.28:9696/v2.0/trunks/820652c1-4b3d-4d8e-a2dc-acc7a40fd718 0.015s
2018-12-10 06:32:54.940 17844 DEBUG tempest.lib.common.rest_client [req-ca274717-b2e4-40f7-b41c-201540c038d3 ] Request - Headers: {'Content-Type': 'application/json', 'Accept': 'application/json', 'X-Auth-Token': ''} Body: None Response - Headers: {'status': '404', u'content-length': '134', 'content-location': 'http://172.30.9.28:9696/v2.0/trunks/820652c1-4b3d-4d8e-a2dc-acc7a40fd718', u'date': 'Mon, 10 Dec 2018 06:32:54 GMT', u'content-type': 'application/json', u'connection': 'close', u'x-openstack-request-id': 'req-ca274717-b2e4-40f7-b41c-201540c038d3'} Body: {"NeutronError": {"message": "Trunk 820652c1-4b3d-4d8e-a2dc-acc7a40fd718 could not be found.", "type": "TrunkNotFound", "detail": ""}} _log_request_full /root/.rally/verification/verifier-4e323c96-aa5f-4fa4-8737-1208bd9caa0f/repo/tempest/lib/common/rest_client.py:436
2018-12-10 06:32:54.953 17844 INFO tempest.lib.common.rest_client [req-972aa14a-5fbe-437d-8797-233dbdabf184 ] Request (TrunkTestJSON:_run_cleanups): 404 GET http://172.30.9.28:9696/v2.0/trunks/4104efaf-d869-41b6-b091-b1590507f8b0/get_subports 0.013s
2018-12-10 06:32:54.953 17844 DEBUG tempest.lib.common.rest_client [req-972aa14a-5fbe-437d-8797-233dbdabf184 ] Request - Headers: {'Content-Type': 'application/json', 'Accept': 'application/json', 'X-Auth-Token': ''} Body: None Response - Headers: {'status': '404', u'content-length': '134', 'content-location': 'http://172.30.9.28:9696/v2.0/trunks/4104efaf-d869-41b6-b091-b1590507f8b0/get_subports', u'date': 'Mon, 10 Dec 2018 06:32:54 GMT', u'content-type': 'application/json', u'connection': 'close', u'x-openstack-request-id': 'req-972aa14a-5fbe-437d-8797-233dbdabf184'} Body: {"NeutronError": {"message": "Trunk 4104efaf-d869-41b6-b091-b1590507f8b0 could not be found.", "type": "TrunkNotFound", "detail": ""}} _log_request_full /root/.rally/verification/verifier-4e323c96-aa5f-4fa4-8737-1208bd9caa0f/repo/tempest/lib/common/rest_client.py:436
2018-12-10 06:32:54.973 17844 INFO tempest.lib.common.rest_client [req-b5ffd6b3-a8e6-4eaf-b23f-21488c788824 ] Request (TrunkTestJSON:_run_cleanups): 404 DELETE http://172.30.9.28:9696/v2.0/trunks/4104efaf-d869-41b6-b091-b1590507f8b0 0.019s
2018-12-10 06:32:54.974 17844 DEBUG tempest.lib.common.rest_client [req-b5ffd6b3-a8e6-4eaf-b23f-21488c788824 ] Request - Headers: {'Content-Type': 'application/json', 'Accept': 'application/json', 'X-Auth-Token': ''} Body: None Response - Headers: {'status': '404', u'content-length': '134', 'content-location': 'http://172.30.9.28:9696/v2.0/trunks/4104efaf-d869-41b6-b091-b1590507f8b0', u'date': 'Mon, 10 Dec 2018 06:32:54 GMT', u'content-type': 'application/json', u'connection': 'close', u'x-openstack-request-id': 'req-b5ffd6b3-a8e6-4eaf-b23f-21488c788824'} Body: {"NeutronError": {"message": "Trunk 4104efaf-d869-41b6-b091-b1590507f8b0 could not be found.", "type": "TrunkNotFound", "detail": ""}} _log_request_full /root/.rally/verification/verifier-4e323c96-aa5f-4fa4-8737-1208bd9caa0f/repo/tempest/lib/common/rest_client.py:436
2018-12-10 06:32:54.979 17840 INFO tempest.lib.common.rest_client [req-67325fd3-6d1b-430f-83ec-28d0c6ba9789 ] Request (TrunkTestJSON:_run_cleanups): 204 DELETE http://172.30.9.28:9696/v2.0/trunks/148146b4-986e-4e45-8b87-9aa1a618bbd4 0.165s
2018-12-10 06:32:54.980 17840 DEBUG tempest.lib.common.rest_client [req-67325fd3-6d1b-430f-83ec-28d0c6ba9789 ] Request - Headers: {'Content-Type': 'application/json', 'Accept': 'application/json', 'X-Auth-Token': ''} Body: None Response - Headers: {'status': '204', u'content-length': '0', 'content-location': 'http://172.30.9.28:9696/v2.0/trunks/148146b4-986e-4e45-8b87-9aa1a618bbd4', u'date': 'Mon, 10 Dec 2018 06:32:54 GMT', u'connection': 'close', u'x-openstack-request-id': 'req-67325fd3-6d1b-430f-83ec-28d0c6ba9789'} Body: _log_request_full /root/.rally/verification/verifier-4e323c96-aa5f-4fa4-8737-1208bd9caa0f/repo/tempest/lib/common/rest_client.py:436
2018-12-10 06:32:54.990 17844 INFO tempest.lib.common.rest_client [req-e408f902-71ba-4cd1-95fa-8a7be8890982 ] Request (TrunkTestJSON:_run_cleanups): 404 GET http://172.30.9.28:9696/v2.0/trunks/04d8a28e-cc38-40d1-94ba-5fb8cf1290d4/get_subports 0.016s
2018-12-10 06:32:54.990 17844 DEBUG tempest.lib.common.rest_client [req-e408f902-71ba-4cd1-95fa-8a7be8890982 ] Request - Headers: {'Content-Type': 'application/json', 'Accept': 'application/json', 'X-Auth-Token': ''} Body: None Response - Headers: {'status': '404', u'content-length': '134', 'content-location': 'http://172.30.9.28:9696/v2.0/trunks/04d8a28e-cc38-40d1-94ba-5fb8cf1290d4/get_subports', u'date': 'Mon, 10 Dec 2018 06:32:54 GMT', u'content-type': 'application/json', u'connection': 'close', u'x-openstack-request-id': 'req-e408f902-71ba-4cd1-95fa-8a7be8890982'} Body: {"NeutronError": {"message": "Trunk 04d8a28e-cc38-40d1-94ba-5fb8cf1290d4 could not be found.", "type": "TrunkNotFound", "detail": ""}} _log_request_full /root/.rally/verification/verifier-4e323c96-aa5f-4fa4-8737-1208bd9caa0f/repo/tempest/lib/common/rest_client.py:436
2018-12-10 06:32:54.999 17841 INFO tempest.lib.common.rest_client [req-7a7084a8-4705-4530-bd1d-009a485f1303 ] Request (TrunkTest:test_trunk_subport_lifecycle): 201 POST http://172.30.9.28:9696/v2.0/networks 0.215s
2018-12-10 06:32:54.999 17841 DEBUG tempest.lib.common.rest_client [req-7a7084a8-4705-4530-bd1d-009a485f1303 ] Request - Headers: {'Content-Type': 'application/json', 'Accept': 'application/json', 'X-Auth-Token': ''} Body: {"network": {"name": "tempest-test-network--862885278"}} Response - Headers: {'status': '201', u'content-length': '609', 'content-location': 'http://172.30.9.28:9696/v2.0/networks', u'date': 'Mon, 10 Dec 2018 06:32:54 GMT', u'content-type': 'application/json', u'connection': 'close', u'x-openstack-request-id': 'req-7a7084a8-4705-4530-bd1d-009a485f1303'} Body: {"network":{"ipv6_address_scope":null,"revision_number":2,"port_security_enabled":true,"id":"7f8d2ad0-b34c-446a-bfa1-d89762c2d786","router:external":false,"availability_zone_hints":[],"availability_zones":[],"ipv4_address_scope":null,"shared":false,"project_id":"0d9b9848342f4f4a8b9dd85b10501895","l2_adjacency":true,"status":"ACTIVE","subnets":[],"description":"","tags":[],"updated_at":"2018-12-10T06:32:54Z","is_default":false,"name":"tempest-test-network--862885278","qos_policy_id":null,"admin_state_up":true,"tenant_id":"0d9b9848342f4f4a8b9dd85b10501895","created_at":"2018-12-10T06:32:54Z","mtu":1450}} _log_request_full /root/.rally/verification/verifier-4e323c96-aa5f-4fa4-8737-1208bd9caa0f/repo/tempest/lib/common/rest_client.py:436
2018-12-10 06:32:55.006 17840 INFO tempest.lib.common.rest_client [req-9e18c480-587c-4d5b-ad89-57293dcd64bb ] Request (TrunkTestJSON:_run_cleanups): 200 GET http://172.30.9.28:9696/v2.0/trunks/40aaa933-10ba-4c61-81b1-79e1269e34f0/get_subports 0.026s
2018-12-10 06:32:55.007 17840 DEBUG tempest.lib.common.rest_client [req-9e18c480-587c-4d5b-ad89-57293dcd64bb ] Request - Headers: {'Content-Type': 'application/json', 'Accept': 'application/json', 'X-Auth-Token': ''} Body: None Response - Headers: {'status': '200', u'content-length': '17', 'content-location': 'http://172.30.9.28:9696/v2.0/trunks/40aaa933-10ba-4c61-81b1-79e1269e34f0/get_subports', u'date': 'Mon, 10 Dec 2018 06:32:54 GMT', u'content-type': 'application/json', u'connection': 'close', u'x-openstack-request-id': 'req-9e18c480-587c-4d5b-ad89-57293dcd64bb'} Body: {"sub_ports": []} _log_request_full /root/.rally/verification/verifier-4e323c96-aa5f-4fa4-8737-1208bd9caa0f/repo/tempest/lib/common/rest_client.py:436
2018-12-10 06:32:55.007 17844 INFO tempest.lib.common.rest_client [req-43fb4e39-fa4e-4a18-b294-9f43124263ec ] Request (TrunkTestJSON:_run_cleanups): 404 DELETE http://172.30.9.28:9696/v2.0/trunks/04d8a28e-cc38-40d1-94ba-5fb8cf1290d4 0.016s
2018-12-10 06:32:55.008 17844 DEBUG tempest.lib.common.rest_client [req-43fb4e39-fa4e-4a18-b294-9f43124263ec ] Request - Headers: {'Content-Type': 'application/json', 'Accept': 'application/json', 'X-Auth-Token': ''} Body: None Response - Headers: {'status': '404', u'content-length': '134', 'content-location': 'http://172.30.9.28:9696/v2.0/trunks/04d8a28e-cc38-40d1-94ba-5fb8cf1290d4', u'date': 'Mon, 10 Dec 2018 06:32:55 GMT', u'content-type': 'application/json', u'connection': 'close', u'x-openstack-request-id': 'req-43fb4e39-fa4e-4a18-b294-9f43124263ec'} Body: {"NeutronError": {"message": "Trunk 04d8a28e-cc38-40d1-94ba-5fb8cf1290d4 could not be found.", "type": "TrunkNotFound", "detail": ""}} _log_request_full /root/.rally/verification/verifier-4e323c96-aa5f-4fa4-8737-1208bd9caa0f/repo/tempest/lib/common/rest_client.py:436
2018-12-10 06:32:55.022 17844 INFO tempest.lib.common.rest_client [req-672ee1a1-68fa-4edd-b280-4663c9f13b1f ] Request (TrunkTestJSON:_run_cleanups): 404 GET http://172.30.9.28:9696/v2.0/trunks/6b27c262-20fb-4b73-8893-90f8d696ef30/get_subports 0.014s
2018-12-10 06:32:55.023 17844 DEBUG tempest.lib.common.rest_client [req-672ee1a1-68fa-4edd-b280-4663c9f13b1f ] Request - Headers: {'Content-Type': 'application/json', 'Accept': 'application/json', 'X-Auth-Token': ''} Body: None Response - Headers: {'status': '404', u'content-length': '134', 'content-location': 'http://172.30.9.28:9696/v2.0/trunks/6b27c262-20fb-4b73-8893-90f8d696ef30/get_subports', u'date': 'Mon, 10 Dec 2018 06:32:55 GMT', u'content-type': 'application/json', u'connection': 'close', u'x-openstack-request-id': 'req-672ee1a1-68fa-4edd-b280-4663c9f13b1f'} Body: {"NeutronError": {"message": "Trunk 6b27c262-20fb-4b73-8893-90f8d696ef30 could not be found.", "type": "TrunkNotFound", "detail": ""}} _log_request_full /root/.rally/verification/verifier-4e323c96-aa5f-4fa4-8737-1208bd9caa0f/repo/tempest/lib/common/rest_client.py:436
2018-12-10 06:32:55.041 17844 INFO tempest.lib.common.rest_client [req-d88ae124-69ae-461e-a98e-81b59cc77390 ] Request (TrunkTestJSON:_run_cleanups): 404 DELETE http://172.30.9.28:9696/v2.0/trunks/6b27c262-20fb-4b73-8893-90f8d696ef30 0.018s
2018-12-10 06:32:55.041 17844 DEBUG tempest.lib.common.rest_client [req-d88ae124-69ae-461e-a98e-81b59cc77390 ] Request - Headers: {'Content-Type': 'application/json', 'Accept': 'application/json', 'X-Auth-Token': ''} Body: None Response - Headers: {'status': '404', u'content-length': '134', 'content-location': 'http://172.30.9.28:9696/v2.0/trunks/6b27c262-20fb-4b73-8893-90f8d696ef30', u'date': 'Mon, 10 Dec 2018 06:32:54 GMT', u'content-type': 'application/json', u'connection': 'close', u'x-openstack-request-id': 'req-d88ae124-69ae-461e-a98e-81b59cc77390'} Body: {"NeutronError": {"message": "Trunk 6b27c262-20fb-4b73-8893-90f8d696ef30 could not be found.", "type": "TrunkNotFound", "detail": ""}} _log_request_full /root/.rally/verification/verifier-4e323c96-aa5f-4fa4-8737-1208bd9caa0f/repo/tempest/lib/common/rest_client.py:436
2018-12-10 06:32:55.058 17844 INFO tempest.lib.common.rest_client [req-51bab2ee-2060-49ff-a492-ee1284bd6c6e ] Request (TrunkTestJSON:_run_cleanups): 404 GET http://172.30.9.28:9696/v2.0/trunks/380e0cb9-bfc7-47e7-ad08-a12cbbb8cd4a 0.017s
2018-12-10 06:32:55.059 17844 DEBUG tempest.lib.common.rest_client [req-51bab2ee-2060-49ff-a492-ee1284bd6c6e ] Request - Headers: {'Content-Type': 'application/json', 'Accept': 'application/json', 'X-Auth-Token': ''} Body: None Response - Headers: {'status': '404', u'content-length': '134', 'content-location': 'http://172.30.9.28:9696/v2.0/trunks/380e0cb9-bfc7-47e7-ad08-a12cbbb8cd4a', u'date': 'Mon, 10 Dec 2018 06:32:55 GMT', u'content-type': 'application/json', u'connection': 'close', u'x-openstack-request-id': 'req-51bab2ee-2060-49ff-a492-ee1284bd6c6e'} Body: {"NeutronError": {"message": "Trunk 380e0cb9-bfc7-47e7-ad08-a12cbbb8cd4a could not be found.", "type": "TrunkNotFound", "detail": ""}} _log_request_full /root/.rally/verification/verifier-4e323c96-aa5f-4fa4-8737-1208bd9caa0f/repo/tempest/lib/common/rest_client.py:436
2018-12-10 06:32:55.076 17840 INFO tempest.lib.common.rest_client [req-8930b2ca-7cb7-4075-b8bc-0031cd7a9ec5 ] Request (TrunkTestJSON:_run_cleanups): 200 PUT http://172.30.9.28:9696/v2.0/trunks/40aaa933-10ba-4c61-81b1-79e1269e34f0/remove_subports 0.069s
2018-12-10 06:32:55.076 17840 DEBUG tempest.lib.common.rest_client [req-8930b2ca-7cb7-4075-b8bc-0031cd7a9ec5 ] Request - Headers: {'Content-Type': 'application/json', 'Accept': 'application/json', 'X-Auth-Token': ''} Body: {"sub_ports": []} Response - Headers: {'status': '200', u'content-length': '396', 'content-location': 'http://172.30.9.28:9696/v2.0/trunks/40aaa933-10ba-4c61-81b1-79e1269e34f0/remove_subports', u'date': 'Mon, 10 Dec 2018 06:32:55 GMT', u'content-type': 'application/json', u'connection': 'close', u'x-openstack-request-id': 'req-8930b2ca-7cb7-4075-b8bc-0031cd7a9ec5'} Body: {"status": "DOWN", "sub_ports": [], "name": "", "admin_state_up": true, "tenant_id": "8f481b01040e48b6989f267edd5adf05", "created_at": "2018-12-10T06:32:54Z", "tags": [], "updated_at": "2018-12-10T06:32:55Z", "revision_number": 1, "project_id": "8f481b01040e48b6989f267edd5adf05", "port_id": "60873c71-31ba-423b-a0c9-8118ad3ab687", "id": "40aaa933-10ba-4c61-81b1-79e1269e34f0", "description": ""} _log_request_full /root/.rally/verification/verifier-4e323c96-aa5f-4fa4-8737-1208bd9caa0f/repo/tempest/lib/common/rest_client.py:436
2018-12-10 06:32:55.077 17844 INFO tempest.lib.common.rest_client [req-886e2c53-9cc4-4021-bacb-3f36d080ddc9 ] Request (TrunkTestJSON:_run_cleanups): 404 GET http://172.30.9.28:9696/v2.0/trunks/e0295932-a0fd-43f8-9201-c56e8c91f014 0.017s
2018-12-10 06:32:55.077 17844 DEBUG tempest.lib.common.rest_client [req-886e2c53-9cc4-4021-bacb-3f36d080ddc9 ] Request - Headers: {'Content-Type': 'application/json', 'Accept': 'application/json', 'X-Auth-Token': ''} Body: None Response - Headers: {'status': '404', u'content-length': '134', 'content-location': 'http://172.30.9.28:9696/v2.0/trunks/e0295932-a0fd-43f8-9201-c56e8c91f014', u'date': 'Mon, 10 Dec 2018 06:32:55 GMT', u'content-type': 'application/json', u'connection': 'close', u'x-openstack-request-id': 'req-886e2c53-9cc4-4021-bacb-3f36d080ddc9'} Body: {"NeutronError": {"message": "Trunk e0295932-a0fd-43f8-9201-c56e8c91f014 could not be found.", "type": "TrunkNotFound", "detail": ""}} _log_request_full /root/.rally/verification/verifier-4e323c96-aa5f-4fa4-8737-1208bd9caa0f/repo/tempest/lib/common/rest_client.py:436
2018-12-10 06:32:55.089 17844 INFO tempest.lib.common.rest_client [req-b4385573-77b1-4c26-b0aa-1cba3003485e ] Request (TrunkTestJSON:_run_cleanups): 404 GET http://172.30.9.28:9696/v2.0/trunks/85e16b4c-4e2f-48a5-8433-99fbb868932c 0.012s
2018-12-10 06:32:55.090 17844 DEBUG tempest.lib.common.rest_client [req-b4385573-77b1-4c26-b0aa-1cba3003485e ] Request - Headers: {'Content-Type': 'application/json', 'Accept': 'application/json', 'X-Auth-Token': ''} Body: None Response - Headers: {'status': '404', u'content-length': '134', 'content-location': 'http://172.30.9.28:9696/v2.0/trunks/85e16b4c-4e2f-48a5-8433-99fbb868932c', u'date': 'Mon, 10 Dec 2018 06:32:55 GMT', u'content-type': 'application/json', u'connection': 'close', u'x-openstack-request-id': 'req-b4385573-77b1-4c26-b0aa-1cba3003485e'} Body: {"NeutronError": {"message": "Trunk 85e16b4c-4e2f-48a5-8433-99fbb868932c could not be found.", "type": "TrunkNotFound", "detail": ""}} _log_request_full /root/.rally/verification/verifier-4e323c96-aa5f-4fa4-8737-1208bd9caa0f/repo/tempest/lib/common/rest_client.py:436
2018-12-10 06:32:55.104 17844 INFO tempest.lib.common.rest_client [req-6a7d9662-c0a3-46ca-8040-dc81b46f0f85 ] Request (TrunkTestJSON:_run_cleanups): 404 GET http://172.30.9.28:9696/v2.0/trunks/820652c1-4b3d-4d8e-a2dc-acc7a40fd718 0.014s
2018-12-10 06:32:55.105 17844 DEBUG tempest.lib.common.rest_client [req-6a7d9662-c0a3-46ca-8040-dc81b46f0f85 ] Request - Headers: {'Content-Type': 'application/json', 'Accept': 'application/json', 'X-Auth-Token': ''} Body: None Response - Headers: {'status': '404', u'content-length': '134', 'content-location': 'http://172.30.9.28:9696/v2.0/trunks/820652c1-4b3d-4d8e-a2dc-acc7a40fd718', u'date': 'Mon, 10 Dec 2018 06:32:55 GMT', u'content-type': 'application/json', u'connection': 'close', u'x-openstack-request-id': 'req-6a7d9662-c0a3-46ca-8040-dc81b46f0f85'} Body: {"NeutronError": {"message": "Trunk 820652c1-4b3d-4d8e-a2dc-acc7a40fd718 could not be found.", "type": "TrunkNotFound", "detail": ""}} _log_request_full /root/.rally/verification/verifier-4e323c96-aa5f-4fa4-8737-1208bd9caa0f/repo/tempest/lib/common/rest_client.py:436
2018-12-10 06:32:55.120 17844 INFO tempest.lib.common.rest_client [req-646f412e-7982-4ce5-b96c-17efc2b02a43 ] Request (TrunkTestJSON:_run_cleanups): 404 GET http://172.30.9.28:9696/v2.0/trunks/4104efaf-d869-41b6-b091-b1590507f8b0 0.015s
2018-12-10 06:32:55.120 17844 DEBUG tempest.lib.common.rest_client [req-646f412e-7982-4ce5-b96c-17efc2b02a43 ] Request - Headers: {'Content-Type': 'application/json', 'Accept': 'application/json', 'X-Auth-Token': ''} Body: None Response - Headers: {'status': '404', u'content-length': '134', 'content-location': 'http://172.30.9.28:9696/v2.0/trunks/4104efaf-d869-41b6-b091-b1590507f8b0', u'date': 'Mon, 10 Dec 2018 06:32:55 GMT', u'content-type': 'application/json', u'connection': 'close', u'x-openstack-request-id': 'req-646f412e-7982-4ce5-b96c-17efc2b02a43'} Body: {"NeutronError": {"message": "Trunk 4104efaf-d869-41b6-b091-b1590507f8b0 could not be found.", "type": "TrunkNotFound", "detail": ""}} _log_request_full /root/.rally/verification/verifier-4e323c96-aa5f-4fa4-8737-1208bd9caa0f/repo/tempest/lib/common/rest_client.py:436
2018-12-10 06:32:55.134 17844 INFO tempest.lib.common.rest_client [req-843cc624-7010-4dbe-9c98-b3c76c2f3ce1 ] Request (TrunkTestJSON:_run_cleanups): 404 GET http://172.30.9.28:9696/v2.0/trunks/04d8a28e-cc38-40d1-94ba-5fb8cf1290d4 0.013s
2018-12-10 06:32:55.134 17844 DEBUG tempest.lib.common.rest_client [req-843cc624-7010-4dbe-9c98-b3c76c2f3ce1 ] Request - Headers: {'Content-Type': 'application/json', 'Accept': 'application/json', 'X-Auth-Token': ''} Body: None Response - Headers: {'status': '404', u'content-length': '134', 'content-location': 'http://172.30.9.28:9696/v2.0/trunks/04d8a28e-cc38-40d1-94ba-5fb8cf1290d4', u'date': 'Mon, 10 Dec 2018 06:32:55 GMT', u'content-type': 'application/json', u'connection': 'close', u'x-openstack-request-id': 'req-843cc624-7010-4dbe-9c98-b3c76c2f3ce1'} Body: {"NeutronError": {"message": "Trunk 04d8a28e-cc38-40d1-94ba-5fb8cf1290d4 could not be found.", "type": "TrunkNotFound", "detail": ""}} _log_request_full /root/.rally/verification/verifier-4e323c96-aa5f-4fa4-8737-1208bd9caa0f/repo/tempest/lib/common/rest_client.py:436
2018-12-10 06:32:55.147 17844 INFO tempest.lib.common.rest_client [req-a5664f69-ec6d-4e4d-9c22-cf762708d89a ] Request (TrunkTestJSON:_run_cleanups): 404 GET http://172.30.9.28:9696/v2.0/trunks/6b27c262-20fb-4b73-8893-90f8d696ef30 0.012s
2018-12-10 06:32:55.147 17844 DEBUG tempest.lib.common.rest_client [req-a5664f69-ec6d-4e4d-9c22-cf762708d89a ] Request - Headers: {'Content-Type': 'application/json', 'Accept': 'application/json', 'X-Auth-Token': ''} Body: None Response - Headers: {'status': '404', u'content-length': '134', 'content-location': 'http://172.30.9.28:9696/v2.0/trunks/6b27c262-20fb-4b73-8893-90f8d696ef30', u'date': 'Mon, 10 Dec 2018 06:32:55 GMT', u'content-type': 'application/json', u'connection': 'close', u'x-openstack-request-id': 'req-a5664f69-ec6d-4e4d-9c22-cf762708d89a'} Body: {"NeutronError": {"message": "Trunk 6b27c262-20fb-4b73-8893-90f8d696ef30 could not be found.", "type": "TrunkNotFound", "detail": ""}} _log_request_full /root/.rally/verification/verifier-4e323c96-aa5f-4fa4-8737-1208bd9caa0f/repo/tempest/lib/common/rest_client.py:436
2018-12-10 06:32:55.179 17844 INFO tempest.lib.common.rest_client [req-a35ea97c-8cff-4190-8eb6-1125e83ebd89 ] Request (TrunkTestJSON:_run_cleanups): 404 DELETE http://172.30.9.28:9696/v2.0/ports/bc7d5f24-df51-453e-976d-96f09e43598a 0.031s
2018-12-10 06:32:55.179 17844 DEBUG tempest.lib.common.rest_client [req-a35ea97c-8cff-4190-8eb6-1125e83ebd89 ] Request - Headers: {'Content-Type': 'application/json', 'Accept': 'application/json', 'X-Auth-Token': ''} Body: None Response - Headers: {'status': '404', u'content-length': '132', 'content-location': 'http://172.30.9.28:9696/v2.0/ports/bc7d5f24-df51-453e-976d-96f09e43598a', u'date': 'Mon, 10 Dec 2018 06:32:55 GMT', u'content-type': 'application/json', u'connection': 'close', u'x-openstack-request-id': 'req-a35ea97c-8cff-4190-8eb6-1125e83ebd89'} Body: {"NeutronError": {"message": "Port bc7d5f24-df51-453e-976d-96f09e43598a could not be found.", "type": "PortNotFound", "detail": ""}} _log_request_full /root/.rally/verification/verifier-4e323c96-aa5f-4fa4-8737-1208bd9caa0f/repo/tempest/lib/common/rest_client.py:436
2018-12-10 06:32:55.410 17840 INFO tempest.lib.common.rest_client [req-e873137b-143d-49b3-b91e-373e6df98819 ] Request (TrunkTestJSON:_run_cleanups): 204 DELETE http://172.30.9.28:9696/v2.0/trunks/40aaa933-10ba-4c61-81b1-79e1269e34f0 0.333s
2018-12-10 06:32:55.410 17840 DEBUG tempest.lib.common.rest_client [req-e873137b-143d-49b3-b91e-373e6df98819 ] Request - Headers: {'Content-Type': 'application/json', 'Accept': 'application/json', 'X-Auth-Token': ''} Body: None Response - Headers: {'status': '204', u'content-length': '0', 'content-location': 'http://172.30.9.28:9696/v2.0/trunks/40aaa933-10ba-4c61-81b1-79e1269e34f0', u'date': 'Mon, 10 Dec 2018 06:32:55 GMT', u'connection': 'close', u'x-openstack-request-id': 'req-e873137b-143d-49b3-b91e-373e6df98819'} Body: _log_request_full /root/.rally/verification/verifier-4e323c96-aa5f-4fa4-8737-1208bd9caa0f/repo/tempest/lib/common/rest_client.py:436
2018-12-10 06:32:55.426 17840 INFO tempest.lib.common.rest_client [req-39e58711-feef-4855-956d-59b6d265e14e ] Request (TrunkTestJSON:_run_cleanups): 404 GET http://172.30.9.28:9696/v2.0/trunks/12479f84-9fc2-4269-8c58-c89f75ed4989 0.015s
2018-12-10 06:32:55.426 17840 DEBUG tempest.lib.common.rest_client [req-39e58711-feef-4855-956d-59b6d265e14e ] Request - Headers: {'Content-Type': 'application/json', 'Accept': 'application/json', 'X-Auth-Token': ''} Body: None Response - Headers: {'status': '404', u'content-length': '134', 'content-location': 'http://172.30.9.28:9696/v2.0/trunks/12479f84-9fc2-4269-8c58-c89f75ed4989', u'date': 'Mon, 10 Dec 2018 06:32:55 GMT', u'content-type': 'application/json', u'connection': 'close', u'x-openstack-request-id': 'req-39e58711-feef-4855-956d-59b6d265e14e'} Body: {"NeutronError": {"message": "Trunk 12479f84-9fc2-4269-8c58-c89f75ed4989 could not be found.", "type": "TrunkNotFound", "detail": ""}} _log_request_full /root/.rally/verification/verifier-4e323c96-aa5f-4fa4-8737-1208bd9caa0f/repo/tempest/lib/common/rest_client.py:436
2018-12-10 06:32:55.440 17844 INFO tempest.lib.common.rest_client [req-17d1c2f7-52f1-4ce9-ba61-ca2d5e061fa6 ] Request (TrunkTestJSON:_run_cleanups): 404 DELETE http://172.30.9.28:9696/v2.0/ports/b75f934c-96c7-49f6-bb56-c9e6fa7056e5 0.261s
2018-12-10 06:32:55.441 17844 DEBUG tempest.lib.common.rest_client [req-17d1c2f7-52f1-4ce9-ba61-ca2d5e061fa6 ] Request - Headers: {'Content-Type': 'application/json', 'Accept': 'application/json', 'X-Auth-Token': ''} Body: None Response - Headers: {'status': '404', u'content-length': '132', 'content-location': 'http://172.30.9.28:9696/v2.0/ports/b75f934c-96c7-49f6-bb56-c9e6fa7056e5', u'date': 'Mon, 10 Dec 2018 06:32:55 GMT', u'content-type': 'application/json', u'connection': 'close', u'x-openstack-request-id': 'req-17d1c2f7-52f1-4ce9-ba61-ca2d5e061fa6'} Body: {"NeutronError": {"message": "Port b75f934c-96c7-49f6-bb56-c9e6fa7056e5 could not be found.", "type": "PortNotFound", "detail": ""}} _log_request_full /root/.rally/verification/verifier-4e323c96-aa5f-4fa4-8737-1208bd9caa0f/repo/tempest/lib/common/rest_client.py:436
2018-12-10 06:32:55.447 17840 INFO tempest.lib.common.rest_client [req-1ebf4f2c-15c8-472a-9449-9c2b495e79b4 ] Request (TrunkTestJSON:_run_cleanups): 404 GET http://172.30.9.28:9696/v2.0/trunks/9e79245e-03dc-4dc9-881b-521582f1f121 0.019s
2018-12-10 06:32:55.447 17840 DEBUG tempest.lib.common.rest_client [req-1ebf4f2c-15c8-472a-9449-9c2b495e79b4 ] Request - Headers: {'Content-Type': 'application/json', 'Accept': 'application/json', 'X-Auth-Token': ''} Body: None Response - Headers: {'status': '404', u'content-length': '134', 'content-location': 'http://172.30.9.28:9696/v2.0/trunks/9e79245e-03dc-4dc9-881b-521582f1f121', u'date': 'Mon, 10 Dec 2018 06:32:55 GMT', u'content-type': 'application/json', u'connection': 'close', u'x-openstack-request-id': 'req-1ebf4f2c-15c8-472a-9449-9c2b495e79b4'} Body: {"NeutronError": {"message": "Trunk 9e79245e-03dc-4dc9-881b-521582f1f121 could not be found.", "type": "TrunkNotFound", "detail": ""}} _log_request_full /root/.rally/verification/verifier-4e323c96-aa5f-4fa4-8737-1208bd9caa0f/repo/tempest/lib/common/rest_client.py:436
2018-12-10 06:32:55.470 17844 INFO tempest.lib.common.rest_client [req-92a3c6bd-d935-4a6b-8ef7-c19914bf1bc3 ] Request (TrunkTestJSON:_run_cleanups): 404 DELETE http://172.30.9.28:9696/v2.0/ports/93767c52-3f19-4d00-b10b-176b7a7148c3 0.029s
2018-12-10 06:32:55.470 17844 DEBUG tempest.lib.common.rest_client [req-92a3c6bd-d935-4a6b-8ef7-c19914bf1bc3 ] Request - Headers: {'Content-Type': 'application/json', 'Accept': 'application/json', 'X-Auth-Token': ''} Body: None Response - Headers: {'status': '404', u'content-length': '132', 'content-location': 'http://172.30.9.28:9696/v2.0/ports/93767c52-3f19-4d00-b10b-176b7a7148c3', u'date': 'Mon, 10 Dec 2018 06:32:55 GMT', u'content-type': 'application/json', u'connection': 'close', u'x-openstack-request-id': 'req-92a3c6bd-d935-4a6b-8ef7-c19914bf1bc3'} Body: {"NeutronError": {"message": "Port 93767c52-3f19-4d00-b10b-176b7a7148c3 could not be found.", "type": "PortNotFound", "detail": ""}} _log_request_full /root/.rally/verification/verifier-4e323c96-aa5f-4fa4-8737-1208bd9caa0f/repo/tempest/lib/common/rest_client.py:436
2018-12-10 06:32:55.507 17844 INFO tempest.lib.common.rest_client [req-070028e9-ab8a-4671-8e47-73c3642688f5 ] Request (TrunkTestJSON:_run_cleanups): 404 DELETE http://172.30.9.28:9696/v2.0/ports/06a421ed-2c90-4a40-bb80-98b03a83ee00 0.036s
2018-12-10 06:32:55.508 17844 DEBUG tempest.lib.common.rest_client [req-070028e9-ab8a-4671-8e47-73c3642688f5 ] Request - Headers: {'Content-Type': 'application/json', 'Accept': 'application/json', 'X-Auth-Token': ''} Body: None Response - Headers: {'status': '404', u'content-length': '132', 'content-location': 'http://172.30.9.28:9696/v2.0/ports/06a421ed-2c90-4a40-bb80-98b03a83ee00', u'date': 'Mon, 10 Dec 2018 06:32:55 GMT', u'content-type': 'application/json', u'connection': 'close', u'x-openstack-request-id': 'req-070028e9-ab8a-4671-8e47-73c3642688f5'} Body: {"NeutronError": {"message": "Port 06a421ed-2c90-4a40-bb80-98b03a83ee00 could not be found.", "type": "PortNotFound", "detail": ""}} _log_request_full /root/.rally/verification/verifier-4e323c96-aa5f-4fa4-8737-1208bd9caa0f/repo/tempest/lib/common/rest_client.py:436
2018-12-10 06:32:55.541 17844 INFO tempest.lib.common.rest_client [req-33a71d9b-a40a-4b06-87e7-747160857792 ] Request (TrunkTestJSON:_run_cleanups): 404 DELETE http://172.30.9.28:9696/v2.0/ports/13b4f62a-7008-48bd-ae2c-e272bc5b7cb4 0.033s
2018-12-10 06:32:55.542 17844 DEBUG tempest.lib.common.rest_client [req-33a71d9b-a40a-4b06-87e7-747160857792 ] Request - Headers: {'Content-Type': 'application/json', 'Accept': 'application/json', 'X-Auth-Token': ''} Body: None Response - Headers: {'status': '404', u'content-length': '132', 'content-location': 'http://172.30.9.28:9696/v2.0/ports/13b4f62a-7008-48bd-ae2c-e272bc5b7cb4', u'date': 'Mon, 10 Dec 2018 06:32:55 GMT', u'content-type': 'application/json', u'connection': 'close', u'x-openstack-request-id': 'req-33a71d9b-a40a-4b06-87e7-747160857792'} Body: {"NeutronError": {"message": "Port 13b4f62a-7008-48bd-ae2c-e272bc5b7cb4 could not be found.", "type": "PortNotFound", "detail": ""}} _log_request_full /root/.rally/verification/verifier-4e323c96-aa5f-4fa4-8737-1208bd9caa0f/repo/tempest/lib/common/rest_client.py:436
2018-12-10 06:32:55.574 17844 INFO tempest.lib.common.rest_client [req-faefdbec-11ab-42c3-9dad-08ca2a8c99d5 ] Request (TrunkTestJSON:_run_cleanups): 404 DELETE http://172.30.9.28:9696/v2.0/ports/8f4ca4ea-ac58-47db-a275-a784ae97947c 0.032s
2018-12-10 06:32:55.575 17844 DEBUG tempest.lib.common.rest_client [req-faefdbec-11ab-42c3-9dad-08ca2a8c99d5 ] Request - Headers: {'Content-Type': 'application/json', 'Accept': 'application/json', 'X-Auth-Token': ''} Body: None Response - Headers: {'status': '404', u'content-length': '132', 'content-location': 'http://172.30.9.28:9696/v2.0/ports/8f4ca4ea-ac58-47db-a275-a784ae97947c', u'date': 'Mon, 10 Dec 2018 06:32:55 GMT', u'content-type': 'application/json', u'connection': 'close', u'x-openstack-request-id': 'req-faefdbec-11ab-42c3-9dad-08ca2a8c99d5'} Body: {"NeutronError": {"message": "Port 8f4ca4ea-ac58-47db-a275-a784ae97947c could not be found.", "type": "PortNotFound", "detail": ""}} _log_request_full /root/.rally/verification/verifier-4e323c96-aa5f-4fa4-8737-1208bd9caa0f/repo/tempest/lib/common/rest_client.py:436
2018-12-10 06:32:55.609 17844 INFO tempest.lib.common.rest_client [req-ecc69c9b-1ba9-44d4-bc22-507fcd2ffa86 ] Request (TrunkTestJSON:_run_cleanups): 404 DELETE http://172.30.9.28:9696/v2.0/ports/f34fa1c5-3fb7-493a-8682-8001dd0e4583 0.033s
2018-12-10 06:32:55.609 17844 DEBUG tempest.lib.common.rest_client [req-ecc69c9b-1ba9-44d4-bc22-507fcd2ffa86 ] Request - Headers: {'Content-Type': 'application/json', 'Accept': 'application/json', 'X-Auth-Token': ''} Body: None Response - Headers: {'status': '404', u'content-length': '132', 'content-location': 'http://172.30.9.28:9696/v2.0/ports/f34fa1c5-3fb7-493a-8682-8001dd0e4583', u'date': 'Mon, 10 Dec 2018 06:32:55 GMT', u'content-type': 'application/json', u'connection': 'close', u'x-openstack-request-id': 'req-ecc69c9b-1ba9-44d4-bc22-507fcd2ffa86'} Body: {"NeutronError": {"message": "Port f34fa1c5-3fb7-493a-8682-8001dd0e4583 could not be found.", "type": "PortNotFound", "detail": ""}} _log_request_full /root/.rally/verification/verifier-4e323c96-aa5f-4fa4-8737-1208bd9caa0f/repo/tempest/lib/common/rest_client.py:436
2018-12-10 06:32:55.640 17844 INFO tempest.lib.common.rest_client [req-ca945769-4035-45c7-9ffa-6d0f8f5b7bb7 ] Request (TrunkTestJSON:_run_cleanups): 404 DELETE http://172.30.9.28:9696/v2.0/ports/467ee26e-fe0b-40d6-96bf-fb70db44e5ba 0.030s
2018-12-10 06:32:55.641 17844 DEBUG tempest.lib.common.rest_client [req-ca945769-4035-45c7-9ffa-6d0f8f5b7bb7 ] Request - Headers: {'Content-Type': 'application/json', 'Accept': 'application/json', 'X-Auth-Token': ''} Body: None Response - Headers: {'status': '404', u'content-length': '132', 'content-location': 'http://172.30.9.28:9696/v2.0/ports/467ee26e-fe0b-40d6-96bf-fb70db44e5ba', u'date': 'Mon, 10 Dec 2018 06:32:55 GMT', u'content-type': 'application/json', u'connection': 'close', u'x-openstack-request-id': 'req-ca945769-4035-45c7-9ffa-6d0f8f5b7bb7'} Body: {"NeutronError": {"message": "Port 467ee26e-fe0b-40d6-96bf-fb70db44e5ba could not be found.", "type": "PortNotFound", "detail": ""}} _log_request_full /root/.rally/verification/verifier-4e323c96-aa5f-4fa4-8737-1208bd9caa0f/repo/tempest/lib/common/rest_client.py:436
2018-12-10 06:32:55.679 17844 INFO tempest.lib.common.rest_client [req-ea2120a8-4645-4bcc-b258-513051e3b40c ] Request (TrunkTestJSON:_run_cleanups): 404 DELETE http://172.30.9.28:9696/v2.0/ports/11357b32-dc33-4a08-956c-ed57bf63d6b1 0.037s
2018-12-10 06:32:55.679 17844 DEBUG tempest.lib.common.rest_client [req-ea2120a8-4645-4bcc-b258-513051e3b40c ] Request - Headers: {'Content-Type': 'application/json', 'Accept': 'application/json', 'X-Auth-Token': ''} Body: None Response - Headers: {'status': '404', u'content-length': '132', 'content-location': 'http://172.30.9.28:9696/v2.0/ports/11357b32-dc33-4a08-956c-ed57bf63d6b1', u'date': 'Mon, 10 Dec 2018 06:32:55 GMT', u'content-type': 'application/json', u'connection': 'close', u'x-openstack-request-id': 'req-ea2120a8-4645-4bcc-b258-513051e3b40c'} Body: {"NeutronError": {"message": "Port 11357b32-dc33-4a08-956c-ed57bf63d6b1 could not be found.", "type": "PortNotFound", "detail": ""}} _log_request_full /root/.rally/verification/verifier-4e323c96-aa5f-4fa4-8737-1208bd9caa0f/repo/tempest/lib/common/rest_client.py:436
2018-12-10 06:32:55.717 17844 INFO tempest.lib.common.rest_client [req-a3456876-519a-4cac-80a5-185c325977d7 ] Request (TrunkTestJSON:_run_cleanups): 404 DELETE http://172.30.9.28:9696/v2.0/ports/81c98415-7649-4e3f-b5b5-809bf66a4cff 0.037s
2018-12-10 06:32:55.718 17844 DEBUG tempest.lib.common.rest_client [req-a3456876-519a-4cac-80a5-185c325977d7 ] Request - Headers: {'Content-Type': 'application/json', 'Accept': 'application/json', 'X-Auth-Token': ''} Body: None Response - Headers: {'status': '404', u'content-length': '132', 'content-location': 'http://172.30.9.28:9696/v2.0/ports/81c98415-7649-4e3f-b5b5-809bf66a4cff', u'date': 'Mon, 10 Dec 2018 06:32:55 GMT', u'content-type': 'application/json', u'connection': 'close', u'x-openstack-request-id': 'req-a3456876-519a-4cac-80a5-185c325977d7'} Body: {"NeutronError": {"message": "Port 81c98415-7649-4e3f-b5b5-809bf66a4cff could not be found.", "type": "PortNotFound", "detail": ""}} _log_request_full /root/.rally/verification/verifier-4e323c96-aa5f-4fa4-8737-1208bd9caa0f/repo/tempest/lib/common/rest_client.py:436
2018-12-10 06:32:55.742 17840 INFO tempest.lib.common.rest_client [req-0ce30fa8-8d04-4da5-9b05-2bdbb0cef391 ] Request (TrunkTestJSON:_run_cleanups): 404 GET http://172.30.9.28:9696/v2.0/trunks/de9b0518-2bc1-465b-9b62-3c7c5ac25e6a 0.294s
2018-12-10 06:32:55.742 17840 DEBUG tempest.lib.common.rest_client [req-0ce30fa8-8d04-4da5-9b05-2bdbb0cef391 ] Request - Headers: {'Content-Type': 'application/json', 'Accept': 'application/json', 'X-Auth-Token': ''} Body: None Response - Headers: {'status': '404', u'content-length': '134', 'content-location': 'http://172.30.9.28:9696/v2.0/trunks/de9b0518-2bc1-465b-9b62-3c7c5ac25e6a', u'date': 'Mon, 10 Dec 2018 06:32:55 GMT', u'content-type': 'application/json', u'connection': 'close', u'x-openstack-request-id': 'req-0ce30fa8-8d04-4da5-9b05-2bdbb0cef391'} Body: {"NeutronError": {"message": "Trunk de9b0518-2bc1-465b-9b62-3c7c5ac25e6a could not be found.", "type": "TrunkNotFound", "detail": ""}} _log_request_full /root/.rally/verification/verifier-4e323c96-aa5f-4fa4-8737-1208bd9caa0f/repo/tempest/lib/common/rest_client.py:436
2018-12-10 06:32:55.758 17840 INFO tempest.lib.common.rest_client [req-029d85e4-39f2-42df-b4c4-bc413fa0b033 ] Request (TrunkTestJSON:_run_cleanups): 404 GET http://172.30.9.28:9696/v2.0/trunks/15478c8b-b7ae-44da-b5aa-4d000e9884e7 0.015s
2018-12-10 06:32:55.758 17840 DEBUG tempest.lib.common.rest_client [req-029d85e4-39f2-42df-b4c4-bc413fa0b033 ] Request - Headers: {'Content-Type': 'application/json', 'Accept': 'application/json', 'X-Auth-Token': ''} Body: None Response - Headers: {'status': '404', u'content-length': '134', 'content-location': 'http://172.30.9.28:9696/v2.0/trunks/15478c8b-b7ae-44da-b5aa-4d000e9884e7', u'date': 'Mon, 10 Dec 2018 06:32:55 GMT', u'content-type': 'application/json', u'connection': 'close', u'x-openstack-request-id': 'req-029d85e4-39f2-42df-b4c4-bc413fa0b033'} Body: {"NeutronError": {"message": "Trunk 15478c8b-b7ae-44da-b5aa-4d000e9884e7 could not be found.", "type": "TrunkNotFound", "detail": ""}} _log_request_full /root/.rally/verification/verifier-4e323c96-aa5f-4fa4-8737-1208bd9caa0f/repo/tempest/lib/common/rest_client.py:436
2018-12-10 06:32:55.764 17841 INFO tempest.lib.common.rest_client [req-b294c5a8-221b-49ed-9992-0f0f4a8c4e2f ] Request (TrunkTest:test_trunk_subport_lifecycle): 201 POST http://172.30.9.28:9696/v2.0/ports 0.764s
2018-12-10 06:32:55.764 17841 DEBUG tempest.lib.common.rest_client [req-b294c5a8-221b-49ed-9992-0f0f4a8c4e2f ] Request - Headers: {'Content-Type': 'application/json', 'Accept': 'application/json', 'X-Auth-Token': ''} Body: {"port": {"network_id": "7f8d2ad0-b34c-446a-bfa1-d89762c2d786"}} Response - Headers: {'status': '201', u'content-length': '664', 'content-location': 'http://172.30.9.28:9696/v2.0/ports', u'date': 'Mon, 10 Dec 2018 06:32:55 GMT', u'content-type': 'application/json', u'connection': 'close', u'x-openstack-request-id': 'req-b294c5a8-221b-49ed-9992-0f0f4a8c4e2f'} Body: {"port":{"allowed_address_pairs":[],"extra_dhcp_opts":[],"updated_at":"2018-12-10T06:32:55Z","device_owner":"","revision_number":2,"port_security_enabled":true,"fixed_ips":[],"id":"281d8671-eecf-4051-85f3-6f9e1fc9d0ca","security_groups":["432f3b7f-a95d-4e18-b71a-48a92b0f027d"],"mac_address":"fa:16:3e:93:07:5d","device_id":"","status":"DOWN","description":"","tags":[],"name":"","project_id":"0d9b9848342f4f4a8b9dd85b10501895","qos_policy_id":null,"admin_state_up":true,"network_id":"7f8d2ad0-b34c-446a-bfa1-d89762c2d786","tenant_id":"0d9b9848342f4f4a8b9dd85b10501895","created_at":"2018-12-10T06:32:55Z","binding:vnic_type":"normal","ip_allocation":"immediate"}} _log_request_full /root/.rally/verification/verifier-4e323c96-aa5f-4fa4-8737-1208bd9caa0f/repo/tempest/lib/common/rest_client.py:436
2018-12-10 06:32:55.770 17844 INFO tempest.lib.common.rest_client [req-1fd13b1a-4221-4d54-8f71-1f7255364aef ] Request (TrunkTestJSON:_run_cleanups): 404 DELETE http://172.30.9.28:9696/v2.0/ports/a8ffa434-e39e-4093-a598-e114e7e9c922 0.052s
2018-12-10 06:32:55.770 17844 DEBUG tempest.lib.common.rest_client [req-1fd13b1a-4221-4d54-8f71-1f7255364aef ] Request - Headers: {'Content-Type': 'application/json', 'Accept': 'application/json', 'X-Auth-Token': ''} Body: None Response - Headers: {'status': '404', u'content-length': '132', 'content-location': 'http://172.30.9.28:9696/v2.0/ports/a8ffa434-e39e-4093-a598-e114e7e9c922', u'date': 'Mon, 10 Dec 2018 06:32:55 GMT', u'content-type': 'application/json', u'connection': 'close', u'x-openstack-request-id': 'req-1fd13b1a-4221-4d54-8f71-1f7255364aef'} Body: {"NeutronError": {"message": "Port a8ffa434-e39e-4093-a598-e114e7e9c922 could not be found.", "type": "PortNotFound", "detail": ""}} _log_request_full /root/.rally/verification/verifier-4e323c96-aa5f-4fa4-8737-1208bd9caa0f/repo/tempest/lib/common/rest_client.py:436
2018-12-10 06:32:55.775 17840 INFO tempest.lib.common.rest_client [req-c3e2c5d0-8dcb-4191-9eab-491efa943dd2 ] Request (TrunkTestJSON:_run_cleanups): 404 GET http://172.30.9.28:9696/v2.0/trunks/17189315-6105-4190-991b-1cab292f901c 0.015s
2018-12-10 06:32:55.775 17840 DEBUG tempest.lib.common.rest_client [req-c3e2c5d0-8dcb-4191-9eab-491efa943dd2 ] Request - Headers: {'Content-Type': 'application/json', 'Accept': 'application/json', 'X-Auth-Token': ''} Body: None Response - Headers: {'status': '404', u'content-length': '134', 'content-location': 'http://172.30.9.28:9696/v2.0/trunks/17189315-6105-4190-991b-1cab292f901c', u'date': 'Mon, 10 Dec 2018 06:32:55 GMT', u'content-type': 'application/json', u'connection': 'close', u'x-openstack-request-id': 'req-c3e2c5d0-8dcb-4191-9eab-491efa943dd2'} Body: {"NeutronError": {"message": "Trunk 17189315-6105-4190-991b-1cab292f901c could not be found.", "type": "TrunkNotFound", "detail": ""}} _log_request_full /root/.rally/verification/verifier-4e323c96-aa5f-4fa4-8737-1208bd9caa0f/repo/tempest/lib/common/rest_client.py:436
2018-12-10 06:32:55.789 17840 INFO tempest.lib.common.rest_client [req-b944583a-b4fb-49da-b980-f4515c4ea873 ] Request (TrunkTestJSON:_run_cleanups): 404 GET http://172.30.9.28:9696/v2.0/trunks/668e3fec-ceb9-43c7-8687-1b821a7a07d1 0.013s
2018-12-10 06:32:55.789 17840 DEBUG tempest.lib.common.rest_client [req-b944583a-b4fb-49da-b980-f4515c4ea873 ] Request - Headers: {'Content-Type': 'application/json', 'Accept': 'application/json', 'X-Auth-Token': ''} Body: None Response - Headers: {'status': '404', u'content-length': '134', 'content-location': 'http://172.30.9.28:9696/v2.0/trunks/668e3fec-ceb9-43c7-8687-1b821a7a07d1', u'date': 'Mon, 10 Dec 2018 06:32:55 GMT', u'content-type': 'application/json', u'connection': 'close', u'x-openstack-request-id': 'req-b944583a-b4fb-49da-b980-f4515c4ea873'} Body: {"NeutronError": {"message": "Trunk 668e3fec-ceb9-43c7-8687-1b821a7a07d1 could not be found.", "type": "TrunkNotFound", "detail": ""}} _log_request_full /root/.rally/verification/verifier-4e323c96-aa5f-4fa4-8737-1208bd9caa0f/repo/tempest/lib/common/rest_client.py:436
2018-12-10 06:32:55.806 17844 INFO tempest.lib.common.rest_client [req-9fb68f8f-6274-4029-a7cc-988d4cb71985 ] Request (TrunkTestJSON:_run_cleanups): 404 DELETE http://172.30.9.28:9696/v2.0/ports/b5b3b17d-930b-4b03-9426-6d3ede50aafe 0.035s
2018-12-10 06:32:55.806 17844 DEBUG tempest.lib.common.rest_client [req-9fb68f8f-6274-4029-a7cc-988d4cb71985 ] Request - Headers: {'Content-Type': 'application/json', 'Accept': 'application/json', 'X-Auth-Token': ''} Body: None Response - Headers: {'status': '404', u'content-length': '132', 'content-location': 'http://172.30.9.28:9696/v2.0/ports/b5b3b17d-930b-4b03-9426-6d3ede50aafe', u'date': 'Mon, 10 Dec 2018 06:32:55 GMT', u'content-type': 'application/json', u'connection': 'close', u'x-openstack-request-id': 'req-9fb68f8f-6274-4029-a7cc-988d4cb71985'} Body: {"NeutronError": {"message": "Port b5b3b17d-930b-4b03-9426-6d3ede50aafe could not be found.", "type": "PortNotFound", "detail": ""}} _log_request_full /root/.rally/verification/verifier-4e323c96-aa5f-4fa4-8737-1208bd9caa0f/repo/tempest/lib/common/rest_client.py:436
2018-12-10 06:32:55.809 17840 INFO tempest.lib.common.rest_client [req-c2c29cee-0ad2-45c6-aadf-51115795a236 ] Request (TrunkTestJSON:_run_cleanups): 404 GET http://172.30.9.28:9696/v2.0/trunks/f2ded04b-28ba-4c6a-a6cb-7e6610207271 0.019s
2018-12-10 06:32:55.809 17840 DEBUG tempest.lib.common.rest_client [req-c2c29cee-0ad2-45c6-aadf-51115795a236 ] Request - Headers: {'Content-Type': 'application/json', 'Accept': 'application/json', 'X-Auth-Token': ''} Body: None Response - Headers: {'status': '404', u'content-length': '134', 'content-location': 'http://172.30.9.28:9696/v2.0/trunks/f2ded04b-28ba-4c6a-a6cb-7e6610207271', u'date': 'Mon, 10 Dec 2018 06:32:55 GMT', u'content-type': 'application/json', u'connection': 'close', u'x-openstack-request-id': 'req-c2c29cee-0ad2-45c6-aadf-51115795a236'} Body: {"NeutronError": {"message": "Trunk f2ded04b-28ba-4c6a-a6cb-7e6610207271 could not be found.", "type": "TrunkNotFound", "detail": ""}} _log_request_full /root/.rally/verification/verifier-4e323c96-aa5f-4fa4-8737-1208bd9caa0f/repo/tempest/lib/common/rest_client.py:436
2018-12-10 06:32:55.823 17840 INFO tempest.lib.common.rest_client [req-9e909a91-1b3e-4885-9bb6-0c7d734c61f2 ] Request (TrunkTestJSON:_run_cleanups): 404 GET http://172.30.9.28:9696/v2.0/trunks/5d349e24-5a7f-4033-8e17-ec86e7873302 0.013s
2018-12-10 06:32:55.824 17840 DEBUG tempest.lib.common.rest_client [req-9e909a91-1b3e-4885-9bb6-0c7d734c61f2 ] Request - Headers: {'Content-Type': 'application/json', 'Accept': 'application/json', 'X-Auth-Token': ''} Body: None Response - Headers: {'status': '404', u'content-length': '134', 'content-location': 'http://172.30.9.28:9696/v2.0/trunks/5d349e24-5a7f-4033-8e17-ec86e7873302', u'date': 'Mon, 10 Dec 2018 06:32:55 GMT', u'content-type': 'application/json', u'connection': 'close', u'x-openstack-request-id': 'req-9e909a91-1b3e-4885-9bb6-0c7d734c61f2'} Body: {"NeutronError": {"message": "Trunk 5d349e24-5a7f-4033-8e17-ec86e7873302 could not be found.", "type": "TrunkNotFound", "detail": ""}} _log_request_full /root/.rally/verification/verifier-4e323c96-aa5f-4fa4-8737-1208bd9caa0f/repo/tempest/lib/common/rest_client.py:436
2018-12-10 06:32:55.845 17844 INFO tempest.lib.common.rest_client [req-b91d2bc6-6677-4a5d-938f-5f014d63ff03 ] Request (TrunkTestJSON:_run_cleanups): 404 DELETE http://172.30.9.28:9696/v2.0/ports/e0dd09c6-c7c2-44b2-b611-3f7569efb665 0.037s
