2018-12-02 02:12:02.710 16274 DEBUG tempest.lib.common.rest_client [req-1e08e45e-0965-4cf9-b81c-34b63751dc7e ] Request - Headers: {'Content-Type': 'application/json', 'Accept': 'application/json', 'X-Auth-Token': ''} Body: None Response - Headers: {'status': '404', u'content-length': '134', 'content-location': 'http://172.30.9.23:9696/v2.0/trunks/fc3e82bc-07e3-4e51-b12d-1c5e6dc96720/get_subports', u'date': 'Sun, 02 Dec 2018 02:12:02 GMT', u'content-type': 'application/json', u'connection': 'close', u'x-openstack-request-id': 'req-1e08e45e-0965-4cf9-b81c-34b63751dc7e'} Body: {"NeutronError": {"message": "Trunk fc3e82bc-07e3-4e51-b12d-1c5e6dc96720 could not be found.", "type": "TrunkNotFound", "detail": ""}} _log_request_full /root/.rally/verification/verifier-c72390e8-205b-483b-a411-f8e322219910/repo/tempest/lib/common/rest_client.py:436
2018-12-02 02:12:02.728 16274 INFO tempest.lib.common.rest_client [req-b90b87c5-ccbc-4ea3-9360-d57e0fedc68b ] Request (TrunkTestJSON:_run_cleanups): 404 DELETE http://172.30.9.23:9696/v2.0/trunks/fc3e82bc-07e3-4e51-b12d-1c5e6dc96720 0.017s
2018-12-02 02:12:02.728 16274 DEBUG tempest.lib.common.rest_client [req-b90b87c5-ccbc-4ea3-9360-d57e0fedc68b ] Request - Headers: {'Content-Type': 'application/json', 'Accept': 'application/json', 'X-Auth-Token': ''} Body: None Response - Headers: {'status': '404', u'content-length': '134', 'content-location': 'http://172.30.9.23:9696/v2.0/trunks/fc3e82bc-07e3-4e51-b12d-1c5e6dc96720', u'date': 'Sun, 02 Dec 2018 02:12:02 GMT', u'content-type': 'application/json', u'connection': 'close', u'x-openstack-request-id': 'req-b90b87c5-ccbc-4ea3-9360-d57e0fedc68b'} Body: {"NeutronError": {"message": "Trunk fc3e82bc-07e3-4e51-b12d-1c5e6dc96720 could not be found.", "type": "TrunkNotFound", "detail": ""}} _log_request_full /root/.rally/verification/verifier-c72390e8-205b-483b-a411-f8e322219910/repo/tempest/lib/common/rest_client.py:436
2018-12-02 02:12:02.743 16274 INFO tempest.lib.common.rest_client [req-d6746c5c-4674-4d3c-ac6a-f26b081a52ed ] Request (TrunkTestJSON:_run_cleanups): 404 GET http://172.30.9.23:9696/v2.0/trunks/9373199a-6b32-4e71-b9c4-155d32dc76fd/get_subports 0.014s
2018-12-02 02:12:02.744 16274 DEBUG tempest.lib.common.rest_client [req-d6746c5c-4674-4d3c-ac6a-f26b081a52ed ] Request - Headers: {'Content-Type': 'application/json', 'Accept': 'application/json', 'X-Auth-Token': ''} Body: None Response - Headers: {'status': '404', u'content-length': '134', 'content-location': 'http://172.30.9.23:9696/v2.0/trunks/9373199a-6b32-4e71-b9c4-155d32dc76fd/get_subports', u'date': 'Sun, 02 Dec 2018 02:12:02 GMT', u'content-type': 'application/json', u'connection': 'close', u'x-openstack-request-id': 'req-d6746c5c-4674-4d3c-ac6a-f26b081a52ed'} Body: {"NeutronError": {"message": "Trunk 9373199a-6b32-4e71-b9c4-155d32dc76fd could not be found.", "type": "TrunkNotFound", "detail": ""}} _log_request_full /root/.rally/verification/verifier-c72390e8-205b-483b-a411-f8e322219910/repo/tempest/lib/common/rest_client.py:436
2018-12-02 02:12:02.765 16274 INFO tempest.lib.common.rest_client [req-7ebd0f4a-adbf-4740-93c8-134d643b2303 ] Request (TrunkTestJSON:_run_cleanups): 404 DELETE http://172.30.9.23:9696/v2.0/trunks/9373199a-6b32-4e71-b9c4-155d32dc76fd 0.020s
2018-12-02 02:12:02.765 16274 DEBUG tempest.lib.common.rest_client [req-7ebd0f4a-adbf-4740-93c8-134d643b2303 ] Request - Headers: {'Content-Type': 'application/json', 'Accept': 'application/json', 'X-Auth-Token': ''} Body: None Response - Headers: {'status': '404', u'content-length': '134', 'content-location': 'http://172.30.9.23:9696/v2.0/trunks/9373199a-6b32-4e71-b9c4-155d32dc76fd', u'date': 'Sun, 02 Dec 2018 02:12:02 GMT', u'content-type': 'application/json', u'connection': 'close', u'x-openstack-request-id': 'req-7ebd0f4a-adbf-4740-93c8-134d643b2303'} Body: {"NeutronError": {"message": "Trunk 9373199a-6b32-4e71-b9c4-155d32dc76fd could not be found.", "type": "TrunkNotFound", "detail": ""}} _log_request_full /root/.rally/verification/verifier-c72390e8-205b-483b-a411-f8e322219910/repo/tempest/lib/common/rest_client.py:436
2018-12-02 02:12:02.778 16274 INFO tempest.lib.common.rest_client [req-08ee3af2-d68d-40a9-b739-3c8f76259dbe ] Request (TrunkTestJSON:_run_cleanups): 404 GET http://172.30.9.23:9696/v2.0/trunks/621eebb6-5505-46b7-adcb-60998d1f1985/get_subports 0.012s
2018-12-02 02:12:02.778 16274 DEBUG tempest.lib.common.rest_client [req-08ee3af2-d68d-40a9-b739-3c8f76259dbe ] Request - Headers: {'Content-Type': 'application/json', 'Accept': 'application/json', 'X-Auth-Token': ''} Body: None Response - Headers: {'status': '404', u'content-length': '134', 'content-location': 'http://172.30.9.23:9696/v2.0/trunks/621eebb6-5505-46b7-adcb-60998d1f1985/get_subports', u'date': 'Sun, 02 Dec 2018 02:12:02 GMT', u'content-type': 'application/json', u'connection': 'close', u'x-openstack-request-id': 'req-08ee3af2-d68d-40a9-b739-3c8f76259dbe'} Body: {"NeutronError": {"message": "Trunk 621eebb6-5505-46b7-adcb-60998d1f1985 could not be found.", "type": "TrunkNotFound", "detail": ""}} _log_request_full /root/.rally/verification/verifier-c72390e8-205b-483b-a411-f8e322219910/repo/tempest/lib/common/rest_client.py:436
2018-12-02 02:12:02.793 16274 INFO tempest.lib.common.rest_client [req-9cd902c8-e9d3-4307-8888-81899c28dfb9 ] Request (TrunkTestJSON:_run_cleanups): 404 DELETE http://172.30.9.23:9696/v2.0/trunks/621eebb6-5505-46b7-adcb-60998d1f1985 0.014s
2018-12-02 02:12:02.793 16274 DEBUG tempest.lib.common.rest_client [req-9cd902c8-e9d3-4307-8888-81899c28dfb9 ] Request - Headers: {'Content-Type': 'application/json', 'Accept': 'application/json', 'X-Auth-Token': ''} Body: None Response - Headers: {'status': '404', u'content-length': '134', 'content-location': 'http://172.30.9.23:9696/v2.0/trunks/621eebb6-5505-46b7-adcb-60998d1f1985', u'date': 'Sun, 02 Dec 2018 02:12:02 GMT', u'content-type': 'application/json', u'connection': 'close', u'x-openstack-request-id': 'req-9cd902c8-e9d3-4307-8888-81899c28dfb9'} Body: {"NeutronError": {"message": "Trunk 621eebb6-5505-46b7-adcb-60998d1f1985 could not be found.", "type": "TrunkNotFound", "detail": ""}} _log_request_full /root/.rally/verification/verifier-c72390e8-205b-483b-a411-f8e322219910/repo/tempest/lib/common/rest_client.py:436
2018-12-02 02:12:02.808 16274 INFO tempest.lib.common.rest_client [req-1d7eae04-96a0-4a9c-9354-a95b87317214 ] Request (TrunkTestJSON:_run_cleanups): 404 GET http://172.30.9.23:9696/v2.0/trunks/832d5327-1403-4027-8f70-0d6305c98671/get_subports 0.014s
2018-12-02 02:12:02.808 16274 DEBUG tempest.lib.common.rest_client [req-1d7eae04-96a0-4a9c-9354-a95b87317214 ] Request - Headers: {'Content-Type': 'application/json', 'Accept': 'application/json', 'X-Auth-Token': ''} Body: None Response - Headers: {'status': '404', u'content-length': '134', 'content-location': 'http://172.30.9.23:9696/v2.0/trunks/832d5327-1403-4027-8f70-0d6305c98671/get_subports', u'date': 'Sun, 02 Dec 2018 02:12:02 GMT', u'content-type': 'application/json', u'connection': 'close', u'x-openstack-request-id': 'req-1d7eae04-96a0-4a9c-9354-a95b87317214'} Body: {"NeutronError": {"message": "Trunk 832d5327-1403-4027-8f70-0d6305c98671 could not be found.", "type": "TrunkNotFound", "detail": ""}} _log_request_full /root/.rally/verification/verifier-c72390e8-205b-483b-a411-f8e322219910/repo/tempest/lib/common/rest_client.py:436
2018-12-02 02:12:02.823 16274 INFO tempest.lib.common.rest_client [req-25439fe7-b25f-4dc7-9615-7d2aef475607 ] Request (TrunkTestJSON:_run_cleanups): 404 DELETE http://172.30.9.23:9696/v2.0/trunks/832d5327-1403-4027-8f70-0d6305c98671 0.014s
2018-12-02 02:12:02.823 16274 DEBUG tempest.lib.common.rest_client [req-25439fe7-b25f-4dc7-9615-7d2aef475607 ] Request - Headers: {'Content-Type': 'application/json', 'Accept': 'application/json', 'X-Auth-Token': ''} Body: None Response - Headers: {'status': '404', u'content-length': '134', 'content-location': 'http://172.30.9.23:9696/v2.0/trunks/832d5327-1403-4027-8f70-0d6305c98671', u'date': 'Sun, 02 Dec 2018 02:12:02 GMT', u'content-type': 'application/json', u'connection': 'close', u'x-openstack-request-id': 'req-25439fe7-b25f-4dc7-9615-7d2aef475607'} Body: {"NeutronError": {"message": "Trunk 832d5327-1403-4027-8f70-0d6305c98671 could not be found.", "type": "TrunkNotFound", "detail": ""}} _log_request_full /root/.rally/verification/verifier-c72390e8-205b-483b-a411-f8e322219910/repo/tempest/lib/common/rest_client.py:436
2018-12-02 02:12:02.854 16274 INFO tempest.lib.common.rest_client [req-c011fdcb-7de1-4aaa-a2ac-c8a94bc240fc ] Request (TrunkTestJSON:_run_cleanups): 200 GET http://172.30.9.23:9696/v2.0/trunks/e1728dda-8899-47db-85a5-4ae677f9c25c/get_subports 0.030s
2018-12-02 02:12:02.854 16274 DEBUG tempest.lib.common.rest_client [req-c011fdcb-7de1-4aaa-a2ac-c8a94bc240fc ] Request - Headers: {'Content-Type': 'application/json', 'Accept': 'application/json', 'X-Auth-Token': ''} Body: None Response - Headers: {'status': '200', u'content-length': '17', 'content-location': 'http://172.30.9.23:9696/v2.0/trunks/e1728dda-8899-47db-85a5-4ae677f9c25c/get_subports', u'date': 'Sun, 02 Dec 2018 02:12:02 GMT', u'content-type': 'application/json', u'connection': 'close', u'x-openstack-request-id': 'req-c011fdcb-7de1-4aaa-a2ac-c8a94bc240fc'} Body: {"sub_ports": []} _log_request_full /root/.rally/verification/verifier-c72390e8-205b-483b-a411-f8e322219910/repo/tempest/lib/common/rest_client.py:436
2018-12-02 02:12:02.904 16274 INFO tempest.lib.common.rest_client [req-f9050c28-ea81-4fcc-af16-2ddb1cabe267 ] Request (TrunkTestJSON:_run_cleanups): 200 PUT http://172.30.9.23:9696/v2.0/trunks/e1728dda-8899-47db-85a5-4ae677f9c25c/remove_subports 0.050s
2018-12-02 02:12:02.904 16274 DEBUG tempest.lib.common.rest_client [req-f9050c28-ea81-4fcc-af16-2ddb1cabe267 ] Request - Headers: {'Content-Type': 'application/json', 'Accept': 'application/json', 'X-Auth-Token': ''} Body: {"sub_ports": []} Response - Headers: {'status': '200', u'content-length': '396', 'content-location': 'http://172.30.9.23:9696/v2.0/trunks/e1728dda-8899-47db-85a5-4ae677f9c25c/remove_subports', u'date': 'Sun, 02 Dec 2018 02:12:02 GMT', u'content-type': 'application/json', u'connection': 'close', u'x-openstack-request-id': 'req-f9050c28-ea81-4fcc-af16-2ddb1cabe267'} Body: {"status": "DOWN", "sub_ports": [], "name": "", "admin_state_up": true, "tenant_id": "a3be1372c5c44c66a871b42c388acec1", "created_at": "2018-12-02T02:12:01Z", "tags": [], "updated_at": "2018-12-02T02:12:02Z", "revision_number": 1, "project_id": "a3be1372c5c44c66a871b42c388acec1", "port_id": "ab8e881b-ae7a-444d-965d-6d6c7fc2da31", "id": "e1728dda-8899-47db-85a5-4ae677f9c25c", "description": ""} _log_request_full /root/.rally/verification/verifier-c72390e8-205b-483b-a411-f8e322219910/repo/tempest/lib/common/rest_client.py:436
2018-12-02 02:12:03.034 16270 INFO tempest.lib.common.rest_client [req-f436c0f7-f0fd-43fc-bae8-b3676bdfc4ff ] Request (TrunkTestJSON:_run_cleanups): 204 DELETE http://172.30.9.23:9696/v2.0/networks/c8ce39cb-7ae7-491f-87cc-3898cd7f3f8e 0.738s
2018-12-02 02:12:03.034 16270 DEBUG tempest.lib.common.rest_client [req-f436c0f7-f0fd-43fc-bae8-b3676bdfc4ff ] Request - Headers: {'Content-Type': 'application/json', 'Accept': 'application/json', 'X-Auth-Token': ''} Body: None Response - Headers: {'status': '204', u'content-length': '0', 'content-location': 'http://172.30.9.23:9696/v2.0/networks/c8ce39cb-7ae7-491f-87cc-3898cd7f3f8e', u'date': 'Sun, 02 Dec 2018 02:12:03 GMT', u'connection': 'close', u'x-openstack-request-id': 'req-f436c0f7-f0fd-43fc-bae8-b3676bdfc4ff'} Body: _log_request_full /root/.rally/verification/verifier-c72390e8-205b-483b-a411-f8e322219910/repo/tempest/lib/common/rest_client.py:436
2018-12-02 02:12:03.041 16274 INFO tempest.lib.common.rest_client [req-cc255964-3241-46e8-b37d-510e45c40de7 ] Request (TrunkTestJSON:_run_cleanups): 204 DELETE http://172.30.9.23:9696/v2.0/trunks/e1728dda-8899-47db-85a5-4ae677f9c25c 0.135s
2018-12-02 02:12:03.041 16274 DEBUG tempest.lib.common.rest_client [req-cc255964-3241-46e8-b37d-510e45c40de7 ] Request - Headers: {'Content-Type': 'application/json', 'Accept': 'application/json', 'X-Auth-Token': ''} Body: None Response - Headers: {'status': '204', u'content-length': '0', 'content-location': 'http://172.30.9.23:9696/v2.0/trunks/e1728dda-8899-47db-85a5-4ae677f9c25c', u'date': 'Sun, 02 Dec 2018 02:12:03 GMT', u'connection': 'close', u'x-openstack-request-id': 'req-cc255964-3241-46e8-b37d-510e45c40de7'} Body: _log_request_full /root/.rally/verification/verifier-c72390e8-205b-483b-a411-f8e322219910/repo/tempest/lib/common/rest_client.py:436
2018-12-02 02:12:03.060 16274 INFO tempest.lib.common.rest_client [req-fea4b19f-deea-4352-a8e7-3c29aecb26ca ] Request (TrunkTestJSON:_run_cleanups): 404 GET http://172.30.9.23:9696/v2.0/trunks/fc3e82bc-07e3-4e51-b12d-1c5e6dc96720 0.018s
2018-12-02 02:12:03.060 16274 DEBUG tempest.lib.common.rest_client [req-fea4b19f-deea-4352-a8e7-3c29aecb26ca ] Request - Headers: {'Content-Type': 'application/json', 'Accept': 'application/json', 'X-Auth-Token': ''} Body: None Response - Headers: {'status': '404', u'content-length': '134', 'content-location': 'http://172.30.9.23:9696/v2.0/trunks/fc3e82bc-07e3-4e51-b12d-1c5e6dc96720', u'date': 'Sun, 02 Dec 2018 02:12:03 GMT', u'content-type': 'application/json', u'connection': 'close', u'x-openstack-request-id': 'req-fea4b19f-deea-4352-a8e7-3c29aecb26ca'} Body: {"NeutronError": {"message": "Trunk fc3e82bc-07e3-4e51-b12d-1c5e6dc96720 could not be found.", "type": "TrunkNotFound", "detail": ""}} _log_request_full /root/.rally/verification/verifier-c72390e8-205b-483b-a411-f8e322219910/repo/tempest/lib/common/rest_client.py:436
2018-12-02 02:12:03.081 16274 INFO tempest.lib.common.rest_client [req-1e8e0c20-5bdd-404d-ad0d-164434839579 ] Request (TrunkTestJSON:_run_cleanups): 404 GET http://172.30.9.23:9696/v2.0/trunks/9373199a-6b32-4e71-b9c4-155d32dc76fd 0.020s
2018-12-02 02:12:03.081 16274 DEBUG tempest.lib.common.rest_client [req-1e8e0c20-5bdd-404d-ad0d-164434839579 ] Request - Headers: {'Content-Type': 'application/json', 'Accept': 'application/json', 'X-Auth-Token': ''} Body: None Response - Headers: {'status': '404', u'content-length': '134', 'content-location': 'http://172.30.9.23:9696/v2.0/trunks/9373199a-6b32-4e71-b9c4-155d32dc76fd', u'date': 'Sun, 02 Dec 2018 02:12:03 GMT', u'content-type': 'application/json', u'connection': 'close', u'x-openstack-request-id': 'req-1e8e0c20-5bdd-404d-ad0d-164434839579'} Body: {"NeutronError": {"message": "Trunk 9373199a-6b32-4e71-b9c4-155d32dc76fd could not be found.", "type": "TrunkNotFound", "detail": ""}} _log_request_full /root/.rally/verification/verifier-c72390e8-205b-483b-a411-f8e322219910/repo/tempest/lib/common/rest_client.py:436
2018-12-02 02:12:03.095 16274 INFO tempest.lib.common.rest_client [req-e0f4ee6f-1429-4fbb-b08f-04c74aed7990 ] Request (TrunkTestJSON:_run_cleanups): 404 GET http://172.30.9.23:9696/v2.0/trunks/621eebb6-5505-46b7-adcb-60998d1f1985 0.013s
2018-12-02 02:12:03.096 16274 DEBUG tempest.lib.common.rest_client [req-e0f4ee6f-1429-4fbb-b08f-04c74aed7990 ] Request - Headers: {'Content-Type': 'application/json', 'Accept': 'application/json', 'X-Auth-Token': ''} Body: None Response - Headers: {'status': '404', u'content-length': '134', 'content-location': 'http://172.30.9.23:9696/v2.0/trunks/621eebb6-5505-46b7-adcb-60998d1f1985', u'date': 'Sun, 02 Dec 2018 02:12:03 GMT', u'content-type': 'application/json', u'connection': 'close', u'x-openstack-request-id': 'req-e0f4ee6f-1429-4fbb-b08f-04c74aed7990'} Body: {"NeutronError": {"message": "Trunk 621eebb6-5505-46b7-adcb-60998d1f1985 could not be found.", "type": "TrunkNotFound", "detail": ""}} _log_request_full /root/.rally/verification/verifier-c72390e8-205b-483b-a411-f8e322219910/repo/tempest/lib/common/rest_client.py:436
2018-12-02 02:12:03.110 16274 INFO tempest.lib.common.rest_client [req-3b610ea4-cd97-4434-ba58-3b116a6acbe5 ] Request (TrunkTestJSON:_run_cleanups): 404 GET http://172.30.9.23:9696/v2.0/trunks/832d5327-1403-4027-8f70-0d6305c98671 0.014s
2018-12-02 02:12:03.110 16274 DEBUG tempest.lib.common.rest_client [req-3b610ea4-cd97-4434-ba58-3b116a6acbe5 ] Request - Headers: {'Content-Type': 'application/json', 'Accept': 'application/json', 'X-Auth-Token': ''} Body: None Response - Headers: {'status': '404', u'content-length': '134', 'content-location': 'http://172.30.9.23:9696/v2.0/trunks/832d5327-1403-4027-8f70-0d6305c98671', u'date': 'Sun, 02 Dec 2018 02:12:03 GMT', u'content-type': 'application/json', u'connection': 'close', u'x-openstack-request-id': 'req-3b610ea4-cd97-4434-ba58-3b116a6acbe5'} Body: {"NeutronError": {"message": "Trunk 832d5327-1403-4027-8f70-0d6305c98671 could not be found.", "type": "TrunkNotFound", "detail": ""}} _log_request_full /root/.rally/verification/verifier-c72390e8-205b-483b-a411-f8e322219910/repo/tempest/lib/common/rest_client.py:436
2018-12-02 02:12:03.125 16274 INFO tempest.lib.common.rest_client [req-78713d85-0da8-4bb0-913a-d1baee95c26a ] Request (TrunkTestJSON:_run_cleanups): 404 GET http://172.30.9.23:9696/v2.0/trunks/e1728dda-8899-47db-85a5-4ae677f9c25c 0.014s
2018-12-02 02:12:03.126 16274 DEBUG tempest.lib.common.rest_client [req-78713d85-0da8-4bb0-913a-d1baee95c26a ] Request - Headers: {'Content-Type': 'application/json', 'Accept': 'application/json', 'X-Auth-Token': ''} Body: None Response - Headers: {'status': '404', u'content-length': '134', 'content-location': 'http://172.30.9.23:9696/v2.0/trunks/e1728dda-8899-47db-85a5-4ae677f9c25c', u'date': 'Sun, 02 Dec 2018 02:12:03 GMT', u'content-type': 'application/json', u'connection': 'close', u'x-openstack-request-id': 'req-78713d85-0da8-4bb0-913a-d1baee95c26a'} Body: {"NeutronError": {"message": "Trunk e1728dda-8899-47db-85a5-4ae677f9c25c could not be found.", "type": "TrunkNotFound", "detail": ""}} _log_request_full /root/.rally/verification/verifier-c72390e8-205b-483b-a411-f8e322219910/repo/tempest/lib/common/rest_client.py:436
2018-12-02 02:12:03.159 16274 INFO tempest.lib.common.rest_client [req-34f6d156-6e31-4ed0-a814-54518277c62f ] Request (TrunkTestJSON:_run_cleanups): 404 DELETE http://172.30.9.23:9696/v2.0/ports/0e58489b-c04d-46ec-ae0e-4429a61cdd4e 0.033s
2018-12-02 02:12:03.159 16274 DEBUG tempest.lib.common.rest_client [req-34f6d156-6e31-4ed0-a814-54518277c62f ] Request - Headers: {'Content-Type': 'application/json', 'Accept': 'application/json', 'X-Auth-Token': ''} Body: None Response - Headers: {'status': '404', u'content-length': '132', 'content-location': 'http://172.30.9.23:9696/v2.0/ports/0e58489b-c04d-46ec-ae0e-4429a61cdd4e', u'date': 'Sun, 02 Dec 2018 02:12:03 GMT', u'content-type': 'application/json', u'connection': 'close', u'x-openstack-request-id': 'req-34f6d156-6e31-4ed0-a814-54518277c62f'} Body: {"NeutronError": {"message": "Port 0e58489b-c04d-46ec-ae0e-4429a61cdd4e could not be found.", "type": "PortNotFound", "detail": ""}} _log_request_full /root/.rally/verification/verifier-c72390e8-205b-483b-a411-f8e322219910/repo/tempest/lib/common/rest_client.py:436
2018-12-02 02:12:03.191 16274 INFO tempest.lib.common.rest_client [req-2d497b01-7764-4fb5-8205-ad9251956917 ] Request (TrunkTestJSON:_run_cleanups): 404 DELETE http://172.30.9.23:9696/v2.0/ports/c96be6ae-e91a-4233-962b-d8db49c17c23 0.031s
2018-12-02 02:12:03.191 16274 DEBUG tempest.lib.common.rest_client [req-2d497b01-7764-4fb5-8205-ad9251956917 ] Request - Headers: {'Content-Type': 'application/json', 'Accept': 'application/json', 'X-Auth-Token': ''} Body: None Response - Headers: {'status': '404', u'content-length': '132', 'content-location': 'http://172.30.9.23:9696/v2.0/ports/c96be6ae-e91a-4233-962b-d8db49c17c23', u'date': 'Sun, 02 Dec 2018 02:12:03 GMT', u'content-type': 'application/json', u'connection': 'close', u'x-openstack-request-id': 'req-2d497b01-7764-4fb5-8205-ad9251956917'} Body: {"NeutronError": {"message": "Port c96be6ae-e91a-4233-962b-d8db49c17c23 could not be found.", "type": "PortNotFound", "detail": ""}} _log_request_full /root/.rally/verification/verifier-c72390e8-205b-483b-a411-f8e322219910/repo/tempest/lib/common/rest_client.py:436
2018-12-02 02:12:03.225 16274 INFO tempest.lib.common.rest_client [req-67eddd7f-7273-4dd4-a2a8-24edea524204 ] Request (TrunkTestJSON:_run_cleanups): 404 DELETE http://172.30.9.23:9696/v2.0/ports/6aba0759-1b63-4962-94b9-5152989ea54f 0.033s
2018-12-02 02:12:03.226 16274 DEBUG tempest.lib.common.rest_client [req-67eddd7f-7273-4dd4-a2a8-24edea524204 ] Request - Headers: {'Content-Type': 'application/json', 'Accept': 'application/json', 'X-Auth-Token': ''} Body: None Response - Headers: {'status': '404', u'content-length': '132', 'content-location': 'http://172.30.9.23:9696/v2.0/ports/6aba0759-1b63-4962-94b9-5152989ea54f', u'date': 'Sun, 02 Dec 2018 02:12:03 GMT', u'content-type': 'application/json', u'connection': 'close', u'x-openstack-request-id': 'req-67eddd7f-7273-4dd4-a2a8-24edea524204'} Body: {"NeutronError": {"message": "Port 6aba0759-1b63-4962-94b9-5152989ea54f could not be found.", "type": "PortNotFound", "detail": ""}} _log_request_full /root/.rally/verification/verifier-c72390e8-205b-483b-a411-f8e322219910/repo/tempest/lib/common/rest_client.py:436
2018-12-02 02:12:03.263 16274 INFO tempest.lib.common.rest_client [req-e218abc9-43a8-465f-aeae-486ecce90c47 ] Request (TrunkTestJSON:_run_cleanups): 404 DELETE http://172.30.9.23:9696/v2.0/ports/2b22cedf-fd54-4c5c-9325-d6e763be6ac2 0.037s
2018-12-02 02:12:03.264 16274 DEBUG tempest.lib.common.rest_client [req-e218abc9-43a8-465f-aeae-486ecce90c47 ] Request - Headers: {'Content-Type': 'application/json', 'Accept': 'application/json', 'X-Auth-Token': ''} Body: None Response - Headers: {'status': '404', u'content-length': '132', 'content-location': 'http://172.30.9.23:9696/v2.0/ports/2b22cedf-fd54-4c5c-9325-d6e763be6ac2', u'date': 'Sun, 02 Dec 2018 02:12:03 GMT', u'content-type': 'application/json', u'connection': 'close', u'x-openstack-request-id': 'req-e218abc9-43a8-465f-aeae-486ecce90c47'} Body: {"NeutronError": {"message": "Port 2b22cedf-fd54-4c5c-9325-d6e763be6ac2 could not be found.", "type": "PortNotFound", "detail": ""}} _log_request_full /root/.rally/verification/verifier-c72390e8-205b-483b-a411-f8e322219910/repo/tempest/lib/common/rest_client.py:436
2018-12-02 02:12:03.309 16274 INFO tempest.lib.common.rest_client [req-2cd93a0e-cfc9-48b7-8d2b-47de1695b9ea ] Request (TrunkTestJSON:_run_cleanups): 404 DELETE http://172.30.9.23:9696/v2.0/ports/baf50732-a70d-463a-86c2-d3e3471e215d 0.044s
2018-12-02 02:12:03.309 16274 DEBUG tempest.lib.common.rest_client [req-2cd93a0e-cfc9-48b7-8d2b-47de1695b9ea ] Request - Headers: {'Content-Type': 'application/json', 'Accept': 'application/json', 'X-Auth-Token': ''} Body: None Response - Headers: {'status': '404', u'content-length': '132', 'content-location': 'http://172.30.9.23:9696/v2.0/ports/baf50732-a70d-463a-86c2-d3e3471e215d', u'date': 'Sun, 02 Dec 2018 02:12:03 GMT', u'content-type': 'application/json', u'connection': 'close', u'x-openstack-request-id': 'req-2cd93a0e-cfc9-48b7-8d2b-47de1695b9ea'} Body: {"NeutronError": {"message": "Port baf50732-a70d-463a-86c2-d3e3471e215d could not be found.", "type": "PortNotFound", "detail": ""}} _log_request_full /root/.rally/verification/verifier-c72390e8-205b-483b-a411-f8e322219910/repo/tempest/lib/common/rest_client.py:436
2018-12-02 02:12:03.356 16274 INFO tempest.lib.common.rest_client [req-8f5b8da9-3993-4828-8046-1c2d9b3bf476 ] Request (TrunkTestJSON:_run_cleanups): 404 DELETE http://172.30.9.23:9696/v2.0/ports/e9fc8e10-a970-450a-b6a4-2c0889431f20 0.045s
2018-12-02 02:12:03.356 16274 DEBUG tempest.lib.common.rest_client [req-8f5b8da9-3993-4828-8046-1c2d9b3bf476 ] Request - Headers: {'Content-Type': 'application/json', 'Accept': 'application/json', 'X-Auth-Token': ''} Body: None Response - Headers: {'status': '404', u'content-length': '132', 'content-location': 'http://172.30.9.23:9696/v2.0/ports/e9fc8e10-a970-450a-b6a4-2c0889431f20', u'date': 'Sun, 02 Dec 2018 02:12:03 GMT', u'content-type': 'application/json', u'connection': 'close', u'x-openstack-request-id': 'req-8f5b8da9-3993-4828-8046-1c2d9b3bf476'} Body: {"NeutronError": {"message": "Port e9fc8e10-a970-450a-b6a4-2c0889431f20 could not be found.", "type": "PortNotFound", "detail": ""}} _log_request_full /root/.rally/verification/verifier-c72390e8-205b-483b-a411-f8e322219910/repo/tempest/lib/common/rest_client.py:436
2018-12-02 02:12:03.418 16270 INFO tempest.lib.common.rest_client [req-66d6d374-f118-41c2-8ac8-c428ed0e34c3 ] Request (TrunkTestJSON:test_create_update_trunk_with_description): 201 POST http://172.30.9.23:9696/v2.0/networks 0.381s
2018-12-02 02:12:03.418 16270 DEBUG tempest.lib.common.rest_client [req-66d6d374-f118-41c2-8ac8-c428ed0e34c3 ] Request - Headers: {'Content-Type': 'application/json', 'Accept': 'application/json', 'X-Auth-Token': ''} Body: {"network": {"name": "tempest-test-network--14950482"}} Response - Headers: {'status': '201', u'content-length': '608', 'content-location': 'http://172.30.9.23:9696/v2.0/networks', u'date': 'Sun, 02 Dec 2018 02:12:03 GMT', u'content-type': 'application/json', u'connection': 'close', u'x-openstack-request-id': 'req-66d6d374-f118-41c2-8ac8-c428ed0e34c3'} Body: {"network":{"ipv6_address_scope":null,"revision_number":2,"port_security_enabled":true,"id":"0a5fea56-b110-41aa-a96d-4bcd5d501100","router:external":false,"availability_zone_hints":[],"availability_zones":[],"ipv4_address_scope":null,"shared":false,"project_id":"37307898f8f747079baf26b74cabcaa9","l2_adjacency":true,"status":"ACTIVE","subnets":[],"description":"","tags":[],"updated_at":"2018-12-02T02:12:03Z","is_default":false,"name":"tempest-test-network--14950482","qos_policy_id":null,"admin_state_up":true,"tenant_id":"37307898f8f747079baf26b74cabcaa9","created_at":"2018-12-02T02:12:03Z","mtu":1450}} _log_request_full /root/.rally/verification/verifier-c72390e8-205b-483b-a411-f8e322219910/repo/tempest/lib/common/rest_client.py:436
2018-12-02 02:12:04.041 16274 INFO tempest.lib.common.rest_client [req-aa129ae5-30b0-4c96-854d-29a275f896ef ] Request (TrunkTestJSON:_run_cleanups): 204 DELETE http://172.30.9.23:9696/v2.0/ports/ab8e881b-ae7a-444d-965d-6d6c7fc2da31 0.684s
2018-12-02 02:12:04.042 16274 DEBUG tempest.lib.common.rest_client [req-aa129ae5-30b0-4c96-854d-29a275f896ef ] Request - Headers: {'Content-Type': 'application/json', 'Accept': 'application/json', 'X-Auth-Token': ''} Body: None Response - Headers: {'status': '204', u'content-length': '0', 'content-location': 'http://172.30.9.23:9696/v2.0/ports/ab8e881b-ae7a-444d-965d-6d6c7fc2da31', u'date': 'Sun, 02 Dec 2018 02:12:04 GMT', u'connection': 'close', u'x-openstack-request-id': 'req-aa129ae5-30b0-4c96-854d-29a275f896ef'} Body: _log_request_full /root/.rally/verification/verifier-c72390e8-205b-483b-a411-f8e322219910/repo/tempest/lib/common/rest_client.py:436
2018-12-02 02:12:04.139 16270 INFO tempest.lib.common.rest_client [req-2847e10b-9ec8-4024-99bc-1feeca2f511f ] Request (TrunkTestJSON:test_create_update_trunk_with_description): 201 POST http://172.30.9.23:9696/v2.0/ports 0.720s
2018-12-02 02:12:04.140 16270 DEBUG tempest.lib.common.rest_client [req-2847e10b-9ec8-4024-99bc-1feeca2f511f ] Request - Headers: {'Content-Type': 'application/json', 'Accept': 'application/json', 'X-Auth-Token': ''} Body: {"port": {"network_id": "0a5fea56-b110-41aa-a96d-4bcd5d501100"}} Response - Headers: {'status': '201', u'content-length': '664', 'content-location': 'http://172.30.9.23:9696/v2.0/ports', u'date': 'Sun, 02 Dec 2018 02:12:04 GMT', u'content-type': 'application/json', u'connection': 'close', u'x-openstack-request-id': 'req-2847e10b-9ec8-4024-99bc-1feeca2f511f'} Body: {"port":{"allowed_address_pairs":[],"extra_dhcp_opts":[],"updated_at":"2018-12-02T02:12:03Z","device_owner":"","revision_number":2,"port_security_enabled":true,"fixed_ips":[],"id":"03a460cf-2d72-4dfd-8ff1-894058512b23","security_groups":["4e32e0d1-a8d3-49a6-927d-afe0e0bd1435"],"mac_address":"fa:16:3e:c1:fc:35","device_id":"","status":"DOWN","description":"","tags":[],"name":"","project_id":"37307898f8f747079baf26b74cabcaa9","qos_policy_id":null,"admin_state_up":true,"network_id":"0a5fea56-b110-41aa-a96d-4bcd5d501100","tenant_id":"37307898f8f747079baf26b74cabcaa9","created_at":"2018-12-02T02:12:03Z","binding:vnic_type":"normal","ip_allocation":"immediate"}} _log_request_full /root/.rally/verification/verifier-c72390e8-205b-483b-a411-f8e322219910/repo/tempest/lib/common/rest_client.py:436
2018-12-02 02:12:04.438 16270 INFO tempest.lib.common.rest_client [req-b3225ed1-171f-46e6-8f56-e1a816f8a842 ] Request (TrunkTestJSON:test_create_update_trunk_with_description): 201 POST http://172.30.9.23:9696/v2.0/trunks 0.297s
2018-12-02 02:12:04.439 16270 DEBUG tempest.lib.common.rest_client [req-b3225ed1-171f-46e6-8f56-e1a816f8a842 ] Request - Headers: {'Content-Type': 'application/json', 'Accept': 'application/json', 'X-Auth-Token': ''} Body: {"trunk": {"port_id": "03a460cf-2d72-4dfd-8ff1-894058512b23", "description": "foo description"}} Response - Headers: {'status': '201', u'content-length': '422', 'content-location': 'http://172.30.9.23:9696/v2.0/trunks', u'date': 'Sun, 02 Dec 2018 02:12:04 GMT', u'content-type': 'application/json', u'connection': 'close', u'x-openstack-request-id': 'req-b3225ed1-171f-46e6-8f56-e1a816f8a842'} Body: {"trunk": {"status": "DOWN", "sub_ports": [], "name": "", "admin_state_up": true, "tenant_id": "37307898f8f747079baf26b74cabcaa9", "created_at": "2018-12-02T02:12:04Z", "tags": [], "updated_at": "2018-12-02T02:12:04Z", "revision_number": 0, "project_id": "37307898f8f747079baf26b74cabcaa9", "port_id": "03a460cf-2d72-4dfd-8ff1-894058512b23", "id": "2debe96c-5d6d-4b1c-b72d-498f25ac221b", "description": "foo description"}} _log_request_full /root/.rally/verification/verifier-c72390e8-205b-483b-a411-f8e322219910/repo/tempest/lib/common/rest_client.py:436
2018-12-02 02:12:04.493 16270 INFO tempest.lib.common.rest_client [req-05703693-0bae-4cbb-8a2d-dc4c9df1900d ] Request (TrunkTestJSON:test_create_update_trunk_with_description): 200 PUT http://172.30.9.23:9696/v2.0/trunks/2debe96c-5d6d-4b1c-b72d-498f25ac221b 0.053s
2018-12-02 02:12:04.493 16270 DEBUG tempest.lib.common.rest_client [req-05703693-0bae-4cbb-8a2d-dc4c9df1900d ] Request - Headers: {'Content-Type': 'application/json', 'Accept': 'application/json', 'X-Auth-Token': ''} Body: {"trunk": {"description": ""}} Response - Headers: {'status': '200', u'content-length': '407', 'content-location': 'http://172.30.9.23:9696/v2.0/trunks/2debe96c-5d6d-4b1c-b72d-498f25ac221b', u'date': 'Sun, 02 Dec 2018 02:12:04 GMT', u'content-type': 'application/json', u'connection': 'close', u'x-openstack-request-id': 'req-05703693-0bae-4cbb-8a2d-dc4c9df1900d'} Body: {"trunk": {"status": "DOWN", "sub_ports": [], "name": "", "admin_state_up": true, "tenant_id": "37307898f8f747079baf26b74cabcaa9", "created_at": "2018-12-02T02:12:04Z", "tags": [], "updated_at": "2018-12-02T02:12:04Z", "revision_number": 0, "project_id": "37307898f8f747079baf26b74cabcaa9", "port_id": "03a460cf-2d72-4dfd-8ff1-894058512b23", "id": "2debe96c-5d6d-4b1c-b72d-498f25ac221b", "description": ""}} _log_request_full /root/.rally/verification/verifier-c72390e8-205b-483b-a411-f8e322219910/repo/tempest/lib/common/rest_client.py:436
2018-12-02 02:12:04.501 16274 INFO tempest.lib.common.rest_client [req-65472fdf-f944-418e-afc6-7030f70622df ] Request (TrunkTestJSON:_run_cleanups): 204 DELETE http://172.30.9.23:9696/v2.0/ports/70681f13-b5e6-4205-8783-eb227f0e4001 0.459s
2018-12-02 02:12:04.502 16274 DEBUG tempest.lib.common.rest_client [req-65472fdf-f944-418e-afc6-7030f70622df ] Request - Headers: {'Content-Type': 'application/json', 'Accept': 'application/json', 'X-Auth-Token': ''} Body: None Response - Headers: {'status': '204', u'content-length': '0', 'content-location': 'http://172.30.9.23:9696/v2.0/ports/70681f13-b5e6-4205-8783-eb227f0e4001', u'date': 'Sun, 02 Dec 2018 02:12:04 GMT', u'connection': 'close', u'x-openstack-request-id': 'req-65472fdf-f944-418e-afc6-7030f70622df'} Body: _log_request_full /root/.rally/verification/verifier-c72390e8-205b-483b-a411-f8e322219910/repo/tempest/lib/common/rest_client.py:436
2018-12-02 02:12:04.508 16270 INFO tempest.lib.common.rest_client [req-18565dd8-d793-4756-88ce-75834c82986a ] Request (TrunkTestJSON:_run_cleanups): 404 GET http://172.30.9.23:9696/v2.0/trunks/57b6b031-0478-40b2-9268-a1d6596653d2/get_subports 0.013s
2018-12-02 02:12:04.509 16270 DEBUG tempest.lib.common.rest_client [req-18565dd8-d793-4756-88ce-75834c82986a ] Request - Headers: {'Content-Type': 'application/json', 'Accept': 'application/json', 'X-Auth-Token': ''} Body: None Response - Headers: {'status': '404', u'content-length': '134', 'content-location': 'http://172.30.9.23:9696/v2.0/trunks/57b6b031-0478-40b2-9268-a1d6596653d2/get_subports', u'date': 'Sun, 02 Dec 2018 02:12:04 GMT', u'content-type': 'application/json', u'connection': 'close', u'x-openstack-request-id': 'req-18565dd8-d793-4756-88ce-75834c82986a'} Body: {"NeutronError": {"message": "Trunk 57b6b031-0478-40b2-9268-a1d6596653d2 could not be found.", "type": "TrunkNotFound", "detail": ""}} _log_request_full /root/.rally/verification/verifier-c72390e8-205b-483b-a411-f8e322219910/repo/tempest/lib/common/rest_client.py:436
2018-12-02 02:12:04.530 16274 INFO tempest.lib.common.rest_client [req-1578afb0-a71a-43c6-9b70-117a38a3b0d8 ] Request (TrunkTestJSON:_run_cleanups): 404 DELETE http://172.30.9.23:9696/v2.0/networks/63b36afb-e2bb-4ca0-a899-7933ebb5c6e7 0.027s
2018-12-02 02:12:04.531 16274 DEBUG tempest.lib.common.rest_client [req-1578afb0-a71a-43c6-9b70-117a38a3b0d8 ] Request - Headers: {'Content-Type': 'application/json', 'Accept': 'application/json', 'X-Auth-Token': ''} Body: None Response - Headers: {'status': '404', u'content-length': '138', 'content-location': 'http://172.30.9.23:9696/v2.0/networks/63b36afb-e2bb-4ca0-a899-7933ebb5c6e7', u'date': 'Sun, 02 Dec 2018 02:12:04 GMT', u'content-type': 'application/json', u'connection': 'close', u'x-openstack-request-id': 'req-1578afb0-a71a-43c6-9b70-117a38a3b0d8'} Body: {"NeutronError": {"message": "Network 63b36afb-e2bb-4ca0-a899-7933ebb5c6e7 could not be found.", "type": "NetworkNotFound", "detail": ""}} _log_request_full /root/.rally/verification/verifier-c72390e8-205b-483b-a411-f8e322219910/repo/tempest/lib/common/rest_client.py:436
2018-12-02 02:12:04.535 16270 INFO tempest.lib.common.rest_client [req-b00a89bc-a45d-4b08-b6c5-39a88b689b89 ] Request (TrunkTestJSON:_run_cleanups): 404 DELETE http://172.30.9.23:9696/v2.0/trunks/57b6b031-0478-40b2-9268-a1d6596653d2 0.026s
2018-12-02 02:12:04.535 16270 DEBUG tempest.lib.common.rest_client [req-b00a89bc-a45d-4b08-b6c5-39a88b689b89 ] Request - Headers: {'Content-Type': 'application/json', 'Accept': 'application/json', 'X-Auth-Token': ''} Body: None Response - Headers: {'status': '404', u'content-length': '134', 'content-location': 'http://172.30.9.23:9696/v2.0/trunks/57b6b031-0478-40b2-9268-a1d6596653d2', u'date': 'Sun, 02 Dec 2018 02:12:04 GMT', u'content-type': 'application/json', u'connection': 'close', u'x-openstack-request-id': 'req-b00a89bc-a45d-4b08-b6c5-39a88b689b89'} Body: {"NeutronError": {"message": "Trunk 57b6b031-0478-40b2-9268-a1d6596653d2 could not be found.", "type": "TrunkNotFound", "detail": ""}} _log_request_full /root/.rally/verification/verifier-c72390e8-205b-483b-a411-f8e322219910/repo/tempest/lib/common/rest_client.py:436
2018-12-02 02:12:04.554 16271 WARNING tempest.lib.common.ssh [-] Failed to establish authenticated ssh connection to cirros@172.30.9.200 ([Errno None] Unable to connect to port 22 on 172.30.9.200). Number attempts: 2. Retry after 3 seconds.: NoValidConnectionsError: [Errno None] Unable to connect to port 22 on 172.30.9.200
2018-12-02 02:12:04.556 16270 INFO tempest.lib.common.rest_client [req-28d43995-b4c9-4c78-a7af-9457476659ce ] Request (TrunkTestJSON:_run_cleanups): 404 GET http://172.30.9.23:9696/v2.0/trunks/50884450-39a0-4d3e-9caa-4f934e769a1e/get_subports 0.020s
2018-12-02 02:12:04.556 16270 DEBUG tempest.lib.common.rest_client [req-28d43995-b4c9-4c78-a7af-9457476659ce ] Request - Headers: {'Content-Type': 'application/json', 'Accept': 'application/json', 'X-Auth-Token': ''} Body: None Response - Headers: {'status': '404', u'content-length': '134', 'content-location': 'http://172.30.9.23:9696/v2.0/trunks/50884450-39a0-4d3e-9caa-4f934e769a1e/get_subports', u'date': 'Sun, 02 Dec 2018 02:12:04 GMT', u'content-type': 'application/json', u'connection': 'close', u'x-openstack-request-id': 'req-28d43995-b4c9-4c78-a7af-9457476659ce'} Body: {"NeutronError": {"message": "Trunk 50884450-39a0-4d3e-9caa-4f934e769a1e could not be found.", "type": "TrunkNotFound", "detail": ""}} _log_request_full /root/.rally/verification/verifier-c72390e8-205b-483b-a411-f8e322219910/repo/tempest/lib/common/rest_client.py:436
2018-12-02 02:12:04.558 16274 INFO tempest.lib.common.rest_client [req-b25037a4-ead6-47ea-9ceb-4875a4923408 ] Request (TrunkTestJSON:_run_cleanups): 404 DELETE http://172.30.9.23:9696/v2.0/networks/c17e8b27-8715-41b2-b634-1ec5365d6fdb 0.026s
2018-12-02 02:12:04.558 16274 DEBUG tempest.lib.common.rest_client [req-b25037a4-ead6-47ea-9ceb-4875a4923408 ] Request - Headers: {'Content-Type': 'application/json', 'Accept': 'application/json', 'X-Auth-Token': ''} Body: None Response - Headers: {'status': '404', u'content-length': '138', 'content-location': 'http://172.30.9.23:9696/v2.0/networks/c17e8b27-8715-41b2-b634-1ec5365d6fdb', u'date': 'Sun, 02 Dec 2018 02:12:04 GMT', u'content-type': 'application/json', u'connection': 'close', u'x-openstack-request-id': 'req-b25037a4-ead6-47ea-9ceb-4875a4923408'} Body: {"NeutronError": {"message": "Network c17e8b27-8715-41b2-b634-1ec5365d6fdb could not be found.", "type": "NetworkNotFound", "detail": ""}} _log_request_full /root/.rally/verification/verifier-c72390e8-205b-483b-a411-f8e322219910/repo/tempest/lib/common/rest_client.py:436
2018-12-02 02:12:04.574 16270 INFO tempest.lib.common.rest_client [req-c504eff4-496c-443c-a2d3-f1e733936137 ] Request (TrunkTestJSON:_run_cleanups): 404 DELETE http://172.30.9.23:9696/v2.0/trunks/50884450-39a0-4d3e-9caa-4f934e769a1e 0.016s
2018-12-02 02:12:04.574 16270 DEBUG tempest.lib.common.rest_client [req-c504eff4-496c-443c-a2d3-f1e733936137 ] Request - Headers: {'Content-Type': 'application/json', 'Accept': 'application/json', 'X-Auth-Token': ''} Body: None Response - Headers: {'status': '404', u'content-length': '134', 'content-location': 'http://172.30.9.23:9696/v2.0/trunks/50884450-39a0-4d3e-9caa-4f934e769a1e', u'date': 'Sun, 02 Dec 2018 02:12:04 GMT', u'content-type': 'application/json', u'connection': 'close', u'x-openstack-request-id': 'req-c504eff4-496c-443c-a2d3-f1e733936137'} Body: {"NeutronError": {"message": "Trunk 50884450-39a0-4d3e-9caa-4f934e769a1e could not be found.", "type": "TrunkNotFound", "detail": ""}} _log_request_full /root/.rally/verification/verifier-c72390e8-205b-483b-a411-f8e322219910/repo/tempest/lib/common/rest_client.py:436
2018-12-02 02:12:04.585 16274 INFO tempest.lib.common.rest_client [req-06cbc11f-ad06-4f38-b1eb-7ca5fd6acbbb ] Request (TrunkTestJSON:_run_cleanups): 404 DELETE http://172.30.9.23:9696/v2.0/networks/289679a1-36b9-4419-a568-46cda5b5bc6c 0.026s
2018-12-02 02:12:04.585 16274 DEBUG tempest.lib.common.rest_client [req-06cbc11f-ad06-4f38-b1eb-7ca5fd6acbbb ] Request - Headers: {'Content-Type': 'application/json', 'Accept': 'application/json', 'X-Auth-Token': ''} Body: None Response - Headers: {'status': '404', u'content-length': '138', 'content-location': 'http://172.30.9.23:9696/v2.0/networks/289679a1-36b9-4419-a568-46cda5b5bc6c', u'date': 'Sun, 02 Dec 2018 02:12:04 GMT', u'content-type': 'application/json', u'connection': 'close', u'x-openstack-request-id': 'req-06cbc11f-ad06-4f38-b1eb-7ca5fd6acbbb'} Body: {"NeutronError": {"message": "Network 289679a1-36b9-4419-a568-46cda5b5bc6c could not be found.", "type": "NetworkNotFound", "detail": ""}} _log_request_full /root/.rally/verification/verifier-c72390e8-205b-483b-a411-f8e322219910/repo/tempest/lib/common/rest_client.py:436
2018-12-02 02:12:04.605 16270 INFO tempest.lib.common.rest_client [req-e77d6860-40e3-471e-9333-d80086336958 ] Request (TrunkTestJSON:_run_cleanups): 404 GET http://172.30.9.23:9696/v2.0/trunks/69d8601c-3401-4c2f-a8aa-c15ffd19df43/get_subports 0.031s
2018-12-02 02:12:04.606 16270 DEBUG tempest.lib.common.rest_client [req-e77d6860-40e3-471e-9333-d80086336958 ] Request - Headers: {'Content-Type': 'application/json', 'Accept': 'application/json', 'X-Auth-Token': ''} Body: None Response - Headers: {'status': '404', u'content-length': '134', 'content-location': 'http://172.30.9.23:9696/v2.0/trunks/69d8601c-3401-4c2f-a8aa-c15ffd19df43/get_subports', u'date': 'Sun, 02 Dec 2018 02:12:04 GMT', u'content-type': 'application/json', u'connection': 'close', u'x-openstack-request-id': 'req-e77d6860-40e3-471e-9333-d80086336958'} Body: {"NeutronError": {"message": "Trunk 69d8601c-3401-4c2f-a8aa-c15ffd19df43 could not be found.", "type": "TrunkNotFound", "detail": ""}} _log_request_full /root/.rally/verification/verifier-c72390e8-205b-483b-a411-f8e322219910/repo/tempest/lib/common/rest_client.py:436
2018-12-02 02:12:04.609 16274 INFO tempest.lib.common.rest_client [req-f0b193c6-8077-4137-921c-bab2248ce054 ] Request (TrunkTestJSON:_run_cleanups): 404 DELETE http://172.30.9.23:9696/v2.0/networks/00d89986-94ac-4f36-90cf-7a5076b08181 0.023s
2018-12-02 02:12:04.609 16274 DEBUG tempest.lib.common.rest_client [req-f0b193c6-8077-4137-921c-bab2248ce054 ] Request - Headers: {'Content-Type': 'application/json', 'Accept': 'application/json', 'X-Auth-Token': ''} Body: None Response - Headers: {'status': '404', u'content-length': '138', 'content-location': 'http://172.30.9.23:9696/v2.0/networks/00d89986-94ac-4f36-90cf-7a5076b08181', u'date': 'Sun, 02 Dec 2018 02:12:04 GMT', u'content-type': 'application/json', u'connection': 'close', u'x-openstack-request-id': 'req-f0b193c6-8077-4137-921c-bab2248ce054'} Body: {"NeutronError": {"message": "Network 00d89986-94ac-4f36-90cf-7a5076b08181 could not be found.", "type": "NetworkNotFound", "detail": ""}} _log_request_full /root/.rally/verification/verifier-c72390e8-205b-483b-a411-f8e322219910/repo/tempest/lib/common/rest_client.py:436
2018-12-02 02:12:04.620 16270 INFO tempest.lib.common.rest_client [req-e089bd0d-789f-40f0-b55c-86c1eaa6252f ] Request (TrunkTestJSON:_run_cleanups): 404 DELETE http://172.30.9.23:9696/v2.0/trunks/69d8601c-3401-4c2f-a8aa-c15ffd19df43 0.014s
2018-12-02 02:12:04.621 16270 DEBUG tempest.lib.common.rest_client [req-e089bd0d-789f-40f0-b55c-86c1eaa6252f ] Request - Headers: {'Content-Type': 'application/json', 'Accept': 'application/json', 'X-Auth-Token': ''} Body: None Response - Headers: {'status': '404', u'content-length': '134', 'content-location': 'http://172.30.9.23:9696/v2.0/trunks/69d8601c-3401-4c2f-a8aa-c15ffd19df43', u'date': 'Sun, 02 Dec 2018 02:12:04 GMT', u'content-type': 'application/json', u'connection': 'close', u'x-openstack-request-id': 'req-e089bd0d-789f-40f0-b55c-86c1eaa6252f'} Body: {"NeutronError": {"message": "Trunk 69d8601c-3401-4c2f-a8aa-c15ffd19df43 could not be found.", "type": "TrunkNotFound", "detail": ""}} _log_request_full /root/.rally/verification/verifier-c72390e8-205b-483b-a411-f8e322219910/repo/tempest/lib/common/rest_client.py:436
2018-12-02 02:12:04.634 16270 INFO tempest.lib.common.rest_client [req-1672f78b-2eb2-443f-87a8-828e6edacf8f ] Request (TrunkTestJSON:_run_cleanups): 404 GET http://172.30.9.23:9696/v2.0/trunks/a2169b00-5d68-42cd-8aa9-dffc88448fa8/get_subports 0.012s
2018-12-02 02:12:04.634 16270 DEBUG tempest.lib.common.rest_client [req-1672f78b-2eb2-443f-87a8-828e6edacf8f ] Request - Headers: {'Content-Type': 'application/json', 'Accept': 'application/json', 'X-Auth-Token': ''} Body: None Response - Headers: {'status': '404', u'content-length': '134', 'content-location': 'http://172.30.9.23:9696/v2.0/trunks/a2169b00-5d68-42cd-8aa9-dffc88448fa8/get_subports', u'date': 'Sun, 02 Dec 2018 02:12:04 GMT', u'content-type': 'application/json', u'connection': 'close', u'x-openstack-request-id': 'req-1672f78b-2eb2-443f-87a8-828e6edacf8f'} Body: {"NeutronError": {"message": "Trunk a2169b00-5d68-42cd-8aa9-dffc88448fa8 could not be found.", "type": "TrunkNotFound", "detail": ""}} _log_request_full /root/.rally/verification/verifier-c72390e8-205b-483b-a411-f8e322219910/repo/tempest/lib/common/rest_client.py:436
2018-12-02 02:12:04.635 16274 INFO tempest.lib.common.rest_client [req-40d408d9-a835-4f36-97f4-b759cdd9ba1a ] Request (TrunkTestJSON:_run_cleanups): 404 DELETE http://172.30.9.23:9696/v2.0/networks/a855982a-9e3a-4643-8a97-6768ca4e8875 0.025s
2018-12-02 02:12:04.636 16274 DEBUG tempest.lib.common.rest_client [req-40d408d9-a835-4f36-97f4-b759cdd9ba1a ] Request - Headers: {'Content-Type': 'application/json', 'Accept': 'application/json', 'X-Auth-Token': ''} Body: None Response - Headers: {'status': '404', u'content-length': '138', 'content-location': 'http://172.30.9.23:9696/v2.0/networks/a855982a-9e3a-4643-8a97-6768ca4e8875', u'date': 'Sun, 02 Dec 2018 02:12:04 GMT', u'content-type': 'application/json', u'connection': 'close', u'x-openstack-request-id': 'req-40d408d9-a835-4f36-97f4-b759cdd9ba1a'} Body: {"NeutronError": {"message": "Network a855982a-9e3a-4643-8a97-6768ca4e8875 could not be found.", "type": "NetworkNotFound", "detail": ""}} _log_request_full /root/.rally/verification/verifier-c72390e8-205b-483b-a411-f8e322219910/repo/tempest/lib/common/rest_client.py:436
2018-12-02 02:12:04.653 16270 INFO tempest.lib.common.rest_client [req-dd887233-c765-4b00-a16a-3448eba41958 ] Request (TrunkTestJSON:_run_cleanups): 404 DELETE http://172.30.9.23:9696/v2.0/trunks/a2169b00-5d68-42cd-8aa9-dffc88448fa8 0.018s
2018-12-02 02:12:04.653 16270 DEBUG tempest.lib.common.rest_client [req-dd887233-c765-4b00-a16a-3448eba41958 ] Request - Headers: {'Content-Type': 'application/json', 'Accept': 'application/json', 'X-Auth-Token': ''} Body: None Response - Headers: {'status': '404', u'content-length': '134', 'content-location': 'http://172.30.9.23:9696/v2.0/trunks/a2169b00-5d68-42cd-8aa9-dffc88448fa8', u'date': 'Sun, 02 Dec 2018 02:12:04 GMT', u'content-type': 'application/json', u'connection': 'close', u'x-openstack-request-id': 'req-dd887233-c765-4b00-a16a-3448eba41958'} Body: {"NeutronError": {"message": "Trunk a2169b00-5d68-42cd-8aa9-dffc88448fa8 could not be found.", "type": "TrunkNotFound", "detail": ""}} _log_request_full /root/.rally/verification/verifier-c72390e8-205b-483b-a411-f8e322219910/repo/tempest/lib/common/rest_client.py:436
2018-12-02 02:12:04.669 16270 INFO tempest.lib.common.rest_client [req-cf3616b8-1c91-4fdf-8d98-c585238da0c7 ] Request (TrunkTestJSON:_run_cleanups): 404 GET http://172.30.9.23:9696/v2.0/trunks/803225f1-ce13-4684-b86f-40db1f1e7d85/get_subports 0.015s
2018-12-02 02:12:04.669 16270 DEBUG tempest.lib.common.rest_client [req-cf3616b8-1c91-4fdf-8d98-c585238da0c7 ] Request - Headers: {'Content-Type': 'application/json', 'Accept': 'application/json', 'X-Auth-Token': ''} Body: None Response - Headers: {'status': '404', u'content-length': '134', 'content-location': 'http://172.30.9.23:9696/v2.0/trunks/803225f1-ce13-4684-b86f-40db1f1e7d85/get_subports', u'date': 'Sun, 02 Dec 2018 02:12:04 GMT', u'content-type': 'application/json', u'connection': 'close', u'x-openstack-request-id': 'req-cf3616b8-1c91-4fdf-8d98-c585238da0c7'} Body: {"NeutronError": {"message": "Trunk 803225f1-ce13-4684-b86f-40db1f1e7d85 could not be found.", "type": "TrunkNotFound", "detail": ""}} _log_request_full /root/.rally/verification/verifier-c72390e8-205b-483b-a411-f8e322219910/repo/tempest/lib/common/rest_client.py:436
2018-12-02 02:12:04.685 16270 INFO tempest.lib.common.rest_client [req-976b4207-0b01-4d59-88e0-939b048ca25e ] Request (TrunkTestJSON:_run_cleanups): 404 DELETE http://172.30.9.23:9696/v2.0/trunks/803225f1-ce13-4684-b86f-40db1f1e7d85 0.015s
2018-12-02 02:12:04.685 16270 DEBUG tempest.lib.common.rest_client [req-976b4207-0b01-4d59-88e0-939b048ca25e ] Request - Headers: {'Content-Type': 'application/json', 'Accept': 'application/json', 'X-Auth-Token': ''} Body: None Response - Headers: {'status': '404', u'content-length': '134', 'content-location': 'http://172.30.9.23:9696/v2.0/trunks/803225f1-ce13-4684-b86f-40db1f1e7d85', u'date': 'Sun, 02 Dec 2018 02:12:04 GMT', u'content-type': 'application/json', u'connection': 'close', u'x-openstack-request-id': 'req-976b4207-0b01-4d59-88e0-939b048ca25e'} Body: {"NeutronError": {"message": "Trunk 803225f1-ce13-4684-b86f-40db1f1e7d85 could not be found.", "type": "TrunkNotFound", "detail": ""}} _log_request_full /root/.rally/verification/verifier-c72390e8-205b-483b-a411-f8e322219910/repo/tempest/lib/common/rest_client.py:436
2018-12-02 02:12:04.713 16270 INFO tempest.lib.common.rest_client [req-155705f9-cfae-47b0-bb8e-a1efa5b02711 ] Request (TrunkTestJSON:_run_cleanups): 200 GET http://172.30.9.23:9696/v2.0/trunks/2debe96c-5d6d-4b1c-b72d-498f25ac221b/get_subports 0.027s
2018-12-02 02:12:04.713 16270 DEBUG tempest.lib.common.rest_client [req-155705f9-cfae-47b0-bb8e-a1efa5b02711 ] Request - Headers: {'Content-Type': 'application/json', 'Accept': 'application/json', 'X-Auth-Token': ''} Body: None Response - Headers: {'status': '200', u'content-length': '17', 'content-location': 'http://172.30.9.23:9696/v2.0/trunks/2debe96c-5d6d-4b1c-b72d-498f25ac221b/get_subports', u'date': 'Sun, 02 Dec 2018 02:12:04 GMT', u'content-type': 'application/json', u'connection': 'close', u'x-openstack-request-id': 'req-155705f9-cfae-47b0-bb8e-a1efa5b02711'} Body: {"sub_ports": []} _log_request_full /root/.rally/verification/verifier-c72390e8-205b-483b-a411-f8e322219910/repo/tempest/lib/common/rest_client.py:436
