2018-12-02 02:12:08.722 16274 DEBUG tempest.lib.common.rest_client [req-213a068d-0061-4de5-8a8c-e4fe50df70db ] Request - Headers: {'Content-Type': 'application/json', 'Accept': 'application/json', 'X-Auth-Token': ''} Body: None Response - Headers: {'status': '404', u'content-length': '134', 'content-location': 'http://172.30.9.23:9696/v2.0/trunks/e1728dda-8899-47db-85a5-4ae677f9c25c', u'date': 'Sun, 02 Dec 2018 02:12:08 GMT', u'content-type': 'application/json', u'connection': 'close', u'x-openstack-request-id': 'req-213a068d-0061-4de5-8a8c-e4fe50df70db'} Body: {"NeutronError": {"message": "Trunk e1728dda-8899-47db-85a5-4ae677f9c25c could not be found.", "type": "TrunkNotFound", "detail": ""}} _log_request_full /root/.rally/verification/verifier-c72390e8-205b-483b-a411-f8e322219910/repo/tempest/lib/common/rest_client.py:436
2018-12-02 02:12:08.754 16274 INFO tempest.lib.common.rest_client [req-f188547f-43db-4b05-b72b-f0e0eb0e4388 ] Request (TrunkTestJSON:_run_cleanups): 200 GET http://172.30.9.23:9696/v2.0/trunks/a291f443-85dc-481d-9695-bde29c91c1d6/get_subports 0.032s
2018-12-02 02:12:08.755 16274 DEBUG tempest.lib.common.rest_client [req-f188547f-43db-4b05-b72b-f0e0eb0e4388 ] Request - Headers: {'Content-Type': 'application/json', 'Accept': 'application/json', 'X-Auth-Token': ''} Body: None Response - Headers: {'status': '200', u'content-length': '17', 'content-location': 'http://172.30.9.23:9696/v2.0/trunks/a291f443-85dc-481d-9695-bde29c91c1d6/get_subports', u'date': 'Sun, 02 Dec 2018 02:12:08 GMT', u'content-type': 'application/json', u'connection': 'close', u'x-openstack-request-id': 'req-f188547f-43db-4b05-b72b-f0e0eb0e4388'} Body: {"sub_ports": []} _log_request_full /root/.rally/verification/verifier-c72390e8-205b-483b-a411-f8e322219910/repo/tempest/lib/common/rest_client.py:436
2018-12-02 02:12:08.755 16270 INFO tempest.lib.common.rest_client [req-a8eec7a4-e787-4f0c-8bda-62936d1e05a9 ] Request (TrunkTestJSON:test_delete_trunk_with_subport_is_allowed): 201 POST http://172.30.9.23:9696/v2.0/ports 0.809s
2018-12-02 02:12:08.756 16270 DEBUG tempest.lib.common.rest_client [req-a8eec7a4-e787-4f0c-8bda-62936d1e05a9 ] Request - Headers: {'Content-Type': 'application/json', 'Accept': 'application/json', 'X-Auth-Token': ''} Body: {"port": {"network_id": "a3052eec-d333-4d60-91cc-7511e4fea2d6"}} Response - Headers: {'status': '201', u'content-length': '664', 'content-location': 'http://172.30.9.23:9696/v2.0/ports', u'date': 'Sun, 02 Dec 2018 02:12:08 GMT', u'content-type': 'application/json', u'connection': 'close', u'x-openstack-request-id': 'req-a8eec7a4-e787-4f0c-8bda-62936d1e05a9'} Body: {"port":{"allowed_address_pairs":[],"extra_dhcp_opts":[],"updated_at":"2018-12-02T02:12:08Z","device_owner":"","revision_number":2,"port_security_enabled":true,"fixed_ips":[],"id":"9e4c4e4a-f510-4bb6-b1c9-1d9add4c9bd4","security_groups":["4e32e0d1-a8d3-49a6-927d-afe0e0bd1435"],"mac_address":"fa:16:3e:3d:84:33","device_id":"","status":"DOWN","description":"","tags":[],"name":"","project_id":"37307898f8f747079baf26b74cabcaa9","qos_policy_id":null,"admin_state_up":true,"network_id":"a3052eec-d333-4d60-91cc-7511e4fea2d6","tenant_id":"37307898f8f747079baf26b74cabcaa9","created_at":"2018-12-02T02:12:08Z","binding:vnic_type":"normal","ip_allocation":"immediate"}} _log_request_full /root/.rally/verification/verifier-c72390e8-205b-483b-a411-f8e322219910/repo/tempest/lib/common/rest_client.py:436
2018-12-02 02:12:08.812 16274 INFO tempest.lib.common.rest_client [req-24fbdbff-19a3-4dbe-9447-b63125698a1d ] Request (TrunkTestJSON:_run_cleanups): 200 PUT http://172.30.9.23:9696/v2.0/trunks/a291f443-85dc-481d-9695-bde29c91c1d6/remove_subports 0.056s
2018-12-02 02:12:08.812 16274 DEBUG tempest.lib.common.rest_client [req-24fbdbff-19a3-4dbe-9447-b63125698a1d ] Request - Headers: {'Content-Type': 'application/json', 'Accept': 'application/json', 'X-Auth-Token': ''} Body: {"sub_ports": []} Response - Headers: {'status': '200', u'content-length': '396', 'content-location': 'http://172.30.9.23:9696/v2.0/trunks/a291f443-85dc-481d-9695-bde29c91c1d6/remove_subports', u'date': 'Sun, 02 Dec 2018 02:12:08 GMT', u'content-type': 'application/json', u'connection': 'close', u'x-openstack-request-id': 'req-24fbdbff-19a3-4dbe-9447-b63125698a1d'} Body: {"status": "DOWN", "sub_ports": [], "name": "", "admin_state_up": true, "tenant_id": "a3be1372c5c44c66a871b42c388acec1", "created_at": "2018-12-02T02:12:07Z", "tags": [], "updated_at": "2018-12-02T02:12:08Z", "revision_number": 1, "project_id": "a3be1372c5c44c66a871b42c388acec1", "port_id": "c699c39c-add8-42e8-9e8d-16d8670d7da0", "id": "a291f443-85dc-481d-9695-bde29c91c1d6", "description": ""} _log_request_full /root/.rally/verification/verifier-c72390e8-205b-483b-a411-f8e322219910/repo/tempest/lib/common/rest_client.py:436
2018-12-02 02:12:08.940 16274 INFO tempest.lib.common.rest_client [req-52898836-3ea4-4685-b1da-46d7ff30a136 ] Request (TrunkTestJSON:_run_cleanups): 204 DELETE http://172.30.9.23:9696/v2.0/trunks/a291f443-85dc-481d-9695-bde29c91c1d6 0.127s
2018-12-02 02:12:08.940 16274 DEBUG tempest.lib.common.rest_client [req-52898836-3ea4-4685-b1da-46d7ff30a136 ] Request - Headers: {'Content-Type': 'application/json', 'Accept': 'application/json', 'X-Auth-Token': ''} Body: None Response - Headers: {'status': '204', u'content-length': '0', 'content-location': 'http://172.30.9.23:9696/v2.0/trunks/a291f443-85dc-481d-9695-bde29c91c1d6', u'date': 'Sun, 02 Dec 2018 02:12:08 GMT', u'connection': 'close', u'x-openstack-request-id': 'req-52898836-3ea4-4685-b1da-46d7ff30a136'} Body: _log_request_full /root/.rally/verification/verifier-c72390e8-205b-483b-a411-f8e322219910/repo/tempest/lib/common/rest_client.py:436
2018-12-02 02:12:08.955 16274 INFO tempest.lib.common.rest_client [req-fa8081a7-a050-4f44-abde-f40df5444164 ] Request (TrunkTestJSON:_run_cleanups): 404 GET http://172.30.9.23:9696/v2.0/trunks/fc3e82bc-07e3-4e51-b12d-1c5e6dc96720 0.014s
2018-12-02 02:12:08.956 16274 DEBUG tempest.lib.common.rest_client [req-fa8081a7-a050-4f44-abde-f40df5444164 ] Request - Headers: {'Content-Type': 'application/json', 'Accept': 'application/json', 'X-Auth-Token': ''} Body: None Response - Headers: {'status': '404', u'content-length': '134', 'content-location': 'http://172.30.9.23:9696/v2.0/trunks/fc3e82bc-07e3-4e51-b12d-1c5e6dc96720', u'date': 'Sun, 02 Dec 2018 02:12:08 GMT', u'content-type': 'application/json', u'connection': 'close', u'x-openstack-request-id': 'req-fa8081a7-a050-4f44-abde-f40df5444164'} Body: {"NeutronError": {"message": "Trunk fc3e82bc-07e3-4e51-b12d-1c5e6dc96720 could not be found.", "type": "TrunkNotFound", "detail": ""}} _log_request_full /root/.rally/verification/verifier-c72390e8-205b-483b-a411-f8e322219910/repo/tempest/lib/common/rest_client.py:436
2018-12-02 02:12:08.973 16274 INFO tempest.lib.common.rest_client [req-8b9c1cb3-903d-4fa0-8011-54b273463607 ] Request (TrunkTestJSON:_run_cleanups): 404 GET http://172.30.9.23:9696/v2.0/trunks/9373199a-6b32-4e71-b9c4-155d32dc76fd 0.016s
2018-12-02 02:12:08.973 16274 DEBUG tempest.lib.common.rest_client [req-8b9c1cb3-903d-4fa0-8011-54b273463607 ] Request - Headers: {'Content-Type': 'application/json', 'Accept': 'application/json', 'X-Auth-Token': ''} Body: None Response - Headers: {'status': '404', u'content-length': '134', 'content-location': 'http://172.30.9.23:9696/v2.0/trunks/9373199a-6b32-4e71-b9c4-155d32dc76fd', u'date': 'Sun, 02 Dec 2018 02:12:08 GMT', u'content-type': 'application/json', u'connection': 'close', u'x-openstack-request-id': 'req-8b9c1cb3-903d-4fa0-8011-54b273463607'} Body: {"NeutronError": {"message": "Trunk 9373199a-6b32-4e71-b9c4-155d32dc76fd could not be found.", "type": "TrunkNotFound", "detail": ""}} _log_request_full /root/.rally/verification/verifier-c72390e8-205b-483b-a411-f8e322219910/repo/tempest/lib/common/rest_client.py:436
2018-12-02 02:12:08.993 16274 INFO tempest.lib.common.rest_client [req-adad7b33-42a7-4ff3-8b5e-d5d42d3f5b98 ] Request (TrunkTestJSON:_run_cleanups): 404 GET http://172.30.9.23:9696/v2.0/trunks/621eebb6-5505-46b7-adcb-60998d1f1985 0.019s
2018-12-02 02:12:08.993 16274 DEBUG tempest.lib.common.rest_client [req-adad7b33-42a7-4ff3-8b5e-d5d42d3f5b98 ] Request - Headers: {'Content-Type': 'application/json', 'Accept': 'application/json', 'X-Auth-Token': ''} Body: None Response - Headers: {'status': '404', u'content-length': '134', 'content-location': 'http://172.30.9.23:9696/v2.0/trunks/621eebb6-5505-46b7-adcb-60998d1f1985', u'date': 'Sun, 02 Dec 2018 02:12:08 GMT', u'content-type': 'application/json', u'connection': 'close', u'x-openstack-request-id': 'req-adad7b33-42a7-4ff3-8b5e-d5d42d3f5b98'} Body: {"NeutronError": {"message": "Trunk 621eebb6-5505-46b7-adcb-60998d1f1985 could not be found.", "type": "TrunkNotFound", "detail": ""}} _log_request_full /root/.rally/verification/verifier-c72390e8-205b-483b-a411-f8e322219910/repo/tempest/lib/common/rest_client.py:436
2018-12-02 02:12:09.011 16274 INFO tempest.lib.common.rest_client [req-127ed4bf-06ed-4eaf-807b-149436370789 ] Request (TrunkTestJSON:_run_cleanups): 404 GET http://172.30.9.23:9696/v2.0/trunks/832d5327-1403-4027-8f70-0d6305c98671 0.017s
2018-12-02 02:12:09.012 16274 DEBUG tempest.lib.common.rest_client [req-127ed4bf-06ed-4eaf-807b-149436370789 ] Request - Headers: {'Content-Type': 'application/json', 'Accept': 'application/json', 'X-Auth-Token': ''} Body: None Response - Headers: {'status': '404', u'content-length': '134', 'content-location': 'http://172.30.9.23:9696/v2.0/trunks/832d5327-1403-4027-8f70-0d6305c98671', u'date': 'Sun, 02 Dec 2018 02:12:08 GMT', u'content-type': 'application/json', u'connection': 'close', u'x-openstack-request-id': 'req-127ed4bf-06ed-4eaf-807b-149436370789'} Body: {"NeutronError": {"message": "Trunk 832d5327-1403-4027-8f70-0d6305c98671 could not be found.", "type": "TrunkNotFound", "detail": ""}} _log_request_full /root/.rally/verification/verifier-c72390e8-205b-483b-a411-f8e322219910/repo/tempest/lib/common/rest_client.py:436
2018-12-02 02:12:09.030 16274 INFO tempest.lib.common.rest_client [req-a33c0ba4-a136-4b4a-a6bb-5dcf3740accc ] Request (TrunkTestJSON:_run_cleanups): 404 GET http://172.30.9.23:9696/v2.0/trunks/e1728dda-8899-47db-85a5-4ae677f9c25c 0.018s
2018-12-02 02:12:09.030 16274 DEBUG tempest.lib.common.rest_client [req-a33c0ba4-a136-4b4a-a6bb-5dcf3740accc ] Request - Headers: {'Content-Type': 'application/json', 'Accept': 'application/json', 'X-Auth-Token': ''} Body: None Response - Headers: {'status': '404', u'content-length': '134', 'content-location': 'http://172.30.9.23:9696/v2.0/trunks/e1728dda-8899-47db-85a5-4ae677f9c25c', u'date': 'Sun, 02 Dec 2018 02:12:09 GMT', u'content-type': 'application/json', u'connection': 'close', u'x-openstack-request-id': 'req-a33c0ba4-a136-4b4a-a6bb-5dcf3740accc'} Body: {"NeutronError": {"message": "Trunk e1728dda-8899-47db-85a5-4ae677f9c25c could not be found.", "type": "TrunkNotFound", "detail": ""}} _log_request_full /root/.rally/verification/verifier-c72390e8-205b-483b-a411-f8e322219910/repo/tempest/lib/common/rest_client.py:436
2018-12-02 02:12:09.049 16274 INFO tempest.lib.common.rest_client [req-7af94e24-254d-406a-bd30-3ebf1f8e4492 ] Request (TrunkTestJSON:_run_cleanups): 404 GET http://172.30.9.23:9696/v2.0/trunks/a291f443-85dc-481d-9695-bde29c91c1d6 0.018s
2018-12-02 02:12:09.049 16274 DEBUG tempest.lib.common.rest_client [req-7af94e24-254d-406a-bd30-3ebf1f8e4492 ] Request - Headers: {'Content-Type': 'application/json', 'Accept': 'application/json', 'X-Auth-Token': ''} Body: None Response - Headers: {'status': '404', u'content-length': '134', 'content-location': 'http://172.30.9.23:9696/v2.0/trunks/a291f443-85dc-481d-9695-bde29c91c1d6', u'date': 'Sun, 02 Dec 2018 02:12:09 GMT', u'content-type': 'application/json', u'connection': 'close', u'x-openstack-request-id': 'req-7af94e24-254d-406a-bd30-3ebf1f8e4492'} Body: {"NeutronError": {"message": "Trunk a291f443-85dc-481d-9695-bde29c91c1d6 could not be found.", "type": "TrunkNotFound", "detail": ""}} _log_request_full /root/.rally/verification/verifier-c72390e8-205b-483b-a411-f8e322219910/repo/tempest/lib/common/rest_client.py:436
2018-12-02 02:12:09.089 16274 INFO tempest.lib.common.rest_client [req-e19b543e-959d-46bb-afba-d57967115d6d ] Request (TrunkTestJSON:_run_cleanups): 404 DELETE http://172.30.9.23:9696/v2.0/ports/0e58489b-c04d-46ec-ae0e-4429a61cdd4e 0.039s
2018-12-02 02:12:09.089 16274 DEBUG tempest.lib.common.rest_client [req-e19b543e-959d-46bb-afba-d57967115d6d ] Request - Headers: {'Content-Type': 'application/json', 'Accept': 'application/json', 'X-Auth-Token': ''} Body: None Response - Headers: {'status': '404', u'content-length': '132', 'content-location': 'http://172.30.9.23:9696/v2.0/ports/0e58489b-c04d-46ec-ae0e-4429a61cdd4e', u'date': 'Sun, 02 Dec 2018 02:12:09 GMT', u'content-type': 'application/json', u'connection': 'close', u'x-openstack-request-id': 'req-e19b543e-959d-46bb-afba-d57967115d6d'} Body: {"NeutronError": {"message": "Port 0e58489b-c04d-46ec-ae0e-4429a61cdd4e could not be found.", "type": "PortNotFound", "detail": ""}} _log_request_full /root/.rally/verification/verifier-c72390e8-205b-483b-a411-f8e322219910/repo/tempest/lib/common/rest_client.py:436
2018-12-02 02:12:09.125 16274 INFO tempest.lib.common.rest_client [req-cfca4f74-4c49-4743-a76b-75e32a97a0bb ] Request (TrunkTestJSON:_run_cleanups): 404 DELETE http://172.30.9.23:9696/v2.0/ports/c96be6ae-e91a-4233-962b-d8db49c17c23 0.035s
2018-12-02 02:12:09.125 16274 DEBUG tempest.lib.common.rest_client [req-cfca4f74-4c49-4743-a76b-75e32a97a0bb ] Request - Headers: {'Content-Type': 'application/json', 'Accept': 'application/json', 'X-Auth-Token': ''} Body: None Response - Headers: {'status': '404', u'content-length': '132', 'content-location': 'http://172.30.9.23:9696/v2.0/ports/c96be6ae-e91a-4233-962b-d8db49c17c23', u'date': 'Sun, 02 Dec 2018 02:12:09 GMT', u'content-type': 'application/json', u'connection': 'close', u'x-openstack-request-id': 'req-cfca4f74-4c49-4743-a76b-75e32a97a0bb'} Body: {"NeutronError": {"message": "Port c96be6ae-e91a-4233-962b-d8db49c17c23 could not be found.", "type": "PortNotFound", "detail": ""}} _log_request_full /root/.rally/verification/verifier-c72390e8-205b-483b-a411-f8e322219910/repo/tempest/lib/common/rest_client.py:436
2018-12-02 02:12:09.160 16274 INFO tempest.lib.common.rest_client [req-6daf54ee-2bcc-4cab-9f8b-c7f8030f2df0 ] Request (TrunkTestJSON:_run_cleanups): 404 DELETE http://172.30.9.23:9696/v2.0/ports/6aba0759-1b63-4962-94b9-5152989ea54f 0.034s
2018-12-02 02:12:09.160 16274 DEBUG tempest.lib.common.rest_client [req-6daf54ee-2bcc-4cab-9f8b-c7f8030f2df0 ] Request - Headers: {'Content-Type': 'application/json', 'Accept': 'application/json', 'X-Auth-Token': ''} Body: None Response - Headers: {'status': '404', u'content-length': '132', 'content-location': 'http://172.30.9.23:9696/v2.0/ports/6aba0759-1b63-4962-94b9-5152989ea54f', u'date': 'Sun, 02 Dec 2018 02:12:09 GMT', u'content-type': 'application/json', u'connection': 'close', u'x-openstack-request-id': 'req-6daf54ee-2bcc-4cab-9f8b-c7f8030f2df0'} Body: {"NeutronError": {"message": "Port 6aba0759-1b63-4962-94b9-5152989ea54f could not be found.", "type": "PortNotFound", "detail": ""}} _log_request_full /root/.rally/verification/verifier-c72390e8-205b-483b-a411-f8e322219910/repo/tempest/lib/common/rest_client.py:436
2018-12-02 02:12:09.190 16274 INFO tempest.lib.common.rest_client [req-4b455497-d54f-4a2b-ac3e-68befad1ccab ] Request (TrunkTestJSON:_run_cleanups): 404 DELETE http://172.30.9.23:9696/v2.0/ports/2b22cedf-fd54-4c5c-9325-d6e763be6ac2 0.029s
2018-12-02 02:12:09.190 16274 DEBUG tempest.lib.common.rest_client [req-4b455497-d54f-4a2b-ac3e-68befad1ccab ] Request - Headers: {'Content-Type': 'application/json', 'Accept': 'application/json', 'X-Auth-Token': ''} Body: None Response - Headers: {'status': '404', u'content-length': '132', 'content-location': 'http://172.30.9.23:9696/v2.0/ports/2b22cedf-fd54-4c5c-9325-d6e763be6ac2', u'date': 'Sun, 02 Dec 2018 02:12:09 GMT', u'content-type': 'application/json', u'connection': 'close', u'x-openstack-request-id': 'req-4b455497-d54f-4a2b-ac3e-68befad1ccab'} Body: {"NeutronError": {"message": "Port 2b22cedf-fd54-4c5c-9325-d6e763be6ac2 could not be found.", "type": "PortNotFound", "detail": ""}} _log_request_full /root/.rally/verification/verifier-c72390e8-205b-483b-a411-f8e322219910/repo/tempest/lib/common/rest_client.py:436
2018-12-02 02:12:09.220 16274 INFO tempest.lib.common.rest_client [req-67bbfb67-1e7f-490f-aa8c-677f7c295687 ] Request (TrunkTestJSON:_run_cleanups): 404 DELETE http://172.30.9.23:9696/v2.0/ports/baf50732-a70d-463a-86c2-d3e3471e215d 0.029s
2018-12-02 02:12:09.220 16274 DEBUG tempest.lib.common.rest_client [req-67bbfb67-1e7f-490f-aa8c-677f7c295687 ] Request - Headers: {'Content-Type': 'application/json', 'Accept': 'application/json', 'X-Auth-Token': ''} Body: None Response - Headers: {'status': '404', u'content-length': '132', 'content-location': 'http://172.30.9.23:9696/v2.0/ports/baf50732-a70d-463a-86c2-d3e3471e215d', u'date': 'Sun, 02 Dec 2018 02:12:09 GMT', u'content-type': 'application/json', u'connection': 'close', u'x-openstack-request-id': 'req-67bbfb67-1e7f-490f-aa8c-677f7c295687'} Body: {"NeutronError": {"message": "Port baf50732-a70d-463a-86c2-d3e3471e215d could not be found.", "type": "PortNotFound", "detail": ""}} _log_request_full /root/.rally/verification/verifier-c72390e8-205b-483b-a411-f8e322219910/repo/tempest/lib/common/rest_client.py:436
2018-12-02 02:12:09.228 16270 INFO tempest.lib.common.rest_client [req-f13c09b0-c166-4fee-8cf3-2939716cfc52 ] Request (TrunkTestJSON:test_delete_trunk_with_subport_is_allowed): 201 POST http://172.30.9.23:9696/v2.0/trunks 0.471s
2018-12-02 02:12:09.228 16270 DEBUG tempest.lib.common.rest_client [req-f13c09b0-c166-4fee-8cf3-2939716cfc52 ] Request - Headers: {'Content-Type': 'application/json', 'Accept': 'application/json', 'X-Auth-Token': ''} Body: {"trunk": {"sub_ports": [{"segmentation_type": "vlan", "port_id": "55bb8444-19a6-45e1-8aea-e842f2ca8a72", "segmentation_id": 2}], "port_id": "9e4c4e4a-f510-4bb6-b1c9-1d9add4c9bd4"}} Response - Headers: {'status': '201', u'content-length': '509', 'content-location': 'http://172.30.9.23:9696/v2.0/trunks', u'date': 'Sun, 02 Dec 2018 02:12:09 GMT', u'content-type': 'application/json', u'connection': 'close', u'x-openstack-request-id': 'req-f13c09b0-c166-4fee-8cf3-2939716cfc52'} Body: {"trunk": {"status": "DOWN", "sub_ports": [{"segmentation_type": "vlan", "port_id": "55bb8444-19a6-45e1-8aea-e842f2ca8a72", "segmentation_id": 2}], "name": "", "admin_state_up": true, "tenant_id": "37307898f8f747079baf26b74cabcaa9", "created_at": "2018-12-02T02:12:09Z", "tags": [], "updated_at": "2018-12-02T02:12:09Z", "revision_number": 0, "project_id": "37307898f8f747079baf26b74cabcaa9", "port_id": "9e4c4e4a-f510-4bb6-b1c9-1d9add4c9bd4", "id": "8bd81b1e-978f-41ea-a5af-eb8563744cfb", "description": ""}} _log_request_full /root/.rally/verification/verifier-c72390e8-205b-483b-a411-f8e322219910/repo/tempest/lib/common/rest_client.py:436
2018-12-02 02:12:09.274 16274 INFO tempest.lib.common.rest_client [req-ae478760-afed-41c6-a468-6c307b6e4af8 ] Request (TrunkTestJSON:_run_cleanups): 404 DELETE http://172.30.9.23:9696/v2.0/ports/e9fc8e10-a970-450a-b6a4-2c0889431f20 0.053s
2018-12-02 02:12:09.274 16274 DEBUG tempest.lib.common.rest_client [req-ae478760-afed-41c6-a468-6c307b6e4af8 ] Request - Headers: {'Content-Type': 'application/json', 'Accept': 'application/json', 'X-Auth-Token': ''} Body: None Response - Headers: {'status': '404', u'content-length': '132', 'content-location': 'http://172.30.9.23:9696/v2.0/ports/e9fc8e10-a970-450a-b6a4-2c0889431f20', u'date': 'Sun, 02 Dec 2018 02:12:09 GMT', u'content-type': 'application/json', u'connection': 'close', u'x-openstack-request-id': 'req-ae478760-afed-41c6-a468-6c307b6e4af8'} Body: {"NeutronError": {"message": "Port e9fc8e10-a970-450a-b6a4-2c0889431f20 could not be found.", "type": "PortNotFound", "detail": ""}} _log_request_full /root/.rally/verification/verifier-c72390e8-205b-483b-a411-f8e322219910/repo/tempest/lib/common/rest_client.py:436
2018-12-02 02:12:09.312 16274 INFO tempest.lib.common.rest_client [req-631ef4b9-9d99-49e3-b543-6dd3342f4777 ] Request (TrunkTestJSON:_run_cleanups): 404 DELETE http://172.30.9.23:9696/v2.0/ports/ab8e881b-ae7a-444d-965d-6d6c7fc2da31 0.037s
2018-12-02 02:12:09.312 16274 DEBUG tempest.lib.common.rest_client [req-631ef4b9-9d99-49e3-b543-6dd3342f4777 ] Request - Headers: {'Content-Type': 'application/json', 'Accept': 'application/json', 'X-Auth-Token': ''} Body: None Response - Headers: {'status': '404', u'content-length': '132', 'content-location': 'http://172.30.9.23:9696/v2.0/ports/ab8e881b-ae7a-444d-965d-6d6c7fc2da31', u'date': 'Sun, 02 Dec 2018 02:12:09 GMT', u'content-type': 'application/json', u'connection': 'close', u'x-openstack-request-id': 'req-631ef4b9-9d99-49e3-b543-6dd3342f4777'} Body: {"NeutronError": {"message": "Port ab8e881b-ae7a-444d-965d-6d6c7fc2da31 could not be found.", "type": "PortNotFound", "detail": ""}} _log_request_full /root/.rally/verification/verifier-c72390e8-205b-483b-a411-f8e322219910/repo/tempest/lib/common/rest_client.py:436
2018-12-02 02:12:09.352 16274 INFO tempest.lib.common.rest_client [req-148ce246-6874-4213-a2d6-27c2913b8d3c ] Request (TrunkTestJSON:_run_cleanups): 404 DELETE http://172.30.9.23:9696/v2.0/ports/70681f13-b5e6-4205-8783-eb227f0e4001 0.040s
2018-12-02 02:12:09.353 16274 DEBUG tempest.lib.common.rest_client [req-148ce246-6874-4213-a2d6-27c2913b8d3c ] Request - Headers: {'Content-Type': 'application/json', 'Accept': 'application/json', 'X-Auth-Token': ''} Body: None Response - Headers: {'status': '404', u'content-length': '132', 'content-location': 'http://172.30.9.23:9696/v2.0/ports/70681f13-b5e6-4205-8783-eb227f0e4001', u'date': 'Sun, 02 Dec 2018 02:12:09 GMT', u'content-type': 'application/json', u'connection': 'close', u'x-openstack-request-id': 'req-148ce246-6874-4213-a2d6-27c2913b8d3c'} Body: {"NeutronError": {"message": "Port 70681f13-b5e6-4205-8783-eb227f0e4001 could not be found.", "type": "PortNotFound", "detail": ""}} _log_request_full /root/.rally/verification/verifier-c72390e8-205b-483b-a411-f8e322219910/repo/tempest/lib/common/rest_client.py:436
2018-12-02 02:12:09.399 16270 INFO tempest.lib.common.rest_client [req-ad23da1d-cece-4d33-b9b6-ad9d5b28ccd1 ] Request (TrunkTestJSON:test_delete_trunk_with_subport_is_allowed): 204 DELETE http://172.30.9.23:9696/v2.0/trunks/8bd81b1e-978f-41ea-a5af-eb8563744cfb 0.170s
2018-12-02 02:12:09.399 16270 DEBUG tempest.lib.common.rest_client [req-ad23da1d-cece-4d33-b9b6-ad9d5b28ccd1 ] Request - Headers: {'Content-Type': 'application/json', 'Accept': 'application/json', 'X-Auth-Token': ''} Body: None Response - Headers: {'status': '204', u'content-length': '0', 'content-location': 'http://172.30.9.23:9696/v2.0/trunks/8bd81b1e-978f-41ea-a5af-eb8563744cfb', u'date': 'Sun, 02 Dec 2018 02:12:09 GMT', u'connection': 'close', u'x-openstack-request-id': 'req-ad23da1d-cece-4d33-b9b6-ad9d5b28ccd1'} Body: _log_request_full /root/.rally/verification/verifier-c72390e8-205b-483b-a411-f8e322219910/repo/tempest/lib/common/rest_client.py:436
2018-12-02 02:12:09.427 16270 INFO tempest.lib.common.rest_client [req-0fb4d2cf-95db-48b6-82bd-bd32dc622c5d ] Request (TrunkTestJSON:_run_cleanups): 404 GET http://172.30.9.23:9696/v2.0/trunks/57b6b031-0478-40b2-9268-a1d6596653d2/get_subports 0.026s
2018-12-02 02:12:09.427 16270 DEBUG tempest.lib.common.rest_client [req-0fb4d2cf-95db-48b6-82bd-bd32dc622c5d ] Request - Headers: {'Content-Type': 'application/json', 'Accept': 'application/json', 'X-Auth-Token': ''} Body: None Response - Headers: {'status': '404', u'content-length': '134', 'content-location': 'http://172.30.9.23:9696/v2.0/trunks/57b6b031-0478-40b2-9268-a1d6596653d2/get_subports', u'date': 'Sun, 02 Dec 2018 02:12:09 GMT', u'content-type': 'application/json', u'connection': 'close', u'x-openstack-request-id': 'req-0fb4d2cf-95db-48b6-82bd-bd32dc622c5d'} Body: {"NeutronError": {"message": "Trunk 57b6b031-0478-40b2-9268-a1d6596653d2 could not be found.", "type": "TrunkNotFound", "detail": ""}} _log_request_full /root/.rally/verification/verifier-c72390e8-205b-483b-a411-f8e322219910/repo/tempest/lib/common/rest_client.py:436
2018-12-02 02:12:09.443 16270 INFO tempest.lib.common.rest_client [req-db530b41-8296-484a-8663-873f8ebfd99a ] Request (TrunkTestJSON:_run_cleanups): 404 DELETE http://172.30.9.23:9696/v2.0/trunks/57b6b031-0478-40b2-9268-a1d6596653d2 0.016s
2018-12-02 02:12:09.444 16270 DEBUG tempest.lib.common.rest_client [req-db530b41-8296-484a-8663-873f8ebfd99a ] Request - Headers: {'Content-Type': 'application/json', 'Accept': 'application/json', 'X-Auth-Token': ''} Body: None Response - Headers: {'status': '404', u'content-length': '134', 'content-location': 'http://172.30.9.23:9696/v2.0/trunks/57b6b031-0478-40b2-9268-a1d6596653d2', u'date': 'Sun, 02 Dec 2018 02:12:09 GMT', u'content-type': 'application/json', u'connection': 'close', u'x-openstack-request-id': 'req-db530b41-8296-484a-8663-873f8ebfd99a'} Body: {"NeutronError": {"message": "Trunk 57b6b031-0478-40b2-9268-a1d6596653d2 could not be found.", "type": "TrunkNotFound", "detail": ""}} _log_request_full /root/.rally/verification/verifier-c72390e8-205b-483b-a411-f8e322219910/repo/tempest/lib/common/rest_client.py:436
2018-12-02 02:12:09.458 16270 INFO tempest.lib.common.rest_client [req-2d1b1323-612f-4b41-8229-e9d7929c4097 ] Request (TrunkTestJSON:_run_cleanups): 404 GET http://172.30.9.23:9696/v2.0/trunks/50884450-39a0-4d3e-9caa-4f934e769a1e/get_subports 0.013s
2018-12-02 02:12:09.458 16270 DEBUG tempest.lib.common.rest_client [req-2d1b1323-612f-4b41-8229-e9d7929c4097 ] Request - Headers: {'Content-Type': 'application/json', 'Accept': 'application/json', 'X-Auth-Token': ''} Body: None Response - Headers: {'status': '404', u'content-length': '134', 'content-location': 'http://172.30.9.23:9696/v2.0/trunks/50884450-39a0-4d3e-9caa-4f934e769a1e/get_subports', u'date': 'Sun, 02 Dec 2018 02:12:09 GMT', u'content-type': 'application/json', u'connection': 'close', u'x-openstack-request-id': 'req-2d1b1323-612f-4b41-8229-e9d7929c4097'} Body: {"NeutronError": {"message": "Trunk 50884450-39a0-4d3e-9caa-4f934e769a1e could not be found.", "type": "TrunkNotFound", "detail": ""}} _log_request_full /root/.rally/verification/verifier-c72390e8-205b-483b-a411-f8e322219910/repo/tempest/lib/common/rest_client.py:436
2018-12-02 02:12:09.482 16270 INFO tempest.lib.common.rest_client [req-36e0a746-7c9f-425a-8a9c-f9de1faeb97a ] Request (TrunkTestJSON:_run_cleanups): 404 DELETE http://172.30.9.23:9696/v2.0/trunks/50884450-39a0-4d3e-9caa-4f934e769a1e 0.023s
2018-12-02 02:12:09.482 16270 DEBUG tempest.lib.common.rest_client [req-36e0a746-7c9f-425a-8a9c-f9de1faeb97a ] Request - Headers: {'Content-Type': 'application/json', 'Accept': 'application/json', 'X-Auth-Token': ''} Body: None Response - Headers: {'status': '404', u'content-length': '134', 'content-location': 'http://172.30.9.23:9696/v2.0/trunks/50884450-39a0-4d3e-9caa-4f934e769a1e', u'date': 'Sun, 02 Dec 2018 02:12:09 GMT', u'content-type': 'application/json', u'connection': 'close', u'x-openstack-request-id': 'req-36e0a746-7c9f-425a-8a9c-f9de1faeb97a'} Body: {"NeutronError": {"message": "Trunk 50884450-39a0-4d3e-9caa-4f934e769a1e could not be found.", "type": "TrunkNotFound", "detail": ""}} _log_request_full /root/.rally/verification/verifier-c72390e8-205b-483b-a411-f8e322219910/repo/tempest/lib/common/rest_client.py:436
2018-12-02 02:12:09.838 16274 INFO tempest.lib.common.rest_client [req-58515096-4b7a-48b0-90c5-63524eb67494 ] Request (TrunkTestJSON:_run_cleanups): 204 DELETE http://172.30.9.23:9696/v2.0/ports/c699c39c-add8-42e8-9e8d-16d8670d7da0 0.484s
2018-12-02 02:12:09.838 16270 INFO tempest.lib.common.rest_client [req-4850c405-ed70-4555-8b1a-fb9652cffbb9 ] Request (TrunkTestJSON:_run_cleanups): 404 GET http://172.30.9.23:9696/v2.0/trunks/69d8601c-3401-4c2f-a8aa-c15ffd19df43/get_subports 0.356s
2018-12-02 02:12:09.838 16274 DEBUG tempest.lib.common.rest_client [req-58515096-4b7a-48b0-90c5-63524eb67494 ] Request - Headers: {'Content-Type': 'application/json', 'Accept': 'application/json', 'X-Auth-Token': ''} Body: None Response - Headers: {'status': '204', u'content-length': '0', 'content-location': 'http://172.30.9.23:9696/v2.0/ports/c699c39c-add8-42e8-9e8d-16d8670d7da0', u'date': 'Sun, 02 Dec 2018 02:12:09 GMT', u'connection': 'close', u'x-openstack-request-id': 'req-58515096-4b7a-48b0-90c5-63524eb67494'} Body: _log_request_full /root/.rally/verification/verifier-c72390e8-205b-483b-a411-f8e322219910/repo/tempest/lib/common/rest_client.py:436
2018-12-02 02:12:09.839 16270 DEBUG tempest.lib.common.rest_client [req-4850c405-ed70-4555-8b1a-fb9652cffbb9 ] Request - Headers: {'Content-Type': 'application/json', 'Accept': 'application/json', 'X-Auth-Token': ''} Body: None Response - Headers: {'status': '404', u'content-length': '134', 'content-location': 'http://172.30.9.23:9696/v2.0/trunks/69d8601c-3401-4c2f-a8aa-c15ffd19df43/get_subports', u'date': 'Sun, 02 Dec 2018 02:12:09 GMT', u'content-type': 'application/json', u'connection': 'close', u'x-openstack-request-id': 'req-4850c405-ed70-4555-8b1a-fb9652cffbb9'} Body: {"NeutronError": {"message": "Trunk 69d8601c-3401-4c2f-a8aa-c15ffd19df43 could not be found.", "type": "TrunkNotFound", "detail": ""}} _log_request_full /root/.rally/verification/verifier-c72390e8-205b-483b-a411-f8e322219910/repo/tempest/lib/common/rest_client.py:436
2018-12-02 02:12:09.853 16270 INFO tempest.lib.common.rest_client [req-54b72bde-96bd-471c-b2e9-4c0aa33abe80 ] Request (TrunkTestJSON:_run_cleanups): 404 DELETE http://172.30.9.23:9696/v2.0/trunks/69d8601c-3401-4c2f-a8aa-c15ffd19df43 0.013s
2018-12-02 02:12:09.853 16270 DEBUG tempest.lib.common.rest_client [req-54b72bde-96bd-471c-b2e9-4c0aa33abe80 ] Request - Headers: {'Content-Type': 'application/json', 'Accept': 'application/json', 'X-Auth-Token': ''} Body: None Response - Headers: {'status': '404', u'content-length': '134', 'content-location': 'http://172.30.9.23:9696/v2.0/trunks/69d8601c-3401-4c2f-a8aa-c15ffd19df43', u'date': 'Sun, 02 Dec 2018 02:12:09 GMT', u'content-type': 'application/json', u'connection': 'close', u'x-openstack-request-id': 'req-54b72bde-96bd-471c-b2e9-4c0aa33abe80'} Body: {"NeutronError": {"message": "Trunk 69d8601c-3401-4c2f-a8aa-c15ffd19df43 could not be found.", "type": "TrunkNotFound", "detail": ""}} _log_request_full /root/.rally/verification/verifier-c72390e8-205b-483b-a411-f8e322219910/repo/tempest/lib/common/rest_client.py:436
2018-12-02 02:12:09.860 16274 INFO tempest.lib.common.rest_client [req-e1e502ff-5ef4-4954-a878-d653fc2df3fa ] Request (TrunkTestJSON:_run_cleanups): 404 DELETE http://172.30.9.23:9696/v2.0/networks/63b36afb-e2bb-4ca0-a899-7933ebb5c6e7 0.020s
2018-12-02 02:12:09.860 16274 DEBUG tempest.lib.common.rest_client [req-e1e502ff-5ef4-4954-a878-d653fc2df3fa ] Request - Headers: {'Content-Type': 'application/json', 'Accept': 'application/json', 'X-Auth-Token': ''} Body: None Response - Headers: {'status': '404', u'content-length': '138', 'content-location': 'http://172.30.9.23:9696/v2.0/networks/63b36afb-e2bb-4ca0-a899-7933ebb5c6e7', u'date': 'Sun, 02 Dec 2018 02:12:09 GMT', u'content-type': 'application/json', u'connection': 'close', u'x-openstack-request-id': 'req-e1e502ff-5ef4-4954-a878-d653fc2df3fa'} Body: {"NeutronError": {"message": "Network 63b36afb-e2bb-4ca0-a899-7933ebb5c6e7 could not be found.", "type": "NetworkNotFound", "detail": ""}} _log_request_full /root/.rally/verification/verifier-c72390e8-205b-483b-a411-f8e322219910/repo/tempest/lib/common/rest_client.py:436
2018-12-02 02:12:09.874 16270 INFO tempest.lib.common.rest_client [req-6d3e0cc6-946f-4620-a1ec-3965928668c0 ] Request (TrunkTestJSON:_run_cleanups): 404 GET http://172.30.9.23:9696/v2.0/trunks/a2169b00-5d68-42cd-8aa9-dffc88448fa8/get_subports 0.019s
2018-12-02 02:12:09.874 16270 DEBUG tempest.lib.common.rest_client [req-6d3e0cc6-946f-4620-a1ec-3965928668c0 ] Request - Headers: {'Content-Type': 'application/json', 'Accept': 'application/json', 'X-Auth-Token': ''} Body: None Response - Headers: {'status': '404', u'content-length': '134', 'content-location': 'http://172.30.9.23:9696/v2.0/trunks/a2169b00-5d68-42cd-8aa9-dffc88448fa8/get_subports', u'date': 'Sun, 02 Dec 2018 02:12:09 GMT', u'content-type': 'application/json', u'connection': 'close', u'x-openstack-request-id': 'req-6d3e0cc6-946f-4620-a1ec-3965928668c0'} Body: {"NeutronError": {"message": "Trunk a2169b00-5d68-42cd-8aa9-dffc88448fa8 could not be found.", "type": "TrunkNotFound", "detail": ""}} _log_request_full /root/.rally/verification/verifier-c72390e8-205b-483b-a411-f8e322219910/repo/tempest/lib/common/rest_client.py:436
2018-12-02 02:12:09.885 16274 INFO tempest.lib.common.rest_client [req-2c073d3d-e2ee-40d1-b064-9ebdbe3d7241 ] Request (TrunkTestJSON:_run_cleanups): 404 DELETE http://172.30.9.23:9696/v2.0/networks/c17e8b27-8715-41b2-b634-1ec5365d6fdb 0.024s
2018-12-02 02:12:09.885 16274 DEBUG tempest.lib.common.rest_client [req-2c073d3d-e2ee-40d1-b064-9ebdbe3d7241 ] Request - Headers: {'Content-Type': 'application/json', 'Accept': 'application/json', 'X-Auth-Token': ''} Body: None Response - Headers: {'status': '404', u'content-length': '138', 'content-location': 'http://172.30.9.23:9696/v2.0/networks/c17e8b27-8715-41b2-b634-1ec5365d6fdb', u'date': 'Sun, 02 Dec 2018 02:12:09 GMT', u'content-type': 'application/json', u'connection': 'close', u'x-openstack-request-id': 'req-2c073d3d-e2ee-40d1-b064-9ebdbe3d7241'} Body: {"NeutronError": {"message": "Network c17e8b27-8715-41b2-b634-1ec5365d6fdb could not be found.", "type": "NetworkNotFound", "detail": ""}} _log_request_full /root/.rally/verification/verifier-c72390e8-205b-483b-a411-f8e322219910/repo/tempest/lib/common/rest_client.py:436
2018-12-02 02:12:09.892 16270 INFO tempest.lib.common.rest_client [req-af6e070e-bb38-4ee6-a52f-586e7ae58e15 ] Request (TrunkTestJSON:_run_cleanups): 404 DELETE http://172.30.9.23:9696/v2.0/trunks/a2169b00-5d68-42cd-8aa9-dffc88448fa8 0.017s
2018-12-02 02:12:09.892 16270 DEBUG tempest.lib.common.rest_client [req-af6e070e-bb38-4ee6-a52f-586e7ae58e15 ] Request - Headers: {'Content-Type': 'application/json', 'Accept': 'application/json', 'X-Auth-Token': ''} Body: None Response - Headers: {'status': '404', u'content-length': '134', 'content-location': 'http://172.30.9.23:9696/v2.0/trunks/a2169b00-5d68-42cd-8aa9-dffc88448fa8', u'date': 'Sun, 02 Dec 2018 02:12:09 GMT', u'content-type': 'application/json', u'connection': 'close', u'x-openstack-request-id': 'req-af6e070e-bb38-4ee6-a52f-586e7ae58e15'} Body: {"NeutronError": {"message": "Trunk a2169b00-5d68-42cd-8aa9-dffc88448fa8 could not be found.", "type": "TrunkNotFound", "detail": ""}} _log_request_full /root/.rally/verification/verifier-c72390e8-205b-483b-a411-f8e322219910/repo/tempest/lib/common/rest_client.py:436
2018-12-02 02:12:09.907 16274 INFO tempest.lib.common.rest_client [req-005a6e36-9cb1-41d4-a400-58e66cf81d4b ] Request (TrunkTestJSON:_run_cleanups): 404 DELETE http://172.30.9.23:9696/v2.0/networks/289679a1-36b9-4419-a568-46cda5b5bc6c 0.020s
2018-12-02 02:12:09.907 16274 DEBUG tempest.lib.common.rest_client [req-005a6e36-9cb1-41d4-a400-58e66cf81d4b ] Request - Headers: {'Content-Type': 'application/json', 'Accept': 'application/json', 'X-Auth-Token': ''} Body: None Response - Headers: {'status': '404', u'content-length': '138', 'content-location': 'http://172.30.9.23:9696/v2.0/networks/289679a1-36b9-4419-a568-46cda5b5bc6c', u'date': 'Sun, 02 Dec 2018 02:12:09 GMT', u'content-type': 'application/json', u'connection': 'close', u'x-openstack-request-id': 'req-005a6e36-9cb1-41d4-a400-58e66cf81d4b'} Body: {"NeutronError": {"message": "Network 289679a1-36b9-4419-a568-46cda5b5bc6c could not be found.", "type": "NetworkNotFound", "detail": ""}} _log_request_full /root/.rally/verification/verifier-c72390e8-205b-483b-a411-f8e322219910/repo/tempest/lib/common/rest_client.py:436
2018-12-02 02:12:09.911 16270 INFO tempest.lib.common.rest_client [req-c432cd9d-adb6-4641-86b1-6b3008daa686 ] Request (TrunkTestJSON:_run_cleanups): 404 GET http://172.30.9.23:9696/v2.0/trunks/803225f1-ce13-4684-b86f-40db1f1e7d85/get_subports 0.018s
2018-12-02 02:12:09.911 16270 DEBUG tempest.lib.common.rest_client [req-c432cd9d-adb6-4641-86b1-6b3008daa686 ] Request - Headers: {'Content-Type': 'application/json', 'Accept': 'application/json', 'X-Auth-Token': ''} Body: None Response - Headers: {'status': '404', u'content-length': '134', 'content-location': 'http://172.30.9.23:9696/v2.0/trunks/803225f1-ce13-4684-b86f-40db1f1e7d85/get_subports', u'date': 'Sun, 02 Dec 2018 02:12:09 GMT', u'content-type': 'application/json', u'connection': 'close', u'x-openstack-request-id': 'req-c432cd9d-adb6-4641-86b1-6b3008daa686'} Body: {"NeutronError": {"message": "Trunk 803225f1-ce13-4684-b86f-40db1f1e7d85 could not be found.", "type": "TrunkNotFound", "detail": ""}} _log_request_full /root/.rally/verification/verifier-c72390e8-205b-483b-a411-f8e322219910/repo/tempest/lib/common/rest_client.py:436
2018-12-02 02:12:09.931 16274 INFO tempest.lib.common.rest_client [req-21e907ef-4024-4eb0-8e5e-167bc47e7b8d ] Request (TrunkTestJSON:_run_cleanups): 404 DELETE http://172.30.9.23:9696/v2.0/networks/00d89986-94ac-4f36-90cf-7a5076b08181 0.023s
2018-12-02 02:12:09.931 16274 DEBUG tempest.lib.common.rest_client [req-21e907ef-4024-4eb0-8e5e-167bc47e7b8d ] Request - Headers: {'Content-Type': 'application/json', 'Accept': 'application/json', 'X-Auth-Token': ''} Body: None Response - Headers: {'status': '404', u'content-length': '138', 'content-location': 'http://172.30.9.23:9696/v2.0/networks/00d89986-94ac-4f36-90cf-7a5076b08181', u'date': 'Sun, 02 Dec 2018 02:12:09 GMT', u'content-type': 'application/json', u'connection': 'close', u'x-openstack-request-id': 'req-21e907ef-4024-4eb0-8e5e-167bc47e7b8d'} Body: {"NeutronError": {"message": "Network 00d89986-94ac-4f36-90cf-7a5076b08181 could not be found.", "type": "NetworkNotFound", "detail": ""}} _log_request_full /root/.rally/verification/verifier-c72390e8-205b-483b-a411-f8e322219910/repo/tempest/lib/common/rest_client.py:436
2018-12-02 02:12:09.934 16270 INFO tempest.lib.common.rest_client [req-279610a1-237a-46d0-8641-40c2207efa6a ] Request (TrunkTestJSON:_run_cleanups): 404 DELETE http://172.30.9.23:9696/v2.0/trunks/803225f1-ce13-4684-b86f-40db1f1e7d85 0.022s
2018-12-02 02:12:09.934 16270 DEBUG tempest.lib.common.rest_client [req-279610a1-237a-46d0-8641-40c2207efa6a ] Request - Headers: {'Content-Type': 'application/json', 'Accept': 'application/json', 'X-Auth-Token': ''} Body: None Response - Headers: {'status': '404', u'content-length': '134', 'content-location': 'http://172.30.9.23:9696/v2.0/trunks/803225f1-ce13-4684-b86f-40db1f1e7d85', u'date': 'Sun, 02 Dec 2018 02:12:09 GMT', u'content-type': 'application/json', u'connection': 'close', u'x-openstack-request-id': 'req-279610a1-237a-46d0-8641-40c2207efa6a'} Body: {"NeutronError": {"message": "Trunk 803225f1-ce13-4684-b86f-40db1f1e7d85 could not be found.", "type": "TrunkNotFound", "detail": ""}} _log_request_full /root/.rally/verification/verifier-c72390e8-205b-483b-a411-f8e322219910/repo/tempest/lib/common/rest_client.py:436
2018-12-02 02:12:09.954 16274 INFO tempest.lib.common.rest_client [req-7185949d-db06-437c-a9a9-7114b4a1853b ] Request (TrunkTestJSON:_run_cleanups): 404 DELETE http://172.30.9.23:9696/v2.0/networks/a855982a-9e3a-4643-8a97-6768ca4e8875 0.022s
2018-12-02 02:12:09.954 16274 DEBUG tempest.lib.common.rest_client [req-7185949d-db06-437c-a9a9-7114b4a1853b ] Request - Headers: {'Content-Type': 'application/json', 'Accept': 'application/json', 'X-Auth-Token': ''} Body: None Response - Headers: {'status': '404', u'content-length': '138', 'content-location': 'http://172.30.9.23:9696/v2.0/networks/a855982a-9e3a-4643-8a97-6768ca4e8875', u'date': 'Sun, 02 Dec 2018 02:12:09 GMT', u'content-type': 'application/json', u'connection': 'close', u'x-openstack-request-id': 'req-7185949d-db06-437c-a9a9-7114b4a1853b'} Body: {"NeutronError": {"message": "Network a855982a-9e3a-4643-8a97-6768ca4e8875 could not be found.", "type": "NetworkNotFound", "detail": ""}} _log_request_full /root/.rally/verification/verifier-c72390e8-205b-483b-a411-f8e322219910/repo/tempest/lib/common/rest_client.py:436
2018-12-02 02:12:09.956 16270 INFO tempest.lib.common.rest_client [req-5a969831-468c-430c-b94d-708d20907773 ] Request (TrunkTestJSON:_run_cleanups): 404 GET http://172.30.9.23:9696/v2.0/trunks/2debe96c-5d6d-4b1c-b72d-498f25ac221b/get_subports 0.021s
2018-12-02 02:12:09.957 16270 DEBUG tempest.lib.common.rest_client [req-5a969831-468c-430c-b94d-708d20907773 ] Request - Headers: {'Content-Type': 'application/json', 'Accept': 'application/json', 'X-Auth-Token': ''} Body: None Response - Headers: {'status': '404', u'content-length': '134', 'content-location': 'http://172.30.9.23:9696/v2.0/trunks/2debe96c-5d6d-4b1c-b72d-498f25ac221b/get_subports', u'date': 'Sun, 02 Dec 2018 02:12:09 GMT', u'content-type': 'application/json', u'connection': 'close', u'x-openstack-request-id': 'req-5a969831-468c-430c-b94d-708d20907773'} Body: {"NeutronError": {"message": "Trunk 2debe96c-5d6d-4b1c-b72d-498f25ac221b could not be found.", "type": "TrunkNotFound", "detail": ""}} _log_request_full /root/.rally/verification/verifier-c72390e8-205b-483b-a411-f8e322219910/repo/tempest/lib/common/rest_client.py:436
2018-12-02 02:12:09.974 16270 INFO tempest.lib.common.rest_client [req-4334b55c-3ce3-4bb3-a422-00c4e00e9b9c ] Request (TrunkTestJSON:_run_cleanups): 404 DELETE http://172.30.9.23:9696/v2.0/trunks/2debe96c-5d6d-4b1c-b72d-498f25ac221b 0.016s
2018-12-02 02:12:09.974 16270 DEBUG tempest.lib.common.rest_client [req-4334b55c-3ce3-4bb3-a422-00c4e00e9b9c ] Request - Headers: {'Content-Type': 'application/json', 'Accept': 'application/json', 'X-Auth-Token': ''} Body: None Response - Headers: {'status': '404', u'content-length': '134', 'content-location': 'http://172.30.9.23:9696/v2.0/trunks/2debe96c-5d6d-4b1c-b72d-498f25ac221b', u'date': 'Sun, 02 Dec 2018 02:12:09 GMT', u'content-type': 'application/json', u'connection': 'close', u'x-openstack-request-id': 'req-4334b55c-3ce3-4bb3-a422-00c4e00e9b9c'} Body: {"NeutronError": {"message": "Trunk 2debe96c-5d6d-4b1c-b72d-498f25ac221b could not be found.", "type": "TrunkNotFound", "detail": ""}} _log_request_full /root/.rally/verification/verifier-c72390e8-205b-483b-a411-f8e322219910/repo/tempest/lib/common/rest_client.py:436
2018-12-02 02:12:09.990 16270 INFO tempest.lib.common.rest_client [req-59cd06b8-07a4-4d7c-b225-10d9ffbd26a2 ] Request (TrunkTestJSON:_run_cleanups): 404 GET http://172.30.9.23:9696/v2.0/trunks/8bd81b1e-978f-41ea-a5af-eb8563744cfb/get_subports 0.016s
2018-12-02 02:12:09.991 16270 DEBUG tempest.lib.common.rest_client [req-59cd06b8-07a4-4d7c-b225-10d9ffbd26a2 ] Request - Headers: {'Content-Type': 'application/json', 'Accept': 'application/json', 'X-Auth-Token': ''} Body: None Response - Headers: {'status': '404', u'content-length': '134', 'content-location': 'http://172.30.9.23:9696/v2.0/trunks/8bd81b1e-978f-41ea-a5af-eb8563744cfb/get_subports', u'date': 'Sun, 02 Dec 2018 02:12:09 GMT', u'content-type': 'application/json', u'connection': 'close', u'x-openstack-request-id': 'req-59cd06b8-07a4-4d7c-b225-10d9ffbd26a2'} Body: {"NeutronError": {"message": "Trunk 8bd81b1e-978f-41ea-a5af-eb8563744cfb could not be found.", "type": "TrunkNotFound", "detail": ""}} _log_request_full /root/.rally/verification/verifier-c72390e8-205b-483b-a411-f8e322219910/repo/tempest/lib/common/rest_client.py:436
2018-12-02 02:12:10.006 16270 INFO tempest.lib.common.rest_client [req-f222d9fe-d7d4-4e14-ab82-5830310299dc ] Request (TrunkTestJSON:_run_cleanups): 404 DELETE http://172.30.9.23:9696/v2.0/trunks/8bd81b1e-978f-41ea-a5af-eb8563744cfb 0.015s
2018-12-02 02:12:10.007 16270 DEBUG tempest.lib.common.rest_client [req-f222d9fe-d7d4-4e14-ab82-5830310299dc ] Request - Headers: {'Content-Type': 'application/json', 'Accept': 'application/json', 'X-Auth-Token': ''} Body: None Response - Headers: {'status': '404', u'content-length': '134', 'content-location': 'http://172.30.9.23:9696/v2.0/trunks/8bd81b1e-978f-41ea-a5af-eb8563744cfb', u'date': 'Sun, 02 Dec 2018 02:12:09 GMT', u'content-type': 'application/json', u'connection': 'close', u'x-openstack-request-id': 'req-f222d9fe-d7d4-4e14-ab82-5830310299dc'} Body: {"NeutronError": {"message": "Trunk 8bd81b1e-978f-41ea-a5af-eb8563744cfb could not be found.", "type": "TrunkNotFound", "detail": ""}} _log_request_full /root/.rally/verification/verifier-c72390e8-205b-483b-a411-f8e322219910/repo/tempest/lib/common/rest_client.py:436
2018-12-02 02:12:10.027 16270 INFO tempest.lib.common.rest_client [req-a40a829b-08e4-4e16-8d7f-c18bb40262c8 ] Request (TrunkTestJSON:_run_cleanups): 404 GET http://172.30.9.23:9696/v2.0/trunks/57b6b031-0478-40b2-9268-a1d6596653d2 0.019s
2018-12-02 02:12:10.027 16270 DEBUG tempest.lib.common.rest_client [req-a40a829b-08e4-4e16-8d7f-c18bb40262c8 ] Request - Headers: {'Content-Type': 'application/json', 'Accept': 'application/json', 'X-Auth-Token': ''} Body: None Response - Headers: {'status': '404', u'content-length': '134', 'content-location': 'http://172.30.9.23:9696/v2.0/trunks/57b6b031-0478-40b2-9268-a1d6596653d2', u'date': 'Sun, 02 Dec 2018 02:12:10 GMT', u'content-type': 'application/json', u'connection': 'close', u'x-openstack-request-id': 'req-a40a829b-08e4-4e16-8d7f-c18bb40262c8'} Body: {"NeutronError": {"message": "Trunk 57b6b031-0478-40b2-9268-a1d6596653d2 could not be found.", "type": "TrunkNotFound", "detail": ""}} _log_request_full /root/.rally/verification/verifier-c72390e8-205b-483b-a411-f8e322219910/repo/tempest/lib/common/rest_client.py:436
2018-12-02 02:12:10.040 16270 INFO tempest.lib.common.rest_client [req-2caf76a5-e7c8-431b-a265-b8d6e67937a6 ] Request (TrunkTestJSON:_run_cleanups): 404 GET http://172.30.9.23:9696/v2.0/trunks/50884450-39a0-4d3e-9caa-4f934e769a1e 0.013s
2018-12-02 02:12:10.040 16270 DEBUG tempest.lib.common.rest_client [req-2caf76a5-e7c8-431b-a265-b8d6e67937a6 ] Request - Headers: {'Content-Type': 'application/json', 'Accept': 'application/json', 'X-Auth-Token': ''} Body: None Response - Headers: {'status': '404', u'content-length': '134', 'content-location': 'http://172.30.9.23:9696/v2.0/trunks/50884450-39a0-4d3e-9caa-4f934e769a1e', u'date': 'Sun, 02 Dec 2018 02:12:10 GMT', u'content-type': 'application/json', u'connection': 'close', u'x-openstack-request-id': 'req-2caf76a5-e7c8-431b-a265-b8d6e67937a6'} Body: {"NeutronError": {"message": "Trunk 50884450-39a0-4d3e-9caa-4f934e769a1e could not be found.", "type": "TrunkNotFound", "detail": ""}} _log_request_full /root/.rally/verification/verifier-c72390e8-205b-483b-a411-f8e322219910/repo/tempest/lib/common/rest_client.py:436
2018-12-02 02:12:10.056 16270 INFO tempest.lib.common.rest_client [req-4321cd25-36eb-4ed9-8a14-4ce73b1f967f ] Request (TrunkTestJSON:_run_cleanups): 404 GET http://172.30.9.23:9696/v2.0/trunks/69d8601c-3401-4c2f-a8aa-c15ffd19df43 0.015s
2018-12-02 02:12:10.056 16270 DEBUG tempest.lib.common.rest_client [req-4321cd25-36eb-4ed9-8a14-4ce73b1f967f ] Request - Headers: {'Content-Type': 'application/json', 'Accept': 'application/json', 'X-Auth-Token': ''} Body: None Response - Headers: {'status': '404', u'content-length': '134', 'content-location': 'http://172.30.9.23:9696/v2.0/trunks/69d8601c-3401-4c2f-a8aa-c15ffd19df43', u'date': 'Sun, 02 Dec 2018 02:12:10 GMT', u'content-type': 'application/json', u'connection': 'close', u'x-openstack-request-id': 'req-4321cd25-36eb-4ed9-8a14-4ce73b1f967f'} Body: {"NeutronError": {"message": "Trunk 69d8601c-3401-4c2f-a8aa-c15ffd19df43 could not be found.", "type": "TrunkNotFound", "detail": ""}} _log_request_full /root/.rally/verification/verifier-c72390e8-205b-483b-a411-f8e322219910/repo/tempest/lib/common/rest_client.py:436
2018-12-02 02:12:10.071 16270 INFO tempest.lib.common.rest_client [req-d31e04ad-ece3-42f5-abd9-2fde1a411b7b ] Request (TrunkTestJSON:_run_cleanups): 404 GET http://172.30.9.23:9696/v2.0/trunks/a2169b00-5d68-42cd-8aa9-dffc88448fa8 0.014s
2018-12-02 02:12:10.071 16270 DEBUG tempest.lib.common.rest_client [req-d31e04ad-ece3-42f5-abd9-2fde1a411b7b ] Request - Headers: {'Content-Type': 'application/json', 'Accept': 'application/json', 'X-Auth-Token': ''} Body: None Response - Headers: {'status': '404', u'content-length': '134', 'content-location': 'http://172.30.9.23:9696/v2.0/trunks/a2169b00-5d68-42cd-8aa9-dffc88448fa8', u'date': 'Sun, 02 Dec 2018 02:12:10 GMT', u'content-type': 'application/json', u'connection': 'close', u'x-openstack-request-id': 'req-d31e04ad-ece3-42f5-abd9-2fde1a411b7b'} Body: {"NeutronError": {"message": "Trunk a2169b00-5d68-42cd-8aa9-dffc88448fa8 could not be found.", "type": "TrunkNotFound", "detail": ""}} _log_request_full /root/.rally/verification/verifier-c72390e8-205b-483b-a411-f8e322219910/repo/tempest/lib/common/rest_client.py:436
2018-12-02 02:12:10.085 16270 INFO tempest.lib.common.rest_client [req-23fb77eb-161b-4b87-af80-95a33b4897fa ] Request (TrunkTestJSON:_run_cleanups): 404 GET http://172.30.9.23:9696/v2.0/trunks/803225f1-ce13-4684-b86f-40db1f1e7d85 0.013s
