2018-10-02 10:13:31.084 17677 DEBUG tempest.lib.common.rest_client [req-83070841-a2b9-406f-b652-b871fc6bfa2b ] Request - Headers: {'Content-Type': 'application/json', 'Accept': 'application/json', 'X-Auth-Token': ''} Body: None Response - Headers: {'status': '404', u'content-length': '132', 'content-location': 'http://172.30.9.26:9696/v2.0/ports/ff1a7cad-b38f-44a5-be64-1c3a27928ab2', u'date': 'Tue, 02 Oct 2018 10:13:31 GMT', u'content-type': 'application/json', u'connection': 'close', u'x-openstack-request-id': 'req-83070841-a2b9-406f-b652-b871fc6bfa2b'} Body: {"NeutronError": {"message": "Port ff1a7cad-b38f-44a5-be64-1c3a27928ab2 could not be found.", "type": "PortNotFound", "detail": ""}} _log_request_full /root/.rally/verification/verifier-f5d3cb1d-b0ad-48be-bd0a-b8dacf5b4748/repo/tempest/lib/common/rest_client.py:436
2018-10-02 10:13:31.112 17677 INFO tempest.lib.common.rest_client [req-71e4b77c-2d0d-46ae-89ef-cdd1f43cd036 ] Request (TrunkTestJSON:_run_cleanups): 404 DELETE http://172.30.9.26:9696/v2.0/ports/3ad19a2c-41c7-4207-9b5a-c9b8a9a87052 0.027s
2018-10-02 10:13:31.113 17677 DEBUG tempest.lib.common.rest_client [req-71e4b77c-2d0d-46ae-89ef-cdd1f43cd036 ] Request - Headers: {'Content-Type': 'application/json', 'Accept': 'application/json', 'X-Auth-Token': ''} Body: None Response - Headers: {'status': '404', u'content-length': '132', 'content-location': 'http://172.30.9.26:9696/v2.0/ports/3ad19a2c-41c7-4207-9b5a-c9b8a9a87052', u'date': 'Tue, 02 Oct 2018 10:13:31 GMT', u'content-type': 'application/json', u'connection': 'close', u'x-openstack-request-id': 'req-71e4b77c-2d0d-46ae-89ef-cdd1f43cd036'} Body: {"NeutronError": {"message": "Port 3ad19a2c-41c7-4207-9b5a-c9b8a9a87052 could not be found.", "type": "PortNotFound", "detail": ""}} _log_request_full /root/.rally/verification/verifier-f5d3cb1d-b0ad-48be-bd0a-b8dacf5b4748/repo/tempest/lib/common/rest_client.py:436
2018-10-02 10:13:31.143 17677 INFO tempest.lib.common.rest_client [req-9b818e4f-7ed4-4c66-8bc7-b72e6f1173e8 ] Request (TrunkTestJSON:_run_cleanups): 404 DELETE http://172.30.9.26:9696/v2.0/ports/5bf6657b-c153-48be-851e-b21ad87835cd 0.029s
2018-10-02 10:13:31.143 17677 DEBUG tempest.lib.common.rest_client [req-9b818e4f-7ed4-4c66-8bc7-b72e6f1173e8 ] Request - Headers: {'Content-Type': 'application/json', 'Accept': 'application/json', 'X-Auth-Token': ''} Body: None Response - Headers: {'status': '404', u'content-length': '132', 'content-location': 'http://172.30.9.26:9696/v2.0/ports/5bf6657b-c153-48be-851e-b21ad87835cd', u'date': 'Tue, 02 Oct 2018 10:13:31 GMT', u'content-type': 'application/json', u'connection': 'close', u'x-openstack-request-id': 'req-9b818e4f-7ed4-4c66-8bc7-b72e6f1173e8'} Body: {"NeutronError": {"message": "Port 5bf6657b-c153-48be-851e-b21ad87835cd could not be found.", "type": "PortNotFound", "detail": ""}} _log_request_full /root/.rally/verification/verifier-f5d3cb1d-b0ad-48be-bd0a-b8dacf5b4748/repo/tempest/lib/common/rest_client.py:436
2018-10-02 10:13:31.172 17677 INFO tempest.lib.common.rest_client [req-701d77ea-b008-48ef-9c29-acffe6296133 ] Request (TrunkTestJSON:_run_cleanups): 404 DELETE http://172.30.9.26:9696/v2.0/ports/fc7929b0-4019-42ec-8b51-f62f3278680b 0.028s
2018-10-02 10:13:31.173 17677 DEBUG tempest.lib.common.rest_client [req-701d77ea-b008-48ef-9c29-acffe6296133 ] Request - Headers: {'Content-Type': 'application/json', 'Accept': 'application/json', 'X-Auth-Token': ''} Body: None Response - Headers: {'status': '404', u'content-length': '132', 'content-location': 'http://172.30.9.26:9696/v2.0/ports/fc7929b0-4019-42ec-8b51-f62f3278680b', u'date': 'Tue, 02 Oct 2018 10:13:31 GMT', u'content-type': 'application/json', u'connection': 'close', u'x-openstack-request-id': 'req-701d77ea-b008-48ef-9c29-acffe6296133'} Body: {"NeutronError": {"message": "Port fc7929b0-4019-42ec-8b51-f62f3278680b could not be found.", "type": "PortNotFound", "detail": ""}} _log_request_full /root/.rally/verification/verifier-f5d3cb1d-b0ad-48be-bd0a-b8dacf5b4748/repo/tempest/lib/common/rest_client.py:436
2018-10-02 10:13:31.203 17677 INFO tempest.lib.common.rest_client [req-18d0f5af-74ba-42b9-ac45-c39034236a9a ] Request (TrunkTestJSON:_run_cleanups): 404 DELETE http://172.30.9.26:9696/v2.0/ports/8775c9cf-5f33-4b1c-aa8c-c0003f42af1f 0.030s
2018-10-02 10:13:31.204 17677 DEBUG tempest.lib.common.rest_client [req-18d0f5af-74ba-42b9-ac45-c39034236a9a ] Request - Headers: {'Content-Type': 'application/json', 'Accept': 'application/json', 'X-Auth-Token': ''} Body: None Response - Headers: {'status': '404', u'content-length': '132', 'content-location': 'http://172.30.9.26:9696/v2.0/ports/8775c9cf-5f33-4b1c-aa8c-c0003f42af1f', u'date': 'Tue, 02 Oct 2018 10:13:31 GMT', u'content-type': 'application/json', u'connection': 'close', u'x-openstack-request-id': 'req-18d0f5af-74ba-42b9-ac45-c39034236a9a'} Body: {"NeutronError": {"message": "Port 8775c9cf-5f33-4b1c-aa8c-c0003f42af1f could not be found.", "type": "PortNotFound", "detail": ""}} _log_request_full /root/.rally/verification/verifier-f5d3cb1d-b0ad-48be-bd0a-b8dacf5b4748/repo/tempest/lib/common/rest_client.py:436
2018-10-02 10:13:31.238 17673 INFO tempest.lib.common.rest_client [req-6376c447-6db6-4bfc-9a19-88a59fa09acf ] Request (TrunkTestJSON:_run_cleanups): 204 DELETE http://172.30.9.26:9696/v2.0/networks/3191bc42-8f48-4ab2-a77e-a4e143173666 0.707s
2018-10-02 10:13:31.238 17673 DEBUG tempest.lib.common.rest_client [req-6376c447-6db6-4bfc-9a19-88a59fa09acf ] Request - Headers: {'Content-Type': 'application/json', 'Accept': 'application/json', 'X-Auth-Token': ''} Body: None Response - Headers: {'status': '204', u'content-length': '0', 'content-location': 'http://172.30.9.26:9696/v2.0/networks/3191bc42-8f48-4ab2-a77e-a4e143173666', u'date': 'Tue, 02 Oct 2018 10:13:31 GMT', u'connection': 'close', u'x-openstack-request-id': 'req-6376c447-6db6-4bfc-9a19-88a59fa09acf'} Body: _log_request_full /root/.rally/verification/verifier-f5d3cb1d-b0ad-48be-bd0a-b8dacf5b4748/repo/tempest/lib/common/rest_client.py:436
2018-10-02 10:13:31.462 17673 INFO tempest.lib.common.rest_client [req-b2e3bfbd-b8da-43e5-be72-6d8dff5c264a ] Request (TrunkTestJSON:test_create_update_trunk): 201 POST http://172.30.9.26:9696/v2.0/networks 0.222s
2018-10-02 10:13:31.463 17673 DEBUG tempest.lib.common.rest_client [req-b2e3bfbd-b8da-43e5-be72-6d8dff5c264a ] Request - Headers: {'Content-Type': 'application/json', 'Accept': 'application/json', 'X-Auth-Token': ''} Body: {"network": {"name": "tempest-test-network--44750914"}} Response - Headers: {'status': '201', u'content-length': '608', 'content-location': 'http://172.30.9.26:9696/v2.0/networks', u'date': 'Tue, 02 Oct 2018 10:13:31 GMT', u'content-type': 'application/json', u'connection': 'close', u'x-openstack-request-id': 'req-b2e3bfbd-b8da-43e5-be72-6d8dff5c264a'} Body: {"network":{"ipv6_address_scope":null,"revision_number":2,"port_security_enabled":true,"id":"22155c21-bbca-45a1-9bb5-0850323f08db","router:external":false,"availability_zone_hints":[],"availability_zones":[],"ipv4_address_scope":null,"shared":false,"project_id":"7c4e75ce75a5487abe56afcb98925674","l2_adjacency":true,"status":"ACTIVE","subnets":[],"description":"","tags":[],"updated_at":"2018-10-02T10:13:31Z","is_default":false,"name":"tempest-test-network--44750914","qos_policy_id":null,"admin_state_up":true,"tenant_id":"7c4e75ce75a5487abe56afcb98925674","created_at":"2018-10-02T10:13:31Z","mtu":1450}} _log_request_full /root/.rally/verification/verifier-f5d3cb1d-b0ad-48be-bd0a-b8dacf5b4748/repo/tempest/lib/common/rest_client.py:436
2018-10-02 10:13:31.732 17677 INFO tempest.lib.common.rest_client [req-f17d56f1-efea-472b-87f6-578c0c35be81 ] Request (TrunkTestJSON:_run_cleanups): 204 DELETE http://172.30.9.26:9696/v2.0/ports/4b65a9ec-a63c-4522-9443-942a7f0feed6 0.528s
2018-10-02 10:13:31.733 17677 DEBUG tempest.lib.common.rest_client [req-f17d56f1-efea-472b-87f6-578c0c35be81 ] Request - Headers: {'Content-Type': 'application/json', 'Accept': 'application/json', 'X-Auth-Token': ''} Body: None Response - Headers: {'status': '204', u'content-length': '0', 'content-location': 'http://172.30.9.26:9696/v2.0/ports/4b65a9ec-a63c-4522-9443-942a7f0feed6', u'date': 'Tue, 02 Oct 2018 10:13:31 GMT', u'connection': 'close', u'x-openstack-request-id': 'req-f17d56f1-efea-472b-87f6-578c0c35be81'} Body: _log_request_full /root/.rally/verification/verifier-f5d3cb1d-b0ad-48be-bd0a-b8dacf5b4748/repo/tempest/lib/common/rest_client.py:436
2018-10-02 10:13:31.760 17677 INFO tempest.lib.common.rest_client [req-7fe2d620-5bac-4363-bc4a-ba9f9c1a19d8 ] Request (TrunkTestJSON:_run_cleanups): 404 DELETE http://172.30.9.26:9696/v2.0/networks/5a96b507-35f2-45f1-9465-ae2e1b5ec0b1 0.026s
2018-10-02 10:13:31.760 17677 DEBUG tempest.lib.common.rest_client [req-7fe2d620-5bac-4363-bc4a-ba9f9c1a19d8 ] Request - Headers: {'Content-Type': 'application/json', 'Accept': 'application/json', 'X-Auth-Token': ''} Body: None Response - Headers: {'status': '404', u'content-length': '138', 'content-location': 'http://172.30.9.26:9696/v2.0/networks/5a96b507-35f2-45f1-9465-ae2e1b5ec0b1', u'date': 'Tue, 02 Oct 2018 10:13:31 GMT', u'content-type': 'application/json', u'connection': 'close', u'x-openstack-request-id': 'req-7fe2d620-5bac-4363-bc4a-ba9f9c1a19d8'} Body: {"NeutronError": {"message": "Network 5a96b507-35f2-45f1-9465-ae2e1b5ec0b1 could not be found.", "type": "NetworkNotFound", "detail": ""}} _log_request_full /root/.rally/verification/verifier-f5d3cb1d-b0ad-48be-bd0a-b8dacf5b4748/repo/tempest/lib/common/rest_client.py:436
2018-10-02 10:13:31.780 17677 INFO tempest.lib.common.rest_client [req-5ef11f56-a7bd-43e3-b7df-c0b841f8d300 ] Request (TrunkTestJSON:_run_cleanups): 404 DELETE http://172.30.9.26:9696/v2.0/networks/77ed36e8-14cc-4f5d-96e0-87be956cf1f9 0.019s
2018-10-02 10:13:31.780 17677 DEBUG tempest.lib.common.rest_client [req-5ef11f56-a7bd-43e3-b7df-c0b841f8d300 ] Request - Headers: {'Content-Type': 'application/json', 'Accept': 'application/json', 'X-Auth-Token': ''} Body: None Response - Headers: {'status': '404', u'content-length': '138', 'content-location': 'http://172.30.9.26:9696/v2.0/networks/77ed36e8-14cc-4f5d-96e0-87be956cf1f9', u'date': 'Tue, 02 Oct 2018 10:13:31 GMT', u'content-type': 'application/json', u'connection': 'close', u'x-openstack-request-id': 'req-5ef11f56-a7bd-43e3-b7df-c0b841f8d300'} Body: {"NeutronError": {"message": "Network 77ed36e8-14cc-4f5d-96e0-87be956cf1f9 could not be found.", "type": "NetworkNotFound", "detail": ""}} _log_request_full /root/.rally/verification/verifier-f5d3cb1d-b0ad-48be-bd0a-b8dacf5b4748/repo/tempest/lib/common/rest_client.py:436
2018-10-02 10:13:31.804 17677 INFO tempest.lib.common.rest_client [req-2683fc36-3a29-4e27-8cc9-747ca94f499e ] Request (TrunkTestJSON:_run_cleanups): 404 DELETE http://172.30.9.26:9696/v2.0/networks/40d94b8b-45db-4a01-a0aa-590f52d13cfd 0.023s
2018-10-02 10:13:31.805 17677 DEBUG tempest.lib.common.rest_client [req-2683fc36-3a29-4e27-8cc9-747ca94f499e ] Request - Headers: {'Content-Type': 'application/json', 'Accept': 'application/json', 'X-Auth-Token': ''} Body: None Response - Headers: {'status': '404', u'content-length': '138', 'content-location': 'http://172.30.9.26:9696/v2.0/networks/40d94b8b-45db-4a01-a0aa-590f52d13cfd', u'date': 'Tue, 02 Oct 2018 10:13:31 GMT', u'content-type': 'application/json', u'connection': 'close', u'x-openstack-request-id': 'req-2683fc36-3a29-4e27-8cc9-747ca94f499e'} Body: {"NeutronError": {"message": "Network 40d94b8b-45db-4a01-a0aa-590f52d13cfd could not be found.", "type": "NetworkNotFound", "detail": ""}} _log_request_full /root/.rally/verification/verifier-f5d3cb1d-b0ad-48be-bd0a-b8dacf5b4748/repo/tempest/lib/common/rest_client.py:436
2018-10-02 10:13:31.833 17677 INFO tempest.lib.common.rest_client [req-a8e6b96a-d04f-4d2d-9b71-1e9b1ed2c734 ] Request (TrunkTestJSON:_run_cleanups): 404 DELETE http://172.30.9.26:9696/v2.0/networks/7447a37e-4484-4164-a3a4-222e88e527a2 0.027s
2018-10-02 10:13:31.833 17677 DEBUG tempest.lib.common.rest_client [req-a8e6b96a-d04f-4d2d-9b71-1e9b1ed2c734 ] Request - Headers: {'Content-Type': 'application/json', 'Accept': 'application/json', 'X-Auth-Token': ''} Body: None Response - Headers: {'status': '404', u'content-length': '138', 'content-location': 'http://172.30.9.26:9696/v2.0/networks/7447a37e-4484-4164-a3a4-222e88e527a2', u'date': 'Tue, 02 Oct 2018 10:13:31 GMT', u'content-type': 'application/json', u'connection': 'close', u'x-openstack-request-id': 'req-a8e6b96a-d04f-4d2d-9b71-1e9b1ed2c734'} Body: {"NeutronError": {"message": "Network 7447a37e-4484-4164-a3a4-222e88e527a2 could not be found.", "type": "NetworkNotFound", "detail": ""}} _log_request_full /root/.rally/verification/verifier-f5d3cb1d-b0ad-48be-bd0a-b8dacf5b4748/repo/tempest/lib/common/rest_client.py:436
2018-10-02 10:13:32.340 17673 INFO tempest.lib.common.rest_client [req-f4d4fa3c-b72f-4703-999c-e859af6b3164 ] Request (TrunkTestJSON:test_create_update_trunk): 201 POST http://172.30.9.26:9696/v2.0/ports 0.876s
2018-10-02 10:13:32.341 17673 DEBUG tempest.lib.common.rest_client [req-f4d4fa3c-b72f-4703-999c-e859af6b3164 ] Request - Headers: {'Content-Type': 'application/json', 'Accept': 'application/json', 'X-Auth-Token': ''} Body: {"port": {"network_id": "22155c21-bbca-45a1-9bb5-0850323f08db"}} Response - Headers: {'status': '201', u'content-length': '664', 'content-location': 'http://172.30.9.26:9696/v2.0/ports', u'date': 'Tue, 02 Oct 2018 10:13:32 GMT', u'content-type': 'application/json', u'connection': 'close', u'x-openstack-request-id': 'req-f4d4fa3c-b72f-4703-999c-e859af6b3164'} Body: {"port":{"allowed_address_pairs":[],"extra_dhcp_opts":[],"updated_at":"2018-10-02T10:13:31Z","device_owner":"","revision_number":2,"port_security_enabled":true,"fixed_ips":[],"id":"1b5e2ca7-08df-4386-ad7e-e65297e8df9b","security_groups":["1059f28c-e523-4d01-adf1-f5307d9a746d"],"mac_address":"fa:16:3e:ec:63:6d","device_id":"","status":"DOWN","description":"","tags":[],"name":"","project_id":"7c4e75ce75a5487abe56afcb98925674","qos_policy_id":null,"admin_state_up":true,"network_id":"22155c21-bbca-45a1-9bb5-0850323f08db","tenant_id":"7c4e75ce75a5487abe56afcb98925674","created_at":"2018-10-02T10:13:31Z","binding:vnic_type":"normal","ip_allocation":"immediate"}} _log_request_full /root/.rally/verification/verifier-f5d3cb1d-b0ad-48be-bd0a-b8dacf5b4748/repo/tempest/lib/common/rest_client.py:436
2018-10-02 10:13:32.925 17677 INFO tempest.lib.common.rest_client [req-725fc519-aefc-4de3-9380-fc01110143b2 ] Request (TrunkTestJSON:_run_cleanups): 204 DELETE http://172.30.9.26:9696/v2.0/networks/d00624f3-3bca-4b15-8734-3626eced9287 1.091s
2018-10-02 10:13:32.925 17677 DEBUG tempest.lib.common.rest_client [req-725fc519-aefc-4de3-9380-fc01110143b2 ] Request - Headers: {'Content-Type': 'application/json', 'Accept': 'application/json', 'X-Auth-Token': ''} Body: None Response - Headers: {'status': '204', u'content-length': '0', 'content-location': 'http://172.30.9.26:9696/v2.0/networks/d00624f3-3bca-4b15-8734-3626eced9287', u'date': 'Tue, 02 Oct 2018 10:13:32 GMT', u'connection': 'close', u'x-openstack-request-id': 'req-725fc519-aefc-4de3-9380-fc01110143b2'} Body: _log_request_full /root/.rally/verification/verifier-f5d3cb1d-b0ad-48be-bd0a-b8dacf5b4748/repo/tempest/lib/common/rest_client.py:436
2018-10-02 10:13:32.932 17673 INFO tempest.lib.common.rest_client [req-f5eab137-eb1a-482e-8fb7-080c201b208e ] Request (TrunkTestJSON:test_create_update_trunk): 201 POST http://172.30.9.26:9696/v2.0/trunks 0.590s
2018-10-02 10:13:32.932 17673 DEBUG tempest.lib.common.rest_client [req-f5eab137-eb1a-482e-8fb7-080c201b208e ] Request - Headers: {'Content-Type': 'application/json', 'Accept': 'application/json', 'X-Auth-Token': ''} Body: {"trunk": {"port_id": "1b5e2ca7-08df-4386-ad7e-e65297e8df9b"}} Response - Headers: {'status': '201', u'content-length': '407', 'content-location': 'http://172.30.9.26:9696/v2.0/trunks', u'date': 'Tue, 02 Oct 2018 10:13:32 GMT', u'content-type': 'application/json', u'connection': 'close', u'x-openstack-request-id': 'req-f5eab137-eb1a-482e-8fb7-080c201b208e'} Body: {"trunk": {"status": "DOWN", "sub_ports": [], "name": "", "admin_state_up": true, "tenant_id": "7c4e75ce75a5487abe56afcb98925674", "created_at": "2018-10-02T10:13:32Z", "tags": [], "updated_at": "2018-10-02T10:13:32Z", "revision_number": 0, "project_id": "7c4e75ce75a5487abe56afcb98925674", "port_id": "1b5e2ca7-08df-4386-ad7e-e65297e8df9b", "id": "0c32b0e4-a9b2-4596-a4da-3002c27c7870", "description": ""}} _log_request_full /root/.rally/verification/verifier-f5d3cb1d-b0ad-48be-bd0a-b8dacf5b4748/repo/tempest/lib/common/rest_client.py:436
2018-10-02 10:13:32.946 17677 INFO tempest.lib.common.rest_client [req-ed25fbd5-2f6f-4bbb-aa59-a2e522e83d9e ] Request (TrunkTestJSON:_run_cleanups): 404 GET http://172.30.9.26:9696/v2.0/trunks/eb2e2239-697e-432e-ab3f-9cb5e1f9c0fa/get_subports 0.018s
2018-10-02 10:13:32.946 17677 DEBUG tempest.lib.common.rest_client [req-ed25fbd5-2f6f-4bbb-aa59-a2e522e83d9e ] Request - Headers: {'Content-Type': 'application/json', 'Accept': 'application/json', 'X-Auth-Token': ''} Body: None Response - Headers: {'status': '404', u'content-length': '134', 'content-location': 'http://172.30.9.26:9696/v2.0/trunks/eb2e2239-697e-432e-ab3f-9cb5e1f9c0fa/get_subports', u'date': 'Tue, 02 Oct 2018 10:13:32 GMT', u'content-type': 'application/json', u'connection': 'close', u'x-openstack-request-id': 'req-ed25fbd5-2f6f-4bbb-aa59-a2e522e83d9e'} Body: {"NeutronError": {"message": "Trunk eb2e2239-697e-432e-ab3f-9cb5e1f9c0fa could not be found.", "type": "TrunkNotFound", "detail": ""}} _log_request_full /root/.rally/verification/verifier-f5d3cb1d-b0ad-48be-bd0a-b8dacf5b4748/repo/tempest/lib/common/rest_client.py:436
2018-10-02 10:13:32.953 17673 INFO tempest.lib.common.rest_client [req-859a2cef-f953-416a-b76a-c229a03efba6 ] Request (TrunkTestJSON:test_create_update_trunk): 200 GET http://172.30.9.26:9696/v2.0/trunks/0c32b0e4-a9b2-4596-a4da-3002c27c7870 0.019s
2018-10-02 10:13:32.953 17673 DEBUG tempest.lib.common.rest_client [req-859a2cef-f953-416a-b76a-c229a03efba6 ] Request - Headers: {'Content-Type': 'application/json', 'Accept': 'application/json', 'X-Auth-Token': ''} Body: None Response - Headers: {'status': '200', u'content-length': '407', 'content-location': 'http://172.30.9.26:9696/v2.0/trunks/0c32b0e4-a9b2-4596-a4da-3002c27c7870', u'date': 'Tue, 02 Oct 2018 10:13:32 GMT', u'content-type': 'application/json', u'connection': 'close', u'x-openstack-request-id': 'req-859a2cef-f953-416a-b76a-c229a03efba6'} Body: {"trunk": {"status": "DOWN", "sub_ports": [], "name": "", "admin_state_up": true, "tenant_id": "7c4e75ce75a5487abe56afcb98925674", "created_at": "2018-10-02T10:13:32Z", "tags": [], "updated_at": "2018-10-02T10:13:32Z", "revision_number": 0, "project_id": "7c4e75ce75a5487abe56afcb98925674", "port_id": "1b5e2ca7-08df-4386-ad7e-e65297e8df9b", "id": "0c32b0e4-a9b2-4596-a4da-3002c27c7870", "description": ""}} _log_request_full /root/.rally/verification/verifier-f5d3cb1d-b0ad-48be-bd0a-b8dacf5b4748/repo/tempest/lib/common/rest_client.py:436
2018-10-02 10:13:32.964 17677 INFO tempest.lib.common.rest_client [req-544d649a-4745-4ed7-abd9-3c6678b80eba ] Request (TrunkTestJSON:_run_cleanups): 404 DELETE http://172.30.9.26:9696/v2.0/trunks/eb2e2239-697e-432e-ab3f-9cb5e1f9c0fa 0.017s
2018-10-02 10:13:32.964 17677 DEBUG tempest.lib.common.rest_client [req-544d649a-4745-4ed7-abd9-3c6678b80eba ] Request - Headers: {'Content-Type': 'application/json', 'Accept': 'application/json', 'X-Auth-Token': ''} Body: None Response - Headers: {'status': '404', u'content-length': '134', 'content-location': 'http://172.30.9.26:9696/v2.0/trunks/eb2e2239-697e-432e-ab3f-9cb5e1f9c0fa', u'date': 'Tue, 02 Oct 2018 10:13:32 GMT', u'content-type': 'application/json', u'connection': 'close', u'x-openstack-request-id': 'req-544d649a-4745-4ed7-abd9-3c6678b80eba'} Body: {"NeutronError": {"message": "Trunk eb2e2239-697e-432e-ab3f-9cb5e1f9c0fa could not be found.", "type": "TrunkNotFound", "detail": ""}} _log_request_full /root/.rally/verification/verifier-f5d3cb1d-b0ad-48be-bd0a-b8dacf5b4748/repo/tempest/lib/common/rest_client.py:436
2018-10-02 10:13:32.984 17677 INFO tempest.lib.common.rest_client [req-3e01986e-bf4c-4181-acba-ad6047c0616c ] Request (TrunkTestJSON:_run_cleanups): 404 GET http://172.30.9.26:9696/v2.0/trunks/9c448b72-d34d-4292-8eac-6933d2a6e042/get_subports 0.019s
2018-10-02 10:13:32.985 17677 DEBUG tempest.lib.common.rest_client [req-3e01986e-bf4c-4181-acba-ad6047c0616c ] Request - Headers: {'Content-Type': 'application/json', 'Accept': 'application/json', 'X-Auth-Token': ''} Body: None Response - Headers: {'status': '404', u'content-length': '134', 'content-location': 'http://172.30.9.26:9696/v2.0/trunks/9c448b72-d34d-4292-8eac-6933d2a6e042/get_subports', u'date': 'Tue, 02 Oct 2018 10:13:32 GMT', u'content-type': 'application/json', u'connection': 'close', u'x-openstack-request-id': 'req-3e01986e-bf4c-4181-acba-ad6047c0616c'} Body: {"NeutronError": {"message": "Trunk 9c448b72-d34d-4292-8eac-6933d2a6e042 could not be found.", "type": "TrunkNotFound", "detail": ""}} _log_request_full /root/.rally/verification/verifier-f5d3cb1d-b0ad-48be-bd0a-b8dacf5b4748/repo/tempest/lib/common/rest_client.py:436
2018-10-02 10:13:33.003 17677 INFO tempest.lib.common.rest_client [req-c86bbfb3-c0d0-4025-94c0-c528c2956f41 ] Request (TrunkTestJSON:_run_cleanups): 404 DELETE http://172.30.9.26:9696/v2.0/trunks/9c448b72-d34d-4292-8eac-6933d2a6e042 0.017s
2018-10-02 10:13:33.003 17677 DEBUG tempest.lib.common.rest_client [req-c86bbfb3-c0d0-4025-94c0-c528c2956f41 ] Request - Headers: {'Content-Type': 'application/json', 'Accept': 'application/json', 'X-Auth-Token': ''} Body: None Response - Headers: {'status': '404', u'content-length': '134', 'content-location': 'http://172.30.9.26:9696/v2.0/trunks/9c448b72-d34d-4292-8eac-6933d2a6e042', u'date': 'Tue, 02 Oct 2018 10:13:33 GMT', u'content-type': 'application/json', u'connection': 'close', u'x-openstack-request-id': 'req-c86bbfb3-c0d0-4025-94c0-c528c2956f41'} Body: {"NeutronError": {"message": "Trunk 9c448b72-d34d-4292-8eac-6933d2a6e042 could not be found.", "type": "TrunkNotFound", "detail": ""}} _log_request_full /root/.rally/verification/verifier-f5d3cb1d-b0ad-48be-bd0a-b8dacf5b4748/repo/tempest/lib/common/rest_client.py:436
2018-10-02 10:13:33.017 17677 INFO tempest.lib.common.rest_client [req-c7cc224d-3539-4757-a2e7-6c81b898d030 ] Request (TrunkTestJSON:_run_cleanups): 404 GET http://172.30.9.26:9696/v2.0/trunks/05ad61f7-5e3b-41b7-bab7-1acac0370951/get_subports 0.014s
2018-10-02 10:13:33.018 17677 DEBUG tempest.lib.common.rest_client [req-c7cc224d-3539-4757-a2e7-6c81b898d030 ] Request - Headers: {'Content-Type': 'application/json', 'Accept': 'application/json', 'X-Auth-Token': ''} Body: None Response - Headers: {'status': '404', u'content-length': '134', 'content-location': 'http://172.30.9.26:9696/v2.0/trunks/05ad61f7-5e3b-41b7-bab7-1acac0370951/get_subports', u'date': 'Tue, 02 Oct 2018 10:13:33 GMT', u'content-type': 'application/json', u'connection': 'close', u'x-openstack-request-id': 'req-c7cc224d-3539-4757-a2e7-6c81b898d030'} Body: {"NeutronError": {"message": "Trunk 05ad61f7-5e3b-41b7-bab7-1acac0370951 could not be found.", "type": "TrunkNotFound", "detail": ""}} _log_request_full /root/.rally/verification/verifier-f5d3cb1d-b0ad-48be-bd0a-b8dacf5b4748/repo/tempest/lib/common/rest_client.py:436
2018-10-02 10:13:33.025 17673 INFO tempest.lib.common.rest_client [req-4331b578-eeda-4af6-be24-2fc226c3fe51 ] Request (TrunkTestJSON:test_create_update_trunk): 200 PUT http://172.30.9.26:9696/v2.0/trunks/0c32b0e4-a9b2-4596-a4da-3002c27c7870 0.071s
2018-10-02 10:13:33.025 17673 DEBUG tempest.lib.common.rest_client [req-4331b578-eeda-4af6-be24-2fc226c3fe51 ] Request - Headers: {'Content-Type': 'application/json', 'Accept': 'application/json', 'X-Auth-Token': ''} Body: {"trunk": {"name": "foo", "admin_state_up": false}} Response - Headers: {'status': '200', u'content-length': '411', 'content-location': 'http://172.30.9.26:9696/v2.0/trunks/0c32b0e4-a9b2-4596-a4da-3002c27c7870', u'date': 'Tue, 02 Oct 2018 10:13:33 GMT', u'content-type': 'application/json', u'connection': 'close', u'x-openstack-request-id': 'req-4331b578-eeda-4af6-be24-2fc226c3fe51'} Body: {"trunk": {"status": "DOWN", "sub_ports": [], "name": "foo", "admin_state_up": false, "tenant_id": "7c4e75ce75a5487abe56afcb98925674", "created_at": "2018-10-02T10:13:32Z", "tags": [], "updated_at": "2018-10-02T10:13:33Z", "revision_number": 1, "project_id": "7c4e75ce75a5487abe56afcb98925674", "port_id": "1b5e2ca7-08df-4386-ad7e-e65297e8df9b", "id": "0c32b0e4-a9b2-4596-a4da-3002c27c7870", "description": ""}} _log_request_full /root/.rally/verification/verifier-f5d3cb1d-b0ad-48be-bd0a-b8dacf5b4748/repo/tempest/lib/common/rest_client.py:436
2018-10-02 10:13:33.032 17677 INFO tempest.lib.common.rest_client [req-af3666a9-6630-4d9e-88db-bf937037d04f ] Request (TrunkTestJSON:_run_cleanups): 404 DELETE http://172.30.9.26:9696/v2.0/trunks/05ad61f7-5e3b-41b7-bab7-1acac0370951 0.013s
2018-10-02 10:13:33.032 17677 DEBUG tempest.lib.common.rest_client [req-af3666a9-6630-4d9e-88db-bf937037d04f ] Request - Headers: {'Content-Type': 'application/json', 'Accept': 'application/json', 'X-Auth-Token': ''} Body: None Response - Headers: {'status': '404', u'content-length': '134', 'content-location': 'http://172.30.9.26:9696/v2.0/trunks/05ad61f7-5e3b-41b7-bab7-1acac0370951', u'date': 'Tue, 02 Oct 2018 10:13:33 GMT', u'content-type': 'application/json', u'connection': 'close', u'x-openstack-request-id': 'req-af3666a9-6630-4d9e-88db-bf937037d04f'} Body: {"NeutronError": {"message": "Trunk 05ad61f7-5e3b-41b7-bab7-1acac0370951 could not be found.", "type": "TrunkNotFound", "detail": ""}} _log_request_full /root/.rally/verification/verifier-f5d3cb1d-b0ad-48be-bd0a-b8dacf5b4748/repo/tempest/lib/common/rest_client.py:436
2018-10-02 10:13:33.045 17677 INFO tempest.lib.common.rest_client [req-ca635e9c-0739-4a7e-a885-73e1d6ccc0ef ] Request (TrunkTestJSON:_run_cleanups): 404 GET http://172.30.9.26:9696/v2.0/trunks/2cf5081b-6217-4318-a76e-de1b7d81d729/get_subports 0.012s
2018-10-02 10:13:33.045 17677 DEBUG tempest.lib.common.rest_client [req-ca635e9c-0739-4a7e-a885-73e1d6ccc0ef ] Request - Headers: {'Content-Type': 'application/json', 'Accept': 'application/json', 'X-Auth-Token': ''} Body: None Response - Headers: {'status': '404', u'content-length': '134', 'content-location': 'http://172.30.9.26:9696/v2.0/trunks/2cf5081b-6217-4318-a76e-de1b7d81d729/get_subports', u'date': 'Tue, 02 Oct 2018 10:13:33 GMT', u'content-type': 'application/json', u'connection': 'close', u'x-openstack-request-id': 'req-ca635e9c-0739-4a7e-a885-73e1d6ccc0ef'} Body: {"NeutronError": {"message": "Trunk 2cf5081b-6217-4318-a76e-de1b7d81d729 could not be found.", "type": "TrunkNotFound", "detail": ""}} _log_request_full /root/.rally/verification/verifier-f5d3cb1d-b0ad-48be-bd0a-b8dacf5b4748/repo/tempest/lib/common/rest_client.py:436
2018-10-02 10:13:33.061 17677 INFO tempest.lib.common.rest_client [req-22dbb1c5-2eae-4d30-bcee-8001370820a9 ] Request (TrunkTestJSON:_run_cleanups): 404 DELETE http://172.30.9.26:9696/v2.0/trunks/2cf5081b-6217-4318-a76e-de1b7d81d729 0.015s
2018-10-02 10:13:33.061 17677 DEBUG tempest.lib.common.rest_client [req-22dbb1c5-2eae-4d30-bcee-8001370820a9 ] Request - Headers: {'Content-Type': 'application/json', 'Accept': 'application/json', 'X-Auth-Token': ''} Body: None Response - Headers: {'status': '404', u'content-length': '134', 'content-location': 'http://172.30.9.26:9696/v2.0/trunks/2cf5081b-6217-4318-a76e-de1b7d81d729', u'date': 'Tue, 02 Oct 2018 10:13:33 GMT', u'content-type': 'application/json', u'connection': 'close', u'x-openstack-request-id': 'req-22dbb1c5-2eae-4d30-bcee-8001370820a9'} Body: {"NeutronError": {"message": "Trunk 2cf5081b-6217-4318-a76e-de1b7d81d729 could not be found.", "type": "TrunkNotFound", "detail": ""}} _log_request_full /root/.rally/verification/verifier-f5d3cb1d-b0ad-48be-bd0a-b8dacf5b4748/repo/tempest/lib/common/rest_client.py:436
2018-10-02 10:13:33.077 17677 INFO tempest.lib.common.rest_client [req-300842fc-9ec0-4f84-88fe-1d83c3e71979 ] Request (TrunkTestJSON:_run_cleanups): 404 GET http://172.30.9.26:9696/v2.0/trunks/eb2e2239-697e-432e-ab3f-9cb5e1f9c0fa 0.015s
2018-10-02 10:13:33.077 17677 DEBUG tempest.lib.common.rest_client [req-300842fc-9ec0-4f84-88fe-1d83c3e71979 ] Request - Headers: {'Content-Type': 'application/json', 'Accept': 'application/json', 'X-Auth-Token': ''} Body: None Response - Headers: {'status': '404', u'content-length': '134', 'content-location': 'http://172.30.9.26:9696/v2.0/trunks/eb2e2239-697e-432e-ab3f-9cb5e1f9c0fa', u'date': 'Tue, 02 Oct 2018 10:13:33 GMT', u'content-type': 'application/json', u'connection': 'close', u'x-openstack-request-id': 'req-300842fc-9ec0-4f84-88fe-1d83c3e71979'} Body: {"NeutronError": {"message": "Trunk eb2e2239-697e-432e-ab3f-9cb5e1f9c0fa could not be found.", "type": "TrunkNotFound", "detail": ""}} _log_request_full /root/.rally/verification/verifier-f5d3cb1d-b0ad-48be-bd0a-b8dacf5b4748/repo/tempest/lib/common/rest_client.py:436
2018-10-02 10:13:33.079 17673 INFO tempest.lib.common.rest_client [req-9d93b5b9-f780-45fb-a7f1-75c0c8ded066 ] Request (TrunkTestJSON:test_create_update_trunk): 200 PUT http://172.30.9.26:9696/v2.0/trunks/0c32b0e4-a9b2-4596-a4da-3002c27c7870 0.053s
2018-10-02 10:13:33.080 17673 DEBUG tempest.lib.common.rest_client [req-9d93b5b9-f780-45fb-a7f1-75c0c8ded066 ] Request - Headers: {'Content-Type': 'application/json', 'Accept': 'application/json', 'X-Auth-Token': ''} Body: {"trunk": {"admin_state_up": true}} Response - Headers: {'status': '200', u'content-length': '410', 'content-location': 'http://172.30.9.26:9696/v2.0/trunks/0c32b0e4-a9b2-4596-a4da-3002c27c7870', u'date': 'Tue, 02 Oct 2018 10:13:33 GMT', u'content-type': 'application/json', u'connection': 'close', u'x-openstack-request-id': 'req-9d93b5b9-f780-45fb-a7f1-75c0c8ded066'} Body: {"trunk": {"status": "DOWN", "sub_ports": [], "name": "foo", "admin_state_up": true, "tenant_id": "7c4e75ce75a5487abe56afcb98925674", "created_at": "2018-10-02T10:13:32Z", "tags": [], "updated_at": "2018-10-02T10:13:33Z", "revision_number": 2, "project_id": "7c4e75ce75a5487abe56afcb98925674", "port_id": "1b5e2ca7-08df-4386-ad7e-e65297e8df9b", "id": "0c32b0e4-a9b2-4596-a4da-3002c27c7870", "description": ""}} _log_request_full /root/.rally/verification/verifier-f5d3cb1d-b0ad-48be-bd0a-b8dacf5b4748/repo/tempest/lib/common/rest_client.py:436
2018-10-02 10:13:33.094 17673 INFO tempest.lib.common.rest_client [req-7e2fbacc-7d93-42fb-ba36-2d9ef9e6d0a1 ] Request (TrunkTestJSON:_run_cleanups): 404 GET http://172.30.9.26:9696/v2.0/trunks/b9f15b5c-b6bd-47d3-b454-73d9ecc1acfc/get_subports 0.013s
2018-10-02 10:13:33.094 17673 DEBUG tempest.lib.common.rest_client [req-7e2fbacc-7d93-42fb-ba36-2d9ef9e6d0a1 ] Request - Headers: {'Content-Type': 'application/json', 'Accept': 'application/json', 'X-Auth-Token': ''} Body: None Response - Headers: {'status': '404', u'content-length': '134', 'content-location': 'http://172.30.9.26:9696/v2.0/trunks/b9f15b5c-b6bd-47d3-b454-73d9ecc1acfc/get_subports', u'date': 'Tue, 02 Oct 2018 10:13:33 GMT', u'content-type': 'application/json', u'connection': 'close', u'x-openstack-request-id': 'req-7e2fbacc-7d93-42fb-ba36-2d9ef9e6d0a1'} Body: {"NeutronError": {"message": "Trunk b9f15b5c-b6bd-47d3-b454-73d9ecc1acfc could not be found.", "type": "TrunkNotFound", "detail": ""}} _log_request_full /root/.rally/verification/verifier-f5d3cb1d-b0ad-48be-bd0a-b8dacf5b4748/repo/tempest/lib/common/rest_client.py:436
2018-10-02 10:13:33.095 17677 INFO tempest.lib.common.rest_client [req-cbc59be1-5f57-4f0c-9b42-3c3b361d5160 ] Request (TrunkTestJSON:_run_cleanups): 404 GET http://172.30.9.26:9696/v2.0/trunks/9c448b72-d34d-4292-8eac-6933d2a6e042 0.017s
2018-10-02 10:13:33.095 17677 DEBUG tempest.lib.common.rest_client [req-cbc59be1-5f57-4f0c-9b42-3c3b361d5160 ] Request - Headers: {'Content-Type': 'application/json', 'Accept': 'application/json', 'X-Auth-Token': ''} Body: None Response - Headers: {'status': '404', u'content-length': '134', 'content-location': 'http://172.30.9.26:9696/v2.0/trunks/9c448b72-d34d-4292-8eac-6933d2a6e042', u'date': 'Tue, 02 Oct 2018 10:13:33 GMT', u'content-type': 'application/json', u'connection': 'close', u'x-openstack-request-id': 'req-cbc59be1-5f57-4f0c-9b42-3c3b361d5160'} Body: {"NeutronError": {"message": "Trunk 9c448b72-d34d-4292-8eac-6933d2a6e042 could not be found.", "type": "TrunkNotFound", "detail": ""}} _log_request_full /root/.rally/verification/verifier-f5d3cb1d-b0ad-48be-bd0a-b8dacf5b4748/repo/tempest/lib/common/rest_client.py:436
2018-10-02 10:13:33.108 17673 INFO tempest.lib.common.rest_client [req-d2d39bc6-b91a-4ca7-a8e2-8c991f9c03dd ] Request (TrunkTestJSON:_run_cleanups): 404 DELETE http://172.30.9.26:9696/v2.0/trunks/b9f15b5c-b6bd-47d3-b454-73d9ecc1acfc 0.013s
2018-10-02 10:13:33.108 17673 DEBUG tempest.lib.common.rest_client [req-d2d39bc6-b91a-4ca7-a8e2-8c991f9c03dd ] Request - Headers: {'Content-Type': 'application/json', 'Accept': 'application/json', 'X-Auth-Token': ''} Body: None Response - Headers: {'status': '404', u'content-length': '134', 'content-location': 'http://172.30.9.26:9696/v2.0/trunks/b9f15b5c-b6bd-47d3-b454-73d9ecc1acfc', u'date': 'Tue, 02 Oct 2018 10:13:33 GMT', u'content-type': 'application/json', u'connection': 'close', u'x-openstack-request-id': 'req-d2d39bc6-b91a-4ca7-a8e2-8c991f9c03dd'} Body: {"NeutronError": {"message": "Trunk b9f15b5c-b6bd-47d3-b454-73d9ecc1acfc could not be found.", "type": "TrunkNotFound", "detail": ""}} _log_request_full /root/.rally/verification/verifier-f5d3cb1d-b0ad-48be-bd0a-b8dacf5b4748/repo/tempest/lib/common/rest_client.py:436
2018-10-02 10:13:33.109 17677 INFO tempest.lib.common.rest_client [req-a07bd76f-26bc-4294-9121-6b6732ec4ae7 ] Request (TrunkTestJSON:_run_cleanups): 404 GET http://172.30.9.26:9696/v2.0/trunks/05ad61f7-5e3b-41b7-bab7-1acac0370951 0.013s
2018-10-02 10:13:33.109 17677 DEBUG tempest.lib.common.rest_client [req-a07bd76f-26bc-4294-9121-6b6732ec4ae7 ] Request - Headers: {'Content-Type': 'application/json', 'Accept': 'application/json', 'X-Auth-Token': ''} Body: None Response - Headers: {'status': '404', u'content-length': '134', 'content-location': 'http://172.30.9.26:9696/v2.0/trunks/05ad61f7-5e3b-41b7-bab7-1acac0370951', u'date': 'Tue, 02 Oct 2018 10:13:33 GMT', u'content-type': 'application/json', u'connection': 'close', u'x-openstack-request-id': 'req-a07bd76f-26bc-4294-9121-6b6732ec4ae7'} Body: {"NeutronError": {"message": "Trunk 05ad61f7-5e3b-41b7-bab7-1acac0370951 could not be found.", "type": "TrunkNotFound", "detail": ""}} _log_request_full /root/.rally/verification/verifier-f5d3cb1d-b0ad-48be-bd0a-b8dacf5b4748/repo/tempest/lib/common/rest_client.py:436
2018-10-02 10:13:33.121 17673 INFO tempest.lib.common.rest_client [req-d2557030-edab-4f74-8e40-5cda1d33fa63 ] Request (TrunkTestJSON:_run_cleanups): 404 GET http://172.30.9.26:9696/v2.0/trunks/5ea90ef7-79b8-4deb-8d93-49392c133d92/get_subports 0.012s
2018-10-02 10:13:33.121 17673 DEBUG tempest.lib.common.rest_client [req-d2557030-edab-4f74-8e40-5cda1d33fa63 ] Request - Headers: {'Content-Type': 'application/json', 'Accept': 'application/json', 'X-Auth-Token': ''} Body: None Response - Headers: {'status': '404', u'content-length': '134', 'content-location': 'http://172.30.9.26:9696/v2.0/trunks/5ea90ef7-79b8-4deb-8d93-49392c133d92/get_subports', u'date': 'Tue, 02 Oct 2018 10:13:33 GMT', u'content-type': 'application/json', u'connection': 'close', u'x-openstack-request-id': 'req-d2557030-edab-4f74-8e40-5cda1d33fa63'} Body: {"NeutronError": {"message": "Trunk 5ea90ef7-79b8-4deb-8d93-49392c133d92 could not be found.", "type": "TrunkNotFound", "detail": ""}} _log_request_full /root/.rally/verification/verifier-f5d3cb1d-b0ad-48be-bd0a-b8dacf5b4748/repo/tempest/lib/common/rest_client.py:436
2018-10-02 10:13:33.127 17677 INFO tempest.lib.common.rest_client [req-9374f55a-fe7e-4301-aa8d-4bab185d9068 ] Request (TrunkTestJSON:_run_cleanups): 404 GET http://172.30.9.26:9696/v2.0/trunks/2cf5081b-6217-4318-a76e-de1b7d81d729 0.017s
2018-10-02 10:13:33.127 17677 DEBUG tempest.lib.common.rest_client [req-9374f55a-fe7e-4301-aa8d-4bab185d9068 ] Request - Headers: {'Content-Type': 'application/json', 'Accept': 'application/json', 'X-Auth-Token': ''} Body: None Response - Headers: {'status': '404', u'content-length': '134', 'content-location': 'http://172.30.9.26:9696/v2.0/trunks/2cf5081b-6217-4318-a76e-de1b7d81d729', u'date': 'Tue, 02 Oct 2018 10:13:33 GMT', u'content-type': 'application/json', u'connection': 'close', u'x-openstack-request-id': 'req-9374f55a-fe7e-4301-aa8d-4bab185d9068'} Body: {"NeutronError": {"message": "Trunk 2cf5081b-6217-4318-a76e-de1b7d81d729 could not be found.", "type": "TrunkNotFound", "detail": ""}} _log_request_full /root/.rally/verification/verifier-f5d3cb1d-b0ad-48be-bd0a-b8dacf5b4748/repo/tempest/lib/common/rest_client.py:436
2018-10-02 10:13:33.137 17673 INFO tempest.lib.common.rest_client [req-08ec6195-5caf-448d-8c10-8a7af1dd04c5 ] Request (TrunkTestJSON:_run_cleanups): 404 DELETE http://172.30.9.26:9696/v2.0/trunks/5ea90ef7-79b8-4deb-8d93-49392c133d92 0.016s
2018-10-02 10:13:33.137 17673 DEBUG tempest.lib.common.rest_client [req-08ec6195-5caf-448d-8c10-8a7af1dd04c5 ] Request - Headers: {'Content-Type': 'application/json', 'Accept': 'application/json', 'X-Auth-Token': ''} Body: None Response - Headers: {'status': '404', u'content-length': '134', 'content-location': 'http://172.30.9.26:9696/v2.0/trunks/5ea90ef7-79b8-4deb-8d93-49392c133d92', u'date': 'Tue, 02 Oct 2018 10:13:33 GMT', u'content-type': 'application/json', u'connection': 'close', u'x-openstack-request-id': 'req-08ec6195-5caf-448d-8c10-8a7af1dd04c5'} Body: {"NeutronError": {"message": "Trunk 5ea90ef7-79b8-4deb-8d93-49392c133d92 could not be found.", "type": "TrunkNotFound", "detail": ""}} _log_request_full /root/.rally/verification/verifier-f5d3cb1d-b0ad-48be-bd0a-b8dacf5b4748/repo/tempest/lib/common/rest_client.py:436
2018-10-02 10:13:33.149 17673 INFO tempest.lib.common.rest_client [req-0bc3e4f5-a174-44b9-84bd-ba03c7f7ef7c ] Request (TrunkTestJSON:_run_cleanups): 404 GET http://172.30.9.26:9696/v2.0/trunks/5e3d67c4-9163-44e5-b219-c7f8d30b12b0/get_subports 0.011s
2018-10-02 10:13:33.150 17673 DEBUG tempest.lib.common.rest_client [req-0bc3e4f5-a174-44b9-84bd-ba03c7f7ef7c ] Request - Headers: {'Content-Type': 'application/json', 'Accept': 'application/json', 'X-Auth-Token': ''} Body: None Response - Headers: {'status': '404', u'content-length': '134', 'content-location': 'http://172.30.9.26:9696/v2.0/trunks/5e3d67c4-9163-44e5-b219-c7f8d30b12b0/get_subports', u'date': 'Tue, 02 Oct 2018 10:13:33 GMT', u'content-type': 'application/json', u'connection': 'close', u'x-openstack-request-id': 'req-0bc3e4f5-a174-44b9-84bd-ba03c7f7ef7c'} Body: {"NeutronError": {"message": "Trunk 5e3d67c4-9163-44e5-b219-c7f8d30b12b0 could not be found.", "type": "TrunkNotFound", "detail": ""}} _log_request_full /root/.rally/verification/verifier-f5d3cb1d-b0ad-48be-bd0a-b8dacf5b4748/repo/tempest/lib/common/rest_client.py:436
2018-10-02 10:13:33.158 17677 INFO tempest.lib.common.rest_client [req-2cff202b-4a51-43c0-9e88-4480a2669e02 ] Request (TrunkTestJSON:_run_cleanups): 404 DELETE http://172.30.9.26:9696/v2.0/ports/ff1a7cad-b38f-44a5-be64-1c3a27928ab2 0.031s
2018-10-02 10:13:33.159 17677 DEBUG tempest.lib.common.rest_client [req-2cff202b-4a51-43c0-9e88-4480a2669e02 ] Request - Headers: {'Content-Type': 'application/json', 'Accept': 'application/json', 'X-Auth-Token': ''} Body: None Response - Headers: {'status': '404', u'content-length': '132', 'content-location': 'http://172.30.9.26:9696/v2.0/ports/ff1a7cad-b38f-44a5-be64-1c3a27928ab2', u'date': 'Tue, 02 Oct 2018 10:13:33 GMT', u'content-type': 'application/json', u'connection': 'close', u'x-openstack-request-id': 'req-2cff202b-4a51-43c0-9e88-4480a2669e02'} Body: {"NeutronError": {"message": "Port ff1a7cad-b38f-44a5-be64-1c3a27928ab2 could not be found.", "type": "PortNotFound", "detail": ""}} _log_request_full /root/.rally/verification/verifier-f5d3cb1d-b0ad-48be-bd0a-b8dacf5b4748/repo/tempest/lib/common/rest_client.py:436
2018-10-02 10:13:33.165 17673 INFO tempest.lib.common.rest_client [req-7d0c54bc-5dba-4a48-9921-526604ae73c9 ] Request (TrunkTestJSON:_run_cleanups): 404 DELETE http://172.30.9.26:9696/v2.0/trunks/5e3d67c4-9163-44e5-b219-c7f8d30b12b0 0.015s
2018-10-02 10:13:33.166 17673 DEBUG tempest.lib.common.rest_client [req-7d0c54bc-5dba-4a48-9921-526604ae73c9 ] Request - Headers: {'Content-Type': 'application/json', 'Accept': 'application/json', 'X-Auth-Token': ''} Body: None Response - Headers: {'status': '404', u'content-length': '134', 'content-location': 'http://172.30.9.26:9696/v2.0/trunks/5e3d67c4-9163-44e5-b219-c7f8d30b12b0', u'date': 'Tue, 02 Oct 2018 10:13:33 GMT', u'content-type': 'application/json', u'connection': 'close', u'x-openstack-request-id': 'req-7d0c54bc-5dba-4a48-9921-526604ae73c9'} Body: {"NeutronError": {"message": "Trunk 5e3d67c4-9163-44e5-b219-c7f8d30b12b0 could not be found.", "type": "TrunkNotFound", "detail": ""}} _log_request_full /root/.rally/verification/verifier-f5d3cb1d-b0ad-48be-bd0a-b8dacf5b4748/repo/tempest/lib/common/rest_client.py:436
2018-10-02 10:13:33.178 17673 INFO tempest.lib.common.rest_client [req-10f55652-388c-4f88-a1ea-c7182b15b6b2 ] Request (TrunkTestJSON:_run_cleanups): 404 GET http://172.30.9.26:9696/v2.0/trunks/c2e24a26-3dff-40c2-bbbc-f2a8900440cd/get_subports 0.012s
2018-10-02 10:13:33.179 17673 DEBUG tempest.lib.common.rest_client [req-10f55652-388c-4f88-a1ea-c7182b15b6b2 ] Request - Headers: {'Content-Type': 'application/json', 'Accept': 'application/json', 'X-Auth-Token': ''} Body: None Response - Headers: {'status': '404', u'content-length': '134', 'content-location': 'http://172.30.9.26:9696/v2.0/trunks/c2e24a26-3dff-40c2-bbbc-f2a8900440cd/get_subports', u'date': 'Tue, 02 Oct 2018 10:13:33 GMT', u'content-type': 'application/json', u'connection': 'close', u'x-openstack-request-id': 'req-10f55652-388c-4f88-a1ea-c7182b15b6b2'} Body: {"NeutronError": {"message": "Trunk c2e24a26-3dff-40c2-bbbc-f2a8900440cd could not be found.", "type": "TrunkNotFound", "detail": ""}} _log_request_full /root/.rally/verification/verifier-f5d3cb1d-b0ad-48be-bd0a-b8dacf5b4748/repo/tempest/lib/common/rest_client.py:436
2018-10-02 10:13:33.191 17677 INFO tempest.lib.common.rest_client [req-ee2bd43d-e4c2-488b-a3b8-a376c71c929a ] Request (TrunkTestJSON:_run_cleanups): 404 DELETE http://172.30.9.26:9696/v2.0/ports/3ad19a2c-41c7-4207-9b5a-c9b8a9a87052 0.031s
2018-10-02 10:13:33.191 17677 DEBUG tempest.lib.common.rest_client [req-ee2bd43d-e4c2-488b-a3b8-a376c71c929a ] Request - Headers: {'Content-Type': 'application/json', 'Accept': 'application/json', 'X-Auth-Token': ''} Body: None Response - Headers: {'status': '404', u'content-length': '132', 'content-location': 'http://172.30.9.26:9696/v2.0/ports/3ad19a2c-41c7-4207-9b5a-c9b8a9a87052', u'date': 'Tue, 02 Oct 2018 10:13:33 GMT', u'content-type': 'application/json', u'connection': 'close', u'x-openstack-request-id': 'req-ee2bd43d-e4c2-488b-a3b8-a376c71c929a'} Body: {"NeutronError": {"message": "Port 3ad19a2c-41c7-4207-9b5a-c9b8a9a87052 could not be found.", "type": "PortNotFound", "detail": ""}} _log_request_full /root/.rally/verification/verifier-f5d3cb1d-b0ad-48be-bd0a-b8dacf5b4748/repo/tempest/lib/common/rest_client.py:436
2018-10-02 10:13:33.192 17673 INFO tempest.lib.common.rest_client [req-3648449a-7e43-410f-ab9a-b5753621ebce ] Request (TrunkTestJSON:_run_cleanups): 404 DELETE http://172.30.9.26:9696/v2.0/trunks/c2e24a26-3dff-40c2-bbbc-f2a8900440cd 0.013s
2018-10-02 10:13:33.193 17673 DEBUG tempest.lib.common.rest_client [req-3648449a-7e43-410f-ab9a-b5753621ebce ] Request - Headers: {'Content-Type': 'application/json', 'Accept': 'application/json', 'X-Auth-Token': ''} Body: None Response - Headers: {'status': '404', u'content-length': '134', 'content-location': 'http://172.30.9.26:9696/v2.0/trunks/c2e24a26-3dff-40c2-bbbc-f2a8900440cd', u'date': 'Tue, 02 Oct 2018 10:13:33 GMT', u'content-type': 'application/json', u'connection': 'close', u'x-openstack-request-id': 'req-3648449a-7e43-410f-ab9a-b5753621ebce'} Body: {"NeutronError": {"message": "Trunk c2e24a26-3dff-40c2-bbbc-f2a8900440cd could not be found.", "type": "TrunkNotFound", "detail": ""}} _log_request_full /root/.rally/verification/verifier-f5d3cb1d-b0ad-48be-bd0a-b8dacf5b4748/repo/tempest/lib/common/rest_client.py:436
2018-10-02 10:13:33.221 17673 INFO tempest.lib.common.rest_client [req-e04fac70-c2cc-478c-84d5-bb640c4471be ] Request (TrunkTestJSON:_run_cleanups): 200 GET http://172.30.9.26:9696/v2.0/trunks/0c32b0e4-a9b2-4596-a4da-3002c27c7870/get_subports 0.028s
2018-10-02 10:13:33.222 17673 DEBUG tempest.lib.common.rest_client [req-e04fac70-c2cc-478c-84d5-bb640c4471be ] Request - Headers: {'Content-Type': 'application/json', 'Accept': 'application/json', 'X-Auth-Token': ''} Body: None Response - Headers: {'status': '200', u'content-length': '17', 'content-location': 'http://172.30.9.26:9696/v2.0/trunks/0c32b0e4-a9b2-4596-a4da-3002c27c7870/get_subports', u'date': 'Tue, 02 Oct 2018 10:13:33 GMT', u'content-type': 'application/json', u'connection': 'close', u'x-openstack-request-id': 'req-e04fac70-c2cc-478c-84d5-bb640c4471be'} Body: {"sub_ports": []} _log_request_full /root/.rally/verification/verifier-f5d3cb1d-b0ad-48be-bd0a-b8dacf5b4748/repo/tempest/lib/common/rest_client.py:436
2018-10-02 10:13:33.233 17677 INFO tempest.lib.common.rest_client [req-edb57405-d544-4d7a-9b0d-6bcd468684ae ] Request (TrunkTestJSON:_run_cleanups): 404 DELETE http://172.30.9.26:9696/v2.0/ports/5bf6657b-c153-48be-851e-b21ad87835cd 0.041s
2018-10-02 10:13:33.233 17677 DEBUG tempest.lib.common.rest_client [req-edb57405-d544-4d7a-9b0d-6bcd468684ae ] Request - Headers: {'Content-Type': 'application/json', 'Accept': 'application/json', 'X-Auth-Token': ''} Body: None Response - Headers: {'status': '404', u'content-length': '132', 'content-location': 'http://172.30.9.26:9696/v2.0/ports/5bf6657b-c153-48be-851e-b21ad87835cd', u'date': 'Tue, 02 Oct 2018 10:13:33 GMT', u'content-type': 'application/json', u'connection': 'close', u'x-openstack-request-id': 'req-edb57405-d544-4d7a-9b0d-6bcd468684ae'} Body: {"NeutronError": {"message": "Port 5bf6657b-c153-48be-851e-b21ad87835cd could not be found.", "type": "PortNotFound", "detail": ""}} _log_request_full /root/.rally/verification/verifier-f5d3cb1d-b0ad-48be-bd0a-b8dacf5b4748/repo/tempest/lib/common/rest_client.py:436
2018-10-02 10:13:33.266 17673 INFO tempest.lib.common.rest_client [req-45bc8752-8d54-4ba5-b8f8-3f213019225a ] Request (TrunkTestJSON:_run_cleanups): 200 PUT http://172.30.9.26:9696/v2.0/trunks/0c32b0e4-a9b2-4596-a4da-3002c27c7870/remove_subports 0.044s
2018-10-02 10:13:33.266 17673 DEBUG tempest.lib.common.rest_client [req-45bc8752-8d54-4ba5-b8f8-3f213019225a ] Request - Headers: {'Content-Type': 'application/json', 'Accept': 'application/json', 'X-Auth-Token': ''} Body: {"sub_ports": []} Response - Headers: {'status': '200', u'content-length': '399', 'content-location': 'http://172.30.9.26:9696/v2.0/trunks/0c32b0e4-a9b2-4596-a4da-3002c27c7870/remove_subports', u'date': 'Tue, 02 Oct 2018 10:13:33 GMT', u'content-type': 'application/json', u'connection': 'close', u'x-openstack-request-id': 'req-45bc8752-8d54-4ba5-b8f8-3f213019225a'} Body: {"status": "DOWN", "sub_ports": [], "name": "foo", "admin_state_up": true, "tenant_id": "7c4e75ce75a5487abe56afcb98925674", "created_at": "2018-10-02T10:13:32Z", "tags": [], "updated_at": "2018-10-02T10:13:33Z", "revision_number": 3, "project_id": "7c4e75ce75a5487abe56afcb98925674", "port_id": "1b5e2ca7-08df-4386-ad7e-e65297e8df9b", "id": "0c32b0e4-a9b2-4596-a4da-3002c27c7870", "description": ""} _log_request_full /root/.rally/verification/verifier-f5d3cb1d-b0ad-48be-bd0a-b8dacf5b4748/repo/tempest/lib/common/rest_client.py:436
2018-10-02 10:13:33.269 17677 INFO tempest.lib.common.rest_client [req-304f902b-5280-4d8e-9e3e-c2ce45401daf ] Request (TrunkTestJSON:_run_cleanups): 404 DELETE http://172.30.9.26:9696/v2.0/ports/fc7929b0-4019-42ec-8b51-f62f3278680b 0.036s
2018-10-02 10:13:33.270 17677 DEBUG tempest.lib.common.rest_client [req-304f902b-5280-4d8e-9e3e-c2ce45401daf ] Request - Headers: {'Content-Type': 'application/json', 'Accept': 'application/json', 'X-Auth-Token': ''} Body: None Response - Headers: {'status': '404', u'content-length': '132', 'content-location': 'http://172.30.9.26:9696/v2.0/ports/fc7929b0-4019-42ec-8b51-f62f3278680b', u'date': 'Tue, 02 Oct 2018 10:13:33 GMT', u'content-type': 'application/json', u'connection': 'close', u'x-openstack-request-id': 'req-304f902b-5280-4d8e-9e3e-c2ce45401daf'} Body: {"NeutronError": {"message": "Port fc7929b0-4019-42ec-8b51-f62f3278680b could not be found.", "type": "PortNotFound", "detail": ""}} _log_request_full /root/.rally/verification/verifier-f5d3cb1d-b0ad-48be-bd0a-b8dacf5b4748/repo/tempest/lib/common/rest_client.py:436
2018-10-02 10:13:33.298 17677 INFO tempest.lib.common.rest_client [req-3f106523-692b-4489-8335-14ed9b91d3f8 ] Request (TrunkTestJSON:_run_cleanups): 404 DELETE http://172.30.9.26:9696/v2.0/ports/8775c9cf-5f33-4b1c-aa8c-c0003f42af1f 0.028s
