2018-10-01 03:16:29.405 17672 DEBUG tempest.lib.common.rest_client [req-77f45963-97a8-4a1a-9af4-192da231645d ] Request - Headers: {'Content-Type': 'application/json', 'Accept': 'application/json', 'X-Auth-Token': ''} Body: None Response - Headers: {'status': '404', u'content-length': '134', 'content-location': 'http://172.30.9.27:9696/v2.0/trunks/f33d5739-3318-47a2-97cb-8771f9eb2313/get_subports', u'date': 'Mon, 01 Oct 2018 03:16:29 GMT', u'content-type': 'application/json', u'connection': 'close', u'x-openstack-request-id': 'req-77f45963-97a8-4a1a-9af4-192da231645d'} Body: {"NeutronError": {"message": "Trunk f33d5739-3318-47a2-97cb-8771f9eb2313 could not be found.", "type": "TrunkNotFound", "detail": ""}} _log_request_full /root/.rally/verification/verifier-a83cf839-e9b6-4d2f-ab42-fce2b15cedab/repo/tempest/lib/common/rest_client.py:436
2018-10-01 03:16:29.422 17672 INFO tempest.lib.common.rest_client [req-798e2d91-c895-4921-8f98-b5510985a0c6 ] Request (TrunkTestJSON:_run_cleanups): 404 DELETE http://172.30.9.27:9696/v2.0/trunks/f33d5739-3318-47a2-97cb-8771f9eb2313 0.016s
2018-10-01 03:16:29.422 17672 DEBUG tempest.lib.common.rest_client [req-798e2d91-c895-4921-8f98-b5510985a0c6 ] Request - Headers: {'Content-Type': 'application/json', 'Accept': 'application/json', 'X-Auth-Token': ''} Body: None Response - Headers: {'status': '404', u'content-length': '134', 'content-location': 'http://172.30.9.27:9696/v2.0/trunks/f33d5739-3318-47a2-97cb-8771f9eb2313', u'date': 'Mon, 01 Oct 2018 03:16:29 GMT', u'content-type': 'application/json', u'connection': 'close', u'x-openstack-request-id': 'req-798e2d91-c895-4921-8f98-b5510985a0c6'} Body: {"NeutronError": {"message": "Trunk f33d5739-3318-47a2-97cb-8771f9eb2313 could not be found.", "type": "TrunkNotFound", "detail": ""}} _log_request_full /root/.rally/verification/verifier-a83cf839-e9b6-4d2f-ab42-fce2b15cedab/repo/tempest/lib/common/rest_client.py:436
2018-10-01 03:16:29.435 17672 INFO tempest.lib.common.rest_client [req-4fdf58b1-039d-444b-bcc3-cc9db9a22e64 ] Request (TrunkTestJSON:_run_cleanups): 404 GET http://172.30.9.27:9696/v2.0/trunks/882c9236-19be-42e3-91ad-481dd7897ded/get_subports 0.012s
2018-10-01 03:16:29.435 17672 DEBUG tempest.lib.common.rest_client [req-4fdf58b1-039d-444b-bcc3-cc9db9a22e64 ] Request - Headers: {'Content-Type': 'application/json', 'Accept': 'application/json', 'X-Auth-Token': ''} Body: None Response - Headers: {'status': '404', u'content-length': '134', 'content-location': 'http://172.30.9.27:9696/v2.0/trunks/882c9236-19be-42e3-91ad-481dd7897ded/get_subports', u'date': 'Mon, 01 Oct 2018 03:16:29 GMT', u'content-type': 'application/json', u'connection': 'close', u'x-openstack-request-id': 'req-4fdf58b1-039d-444b-bcc3-cc9db9a22e64'} Body: {"NeutronError": {"message": "Trunk 882c9236-19be-42e3-91ad-481dd7897ded could not be found.", "type": "TrunkNotFound", "detail": ""}} _log_request_full /root/.rally/verification/verifier-a83cf839-e9b6-4d2f-ab42-fce2b15cedab/repo/tempest/lib/common/rest_client.py:436
2018-10-01 03:16:29.444 17669 INFO tempest.lib.common.rest_client [req-e8145d2d-e807-431f-b1d3-40049e98972b ] Request (TrunkTest:test_trunk_subport_lifecycle): 200 GET http://172.30.9.27:8774/v2.1/servers/dd1af464-2d78-4ac2-a99b-cb084069c04d 0.469s
2018-10-01 03:16:29.444 17669 DEBUG tempest.lib.common.rest_client [req-e8145d2d-e807-431f-b1d3-40049e98972b ] Request - Headers: {'Content-Type': 'application/json', 'Accept': 'application/json', 'X-Auth-Token': ''} Body: None Response - Headers: {'status': '200', u'content-length': '1689', 'content-location': 'http://172.30.9.27:8774/v2.1/servers/dd1af464-2d78-4ac2-a99b-cb084069c04d', u'x-compute-request-id': 'req-e8145d2d-e807-431f-b1d3-40049e98972b', u'vary': 'OpenStack-API-Version,X-OpenStack-Nova-API-Version,Accept-Encoding', u'server': 'Apache', u'openstack-api-version': 'compute 2.1', u'connection': 'close', u'x-openstack-nova-api-version': '2.1', u'date': 'Mon, 01 Oct 2018 03:16:28 GMT', u'content-type': 'application/json', u'x-openstack-request-id': 'req-e8145d2d-e807-431f-b1d3-40049e98972b'} Body: {"server": {"OS-EXT-STS:task_state": null, "addresses": {"tempest-test-network--1898336069": [{"OS-EXT-IPS-MAC:mac_addr": "fa:16:3e:ac:76:8a", "version": 4, "addr": "192.168.120.3", "OS-EXT-IPS:type": "fixed"}, {"OS-EXT-IPS-MAC:mac_addr": "fa:16:3e:ac:76:8a", "version": 4, "addr": "172.30.9.202", "OS-EXT-IPS:type": "floating"}]}, "links": [{"href": "http://172.30.9.27:8774/v2.1/servers/dd1af464-2d78-4ac2-a99b-cb084069c04d", "rel": "self"}, {"href": "http://172.30.9.27:8774/servers/dd1af464-2d78-4ac2-a99b-cb084069c04d", "rel": "bookmark"}], "image": {"id": "138764a5-1d2f-44a1-91ee-4f61f2729e38", "links": [{"href": "http://172.30.9.27:8774/images/138764a5-1d2f-44a1-91ee-4f61f2729e38", "rel": "bookmark"}]}, "OS-EXT-STS:vm_state": "active", "OS-SRV-USG:launched_at": "2018-10-01T03:16:27.000000", "flavor": {"id": "c86f4ab7-0b45-49bc-8796-55ccfc1cd399", "links": [{"href": "http://172.30.9.27:8774/flavors/c86f4ab7-0b45-49bc-8796-55ccfc1cd399", "rel": "bookmark"}]}, "id": "dd1af464-2d78-4ac2-a99b-cb084069c04d", "security_groups": [{"name": "tempest-secgroup-1651636680"}], "user_id": "d2d7b519419b48e0b59f85c7efa6c013", "OS-DCF:diskConfig": "MANUAL", "accessIPv4": "", "accessIPv6": "", "progress": 0, "OS-EXT-STS:power_state": 1, "OS-EXT-AZ:availability_zone": "nova", "config_drive": "", "status": "ACTIVE", "updated": "2018-10-01T03:16:28Z", "hostId": "75f65dbfd01648c2f8d6ad5faa85a6e57d202ce186625d27295e6475", "OS-SRV-USG:terminated_at": null, "key_name": "tempest-keypair-test-142024322", "name": "tempest-server-test-1249654494", "created": "2018-10-01T03:16:17Z", "tenant_id": "10ef793159bd4aa6985087afe5afd68f", "os-extended-volumes:volumes_attached": [], "metadata": {}}} _log_request_full /root/.rally/verification/verifier-a83cf839-e9b6-4d2f-ab42-fce2b15cedab/repo/tempest/lib/common/rest_client.py:436
2018-10-01 03:16:29.450 17672 INFO tempest.lib.common.rest_client [req-87863005-de25-4387-b87e-9f9a6c5f90ac ] Request (TrunkTestJSON:_run_cleanups): 404 DELETE http://172.30.9.27:9696/v2.0/trunks/882c9236-19be-42e3-91ad-481dd7897ded 0.015s
2018-10-01 03:16:29.451 17672 DEBUG tempest.lib.common.rest_client [req-87863005-de25-4387-b87e-9f9a6c5f90ac ] Request - Headers: {'Content-Type': 'application/json', 'Accept': 'application/json', 'X-Auth-Token': ''} Body: None Response - Headers: {'status': '404', u'content-length': '134', 'content-location': 'http://172.30.9.27:9696/v2.0/trunks/882c9236-19be-42e3-91ad-481dd7897ded', u'date': 'Mon, 01 Oct 2018 03:16:29 GMT', u'content-type': 'application/json', u'connection': 'close', u'x-openstack-request-id': 'req-87863005-de25-4387-b87e-9f9a6c5f90ac'} Body: {"NeutronError": {"message": "Trunk 882c9236-19be-42e3-91ad-481dd7897ded could not be found.", "type": "TrunkNotFound", "detail": ""}} _log_request_full /root/.rally/verification/verifier-a83cf839-e9b6-4d2f-ab42-fce2b15cedab/repo/tempest/lib/common/rest_client.py:436
2018-10-01 03:16:29.453 17669 INFO tempest.common.waiters [-] State transition "BUILD/spawning" ==> "ACTIVE/None" after 3 second wait
2018-10-01 03:16:29.454 17669 INFO tempest.lib.common.ssh [-] Creating ssh connection to '172.30.9.202:22' as 'cirros' with public key authentication
2018-10-01 03:16:29.477 17672 INFO tempest.lib.common.rest_client [req-547f7e3e-70d5-4843-95c8-6f2d003ddf33 ] Request (TrunkTestJSON:_run_cleanups): 200 GET http://172.30.9.27:9696/v2.0/trunks/117fdbd4-7dd8-4e03-95db-39361f3a6413/get_subports 0.026s
2018-10-01 03:16:29.477 17672 DEBUG tempest.lib.common.rest_client [req-547f7e3e-70d5-4843-95c8-6f2d003ddf33 ] Request - Headers: {'Content-Type': 'application/json', 'Accept': 'application/json', 'X-Auth-Token': ''} Body: None Response - Headers: {'status': '200', u'content-length': '17', 'content-location': 'http://172.30.9.27:9696/v2.0/trunks/117fdbd4-7dd8-4e03-95db-39361f3a6413/get_subports', u'date': 'Mon, 01 Oct 2018 03:16:29 GMT', u'content-type': 'application/json', u'connection': 'close', u'x-openstack-request-id': 'req-547f7e3e-70d5-4843-95c8-6f2d003ddf33'} Body: {"sub_ports": []} _log_request_full /root/.rally/verification/verifier-a83cf839-e9b6-4d2f-ab42-fce2b15cedab/repo/tempest/lib/common/rest_client.py:436
2018-10-01 03:16:29.523 17672 INFO tempest.lib.common.rest_client [req-95268b44-bffb-4659-a84e-cc377b506c1d ] Request (TrunkTestJSON:_run_cleanups): 200 PUT http://172.30.9.27:9696/v2.0/trunks/117fdbd4-7dd8-4e03-95db-39361f3a6413/remove_subports 0.045s
2018-10-01 03:16:29.524 17672 DEBUG tempest.lib.common.rest_client [req-95268b44-bffb-4659-a84e-cc377b506c1d ] Request - Headers: {'Content-Type': 'application/json', 'Accept': 'application/json', 'X-Auth-Token': ''} Body: {"sub_ports": []} Response - Headers: {'status': '200', u'content-length': '396', 'content-location': 'http://172.30.9.27:9696/v2.0/trunks/117fdbd4-7dd8-4e03-95db-39361f3a6413/remove_subports', u'date': 'Mon, 01 Oct 2018 03:16:29 GMT', u'content-type': 'application/json', u'connection': 'close', u'x-openstack-request-id': 'req-95268b44-bffb-4659-a84e-cc377b506c1d'} Body: {"status": "DOWN", "sub_ports": [], "name": "", "admin_state_up": true, "tenant_id": "52cb561d0b78415a9ed44533e81458ad", "created_at": "2018-10-01T03:16:27Z", "tags": [], "updated_at": "2018-10-01T03:16:29Z", "revision_number": 1, "project_id": "52cb561d0b78415a9ed44533e81458ad", "port_id": "0dbe72fb-7770-4f17-9c35-e9929bd77499", "id": "117fdbd4-7dd8-4e03-95db-39361f3a6413", "description": ""} _log_request_full /root/.rally/verification/verifier-a83cf839-e9b6-4d2f-ab42-fce2b15cedab/repo/tempest/lib/common/rest_client.py:436
2018-10-01 03:16:29.555 17668 INFO tempest.lib.common.rest_client [req-2543d18f-88b2-477f-bffa-474f3a5e1f75 ] Request (TrunkTestJSON:test_create_update_trunk_with_description): 201 POST http://172.30.9.27:9696/v2.0/trunks 0.300s
2018-10-01 03:16:29.556 17668 DEBUG tempest.lib.common.rest_client [req-2543d18f-88b2-477f-bffa-474f3a5e1f75 ] Request - Headers: {'Content-Type': 'application/json', 'Accept': 'application/json', 'X-Auth-Token': ''} Body: {"trunk": {"port_id": "4e6bbdf0-c7ee-47a5-b38c-201a98bc35da", "description": "foo description"}} Response - Headers: {'status': '201', u'content-length': '422', 'content-location': 'http://172.30.9.27:9696/v2.0/trunks', u'date': 'Mon, 01 Oct 2018 03:16:29 GMT', u'content-type': 'application/json', u'connection': 'close', u'x-openstack-request-id': 'req-2543d18f-88b2-477f-bffa-474f3a5e1f75'} Body: {"trunk": {"status": "DOWN", "sub_ports": [], "name": "", "admin_state_up": true, "tenant_id": "94d9a4ed2db940cab51dbb619b773585", "created_at": "2018-10-01T03:16:29Z", "tags": [], "updated_at": "2018-10-01T03:16:29Z", "revision_number": 0, "project_id": "94d9a4ed2db940cab51dbb619b773585", "port_id": "4e6bbdf0-c7ee-47a5-b38c-201a98bc35da", "id": "d01b8664-d686-434a-b662-e9bc79eb947a", "description": "foo description"}} _log_request_full /root/.rally/verification/verifier-a83cf839-e9b6-4d2f-ab42-fce2b15cedab/repo/tempest/lib/common/rest_client.py:436
2018-10-01 03:16:29.621 17668 INFO tempest.lib.common.rest_client [req-71e9a574-bd5c-402e-9a5b-0dbdae234c81 ] Request (TrunkTestJSON:test_create_update_trunk_with_description): 200 PUT http://172.30.9.27:9696/v2.0/trunks/d01b8664-d686-434a-b662-e9bc79eb947a 0.064s
2018-10-01 03:16:29.621 17668 DEBUG tempest.lib.common.rest_client [req-71e9a574-bd5c-402e-9a5b-0dbdae234c81 ] Request - Headers: {'Content-Type': 'application/json', 'Accept': 'application/json', 'X-Auth-Token': ''} Body: {"trunk": {"description": ""}} Response - Headers: {'status': '200', u'content-length': '407', 'content-location': 'http://172.30.9.27:9696/v2.0/trunks/d01b8664-d686-434a-b662-e9bc79eb947a', u'date': 'Mon, 01 Oct 2018 03:16:29 GMT', u'content-type': 'application/json', u'connection': 'close', u'x-openstack-request-id': 'req-71e9a574-bd5c-402e-9a5b-0dbdae234c81'} Body: {"trunk": {"status": "DOWN", "sub_ports": [], "name": "", "admin_state_up": true, "tenant_id": "94d9a4ed2db940cab51dbb619b773585", "created_at": "2018-10-01T03:16:29Z", "tags": [], "updated_at": "2018-10-01T03:16:29Z", "revision_number": 0, "project_id": "94d9a4ed2db940cab51dbb619b773585", "port_id": "4e6bbdf0-c7ee-47a5-b38c-201a98bc35da", "id": "d01b8664-d686-434a-b662-e9bc79eb947a", "description": ""}} _log_request_full /root/.rally/verification/verifier-a83cf839-e9b6-4d2f-ab42-fce2b15cedab/repo/tempest/lib/common/rest_client.py:436
2018-10-01 03:16:29.633 17672 INFO tempest.lib.common.rest_client [req-d7787e68-27c1-46ec-8aba-c69d2bf44780 ] Request (TrunkTestJSON:_run_cleanups): 204 DELETE http://172.30.9.27:9696/v2.0/trunks/117fdbd4-7dd8-4e03-95db-39361f3a6413 0.109s
2018-10-01 03:16:29.634 17672 DEBUG tempest.lib.common.rest_client [req-d7787e68-27c1-46ec-8aba-c69d2bf44780 ] Request - Headers: {'Content-Type': 'application/json', 'Accept': 'application/json', 'X-Auth-Token': ''} Body: None Response - Headers: {'status': '204', u'content-length': '0', 'content-location': 'http://172.30.9.27:9696/v2.0/trunks/117fdbd4-7dd8-4e03-95db-39361f3a6413', u'date': 'Mon, 01 Oct 2018 03:16:29 GMT', u'connection': 'close', u'x-openstack-request-id': 'req-d7787e68-27c1-46ec-8aba-c69d2bf44780'} Body: _log_request_full /root/.rally/verification/verifier-a83cf839-e9b6-4d2f-ab42-fce2b15cedab/repo/tempest/lib/common/rest_client.py:436
2018-10-01 03:16:29.637 17668 INFO tempest.lib.common.rest_client [req-e895c28e-8269-4977-aba4-e52b26dd0bd4 ] Request (TrunkTestJSON:_run_cleanups): 404 GET http://172.30.9.27:9696/v2.0/trunks/fbf002d5-5bbd-4c80-8693-58e51368951d/get_subports 0.015s
2018-10-01 03:16:29.638 17668 DEBUG tempest.lib.common.rest_client [req-e895c28e-8269-4977-aba4-e52b26dd0bd4 ] Request - Headers: {'Content-Type': 'application/json', 'Accept': 'application/json', 'X-Auth-Token': ''} Body: None Response - Headers: {'status': '404', u'content-length': '134', 'content-location': 'http://172.30.9.27:9696/v2.0/trunks/fbf002d5-5bbd-4c80-8693-58e51368951d/get_subports', u'date': 'Mon, 01 Oct 2018 03:16:29 GMT', u'content-type': 'application/json', u'connection': 'close', u'x-openstack-request-id': 'req-e895c28e-8269-4977-aba4-e52b26dd0bd4'} Body: {"NeutronError": {"message": "Trunk fbf002d5-5bbd-4c80-8693-58e51368951d could not be found.", "type": "TrunkNotFound", "detail": ""}} _log_request_full /root/.rally/verification/verifier-a83cf839-e9b6-4d2f-ab42-fce2b15cedab/repo/tempest/lib/common/rest_client.py:436
2018-10-01 03:16:29.643 17669 WARNING tempest.lib.common.ssh [-] Failed to establish authenticated ssh connection to cirros@172.30.9.202 ([Errno None] Unable to connect to port 22 on 172.30.9.202). Number attempts: 1. Retry after 2 seconds.: NoValidConnectionsError: [Errno None] Unable to connect to port 22 on 172.30.9.202
2018-10-01 03:16:29.650 17672 INFO tempest.lib.common.rest_client [req-213cb601-1bc9-445e-829e-b20be02fcabf ] Request (TrunkTestJSON:_run_cleanups): 404 GET http://172.30.9.27:9696/v2.0/trunks/7c89da2b-d054-484f-9ef1-229188c53fd1 0.015s
2018-10-01 03:16:29.650 17672 DEBUG tempest.lib.common.rest_client [req-213cb601-1bc9-445e-829e-b20be02fcabf ] Request - Headers: {'Content-Type': 'application/json', 'Accept': 'application/json', 'X-Auth-Token': ''} Body: None Response - Headers: {'status': '404', u'content-length': '134', 'content-location': 'http://172.30.9.27:9696/v2.0/trunks/7c89da2b-d054-484f-9ef1-229188c53fd1', u'date': 'Mon, 01 Oct 2018 03:16:29 GMT', u'content-type': 'application/json', u'connection': 'close', u'x-openstack-request-id': 'req-213cb601-1bc9-445e-829e-b20be02fcabf'} Body: {"NeutronError": {"message": "Trunk 7c89da2b-d054-484f-9ef1-229188c53fd1 could not be found.", "type": "TrunkNotFound", "detail": ""}} _log_request_full /root/.rally/verification/verifier-a83cf839-e9b6-4d2f-ab42-fce2b15cedab/repo/tempest/lib/common/rest_client.py:436
2018-10-01 03:16:29.663 17668 INFO tempest.lib.common.rest_client [req-55b79d59-b025-450f-8b8b-c840dfb9f04d ] Request (TrunkTestJSON:_run_cleanups): 404 DELETE http://172.30.9.27:9696/v2.0/trunks/fbf002d5-5bbd-4c80-8693-58e51368951d 0.024s
2018-10-01 03:16:29.663 17668 DEBUG tempest.lib.common.rest_client [req-55b79d59-b025-450f-8b8b-c840dfb9f04d ] Request - Headers: {'Content-Type': 'application/json', 'Accept': 'application/json', 'X-Auth-Token': ''} Body: None Response - Headers: {'status': '404', u'content-length': '134', 'content-location': 'http://172.30.9.27:9696/v2.0/trunks/fbf002d5-5bbd-4c80-8693-58e51368951d', u'date': 'Mon, 01 Oct 2018 03:16:29 GMT', u'content-type': 'application/json', u'connection': 'close', u'x-openstack-request-id': 'req-55b79d59-b025-450f-8b8b-c840dfb9f04d'} Body: {"NeutronError": {"message": "Trunk fbf002d5-5bbd-4c80-8693-58e51368951d could not be found.", "type": "TrunkNotFound", "detail": ""}} _log_request_full /root/.rally/verification/verifier-a83cf839-e9b6-4d2f-ab42-fce2b15cedab/repo/tempest/lib/common/rest_client.py:436
2018-10-01 03:16:29.664 17672 INFO tempest.lib.common.rest_client [req-db843701-30af-41e3-8ebd-27bbfc4bb114 ] Request (TrunkTestJSON:_run_cleanups): 404 GET http://172.30.9.27:9696/v2.0/trunks/3b9bdaa4-7d98-4100-9c2e-06080bd71240 0.013s
2018-10-01 03:16:29.664 17672 DEBUG tempest.lib.common.rest_client [req-db843701-30af-41e3-8ebd-27bbfc4bb114 ] Request - Headers: {'Content-Type': 'application/json', 'Accept': 'application/json', 'X-Auth-Token': ''} Body: None Response - Headers: {'status': '404', u'content-length': '134', 'content-location': 'http://172.30.9.27:9696/v2.0/trunks/3b9bdaa4-7d98-4100-9c2e-06080bd71240', u'date': 'Mon, 01 Oct 2018 03:16:29 GMT', u'content-type': 'application/json', u'connection': 'close', u'x-openstack-request-id': 'req-db843701-30af-41e3-8ebd-27bbfc4bb114'} Body: {"NeutronError": {"message": "Trunk 3b9bdaa4-7d98-4100-9c2e-06080bd71240 could not be found.", "type": "TrunkNotFound", "detail": ""}} _log_request_full /root/.rally/verification/verifier-a83cf839-e9b6-4d2f-ab42-fce2b15cedab/repo/tempest/lib/common/rest_client.py:436
2018-10-01 03:16:29.679 17672 INFO tempest.lib.common.rest_client [req-b5ef3287-21d8-417e-9b73-ebbebfa66345 ] Request (TrunkTestJSON:_run_cleanups): 404 GET http://172.30.9.27:9696/v2.0/trunks/f33d5739-3318-47a2-97cb-8771f9eb2313 0.014s
2018-10-01 03:16:29.679 17672 DEBUG tempest.lib.common.rest_client [req-b5ef3287-21d8-417e-9b73-ebbebfa66345 ] Request - Headers: {'Content-Type': 'application/json', 'Accept': 'application/json', 'X-Auth-Token': ''} Body: None Response - Headers: {'status': '404', u'content-length': '134', 'content-location': 'http://172.30.9.27:9696/v2.0/trunks/f33d5739-3318-47a2-97cb-8771f9eb2313', u'date': 'Mon, 01 Oct 2018 03:16:29 GMT', u'content-type': 'application/json', u'connection': 'close', u'x-openstack-request-id': 'req-b5ef3287-21d8-417e-9b73-ebbebfa66345'} Body: {"NeutronError": {"message": "Trunk f33d5739-3318-47a2-97cb-8771f9eb2313 could not be found.", "type": "TrunkNotFound", "detail": ""}} _log_request_full /root/.rally/verification/verifier-a83cf839-e9b6-4d2f-ab42-fce2b15cedab/repo/tempest/lib/common/rest_client.py:436
2018-10-01 03:16:29.680 17668 INFO tempest.lib.common.rest_client [req-6f7d04db-3ccd-4459-af76-21bc8a5c7cf3 ] Request (TrunkTestJSON:_run_cleanups): 404 GET http://172.30.9.27:9696/v2.0/trunks/e5e358d6-3ca0-44b3-bab8-579a162607d2/get_subports 0.017s
2018-10-01 03:16:29.680 17668 DEBUG tempest.lib.common.rest_client [req-6f7d04db-3ccd-4459-af76-21bc8a5c7cf3 ] Request - Headers: {'Content-Type': 'application/json', 'Accept': 'application/json', 'X-Auth-Token': ''} Body: None Response - Headers: {'status': '404', u'content-length': '134', 'content-location': 'http://172.30.9.27:9696/v2.0/trunks/e5e358d6-3ca0-44b3-bab8-579a162607d2/get_subports', u'date': 'Mon, 01 Oct 2018 03:16:29 GMT', u'content-type': 'application/json', u'connection': 'close', u'x-openstack-request-id': 'req-6f7d04db-3ccd-4459-af76-21bc8a5c7cf3'} Body: {"NeutronError": {"message": "Trunk e5e358d6-3ca0-44b3-bab8-579a162607d2 could not be found.", "type": "TrunkNotFound", "detail": ""}} _log_request_full /root/.rally/verification/verifier-a83cf839-e9b6-4d2f-ab42-fce2b15cedab/repo/tempest/lib/common/rest_client.py:436
2018-10-01 03:16:29.692 17672 INFO tempest.lib.common.rest_client [req-447ddb97-dfd9-4740-9903-0c6a85aa35eb ] Request (TrunkTestJSON:_run_cleanups): 404 GET http://172.30.9.27:9696/v2.0/trunks/882c9236-19be-42e3-91ad-481dd7897ded 0.012s
2018-10-01 03:16:29.692 17672 DEBUG tempest.lib.common.rest_client [req-447ddb97-dfd9-4740-9903-0c6a85aa35eb ] Request - Headers: {'Content-Type': 'application/json', 'Accept': 'application/json', 'X-Auth-Token': ''} Body: None Response - Headers: {'status': '404', u'content-length': '134', 'content-location': 'http://172.30.9.27:9696/v2.0/trunks/882c9236-19be-42e3-91ad-481dd7897ded', u'date': 'Mon, 01 Oct 2018 03:16:29 GMT', u'content-type': 'application/json', u'connection': 'close', u'x-openstack-request-id': 'req-447ddb97-dfd9-4740-9903-0c6a85aa35eb'} Body: {"NeutronError": {"message": "Trunk 882c9236-19be-42e3-91ad-481dd7897ded could not be found.", "type": "TrunkNotFound", "detail": ""}} _log_request_full /root/.rally/verification/verifier-a83cf839-e9b6-4d2f-ab42-fce2b15cedab/repo/tempest/lib/common/rest_client.py:436
2018-10-01 03:16:29.694 17668 INFO tempest.lib.common.rest_client [req-fbbf9ec3-9d58-45a7-8f2f-6633b2b84da9 ] Request (TrunkTestJSON:_run_cleanups): 404 DELETE http://172.30.9.27:9696/v2.0/trunks/e5e358d6-3ca0-44b3-bab8-579a162607d2 0.013s
2018-10-01 03:16:29.694 17668 DEBUG tempest.lib.common.rest_client [req-fbbf9ec3-9d58-45a7-8f2f-6633b2b84da9 ] Request - Headers: {'Content-Type': 'application/json', 'Accept': 'application/json', 'X-Auth-Token': ''} Body: None Response - Headers: {'status': '404', u'content-length': '134', 'content-location': 'http://172.30.9.27:9696/v2.0/trunks/e5e358d6-3ca0-44b3-bab8-579a162607d2', u'date': 'Mon, 01 Oct 2018 03:16:29 GMT', u'content-type': 'application/json', u'connection': 'close', u'x-openstack-request-id': 'req-fbbf9ec3-9d58-45a7-8f2f-6633b2b84da9'} Body: {"NeutronError": {"message": "Trunk e5e358d6-3ca0-44b3-bab8-579a162607d2 could not be found.", "type": "TrunkNotFound", "detail": ""}} _log_request_full /root/.rally/verification/verifier-a83cf839-e9b6-4d2f-ab42-fce2b15cedab/repo/tempest/lib/common/rest_client.py:436
2018-10-01 03:16:29.705 17672 INFO tempest.lib.common.rest_client [req-95974110-c833-4240-9b7e-6a3cdfb171bf ] Request (TrunkTestJSON:_run_cleanups): 404 GET http://172.30.9.27:9696/v2.0/trunks/117fdbd4-7dd8-4e03-95db-39361f3a6413 0.012s
2018-10-01 03:16:29.705 17672 DEBUG tempest.lib.common.rest_client [req-95974110-c833-4240-9b7e-6a3cdfb171bf ] Request - Headers: {'Content-Type': 'application/json', 'Accept': 'application/json', 'X-Auth-Token': ''} Body: None Response - Headers: {'status': '404', u'content-length': '134', 'content-location': 'http://172.30.9.27:9696/v2.0/trunks/117fdbd4-7dd8-4e03-95db-39361f3a6413', u'date': 'Mon, 01 Oct 2018 03:16:29 GMT', u'content-type': 'application/json', u'connection': 'close', u'x-openstack-request-id': 'req-95974110-c833-4240-9b7e-6a3cdfb171bf'} Body: {"NeutronError": {"message": "Trunk 117fdbd4-7dd8-4e03-95db-39361f3a6413 could not be found.", "type": "TrunkNotFound", "detail": ""}} _log_request_full /root/.rally/verification/verifier-a83cf839-e9b6-4d2f-ab42-fce2b15cedab/repo/tempest/lib/common/rest_client.py:436
2018-10-01 03:16:29.713 17668 INFO tempest.lib.common.rest_client [req-3bfab521-ed1c-4642-a330-37697cf2b4ba ] Request (TrunkTestJSON:_run_cleanups): 404 GET http://172.30.9.27:9696/v2.0/trunks/69d4d3da-b15a-4c7a-bb53-4a0d89be077c/get_subports 0.018s
2018-10-01 03:16:29.713 17668 DEBUG tempest.lib.common.rest_client [req-3bfab521-ed1c-4642-a330-37697cf2b4ba ] Request - Headers: {'Content-Type': 'application/json', 'Accept': 'application/json', 'X-Auth-Token': ''} Body: None Response - Headers: {'status': '404', u'content-length': '134', 'content-location': 'http://172.30.9.27:9696/v2.0/trunks/69d4d3da-b15a-4c7a-bb53-4a0d89be077c/get_subports', u'date': 'Mon, 01 Oct 2018 03:16:29 GMT', u'content-type': 'application/json', u'connection': 'close', u'x-openstack-request-id': 'req-3bfab521-ed1c-4642-a330-37697cf2b4ba'} Body: {"NeutronError": {"message": "Trunk 69d4d3da-b15a-4c7a-bb53-4a0d89be077c could not be found.", "type": "TrunkNotFound", "detail": ""}} _log_request_full /root/.rally/verification/verifier-a83cf839-e9b6-4d2f-ab42-fce2b15cedab/repo/tempest/lib/common/rest_client.py:436
2018-10-01 03:16:29.726 17668 INFO tempest.lib.common.rest_client [req-713e39cc-7ba3-4d61-bbc4-be70c4ed700b ] Request (TrunkTestJSON:_run_cleanups): 404 DELETE http://172.30.9.27:9696/v2.0/trunks/69d4d3da-b15a-4c7a-bb53-4a0d89be077c 0.013s
2018-10-01 03:16:29.727 17668 DEBUG tempest.lib.common.rest_client [req-713e39cc-7ba3-4d61-bbc4-be70c4ed700b ] Request - Headers: {'Content-Type': 'application/json', 'Accept': 'application/json', 'X-Auth-Token': ''} Body: None Response - Headers: {'status': '404', u'content-length': '134', 'content-location': 'http://172.30.9.27:9696/v2.0/trunks/69d4d3da-b15a-4c7a-bb53-4a0d89be077c', u'date': 'Mon, 01 Oct 2018 03:16:29 GMT', u'content-type': 'application/json', u'connection': 'close', u'x-openstack-request-id': 'req-713e39cc-7ba3-4d61-bbc4-be70c4ed700b'} Body: {"NeutronError": {"message": "Trunk 69d4d3da-b15a-4c7a-bb53-4a0d89be077c could not be found.", "type": "TrunkNotFound", "detail": ""}} _log_request_full /root/.rally/verification/verifier-a83cf839-e9b6-4d2f-ab42-fce2b15cedab/repo/tempest/lib/common/rest_client.py:436
2018-10-01 03:16:29.740 17672 INFO tempest.lib.common.rest_client [req-4fa11919-a40f-4403-876b-f8d4b6d9fc32 ] Request (TrunkTestJSON:_run_cleanups): 404 DELETE http://172.30.9.27:9696/v2.0/ports/bbfc9a8f-a480-443f-a9d7-ea49546c0386 0.034s
2018-10-01 03:16:29.740 17672 DEBUG tempest.lib.common.rest_client [req-4fa11919-a40f-4403-876b-f8d4b6d9fc32 ] Request - Headers: {'Content-Type': 'application/json', 'Accept': 'application/json', 'X-Auth-Token': ''} Body: None Response - Headers: {'status': '404', u'content-length': '132', 'content-location': 'http://172.30.9.27:9696/v2.0/ports/bbfc9a8f-a480-443f-a9d7-ea49546c0386', u'date': 'Mon, 01 Oct 2018 03:16:29 GMT', u'content-type': 'application/json', u'connection': 'close', u'x-openstack-request-id': 'req-4fa11919-a40f-4403-876b-f8d4b6d9fc32'} Body: {"NeutronError": {"message": "Port bbfc9a8f-a480-443f-a9d7-ea49546c0386 could not be found.", "type": "PortNotFound", "detail": ""}} _log_request_full /root/.rally/verification/verifier-a83cf839-e9b6-4d2f-ab42-fce2b15cedab/repo/tempest/lib/common/rest_client.py:436
2018-10-01 03:16:29.746 17668 INFO tempest.lib.common.rest_client [req-a7fe3635-c27d-40af-aa48-b23e44db210f ] Request (TrunkTestJSON:_run_cleanups): 404 GET http://172.30.9.27:9696/v2.0/trunks/f97b3655-961c-4c22-9417-7599b2abd847/get_subports 0.019s
2018-10-01 03:16:29.746 17668 DEBUG tempest.lib.common.rest_client [req-a7fe3635-c27d-40af-aa48-b23e44db210f ] Request - Headers: {'Content-Type': 'application/json', 'Accept': 'application/json', 'X-Auth-Token': ''} Body: None Response - Headers: {'status': '404', u'content-length': '134', 'content-location': 'http://172.30.9.27:9696/v2.0/trunks/f97b3655-961c-4c22-9417-7599b2abd847/get_subports', u'date': 'Mon, 01 Oct 2018 03:16:29 GMT', u'content-type': 'application/json', u'connection': 'close', u'x-openstack-request-id': 'req-a7fe3635-c27d-40af-aa48-b23e44db210f'} Body: {"NeutronError": {"message": "Trunk f97b3655-961c-4c22-9417-7599b2abd847 could not be found.", "type": "TrunkNotFound", "detail": ""}} _log_request_full /root/.rally/verification/verifier-a83cf839-e9b6-4d2f-ab42-fce2b15cedab/repo/tempest/lib/common/rest_client.py:436
2018-10-01 03:16:29.762 17668 INFO tempest.lib.common.rest_client [req-e80ba0cd-0eff-4a18-9f6e-48b32ec6082d ] Request (TrunkTestJSON:_run_cleanups): 404 DELETE http://172.30.9.27:9696/v2.0/trunks/f97b3655-961c-4c22-9417-7599b2abd847 0.015s
2018-10-01 03:16:29.762 17668 DEBUG tempest.lib.common.rest_client [req-e80ba0cd-0eff-4a18-9f6e-48b32ec6082d ] Request - Headers: {'Content-Type': 'application/json', 'Accept': 'application/json', 'X-Auth-Token': ''} Body: None Response - Headers: {'status': '404', u'content-length': '134', 'content-location': 'http://172.30.9.27:9696/v2.0/trunks/f97b3655-961c-4c22-9417-7599b2abd847', u'date': 'Mon, 01 Oct 2018 03:16:29 GMT', u'content-type': 'application/json', u'connection': 'close', u'x-openstack-request-id': 'req-e80ba0cd-0eff-4a18-9f6e-48b32ec6082d'} Body: {"NeutronError": {"message": "Trunk f97b3655-961c-4c22-9417-7599b2abd847 could not be found.", "type": "TrunkNotFound", "detail": ""}} _log_request_full /root/.rally/verification/verifier-a83cf839-e9b6-4d2f-ab42-fce2b15cedab/repo/tempest/lib/common/rest_client.py:436
2018-10-01 03:16:29.775 17668 INFO tempest.lib.common.rest_client [req-a5c0f433-78f4-4f0a-8f29-a1133814aa81 ] Request (TrunkTestJSON:_run_cleanups): 404 GET http://172.30.9.27:9696/v2.0/trunks/4669fff8-82a5-45b4-a94c-f59346499ee6/get_subports 0.013s
2018-10-01 03:16:29.775 17668 DEBUG tempest.lib.common.rest_client [req-a5c0f433-78f4-4f0a-8f29-a1133814aa81 ] Request - Headers: {'Content-Type': 'application/json', 'Accept': 'application/json', 'X-Auth-Token': ''} Body: None Response - Headers: {'status': '404', u'content-length': '134', 'content-location': 'http://172.30.9.27:9696/v2.0/trunks/4669fff8-82a5-45b4-a94c-f59346499ee6/get_subports', u'date': 'Mon, 01 Oct 2018 03:16:29 GMT', u'content-type': 'application/json', u'connection': 'close', u'x-openstack-request-id': 'req-a5c0f433-78f4-4f0a-8f29-a1133814aa81'} Body: {"NeutronError": {"message": "Trunk 4669fff8-82a5-45b4-a94c-f59346499ee6 could not be found.", "type": "TrunkNotFound", "detail": ""}} _log_request_full /root/.rally/verification/verifier-a83cf839-e9b6-4d2f-ab42-fce2b15cedab/repo/tempest/lib/common/rest_client.py:436
2018-10-01 03:16:29.790 17668 INFO tempest.lib.common.rest_client [req-9da0da06-0382-4b9e-9b72-1c7c3cc33fcc ] Request (TrunkTestJSON:_run_cleanups): 404 DELETE http://172.30.9.27:9696/v2.0/trunks/4669fff8-82a5-45b4-a94c-f59346499ee6 0.014s
2018-10-01 03:16:29.790 17668 DEBUG tempest.lib.common.rest_client [req-9da0da06-0382-4b9e-9b72-1c7c3cc33fcc ] Request - Headers: {'Content-Type': 'application/json', 'Accept': 'application/json', 'X-Auth-Token': ''} Body: None Response - Headers: {'status': '404', u'content-length': '134', 'content-location': 'http://172.30.9.27:9696/v2.0/trunks/4669fff8-82a5-45b4-a94c-f59346499ee6', u'date': 'Mon, 01 Oct 2018 03:16:29 GMT', u'content-type': 'application/json', u'connection': 'close', u'x-openstack-request-id': 'req-9da0da06-0382-4b9e-9b72-1c7c3cc33fcc'} Body: {"NeutronError": {"message": "Trunk 4669fff8-82a5-45b4-a94c-f59346499ee6 could not be found.", "type": "TrunkNotFound", "detail": ""}} _log_request_full /root/.rally/verification/verifier-a83cf839-e9b6-4d2f-ab42-fce2b15cedab/repo/tempest/lib/common/rest_client.py:436
2018-10-01 03:16:29.819 17668 INFO tempest.lib.common.rest_client [req-01aa58b3-ef10-4579-83c0-eee6f5fd8754 ] Request (TrunkTestJSON:_run_cleanups): 200 GET http://172.30.9.27:9696/v2.0/trunks/d01b8664-d686-434a-b662-e9bc79eb947a/get_subports 0.028s
2018-10-01 03:16:29.819 17668 DEBUG tempest.lib.common.rest_client [req-01aa58b3-ef10-4579-83c0-eee6f5fd8754 ] Request - Headers: {'Content-Type': 'application/json', 'Accept': 'application/json', 'X-Auth-Token': ''} Body: None Response - Headers: {'status': '200', u'content-length': '17', 'content-location': 'http://172.30.9.27:9696/v2.0/trunks/d01b8664-d686-434a-b662-e9bc79eb947a/get_subports', u'date': 'Mon, 01 Oct 2018 03:16:29 GMT', u'content-type': 'application/json', u'connection': 'close', u'x-openstack-request-id': 'req-01aa58b3-ef10-4579-83c0-eee6f5fd8754'} Body: {"sub_ports": []} _log_request_full /root/.rally/verification/verifier-a83cf839-e9b6-4d2f-ab42-fce2b15cedab/repo/tempest/lib/common/rest_client.py:436
2018-10-01 03:16:29.872 17668 INFO tempest.lib.common.rest_client [req-fb5964e1-6112-4746-aeed-f4dc64a798cf ] Request (TrunkTestJSON:_run_cleanups): 200 PUT http://172.30.9.27:9696/v2.0/trunks/d01b8664-d686-434a-b662-e9bc79eb947a/remove_subports 0.052s
2018-10-01 03:16:29.872 17668 DEBUG tempest.lib.common.rest_client [req-fb5964e1-6112-4746-aeed-f4dc64a798cf ] Request - Headers: {'Content-Type': 'application/json', 'Accept': 'application/json', 'X-Auth-Token': ''} Body: {"sub_ports": []} Response - Headers: {'status': '200', u'content-length': '396', 'content-location': 'http://172.30.9.27:9696/v2.0/trunks/d01b8664-d686-434a-b662-e9bc79eb947a/remove_subports', u'date': 'Mon, 01 Oct 2018 03:16:29 GMT', u'content-type': 'application/json', u'connection': 'close', u'x-openstack-request-id': 'req-fb5964e1-6112-4746-aeed-f4dc64a798cf'} Body: {"status": "DOWN", "sub_ports": [], "name": "", "admin_state_up": true, "tenant_id": "94d9a4ed2db940cab51dbb619b773585", "created_at": "2018-10-01T03:16:29Z", "tags": [], "updated_at": "2018-10-01T03:16:29Z", "revision_number": 1, "project_id": "94d9a4ed2db940cab51dbb619b773585", "port_id": "4e6bbdf0-c7ee-47a5-b38c-201a98bc35da", "id": "d01b8664-d686-434a-b662-e9bc79eb947a", "description": ""} _log_request_full /root/.rally/verification/verifier-a83cf839-e9b6-4d2f-ab42-fce2b15cedab/repo/tempest/lib/common/rest_client.py:436
2018-10-01 03:16:29.996 17668 INFO tempest.lib.common.rest_client [req-f4a2a805-bafb-4001-8d7e-696af4c30022 ] Request (TrunkTestJSON:_run_cleanups): 204 DELETE http://172.30.9.27:9696/v2.0/trunks/d01b8664-d686-434a-b662-e9bc79eb947a 0.123s
2018-10-01 03:16:29.996 17668 DEBUG tempest.lib.common.rest_client [req-f4a2a805-bafb-4001-8d7e-696af4c30022 ] Request - Headers: {'Content-Type': 'application/json', 'Accept': 'application/json', 'X-Auth-Token': ''} Body: None Response - Headers: {'status': '204', u'content-length': '0', 'content-location': 'http://172.30.9.27:9696/v2.0/trunks/d01b8664-d686-434a-b662-e9bc79eb947a', u'date': 'Mon, 01 Oct 2018 03:16:29 GMT', u'connection': 'close', u'x-openstack-request-id': 'req-f4a2a805-bafb-4001-8d7e-696af4c30022'} Body: _log_request_full /root/.rally/verification/verifier-a83cf839-e9b6-4d2f-ab42-fce2b15cedab/repo/tempest/lib/common/rest_client.py:436
2018-10-01 03:16:30.013 17672 INFO tempest.lib.common.rest_client [req-068b4678-0fed-40de-946c-84e0e7f0831e ] Request (TrunkTestJSON:_run_cleanups): 404 DELETE http://172.30.9.27:9696/v2.0/ports/6db97b5b-3ee9-4266-9796-2e720c45bfc0 0.273s
2018-10-01 03:16:30.014 17672 DEBUG tempest.lib.common.rest_client [req-068b4678-0fed-40de-946c-84e0e7f0831e ] Request - Headers: {'Content-Type': 'application/json', 'Accept': 'application/json', 'X-Auth-Token': ''} Body: None Response - Headers: {'status': '404', u'content-length': '132', 'content-location': 'http://172.30.9.27:9696/v2.0/ports/6db97b5b-3ee9-4266-9796-2e720c45bfc0', u'date': 'Mon, 01 Oct 2018 03:16:30 GMT', u'content-type': 'application/json', u'connection': 'close', u'x-openstack-request-id': 'req-068b4678-0fed-40de-946c-84e0e7f0831e'} Body: {"NeutronError": {"message": "Port 6db97b5b-3ee9-4266-9796-2e720c45bfc0 could not be found.", "type": "PortNotFound", "detail": ""}} _log_request_full /root/.rally/verification/verifier-a83cf839-e9b6-4d2f-ab42-fce2b15cedab/repo/tempest/lib/common/rest_client.py:436
2018-10-01 03:16:30.017 17668 INFO tempest.lib.common.rest_client [req-b470db0a-161c-406d-8b14-30deaf732dc7 ] Request (TrunkTestJSON:_run_cleanups): 404 GET http://172.30.9.27:9696/v2.0/trunks/fbf002d5-5bbd-4c80-8693-58e51368951d 0.019s
2018-10-01 03:16:30.017 17668 DEBUG tempest.lib.common.rest_client [req-b470db0a-161c-406d-8b14-30deaf732dc7 ] Request - Headers: {'Content-Type': 'application/json', 'Accept': 'application/json', 'X-Auth-Token': ''} Body: None Response - Headers: {'status': '404', u'content-length': '134', 'content-location': 'http://172.30.9.27:9696/v2.0/trunks/fbf002d5-5bbd-4c80-8693-58e51368951d', u'date': 'Mon, 01 Oct 2018 03:16:30 GMT', u'content-type': 'application/json', u'connection': 'close', u'x-openstack-request-id': 'req-b470db0a-161c-406d-8b14-30deaf732dc7'} Body: {"NeutronError": {"message": "Trunk fbf002d5-5bbd-4c80-8693-58e51368951d could not be found.", "type": "TrunkNotFound", "detail": ""}} _log_request_full /root/.rally/verification/verifier-a83cf839-e9b6-4d2f-ab42-fce2b15cedab/repo/tempest/lib/common/rest_client.py:436
2018-10-01 03:16:30.045 17668 INFO tempest.lib.common.rest_client [req-987c3265-5d99-4f6f-b208-0c4a55dc927e ] Request (TrunkTestJSON:_run_cleanups): 404 GET http://172.30.9.27:9696/v2.0/trunks/e5e358d6-3ca0-44b3-bab8-579a162607d2 0.027s
2018-10-01 03:16:30.045 17668 DEBUG tempest.lib.common.rest_client [req-987c3265-5d99-4f6f-b208-0c4a55dc927e ] Request - Headers: {'Content-Type': 'application/json', 'Accept': 'application/json', 'X-Auth-Token': ''} Body: None Response - Headers: {'status': '404', u'content-length': '134', 'content-location': 'http://172.30.9.27:9696/v2.0/trunks/e5e358d6-3ca0-44b3-bab8-579a162607d2', u'date': 'Mon, 01 Oct 2018 03:16:30 GMT', u'content-type': 'application/json', u'connection': 'close', u'x-openstack-request-id': 'req-987c3265-5d99-4f6f-b208-0c4a55dc927e'} Body: {"NeutronError": {"message": "Trunk e5e358d6-3ca0-44b3-bab8-579a162607d2 could not be found.", "type": "TrunkNotFound", "detail": ""}} _log_request_full /root/.rally/verification/verifier-a83cf839-e9b6-4d2f-ab42-fce2b15cedab/repo/tempest/lib/common/rest_client.py:436
2018-10-01 03:16:30.046 17672 INFO tempest.lib.common.rest_client [req-0a337d4a-b1e7-402d-b847-1690367f339e ] Request (TrunkTestJSON:_run_cleanups): 404 DELETE http://172.30.9.27:9696/v2.0/ports/3ed1992c-a8da-4f12-9b78-152f49f25377 0.031s
2018-10-01 03:16:30.046 17672 DEBUG tempest.lib.common.rest_client [req-0a337d4a-b1e7-402d-b847-1690367f339e ] Request - Headers: {'Content-Type': 'application/json', 'Accept': 'application/json', 'X-Auth-Token': ''} Body: None Response - Headers: {'status': '404', u'content-length': '132', 'content-location': 'http://172.30.9.27:9696/v2.0/ports/3ed1992c-a8da-4f12-9b78-152f49f25377', u'date': 'Mon, 01 Oct 2018 03:16:30 GMT', u'content-type': 'application/json', u'connection': 'close', u'x-openstack-request-id': 'req-0a337d4a-b1e7-402d-b847-1690367f339e'} Body: {"NeutronError": {"message": "Port 3ed1992c-a8da-4f12-9b78-152f49f25377 could not be found.", "type": "PortNotFound", "detail": ""}} _log_request_full /root/.rally/verification/verifier-a83cf839-e9b6-4d2f-ab42-fce2b15cedab/repo/tempest/lib/common/rest_client.py:436
2018-10-01 03:16:30.061 17668 INFO tempest.lib.common.rest_client [req-830da6b4-ec96-497d-8c82-b1f4704008e1 ] Request (TrunkTestJSON:_run_cleanups): 404 GET http://172.30.9.27:9696/v2.0/trunks/69d4d3da-b15a-4c7a-bb53-4a0d89be077c 0.014s
2018-10-01 03:16:30.061 17668 DEBUG tempest.lib.common.rest_client [req-830da6b4-ec96-497d-8c82-b1f4704008e1 ] Request - Headers: {'Content-Type': 'application/json', 'Accept': 'application/json', 'X-Auth-Token': ''} Body: None Response - Headers: {'status': '404', u'content-length': '134', 'content-location': 'http://172.30.9.27:9696/v2.0/trunks/69d4d3da-b15a-4c7a-bb53-4a0d89be077c', u'date': 'Mon, 01 Oct 2018 03:16:30 GMT', u'content-type': 'application/json', u'connection': 'close', u'x-openstack-request-id': 'req-830da6b4-ec96-497d-8c82-b1f4704008e1'} Body: {"NeutronError": {"message": "Trunk 69d4d3da-b15a-4c7a-bb53-4a0d89be077c could not be found.", "type": "TrunkNotFound", "detail": ""}} _log_request_full /root/.rally/verification/verifier-a83cf839-e9b6-4d2f-ab42-fce2b15cedab/repo/tempest/lib/common/rest_client.py:436
2018-10-01 03:16:30.075 17668 INFO tempest.lib.common.rest_client [req-8f07b189-4aa7-4788-8c18-6e51f0bbea8a ] Request (TrunkTestJSON:_run_cleanups): 404 GET http://172.30.9.27:9696/v2.0/trunks/f97b3655-961c-4c22-9417-7599b2abd847 0.013s
2018-10-01 03:16:30.076 17668 DEBUG tempest.lib.common.rest_client [req-8f07b189-4aa7-4788-8c18-6e51f0bbea8a ] Request - Headers: {'Content-Type': 'application/json', 'Accept': 'application/json', 'X-Auth-Token': ''} Body: None Response - Headers: {'status': '404', u'content-length': '134', 'content-location': 'http://172.30.9.27:9696/v2.0/trunks/f97b3655-961c-4c22-9417-7599b2abd847', u'date': 'Mon, 01 Oct 2018 03:16:30 GMT', u'content-type': 'application/json', u'connection': 'close', u'x-openstack-request-id': 'req-8f07b189-4aa7-4788-8c18-6e51f0bbea8a'} Body: {"NeutronError": {"message": "Trunk f97b3655-961c-4c22-9417-7599b2abd847 could not be found.", "type": "TrunkNotFound", "detail": ""}} _log_request_full /root/.rally/verification/verifier-a83cf839-e9b6-4d2f-ab42-fce2b15cedab/repo/tempest/lib/common/rest_client.py:436
2018-10-01 03:16:30.090 17668 INFO tempest.lib.common.rest_client [req-a2000c36-e8b4-486c-a6d8-c64f19829335 ] Request (TrunkTestJSON:_run_cleanups): 404 GET http://172.30.9.27:9696/v2.0/trunks/4669fff8-82a5-45b4-a94c-f59346499ee6 0.013s
2018-10-01 03:16:30.090 17668 DEBUG tempest.lib.common.rest_client [req-a2000c36-e8b4-486c-a6d8-c64f19829335 ] Request - Headers: {'Content-Type': 'application/json', 'Accept': 'application/json', 'X-Auth-Token': ''} Body: None Response - Headers: {'status': '404', u'content-length': '134', 'content-location': 'http://172.30.9.27:9696/v2.0/trunks/4669fff8-82a5-45b4-a94c-f59346499ee6', u'date': 'Mon, 01 Oct 2018 03:16:30 GMT', u'content-type': 'application/json', u'connection': 'close', u'x-openstack-request-id': 'req-a2000c36-e8b4-486c-a6d8-c64f19829335'} Body: {"NeutronError": {"message": "Trunk 4669fff8-82a5-45b4-a94c-f59346499ee6 could not be found.", "type": "TrunkNotFound", "detail": ""}} _log_request_full /root/.rally/verification/verifier-a83cf839-e9b6-4d2f-ab42-fce2b15cedab/repo/tempest/lib/common/rest_client.py:436
2018-10-01 03:16:30.094 17672 INFO tempest.lib.common.rest_client [req-6907b41f-5192-4cc0-84a5-fe101cc7ec8c ] Request (TrunkTestJSON:_run_cleanups): 404 DELETE http://172.30.9.27:9696/v2.0/ports/cd2e47cd-a0d5-4a50-8916-eee8b2b0f848 0.047s
2018-10-01 03:16:30.094 17672 DEBUG tempest.lib.common.rest_client [req-6907b41f-5192-4cc0-84a5-fe101cc7ec8c ] Request - Headers: {'Content-Type': 'application/json', 'Accept': 'application/json', 'X-Auth-Token': ''} Body: None Response - Headers: {'status': '404', u'content-length': '132', 'content-location': 'http://172.30.9.27:9696/v2.0/ports/cd2e47cd-a0d5-4a50-8916-eee8b2b0f848', u'date': 'Mon, 01 Oct 2018 03:16:30 GMT', u'content-type': 'application/json', u'connection': 'close', u'x-openstack-request-id': 'req-6907b41f-5192-4cc0-84a5-fe101cc7ec8c'} Body: {"NeutronError": {"message": "Port cd2e47cd-a0d5-4a50-8916-eee8b2b0f848 could not be found.", "type": "PortNotFound", "detail": ""}} _log_request_full /root/.rally/verification/verifier-a83cf839-e9b6-4d2f-ab42-fce2b15cedab/repo/tempest/lib/common/rest_client.py:436
2018-10-01 03:16:30.105 17668 INFO tempest.lib.common.rest_client [req-f83f1332-54c3-438a-8cfa-9b536efce2cb ] Request (TrunkTestJSON:_run_cleanups): 404 GET http://172.30.9.27:9696/v2.0/trunks/d01b8664-d686-434a-b662-e9bc79eb947a 0.014s
2018-10-01 03:16:30.105 17668 DEBUG tempest.lib.common.rest_client [req-f83f1332-54c3-438a-8cfa-9b536efce2cb ] Request - Headers: {'Content-Type': 'application/json', 'Accept': 'application/json', 'X-Auth-Token': ''} Body: None Response - Headers: {'status': '404', u'content-length': '134', 'content-location': 'http://172.30.9.27:9696/v2.0/trunks/d01b8664-d686-434a-b662-e9bc79eb947a', u'date': 'Mon, 01 Oct 2018 03:16:30 GMT', u'content-type': 'application/json', u'connection': 'close', u'x-openstack-request-id': 'req-f83f1332-54c3-438a-8cfa-9b536efce2cb'} Body: {"NeutronError": {"message": "Trunk d01b8664-d686-434a-b662-e9bc79eb947a could not be found.", "type": "TrunkNotFound", "detail": ""}} _log_request_full /root/.rally/verification/verifier-a83cf839-e9b6-4d2f-ab42-fce2b15cedab/repo/tempest/lib/common/rest_client.py:436
2018-10-01 03:16:30.133 17672 INFO tempest.lib.common.rest_client [req-8754e7cc-3ab8-4890-bb54-365ee48116f1 ] Request (TrunkTestJSON:_run_cleanups): 404 DELETE http://172.30.9.27:9696/v2.0/ports/4fcceb60-a74b-47fb-8eca-596bf3076130 0.038s
2018-10-01 03:16:30.133 17672 DEBUG tempest.lib.common.rest_client [req-8754e7cc-3ab8-4890-bb54-365ee48116f1 ] Request - Headers: {'Content-Type': 'application/json', 'Accept': 'application/json', 'X-Auth-Token': ''} Body: None Response - Headers: {'status': '404', u'content-length': '132', 'content-location': 'http://172.30.9.27:9696/v2.0/ports/4fcceb60-a74b-47fb-8eca-596bf3076130', u'date': 'Mon, 01 Oct 2018 03:16:30 GMT', u'content-type': 'application/json', u'connection': 'close', u'x-openstack-request-id': 'req-8754e7cc-3ab8-4890-bb54-365ee48116f1'} Body: {"NeutronError": {"message": "Port 4fcceb60-a74b-47fb-8eca-596bf3076130 could not be found.", "type": "PortNotFound", "detail": ""}} _log_request_full /root/.rally/verification/verifier-a83cf839-e9b6-4d2f-ab42-fce2b15cedab/repo/tempest/lib/common/rest_client.py:436
2018-10-01 03:16:30.139 17668 INFO tempest.lib.common.rest_client [req-9937f8cb-28e3-4b43-aaef-cfbada192a0b ] Request (TrunkTestJSON:_run_cleanups): 404 DELETE http://172.30.9.27:9696/v2.0/ports/1fb91b9a-6cfb-43cf-ad97-ce871294f7e0 0.033s
2018-10-01 03:16:30.139 17668 DEBUG tempest.lib.common.rest_client [req-9937f8cb-28e3-4b43-aaef-cfbada192a0b ] Request - Headers: {'Content-Type': 'application/json', 'Accept': 'application/json', 'X-Auth-Token': ''} Body: None Response - Headers: {'status': '404', u'content-length': '132', 'content-location': 'http://172.30.9.27:9696/v2.0/ports/1fb91b9a-6cfb-43cf-ad97-ce871294f7e0', u'date': 'Mon, 01 Oct 2018 03:16:30 GMT', u'content-type': 'application/json', u'connection': 'close', u'x-openstack-request-id': 'req-9937f8cb-28e3-4b43-aaef-cfbada192a0b'} Body: {"NeutronError": {"message": "Port 1fb91b9a-6cfb-43cf-ad97-ce871294f7e0 could not be found.", "type": "PortNotFound", "detail": ""}} _log_request_full /root/.rally/verification/verifier-a83cf839-e9b6-4d2f-ab42-fce2b15cedab/repo/tempest/lib/common/rest_client.py:436
2018-10-01 03:16:30.172 17668 INFO tempest.lib.common.rest_client [req-5bef6682-368a-4bd3-8d6a-5bae13896cf2 ] Request (TrunkTestJSON:_run_cleanups): 404 DELETE http://172.30.9.27:9696/v2.0/ports/96091853-accd-4699-a574-d1d94e752d86 0.033s
2018-10-01 03:16:30.173 17668 DEBUG tempest.lib.common.rest_client [req-5bef6682-368a-4bd3-8d6a-5bae13896cf2 ] Request - Headers: {'Content-Type': 'application/json', 'Accept': 'application/json', 'X-Auth-Token': ''} Body: None Response - Headers: {'status': '404', u'content-length': '132', 'content-location': 'http://172.30.9.27:9696/v2.0/ports/96091853-accd-4699-a574-d1d94e752d86', u'date': 'Mon, 01 Oct 2018 03:16:30 GMT', u'content-type': 'application/json', u'connection': 'close', u'x-openstack-request-id': 'req-5bef6682-368a-4bd3-8d6a-5bae13896cf2'} Body: {"NeutronError": {"message": "Port 96091853-accd-4699-a574-d1d94e752d86 could not be found.", "type": "PortNotFound", "detail": ""}} _log_request_full /root/.rally/verification/verifier-a83cf839-e9b6-4d2f-ab42-fce2b15cedab/repo/tempest/lib/common/rest_client.py:436
2018-10-01 03:16:30.181 17672 INFO tempest.lib.common.rest_client [req-9954f153-293f-4097-9cb7-f36cecea3723 ] Request (TrunkTestJSON:_run_cleanups): 404 DELETE http://172.30.9.27:9696/v2.0/ports/32274dca-b650-412f-83ac-3971a9d70ae0 0.047s
2018-10-01 03:16:30.181 17672 DEBUG tempest.lib.common.rest_client [req-9954f153-293f-4097-9cb7-f36cecea3723 ] Request - Headers: {'Content-Type': 'application/json', 'Accept': 'application/json', 'X-Auth-Token': ''} Body: None Response - Headers: {'status': '404', u'content-length': '132', 'content-location': 'http://172.30.9.27:9696/v2.0/ports/32274dca-b650-412f-83ac-3971a9d70ae0', u'date': 'Mon, 01 Oct 2018 03:16:30 GMT', u'content-type': 'application/json', u'connection': 'close', u'x-openstack-request-id': 'req-9954f153-293f-4097-9cb7-f36cecea3723'} Body: {"NeutronError": {"message": "Port 32274dca-b650-412f-83ac-3971a9d70ae0 could not be found.", "type": "PortNotFound", "detail": ""}} _log_request_full /root/.rally/verification/verifier-a83cf839-e9b6-4d2f-ab42-fce2b15cedab/repo/tempest/lib/common/rest_client.py:436
2018-10-01 03:16:30.203 17668 INFO tempest.lib.common.rest_client [req-4b9c82f6-27d5-4f52-b202-1d8133c96336 ] Request (TrunkTestJSON:_run_cleanups): 404 DELETE http://172.30.9.27:9696/v2.0/ports/2e52f52d-2d67-4a8b-aeff-2771080cca18 0.029s
2018-10-01 03:16:30.203 17668 DEBUG tempest.lib.common.rest_client [req-4b9c82f6-27d5-4f52-b202-1d8133c96336 ] Request - Headers: {'Content-Type': 'application/json', 'Accept': 'application/json', 'X-Auth-Token': ''} Body: None Response - Headers: {'status': '404', u'content-length': '132', 'content-location': 'http://172.30.9.27:9696/v2.0/ports/2e52f52d-2d67-4a8b-aeff-2771080cca18', u'date': 'Mon, 01 Oct 2018 03:16:30 GMT', u'content-type': 'application/json', u'connection': 'close', u'x-openstack-request-id': 'req-4b9c82f6-27d5-4f52-b202-1d8133c96336'} Body: {"NeutronError": {"message": "Port 2e52f52d-2d67-4a8b-aeff-2771080cca18 could not be found.", "type": "PortNotFound", "detail": ""}} _log_request_full /root/.rally/verification/verifier-a83cf839-e9b6-4d2f-ab42-fce2b15cedab/repo/tempest/lib/common/rest_client.py:436
2018-10-01 03:16:30.234 17668 INFO tempest.lib.common.rest_client [req-10ee9c1a-677d-42be-a1f7-657d552ba383 ] Request (TrunkTestJSON:_run_cleanups): 404 DELETE http://172.30.9.27:9696/v2.0/ports/68eed49e-4912-4788-a4e9-047f865f88d5 0.030s
