2018-08-31 09:37:53.542 11486 DEBUG tempest.lib.common.rest_client [req-1d118a82-c085-4488-9287-de88b8c79614 ] Request - Headers: {'Content-Type': 'application/json', 'Accept': 'application/json', 'X-Auth-Token': ''} Body: None Response - Headers: {'status': '404', u'content-length': '134', 'content-location': 'http://172.30.9.34:9696/v2.0/trunks/c03228ab-afd8-4112-bd34-6b107fb28c23', u'date': 'Fri, 31 Aug 2018 09:37:53 GMT', u'content-type': 'application/json', u'connection': 'close', u'x-openstack-request-id': 'req-1d118a82-c085-4488-9287-de88b8c79614'} Body: {"NeutronError": {"message": "Trunk c03228ab-afd8-4112-bd34-6b107fb28c23 could not be found.", "type": "TrunkNotFound", "detail": ""}} _log_request_full /root/.rally/verification/verifier-79d2d55b-9c92-4360-9dcd-e03f5f71e7aa/repo/tempest/lib/common/rest_client.py:434
2018-08-31 09:37:53.548 11494 INFO tempest.lib.common.rest_client [req-e8d960fe-47bf-4606-a79e-e31f31b77439 ] Request (TrunkTestJSON:_run_cleanups): 404 DELETE http://172.30.9.34:9696/v2.0/ports/72204af0-b601-455b-b72b-ce8b36fbc2de 0.027s
2018-08-31 09:37:53.549 11494 DEBUG tempest.lib.common.rest_client [req-e8d960fe-47bf-4606-a79e-e31f31b77439 ] Request - Headers: {'Content-Type': 'application/json', 'Accept': 'application/json', 'X-Auth-Token': ''} Body: None Response - Headers: {'status': '404', u'content-length': '132', 'content-location': 'http://172.30.9.34:9696/v2.0/ports/72204af0-b601-455b-b72b-ce8b36fbc2de', u'date': 'Fri, 31 Aug 2018 09:37:53 GMT', u'content-type': 'application/json', u'connection': 'close', u'x-openstack-request-id': 'req-e8d960fe-47bf-4606-a79e-e31f31b77439'} Body: {"NeutronError": {"message": "Port 72204af0-b601-455b-b72b-ce8b36fbc2de could not be found.", "type": "PortNotFound", "detail": ""}} _log_request_full /root/.rally/verification/verifier-79d2d55b-9c92-4360-9dcd-e03f5f71e7aa/repo/tempest/lib/common/rest_client.py:434
2018-08-31 09:37:53.572 11486 INFO tempest.lib.common.rest_client [req-2e6fac62-a9f4-4d1f-b304-abdbacd9b1fa ] Request (TrunkTestJSON:_run_cleanups): 404 DELETE http://172.30.9.34:9696/v2.0/ports/53a2908c-2314-4ac2-89da-0d3de6a82c3d 0.028s
2018-08-31 09:37:53.572 11486 DEBUG tempest.lib.common.rest_client [req-2e6fac62-a9f4-4d1f-b304-abdbacd9b1fa ] Request - Headers: {'Content-Type': 'application/json', 'Accept': 'application/json', 'X-Auth-Token': ''} Body: None Response - Headers: {'status': '404', u'content-length': '132', 'content-location': 'http://172.30.9.34:9696/v2.0/ports/53a2908c-2314-4ac2-89da-0d3de6a82c3d', u'date': 'Fri, 31 Aug 2018 09:37:53 GMT', u'content-type': 'application/json', u'connection': 'close', u'x-openstack-request-id': 'req-2e6fac62-a9f4-4d1f-b304-abdbacd9b1fa'} Body: {"NeutronError": {"message": "Port 53a2908c-2314-4ac2-89da-0d3de6a82c3d could not be found.", "type": "PortNotFound", "detail": ""}} _log_request_full /root/.rally/verification/verifier-79d2d55b-9c92-4360-9dcd-e03f5f71e7aa/repo/tempest/lib/common/rest_client.py:434
2018-08-31 09:37:53.589 11494 INFO tempest.lib.common.rest_client [req-b08d02e0-fc72-4675-b723-14bf7cc32bc5 ] Request (TrunkTestJSON:_run_cleanups): 404 DELETE http://172.30.9.34:9696/v2.0/ports/94b211db-4bf7-45ce-83f9-eb48b99f91b1 0.039s
2018-08-31 09:37:53.589 11494 DEBUG tempest.lib.common.rest_client [req-b08d02e0-fc72-4675-b723-14bf7cc32bc5 ] Request - Headers: {'Content-Type': 'application/json', 'Accept': 'application/json', 'X-Auth-Token': ''} Body: None Response - Headers: {'status': '404', u'content-length': '132', 'content-location': 'http://172.30.9.34:9696/v2.0/ports/94b211db-4bf7-45ce-83f9-eb48b99f91b1', u'date': 'Fri, 31 Aug 2018 09:37:53 GMT', u'content-type': 'application/json', u'connection': 'close', u'x-openstack-request-id': 'req-b08d02e0-fc72-4675-b723-14bf7cc32bc5'} Body: {"NeutronError": {"message": "Port 94b211db-4bf7-45ce-83f9-eb48b99f91b1 could not be found.", "type": "PortNotFound", "detail": ""}} _log_request_full /root/.rally/verification/verifier-79d2d55b-9c92-4360-9dcd-e03f5f71e7aa/repo/tempest/lib/common/rest_client.py:434
2018-08-31 09:37:53.603 11486 INFO tempest.lib.common.rest_client [req-030494f1-d9b4-4206-bdfb-2eda12a56e76 ] Request (TrunkTestJSON:_run_cleanups): 404 DELETE http://172.30.9.34:9696/v2.0/ports/bb20db94-604d-4656-80da-798bf8ee1345 0.030s
2018-08-31 09:37:53.604 11486 DEBUG tempest.lib.common.rest_client [req-030494f1-d9b4-4206-bdfb-2eda12a56e76 ] Request - Headers: {'Content-Type': 'application/json', 'Accept': 'application/json', 'X-Auth-Token': ''} Body: None Response - Headers: {'status': '404', u'content-length': '132', 'content-location': 'http://172.30.9.34:9696/v2.0/ports/bb20db94-604d-4656-80da-798bf8ee1345', u'date': 'Fri, 31 Aug 2018 09:37:53 GMT', u'content-type': 'application/json', u'connection': 'close', u'x-openstack-request-id': 'req-030494f1-d9b4-4206-bdfb-2eda12a56e76'} Body: {"NeutronError": {"message": "Port bb20db94-604d-4656-80da-798bf8ee1345 could not be found.", "type": "PortNotFound", "detail": ""}} _log_request_full /root/.rally/verification/verifier-79d2d55b-9c92-4360-9dcd-e03f5f71e7aa/repo/tempest/lib/common/rest_client.py:434
2018-08-31 09:37:53.619 11494 INFO tempest.lib.common.rest_client [req-b4e89ce8-7602-4584-929d-30017a0abfcd ] Request (TrunkTestJSON:_run_cleanups): 404 DELETE http://172.30.9.34:9696/v2.0/ports/fe08efdc-b5ca-4676-9b86-def008102f11 0.029s
2018-08-31 09:37:53.619 11494 DEBUG tempest.lib.common.rest_client [req-b4e89ce8-7602-4584-929d-30017a0abfcd ] Request - Headers: {'Content-Type': 'application/json', 'Accept': 'application/json', 'X-Auth-Token': ''} Body: None Response - Headers: {'status': '404', u'content-length': '132', 'content-location': 'http://172.30.9.34:9696/v2.0/ports/fe08efdc-b5ca-4676-9b86-def008102f11', u'date': 'Fri, 31 Aug 2018 09:37:53 GMT', u'content-type': 'application/json', u'connection': 'close', u'x-openstack-request-id': 'req-b4e89ce8-7602-4584-929d-30017a0abfcd'} Body: {"NeutronError": {"message": "Port fe08efdc-b5ca-4676-9b86-def008102f11 could not be found.", "type": "PortNotFound", "detail": ""}} _log_request_full /root/.rally/verification/verifier-79d2d55b-9c92-4360-9dcd-e03f5f71e7aa/repo/tempest/lib/common/rest_client.py:434
2018-08-31 09:37:53.644 11486 INFO tempest.lib.common.rest_client [req-4dcf6c24-64e6-4809-a6e0-2dd7d2b55fe0 ] Request (TrunkTestJSON:_run_cleanups): 404 DELETE http://172.30.9.34:9696/v2.0/ports/76ba0205-0e56-45a8-8276-bee7ecb96720 0.040s
2018-08-31 09:37:53.645 11486 DEBUG tempest.lib.common.rest_client [req-4dcf6c24-64e6-4809-a6e0-2dd7d2b55fe0 ] Request - Headers: {'Content-Type': 'application/json', 'Accept': 'application/json', 'X-Auth-Token': ''} Body: None Response - Headers: {'status': '404', u'content-length': '132', 'content-location': 'http://172.30.9.34:9696/v2.0/ports/76ba0205-0e56-45a8-8276-bee7ecb96720', u'date': 'Fri, 31 Aug 2018 09:37:53 GMT', u'content-type': 'application/json', u'connection': 'close', u'x-openstack-request-id': 'req-4dcf6c24-64e6-4809-a6e0-2dd7d2b55fe0'} Body: {"NeutronError": {"message": "Port 76ba0205-0e56-45a8-8276-bee7ecb96720 could not be found.", "type": "PortNotFound", "detail": ""}} _log_request_full /root/.rally/verification/verifier-79d2d55b-9c92-4360-9dcd-e03f5f71e7aa/repo/tempest/lib/common/rest_client.py:434
2018-08-31 09:37:53.651 11494 INFO tempest.lib.common.rest_client [req-d69c6773-ba95-4393-ac9f-0f3603d1e370 ] Request (TrunkTestJSON:_run_cleanups): 404 DELETE http://172.30.9.34:9696/v2.0/ports/ac938875-e952-47c6-8c87-9abf20b3bb39 0.031s
2018-08-31 09:37:53.652 11494 DEBUG tempest.lib.common.rest_client [req-d69c6773-ba95-4393-ac9f-0f3603d1e370 ] Request - Headers: {'Content-Type': 'application/json', 'Accept': 'application/json', 'X-Auth-Token': ''} Body: None Response - Headers: {'status': '404', u'content-length': '132', 'content-location': 'http://172.30.9.34:9696/v2.0/ports/ac938875-e952-47c6-8c87-9abf20b3bb39', u'date': 'Fri, 31 Aug 2018 09:37:53 GMT', u'content-type': 'application/json', u'connection': 'close', u'x-openstack-request-id': 'req-d69c6773-ba95-4393-ac9f-0f3603d1e370'} Body: {"NeutronError": {"message": "Port ac938875-e952-47c6-8c87-9abf20b3bb39 could not be found.", "type": "PortNotFound", "detail": ""}} _log_request_full /root/.rally/verification/verifier-79d2d55b-9c92-4360-9dcd-e03f5f71e7aa/repo/tempest/lib/common/rest_client.py:434
2018-08-31 09:37:53.677 11486 INFO tempest.lib.common.rest_client [req-b421cbc2-1f9e-4cca-88aa-96a0659a88b0 ] Request (TrunkTestJSON:_run_cleanups): 404 DELETE http://172.30.9.34:9696/v2.0/ports/6dd777d8-57c2-4d43-a147-c0b8d8a9f9af 0.031s
2018-08-31 09:37:53.677 11486 DEBUG tempest.lib.common.rest_client [req-b421cbc2-1f9e-4cca-88aa-96a0659a88b0 ] Request - Headers: {'Content-Type': 'application/json', 'Accept': 'application/json', 'X-Auth-Token': ''} Body: None Response - Headers: {'status': '404', u'content-length': '132', 'content-location': 'http://172.30.9.34:9696/v2.0/ports/6dd777d8-57c2-4d43-a147-c0b8d8a9f9af', u'date': 'Fri, 31 Aug 2018 09:37:53 GMT', u'content-type': 'application/json', u'connection': 'close', u'x-openstack-request-id': 'req-b421cbc2-1f9e-4cca-88aa-96a0659a88b0'} Body: {"NeutronError": {"message": "Port 6dd777d8-57c2-4d43-a147-c0b8d8a9f9af could not be found.", "type": "PortNotFound", "detail": ""}} _log_request_full /root/.rally/verification/verifier-79d2d55b-9c92-4360-9dcd-e03f5f71e7aa/repo/tempest/lib/common/rest_client.py:434
2018-08-31 09:37:53.685 11494 INFO tempest.lib.common.rest_client [req-db5f8a82-c809-4c03-8f85-1976a1972806 ] Request (TrunkTestJSON:_run_cleanups): 404 DELETE http://172.30.9.34:9696/v2.0/ports/1aeda284-9ed6-4efa-9de4-acc8e692921c 0.032s
2018-08-31 09:37:53.685 11494 DEBUG tempest.lib.common.rest_client [req-db5f8a82-c809-4c03-8f85-1976a1972806 ] Request - Headers: {'Content-Type': 'application/json', 'Accept': 'application/json', 'X-Auth-Token': ''} Body: None Response - Headers: {'status': '404', u'content-length': '132', 'content-location': 'http://172.30.9.34:9696/v2.0/ports/1aeda284-9ed6-4efa-9de4-acc8e692921c', u'date': 'Fri, 31 Aug 2018 09:37:53 GMT', u'content-type': 'application/json', u'connection': 'close', u'x-openstack-request-id': 'req-db5f8a82-c809-4c03-8f85-1976a1972806'} Body: {"NeutronError": {"message": "Port 1aeda284-9ed6-4efa-9de4-acc8e692921c could not be found.", "type": "PortNotFound", "detail": ""}} _log_request_full /root/.rally/verification/verifier-79d2d55b-9c92-4360-9dcd-e03f5f71e7aa/repo/tempest/lib/common/rest_client.py:434
2018-08-31 09:37:53.706 11486 INFO tempest.lib.common.rest_client [req-fc19677b-785d-442f-851d-9f4211b5088e ] Request (TrunkTestJSON:_run_cleanups): 404 DELETE http://172.30.9.34:9696/v2.0/ports/c7e6c2b6-77a7-4d12-8e59-448d4a337c67 0.027s
2018-08-31 09:37:53.706 11486 DEBUG tempest.lib.common.rest_client [req-fc19677b-785d-442f-851d-9f4211b5088e ] Request - Headers: {'Content-Type': 'application/json', 'Accept': 'application/json', 'X-Auth-Token': ''} Body: None Response - Headers: {'status': '404', u'content-length': '132', 'content-location': 'http://172.30.9.34:9696/v2.0/ports/c7e6c2b6-77a7-4d12-8e59-448d4a337c67', u'date': 'Fri, 31 Aug 2018 09:37:53 GMT', u'content-type': 'application/json', u'connection': 'close', u'x-openstack-request-id': 'req-fc19677b-785d-442f-851d-9f4211b5088e'} Body: {"NeutronError": {"message": "Port c7e6c2b6-77a7-4d12-8e59-448d4a337c67 could not be found.", "type": "PortNotFound", "detail": ""}} _log_request_full /root/.rally/verification/verifier-79d2d55b-9c92-4360-9dcd-e03f5f71e7aa/repo/tempest/lib/common/rest_client.py:434
2018-08-31 09:37:53.734 11486 INFO tempest.lib.common.rest_client [req-8f21c6ce-83a1-4e12-b2f1-7321de3a3e13 ] Request (TrunkTestJSON:_run_cleanups): 404 DELETE http://172.30.9.34:9696/v2.0/ports/0441ed80-1a81-477c-9f9c-decd88885e71 0.027s
2018-08-31 09:37:53.735 11486 DEBUG tempest.lib.common.rest_client [req-8f21c6ce-83a1-4e12-b2f1-7321de3a3e13 ] Request - Headers: {'Content-Type': 'application/json', 'Accept': 'application/json', 'X-Auth-Token': ''} Body: None Response - Headers: {'status': '404', u'content-length': '132', 'content-location': 'http://172.30.9.34:9696/v2.0/ports/0441ed80-1a81-477c-9f9c-decd88885e71', u'date': 'Fri, 31 Aug 2018 09:37:53 GMT', u'content-type': 'application/json', u'connection': 'close', u'x-openstack-request-id': 'req-8f21c6ce-83a1-4e12-b2f1-7321de3a3e13'} Body: {"NeutronError": {"message": "Port 0441ed80-1a81-477c-9f9c-decd88885e71 could not be found.", "type": "PortNotFound", "detail": ""}} _log_request_full /root/.rally/verification/verifier-79d2d55b-9c92-4360-9dcd-e03f5f71e7aa/repo/tempest/lib/common/rest_client.py:434
2018-08-31 09:37:53.765 11486 INFO tempest.lib.common.rest_client [req-6ba8d4fc-19c3-47fa-932c-661ac1aff256 ] Request (TrunkTestJSON:_run_cleanups): 404 DELETE http://172.30.9.34:9696/v2.0/ports/189057ca-21f9-4075-b1ce-aa1ad2860b73 0.029s
2018-08-31 09:37:53.765 11486 DEBUG tempest.lib.common.rest_client [req-6ba8d4fc-19c3-47fa-932c-661ac1aff256 ] Request - Headers: {'Content-Type': 'application/json', 'Accept': 'application/json', 'X-Auth-Token': ''} Body: None Response - Headers: {'status': '404', u'content-length': '132', 'content-location': 'http://172.30.9.34:9696/v2.0/ports/189057ca-21f9-4075-b1ce-aa1ad2860b73', u'date': 'Fri, 31 Aug 2018 09:37:53 GMT', u'content-type': 'application/json', u'connection': 'close', u'x-openstack-request-id': 'req-6ba8d4fc-19c3-47fa-932c-661ac1aff256'} Body: {"NeutronError": {"message": "Port 189057ca-21f9-4075-b1ce-aa1ad2860b73 could not be found.", "type": "PortNotFound", "detail": ""}} _log_request_full /root/.rally/verification/verifier-79d2d55b-9c92-4360-9dcd-e03f5f71e7aa/repo/tempest/lib/common/rest_client.py:434
2018-08-31 09:37:53.800 11486 INFO tempest.lib.common.rest_client [req-ee65b520-4db7-4179-a614-79952eacc909 ] Request (TrunkTestJSON:_run_cleanups): 404 DELETE http://172.30.9.34:9696/v2.0/ports/33650096-5a45-47f3-a396-689c8f596d8d 0.034s
2018-08-31 09:37:53.801 11486 DEBUG tempest.lib.common.rest_client [req-ee65b520-4db7-4179-a614-79952eacc909 ] Request - Headers: {'Content-Type': 'application/json', 'Accept': 'application/json', 'X-Auth-Token': ''} Body: None Response - Headers: {'status': '404', u'content-length': '132', 'content-location': 'http://172.30.9.34:9696/v2.0/ports/33650096-5a45-47f3-a396-689c8f596d8d', u'date': 'Fri, 31 Aug 2018 09:37:53 GMT', u'content-type': 'application/json', u'connection': 'close', u'x-openstack-request-id': 'req-ee65b520-4db7-4179-a614-79952eacc909'} Body: {"NeutronError": {"message": "Port 33650096-5a45-47f3-a396-689c8f596d8d could not be found.", "type": "PortNotFound", "detail": ""}} _log_request_full /root/.rally/verification/verifier-79d2d55b-9c92-4360-9dcd-e03f5f71e7aa/repo/tempest/lib/common/rest_client.py:434
2018-08-31 09:37:53.843 11486 INFO tempest.lib.common.rest_client [req-12e377d2-18b9-44c6-b769-ed0216d8990f ] Request (TrunkTestJSON:_run_cleanups): 404 DELETE http://172.30.9.34:9696/v2.0/ports/e3eb7739-0644-417c-924f-36328f0415c7 0.041s
2018-08-31 09:37:53.843 11486 DEBUG tempest.lib.common.rest_client [req-12e377d2-18b9-44c6-b769-ed0216d8990f ] Request - Headers: {'Content-Type': 'application/json', 'Accept': 'application/json', 'X-Auth-Token': ''} Body: None Response - Headers: {'status': '404', u'content-length': '132', 'content-location': 'http://172.30.9.34:9696/v2.0/ports/e3eb7739-0644-417c-924f-36328f0415c7', u'date': 'Fri, 31 Aug 2018 09:37:53 GMT', u'content-type': 'application/json', u'connection': 'close', u'x-openstack-request-id': 'req-12e377d2-18b9-44c6-b769-ed0216d8990f'} Body: {"NeutronError": {"message": "Port e3eb7739-0644-417c-924f-36328f0415c7 could not be found.", "type": "PortNotFound", "detail": ""}} _log_request_full /root/.rally/verification/verifier-79d2d55b-9c92-4360-9dcd-e03f5f71e7aa/repo/tempest/lib/common/rest_client.py:434
2018-08-31 09:37:53.877 11486 INFO tempest.lib.common.rest_client [req-c01b2c15-f8cf-4dd7-b36d-65517461ab70 ] Request (TrunkTestJSON:_run_cleanups): 404 DELETE http://172.30.9.34:9696/v2.0/ports/2b738b72-4136-4077-a196-bb0e5929adb9 0.032s
2018-08-31 09:37:53.877 11486 DEBUG tempest.lib.common.rest_client [req-c01b2c15-f8cf-4dd7-b36d-65517461ab70 ] Request - Headers: {'Content-Type': 'application/json', 'Accept': 'application/json', 'X-Auth-Token': ''} Body: None Response - Headers: {'status': '404', u'content-length': '132', 'content-location': 'http://172.30.9.34:9696/v2.0/ports/2b738b72-4136-4077-a196-bb0e5929adb9', u'date': 'Fri, 31 Aug 2018 09:37:53 GMT', u'content-type': 'application/json', u'connection': 'close', u'x-openstack-request-id': 'req-c01b2c15-f8cf-4dd7-b36d-65517461ab70'} Body: {"NeutronError": {"message": "Port 2b738b72-4136-4077-a196-bb0e5929adb9 could not be found.", "type": "PortNotFound", "detail": ""}} _log_request_full /root/.rally/verification/verifier-79d2d55b-9c92-4360-9dcd-e03f5f71e7aa/repo/tempest/lib/common/rest_client.py:434
2018-08-31 09:37:53.909 11486 INFO tempest.lib.common.rest_client [req-c42986e8-23c6-47c0-9716-6e5bac8266b2 ] Request (TrunkTestJSON:_run_cleanups): 404 DELETE http://172.30.9.34:9696/v2.0/ports/0cfe2818-d91b-42ac-86ae-4804dc6031e6 0.030s
2018-08-31 09:37:53.909 11486 DEBUG tempest.lib.common.rest_client [req-c42986e8-23c6-47c0-9716-6e5bac8266b2 ] Request - Headers: {'Content-Type': 'application/json', 'Accept': 'application/json', 'X-Auth-Token': ''} Body: None Response - Headers: {'status': '404', u'content-length': '132', 'content-location': 'http://172.30.9.34:9696/v2.0/ports/0cfe2818-d91b-42ac-86ae-4804dc6031e6', u'date': 'Fri, 31 Aug 2018 09:37:53 GMT', u'content-type': 'application/json', u'connection': 'close', u'x-openstack-request-id': 'req-c42986e8-23c6-47c0-9716-6e5bac8266b2'} Body: {"NeutronError": {"message": "Port 0cfe2818-d91b-42ac-86ae-4804dc6031e6 could not be found.", "type": "PortNotFound", "detail": ""}} _log_request_full /root/.rally/verification/verifier-79d2d55b-9c92-4360-9dcd-e03f5f71e7aa/repo/tempest/lib/common/rest_client.py:434
2018-08-31 09:37:53.946 11486 INFO tempest.lib.common.rest_client [req-292ba93c-c1bc-4ae1-b090-a140b48e65b7 ] Request (TrunkTestJSON:_run_cleanups): 404 DELETE http://172.30.9.34:9696/v2.0/ports/bfc50139-eaad-4271-b770-58c69466f903 0.036s
2018-08-31 09:37:53.947 11486 DEBUG tempest.lib.common.rest_client [req-292ba93c-c1bc-4ae1-b090-a140b48e65b7 ] Request - Headers: {'Content-Type': 'application/json', 'Accept': 'application/json', 'X-Auth-Token': ''} Body: None Response - Headers: {'status': '404', u'content-length': '132', 'content-location': 'http://172.30.9.34:9696/v2.0/ports/bfc50139-eaad-4271-b770-58c69466f903', u'date': 'Fri, 31 Aug 2018 09:37:54 GMT', u'content-type': 'application/json', u'connection': 'close', u'x-openstack-request-id': 'req-292ba93c-c1bc-4ae1-b090-a140b48e65b7'} Body: {"NeutronError": {"message": "Port bfc50139-eaad-4271-b770-58c69466f903 could not be found.", "type": "PortNotFound", "detail": ""}} _log_request_full /root/.rally/verification/verifier-79d2d55b-9c92-4360-9dcd-e03f5f71e7aa/repo/tempest/lib/common/rest_client.py:434
2018-08-31 09:37:53.976 11486 INFO tempest.lib.common.rest_client [req-9bbf3e0f-1b0c-405b-927c-64fbbe3b8d24 ] Request (TrunkTestJSON:_run_cleanups): 404 DELETE http://172.30.9.34:9696/v2.0/ports/7611edf0-717a-4397-9c76-d67a21e06e59 0.028s
2018-08-31 09:37:53.977 11486 DEBUG tempest.lib.common.rest_client [req-9bbf3e0f-1b0c-405b-927c-64fbbe3b8d24 ] Request - Headers: {'Content-Type': 'application/json', 'Accept': 'application/json', 'X-Auth-Token': ''} Body: None Response - Headers: {'status': '404', u'content-length': '132', 'content-location': 'http://172.30.9.34:9696/v2.0/ports/7611edf0-717a-4397-9c76-d67a21e06e59', u'date': 'Fri, 31 Aug 2018 09:37:53 GMT', u'content-type': 'application/json', u'connection': 'close', u'x-openstack-request-id': 'req-9bbf3e0f-1b0c-405b-927c-64fbbe3b8d24'} Body: {"NeutronError": {"message": "Port 7611edf0-717a-4397-9c76-d67a21e06e59 could not be found.", "type": "PortNotFound", "detail": ""}} _log_request_full /root/.rally/verification/verifier-79d2d55b-9c92-4360-9dcd-e03f5f71e7aa/repo/tempest/lib/common/rest_client.py:434
2018-08-31 09:37:54.111 11494 INFO tempest.lib.common.rest_client [req-a13190f8-b29f-493f-a1d7-394fc94265a3 ] Request (TrunkTestJSON:_run_cleanups): 204 DELETE http://172.30.9.34:9696/v2.0/ports/3e38f447-d740-4655-870b-8d5b9d0a061b 0.425s
2018-08-31 09:37:54.111 11494 DEBUG tempest.lib.common.rest_client [req-a13190f8-b29f-493f-a1d7-394fc94265a3 ] Request - Headers: {'Content-Type': 'application/json', 'Accept': 'application/json', 'X-Auth-Token': ''} Body: None Response - Headers: {'status': '204', u'content-length': '0', 'content-location': 'http://172.30.9.34:9696/v2.0/ports/3e38f447-d740-4655-870b-8d5b9d0a061b', u'date': 'Fri, 31 Aug 2018 09:37:54 GMT', u'connection': 'close', u'x-openstack-request-id': 'req-a13190f8-b29f-493f-a1d7-394fc94265a3'} Body: _log_request_full /root/.rally/verification/verifier-79d2d55b-9c92-4360-9dcd-e03f5f71e7aa/repo/tempest/lib/common/rest_client.py:434
2018-08-31 09:37:54.119 11488 INFO tempest.lib.common.rest_client [req-c46976f9-157f-4e69-ae79-b3ecbe38828e ] Request (TrunkTest:test_trunk_subport_lifecycle): 200 GET http://172.30.9.34:9696/v2.0/ports/e17dac4e-685d-42b2-b05e-054747f74346 0.045s
2018-08-31 09:37:54.119 11488 DEBUG tempest.lib.common.rest_client [req-c46976f9-157f-4e69-ae79-b3ecbe38828e ] Request - Headers: {'Content-Type': 'application/json', 'Accept': 'application/json', 'X-Auth-Token': ''} Body: None Response - Headers: {'status': '200', u'content-length': '677', 'content-location': 'http://172.30.9.34:9696/v2.0/ports/e17dac4e-685d-42b2-b05e-054747f74346', u'date': 'Fri, 31 Aug 2018 09:37:54 GMT', u'content-type': 'application/json', u'connection': 'close', u'x-openstack-request-id': 'req-c46976f9-157f-4e69-ae79-b3ecbe38828e'} Body: {"port":{"allowed_address_pairs":[],"extra_dhcp_opts":[],"updated_at":"2018-08-31T09:37:50Z","device_owner":"trunk:subport","revision_number":4,"port_security_enabled":true,"fixed_ips":[],"id":"e17dac4e-685d-42b2-b05e-054747f74346","security_groups":["52ba8731-bb08-4303-a002-c36493ce24e6"],"mac_address":"fa:16:3e:c8:90:71","device_id":"","status":"DOWN","description":"","tags":[],"name":"","project_id":"572f2bcabaa44364ba696fb7b04a96fd","qos_policy_id":null,"admin_state_up":true,"network_id":"afafef9a-a9f6-4d63-9b33-95a90975ebe7","tenant_id":"572f2bcabaa44364ba696fb7b04a96fd","created_at":"2018-08-31T09:37:45Z","binding:vnic_type":"normal","ip_allocation":"immediate"}} _log_request_full /root/.rally/verification/verifier-79d2d55b-9c92-4360-9dcd-e03f5f71e7aa/repo/tempest/lib/common/rest_client.py:434
2018-08-31 09:37:54.136 11494 INFO tempest.lib.common.rest_client [req-38008792-582d-45c5-9780-9922fe130f4e ] Request (TrunkTestJSON:_run_cleanups): 404 DELETE http://172.30.9.34:9696/v2.0/networks/35566647-c17f-4a2d-a676-cc8bc6489589 0.024s
2018-08-31 09:37:54.137 11494 DEBUG tempest.lib.common.rest_client [req-38008792-582d-45c5-9780-9922fe130f4e ] Request - Headers: {'Content-Type': 'application/json', 'Accept': 'application/json', 'X-Auth-Token': ''} Body: None Response - Headers: {'status': '404', u'content-length': '138', 'content-location': 'http://172.30.9.34:9696/v2.0/networks/35566647-c17f-4a2d-a676-cc8bc6489589', u'date': 'Fri, 31 Aug 2018 09:37:54 GMT', u'content-type': 'application/json', u'connection': 'close', u'x-openstack-request-id': 'req-38008792-582d-45c5-9780-9922fe130f4e'} Body: {"NeutronError": {"message": "Network 35566647-c17f-4a2d-a676-cc8bc6489589 could not be found.", "type": "NetworkNotFound", "detail": ""}} _log_request_full /root/.rally/verification/verifier-79d2d55b-9c92-4360-9dcd-e03f5f71e7aa/repo/tempest/lib/common/rest_client.py:434
2018-08-31 09:37:54.159 11494 INFO tempest.lib.common.rest_client [req-b5a7f7a6-5384-42d1-9613-55b230c8efec ] Request (TrunkTestJSON:_run_cleanups): 404 DELETE http://172.30.9.34:9696/v2.0/networks/c280ed7d-1cd3-4a6d-8738-a8233dd92caa 0.021s
2018-08-31 09:37:54.159 11494 DEBUG tempest.lib.common.rest_client [req-b5a7f7a6-5384-42d1-9613-55b230c8efec ] Request - Headers: {'Content-Type': 'application/json', 'Accept': 'application/json', 'X-Auth-Token': ''} Body: None Response - Headers: {'status': '404', u'content-length': '138', 'content-location': 'http://172.30.9.34:9696/v2.0/networks/c280ed7d-1cd3-4a6d-8738-a8233dd92caa', u'date': 'Fri, 31 Aug 2018 09:37:54 GMT', u'content-type': 'application/json', u'connection': 'close', u'x-openstack-request-id': 'req-b5a7f7a6-5384-42d1-9613-55b230c8efec'} Body: {"NeutronError": {"message": "Network c280ed7d-1cd3-4a6d-8738-a8233dd92caa could not be found.", "type": "NetworkNotFound", "detail": ""}} _log_request_full /root/.rally/verification/verifier-79d2d55b-9c92-4360-9dcd-e03f5f71e7aa/repo/tempest/lib/common/rest_client.py:434
2018-08-31 09:37:54.181 11494 INFO tempest.lib.common.rest_client [req-c36a7e39-502d-4bab-b0b0-d4038fa1764e ] Request (TrunkTestJSON:_run_cleanups): 404 DELETE http://172.30.9.34:9696/v2.0/networks/17510dca-3b83-4806-941c-5fa5c70ffe9b 0.021s
2018-08-31 09:37:54.182 11494 DEBUG tempest.lib.common.rest_client [req-c36a7e39-502d-4bab-b0b0-d4038fa1764e ] Request - Headers: {'Content-Type': 'application/json', 'Accept': 'application/json', 'X-Auth-Token': ''} Body: None Response - Headers: {'status': '404', u'content-length': '138', 'content-location': 'http://172.30.9.34:9696/v2.0/networks/17510dca-3b83-4806-941c-5fa5c70ffe9b', u'date': 'Fri, 31 Aug 2018 09:37:54 GMT', u'content-type': 'application/json', u'connection': 'close', u'x-openstack-request-id': 'req-c36a7e39-502d-4bab-b0b0-d4038fa1764e'} Body: {"NeutronError": {"message": "Network 17510dca-3b83-4806-941c-5fa5c70ffe9b could not be found.", "type": "NetworkNotFound", "detail": ""}} _log_request_full /root/.rally/verification/verifier-79d2d55b-9c92-4360-9dcd-e03f5f71e7aa/repo/tempest/lib/common/rest_client.py:434
2018-08-31 09:37:54.203 11494 INFO tempest.lib.common.rest_client [req-1bd8fdc1-9c99-45f9-aabc-efb1bd023d5b ] Request (TrunkTestJSON:_run_cleanups): 404 DELETE http://172.30.9.34:9696/v2.0/networks/a71d3965-a464-4f3d-b383-ee35de29c52b 0.020s
2018-08-31 09:37:54.204 11494 DEBUG tempest.lib.common.rest_client [req-1bd8fdc1-9c99-45f9-aabc-efb1bd023d5b ] Request - Headers: {'Content-Type': 'application/json', 'Accept': 'application/json', 'X-Auth-Token': ''} Body: None Response - Headers: {'status': '404', u'content-length': '138', 'content-location': 'http://172.30.9.34:9696/v2.0/networks/a71d3965-a464-4f3d-b383-ee35de29c52b', u'date': 'Fri, 31 Aug 2018 09:37:54 GMT', u'content-type': 'application/json', u'connection': 'close', u'x-openstack-request-id': 'req-1bd8fdc1-9c99-45f9-aabc-efb1bd023d5b'} Body: {"NeutronError": {"message": "Network a71d3965-a464-4f3d-b383-ee35de29c52b could not be found.", "type": "NetworkNotFound", "detail": ""}} _log_request_full /root/.rally/verification/verifier-79d2d55b-9c92-4360-9dcd-e03f5f71e7aa/repo/tempest/lib/common/rest_client.py:434
2018-08-31 09:37:54.225 11494 INFO tempest.lib.common.rest_client [req-0c5bafa3-10d3-4745-bf8f-5d58aaec44d3 ] Request (TrunkTestJSON:_run_cleanups): 404 DELETE http://172.30.9.34:9696/v2.0/networks/6c880da6-acfc-4626-9470-b94cfc5d4f68 0.021s
2018-08-31 09:37:54.225 11494 DEBUG tempest.lib.common.rest_client [req-0c5bafa3-10d3-4745-bf8f-5d58aaec44d3 ] Request - Headers: {'Content-Type': 'application/json', 'Accept': 'application/json', 'X-Auth-Token': ''} Body: None Response - Headers: {'status': '404', u'content-length': '138', 'content-location': 'http://172.30.9.34:9696/v2.0/networks/6c880da6-acfc-4626-9470-b94cfc5d4f68', u'date': 'Fri, 31 Aug 2018 09:37:54 GMT', u'content-type': 'application/json', u'connection': 'close', u'x-openstack-request-id': 'req-0c5bafa3-10d3-4745-bf8f-5d58aaec44d3'} Body: {"NeutronError": {"message": "Network 6c880da6-acfc-4626-9470-b94cfc5d4f68 could not be found.", "type": "NetworkNotFound", "detail": ""}} _log_request_full /root/.rally/verification/verifier-79d2d55b-9c92-4360-9dcd-e03f5f71e7aa/repo/tempest/lib/common/rest_client.py:434
2018-08-31 09:37:54.248 11494 INFO tempest.lib.common.rest_client [req-5d3985e9-c8fb-457b-a9d8-a50b75e3d911 ] Request (TrunkTestJSON:_run_cleanups): 404 DELETE http://172.30.9.34:9696/v2.0/networks/6d7725ff-3d2f-4ad9-be1b-aa6b140ffe6b 0.022s
2018-08-31 09:37:54.249 11494 DEBUG tempest.lib.common.rest_client [req-5d3985e9-c8fb-457b-a9d8-a50b75e3d911 ] Request - Headers: {'Content-Type': 'application/json', 'Accept': 'application/json', 'X-Auth-Token': ''} Body: None Response - Headers: {'status': '404', u'content-length': '138', 'content-location': 'http://172.30.9.34:9696/v2.0/networks/6d7725ff-3d2f-4ad9-be1b-aa6b140ffe6b', u'date': 'Fri, 31 Aug 2018 09:37:54 GMT', u'content-type': 'application/json', u'connection': 'close', u'x-openstack-request-id': 'req-5d3985e9-c8fb-457b-a9d8-a50b75e3d911'} Body: {"NeutronError": {"message": "Network 6d7725ff-3d2f-4ad9-be1b-aa6b140ffe6b could not be found.", "type": "NetworkNotFound", "detail": ""}} _log_request_full /root/.rally/verification/verifier-79d2d55b-9c92-4360-9dcd-e03f5f71e7aa/repo/tempest/lib/common/rest_client.py:434
2018-08-31 09:37:54.271 11494 INFO tempest.lib.common.rest_client [req-675b2217-11e3-42e3-9e16-d2781a0288c1 ] Request (TrunkTestJSON:_run_cleanups): 404 DELETE http://172.30.9.34:9696/v2.0/networks/fe486271-fd55-4657-889f-e85bb5f93ad1 0.022s
2018-08-31 09:37:54.272 11494 DEBUG tempest.lib.common.rest_client [req-675b2217-11e3-42e3-9e16-d2781a0288c1 ] Request - Headers: {'Content-Type': 'application/json', 'Accept': 'application/json', 'X-Auth-Token': ''} Body: None Response - Headers: {'status': '404', u'content-length': '138', 'content-location': 'http://172.30.9.34:9696/v2.0/networks/fe486271-fd55-4657-889f-e85bb5f93ad1', u'date': 'Fri, 31 Aug 2018 09:37:54 GMT', u'content-type': 'application/json', u'connection': 'close', u'x-openstack-request-id': 'req-675b2217-11e3-42e3-9e16-d2781a0288c1'} Body: {"NeutronError": {"message": "Network fe486271-fd55-4657-889f-e85bb5f93ad1 could not be found.", "type": "NetworkNotFound", "detail": ""}} _log_request_full /root/.rally/verification/verifier-79d2d55b-9c92-4360-9dcd-e03f5f71e7aa/repo/tempest/lib/common/rest_client.py:434
2018-08-31 09:37:54.414 11486 INFO tempest.lib.common.rest_client [req-69717d47-8c6d-4722-8988-6708fdf5714b ] Request (TrunkTestJSON:_run_cleanups): 204 DELETE http://172.30.9.34:9696/v2.0/ports/c3652d1e-dd80-4f45-8c90-9e81ac0d9890 0.437s
2018-08-31 09:37:54.415 11486 DEBUG tempest.lib.common.rest_client [req-69717d47-8c6d-4722-8988-6708fdf5714b ] Request - Headers: {'Content-Type': 'application/json', 'Accept': 'application/json', 'X-Auth-Token': ''} Body: None Response - Headers: {'status': '204', u'content-length': '0', 'content-location': 'http://172.30.9.34:9696/v2.0/ports/c3652d1e-dd80-4f45-8c90-9e81ac0d9890', u'date': 'Fri, 31 Aug 2018 09:37:54 GMT', u'connection': 'close', u'x-openstack-request-id': 'req-69717d47-8c6d-4722-8988-6708fdf5714b'} Body: _log_request_full /root/.rally/verification/verifier-79d2d55b-9c92-4360-9dcd-e03f5f71e7aa/repo/tempest/lib/common/rest_client.py:434
2018-08-31 09:37:54.490 11494 INFO tempest.lib.common.rest_client [req-240f9c09-8e95-43d2-97f1-944d7e76b95c ] Request (TrunkTestJSON:_run_cleanups): 404 DELETE http://172.30.9.34:9696/v2.0/networks/1e045e75-c321-4970-85a5-e99fe63ad8e1 0.218s
2018-08-31 09:37:54.491 11494 DEBUG tempest.lib.common.rest_client [req-240f9c09-8e95-43d2-97f1-944d7e76b95c ] Request - Headers: {'Content-Type': 'application/json', 'Accept': 'application/json', 'X-Auth-Token': ''} Body: None Response - Headers: {'status': '404', u'content-length': '138', 'content-location': 'http://172.30.9.34:9696/v2.0/networks/1e045e75-c321-4970-85a5-e99fe63ad8e1', u'date': 'Fri, 31 Aug 2018 09:37:54 GMT', u'content-type': 'application/json', u'connection': 'close', u'x-openstack-request-id': 'req-240f9c09-8e95-43d2-97f1-944d7e76b95c'} Body: {"NeutronError": {"message": "Network 1e045e75-c321-4970-85a5-e99fe63ad8e1 could not be found.", "type": "NetworkNotFound", "detail": ""}} _log_request_full /root/.rally/verification/verifier-79d2d55b-9c92-4360-9dcd-e03f5f71e7aa/repo/tempest/lib/common/rest_client.py:434
2018-08-31 09:37:54.515 11494 INFO tempest.lib.common.rest_client [req-31f28cdf-62d3-4a8c-92a8-9d20786e0360 ] Request (TrunkTestJSON:_run_cleanups): 404 DELETE http://172.30.9.34:9696/v2.0/networks/49a14921-3f26-4610-b2db-e3a00e74a5a8 0.024s
2018-08-31 09:37:54.516 11494 DEBUG tempest.lib.common.rest_client [req-31f28cdf-62d3-4a8c-92a8-9d20786e0360 ] Request - Headers: {'Content-Type': 'application/json', 'Accept': 'application/json', 'X-Auth-Token': ''} Body: None Response - Headers: {'status': '404', u'content-length': '138', 'content-location': 'http://172.30.9.34:9696/v2.0/networks/49a14921-3f26-4610-b2db-e3a00e74a5a8', u'date': 'Fri, 31 Aug 2018 09:37:54 GMT', u'content-type': 'application/json', u'connection': 'close', u'x-openstack-request-id': 'req-31f28cdf-62d3-4a8c-92a8-9d20786e0360'} Body: {"NeutronError": {"message": "Network 49a14921-3f26-4610-b2db-e3a00e74a5a8 could not be found.", "type": "NetworkNotFound", "detail": ""}} _log_request_full /root/.rally/verification/verifier-79d2d55b-9c92-4360-9dcd-e03f5f71e7aa/repo/tempest/lib/common/rest_client.py:434
2018-08-31 09:37:54.539 11494 INFO tempest.lib.common.rest_client [req-38d7c779-d82b-4bc5-834a-42a4c13ac4b0 ] Request (TrunkTestJSON:_run_cleanups): 404 DELETE http://172.30.9.34:9696/v2.0/networks/49de26fe-7ef7-48eb-b32c-9f7111422982 0.022s
2018-08-31 09:37:54.539 11494 DEBUG tempest.lib.common.rest_client [req-38d7c779-d82b-4bc5-834a-42a4c13ac4b0 ] Request - Headers: {'Content-Type': 'application/json', 'Accept': 'application/json', 'X-Auth-Token': ''} Body: None Response - Headers: {'status': '404', u'content-length': '138', 'content-location': 'http://172.30.9.34:9696/v2.0/networks/49de26fe-7ef7-48eb-b32c-9f7111422982', u'date': 'Fri, 31 Aug 2018 09:37:54 GMT', u'content-type': 'application/json', u'connection': 'close', u'x-openstack-request-id': 'req-38d7c779-d82b-4bc5-834a-42a4c13ac4b0'} Body: {"NeutronError": {"message": "Network 49de26fe-7ef7-48eb-b32c-9f7111422982 could not be found.", "type": "NetworkNotFound", "detail": ""}} _log_request_full /root/.rally/verification/verifier-79d2d55b-9c92-4360-9dcd-e03f5f71e7aa/repo/tempest/lib/common/rest_client.py:434
2018-08-31 09:37:54.564 11494 INFO tempest.lib.common.rest_client [req-cf831e8d-61b7-4875-927a-5bc163ddfb1b ] Request (TrunkTestJSON:_run_cleanups): 404 DELETE http://172.30.9.34:9696/v2.0/networks/87991f82-d84f-43ef-aae3-78e03c8e5d9b 0.023s
2018-08-31 09:37:54.564 11494 DEBUG tempest.lib.common.rest_client [req-cf831e8d-61b7-4875-927a-5bc163ddfb1b ] Request - Headers: {'Content-Type': 'application/json', 'Accept': 'application/json', 'X-Auth-Token': ''} Body: None Response - Headers: {'status': '404', u'content-length': '138', 'content-location': 'http://172.30.9.34:9696/v2.0/networks/87991f82-d84f-43ef-aae3-78e03c8e5d9b', u'date': 'Fri, 31 Aug 2018 09:37:54 GMT', u'content-type': 'application/json', u'connection': 'close', u'x-openstack-request-id': 'req-cf831e8d-61b7-4875-927a-5bc163ddfb1b'} Body: {"NeutronError": {"message": "Network 87991f82-d84f-43ef-aae3-78e03c8e5d9b could not be found.", "type": "NetworkNotFound", "detail": ""}} _log_request_full /root/.rally/verification/verifier-79d2d55b-9c92-4360-9dcd-e03f5f71e7aa/repo/tempest/lib/common/rest_client.py:434
2018-08-31 09:37:54.589 11494 INFO tempest.lib.common.rest_client [req-85bda6d6-32f2-4294-a751-0e6e0e1810c6 ] Request (TrunkTestJSON:_run_cleanups): 404 DELETE http://172.30.9.34:9696/v2.0/networks/35c8964b-7928-4c05-8b28-e7cb97746a20 0.024s
2018-08-31 09:37:54.590 11494 DEBUG tempest.lib.common.rest_client [req-85bda6d6-32f2-4294-a751-0e6e0e1810c6 ] Request - Headers: {'Content-Type': 'application/json', 'Accept': 'application/json', 'X-Auth-Token': ''} Body: None Response - Headers: {'status': '404', u'content-length': '138', 'content-location': 'http://172.30.9.34:9696/v2.0/networks/35c8964b-7928-4c05-8b28-e7cb97746a20', u'date': 'Fri, 31 Aug 2018 09:37:54 GMT', u'content-type': 'application/json', u'connection': 'close', u'x-openstack-request-id': 'req-85bda6d6-32f2-4294-a751-0e6e0e1810c6'} Body: {"NeutronError": {"message": "Network 35c8964b-7928-4c05-8b28-e7cb97746a20 could not be found.", "type": "NetworkNotFound", "detail": ""}} _log_request_full /root/.rally/verification/verifier-79d2d55b-9c92-4360-9dcd-e03f5f71e7aa/repo/tempest/lib/common/rest_client.py:434
2018-08-31 09:37:54.616 11494 INFO tempest.lib.common.rest_client [req-71f6e708-4ba7-4654-9926-7f1189851090 ] Request (TrunkTestJSON:_run_cleanups): 404 DELETE http://172.30.9.34:9696/v2.0/networks/2a8b5b94-2c4f-4c4b-b1f4-a3759a7acbe1 0.025s
2018-08-31 09:37:54.616 11494 DEBUG tempest.lib.common.rest_client [req-71f6e708-4ba7-4654-9926-7f1189851090 ] Request - Headers: {'Content-Type': 'application/json', 'Accept': 'application/json', 'X-Auth-Token': ''} Body: None Response - Headers: {'status': '404', u'content-length': '138', 'content-location': 'http://172.30.9.34:9696/v2.0/networks/2a8b5b94-2c4f-4c4b-b1f4-a3759a7acbe1', u'date': 'Fri, 31 Aug 2018 09:37:54 GMT', u'content-type': 'application/json', u'connection': 'close', u'x-openstack-request-id': 'req-71f6e708-4ba7-4654-9926-7f1189851090'} Body: {"NeutronError": {"message": "Network 2a8b5b94-2c4f-4c4b-b1f4-a3759a7acbe1 could not be found.", "type": "NetworkNotFound", "detail": ""}} _log_request_full /root/.rally/verification/verifier-79d2d55b-9c92-4360-9dcd-e03f5f71e7aa/repo/tempest/lib/common/rest_client.py:434
2018-08-31 09:37:55.166 11488 INFO tempest.lib.common.rest_client [req-e5cb4149-3615-4663-a582-0ca60d229bc6 ] Request (TrunkTest:test_trunk_subport_lifecycle): 200 GET http://172.30.9.34:9696/v2.0/ports/e17dac4e-685d-42b2-b05e-054747f74346 0.045s
2018-08-31 09:37:55.167 11488 DEBUG tempest.lib.common.rest_client [req-e5cb4149-3615-4663-a582-0ca60d229bc6 ] Request - Headers: {'Content-Type': 'application/json', 'Accept': 'application/json', 'X-Auth-Token': ''} Body: None Response - Headers: {'status': '200', u'content-length': '679', 'content-location': 'http://172.30.9.34:9696/v2.0/ports/e17dac4e-685d-42b2-b05e-054747f74346', u'date': 'Fri, 31 Aug 2018 09:37:55 GMT', u'content-type': 'application/json', u'connection': 'close', u'x-openstack-request-id': 'req-e5cb4149-3615-4663-a582-0ca60d229bc6'} Body: {"port":{"allowed_address_pairs":[],"extra_dhcp_opts":[],"updated_at":"2018-08-31T09:37:55Z","device_owner":"trunk:subport","revision_number":5,"port_security_enabled":true,"fixed_ips":[],"id":"e17dac4e-685d-42b2-b05e-054747f74346","security_groups":["52ba8731-bb08-4303-a002-c36493ce24e6"],"mac_address":"fa:16:3e:c8:90:71","device_id":"","status":"ACTIVE","description":"","tags":[],"name":"","project_id":"572f2bcabaa44364ba696fb7b04a96fd","qos_policy_id":null,"admin_state_up":true,"network_id":"afafef9a-a9f6-4d63-9b33-95a90975ebe7","tenant_id":"572f2bcabaa44364ba696fb7b04a96fd","created_at":"2018-08-31T09:37:45Z","binding:vnic_type":"normal","ip_allocation":"immediate"}} _log_request_full /root/.rally/verification/verifier-79d2d55b-9c92-4360-9dcd-e03f5f71e7aa/repo/tempest/lib/common/rest_client.py:434
2018-08-31 09:37:55.192 11486 INFO tempest.lib.common.rest_client [req-575617df-614d-4d20-bc07-01631947de26 ] Request (TrunkTestJSON:_run_cleanups): 204 DELETE http://172.30.9.34:9696/v2.0/ports/9c6dd4ea-2ca1-412f-8ddc-8e7441f0f32d 0.777s
2018-08-31 09:37:55.193 11486 DEBUG tempest.lib.common.rest_client [req-575617df-614d-4d20-bc07-01631947de26 ] Request - Headers: {'Content-Type': 'application/json', 'Accept': 'application/json', 'X-Auth-Token': ''} Body: None Response - Headers: {'status': '204', u'content-length': '0', 'content-location': 'http://172.30.9.34:9696/v2.0/ports/9c6dd4ea-2ca1-412f-8ddc-8e7441f0f32d', u'date': 'Fri, 31 Aug 2018 09:37:55 GMT', u'connection': 'close', u'x-openstack-request-id': 'req-575617df-614d-4d20-bc07-01631947de26'} Body: _log_request_full /root/.rally/verification/verifier-79d2d55b-9c92-4360-9dcd-e03f5f71e7aa/repo/tempest/lib/common/rest_client.py:434
2018-08-31 09:37:55.206 11488 INFO tempest.lib.common.rest_client [req-ad3fa6ed-96bf-4a7c-aaa8-a6c0b51a0389 ] Request (TrunkTest:test_trunk_subport_lifecycle): 200 GET http://172.30.9.34:9696/v2.0/ports/63fee1ca-e55c-4b07-8dbf-51a5997f945f 0.038s
2018-08-31 09:37:55.206 11488 DEBUG tempest.lib.common.rest_client [req-ad3fa6ed-96bf-4a7c-aaa8-a6c0b51a0389 ] Request - Headers: {'Content-Type': 'application/json', 'Accept': 'application/json', 'X-Auth-Token': ''} Body: None Response - Headers: {'status': '200', u'content-length': '679', 'content-location': 'http://172.30.9.34:9696/v2.0/ports/63fee1ca-e55c-4b07-8dbf-51a5997f945f', u'date': 'Fri, 31 Aug 2018 09:37:55 GMT', u'content-type': 'application/json', u'connection': 'close', u'x-openstack-request-id': 'req-ad3fa6ed-96bf-4a7c-aaa8-a6c0b51a0389'} Body: {"port":{"allowed_address_pairs":[],"extra_dhcp_opts":[],"updated_at":"2018-08-31T09:37:54Z","device_owner":"trunk:subport","revision_number":5,"port_security_enabled":true,"fixed_ips":[],"id":"63fee1ca-e55c-4b07-8dbf-51a5997f945f","security_groups":["52ba8731-bb08-4303-a002-c36493ce24e6"],"mac_address":"fa:16:3e:0d:9a:c6","device_id":"","status":"ACTIVE","description":"","tags":[],"name":"","project_id":"572f2bcabaa44364ba696fb7b04a96fd","qos_policy_id":null,"admin_state_up":true,"network_id":"1c771aee-f49a-4e1c-bf76-4778d3376265","tenant_id":"572f2bcabaa44364ba696fb7b04a96fd","created_at":"2018-08-31T09:37:46Z","binding:vnic_type":"normal","ip_allocation":"immediate"}} _log_request_full /root/.rally/verification/verifier-79d2d55b-9c92-4360-9dcd-e03f5f71e7aa/repo/tempest/lib/common/rest_client.py:434
2018-08-31 09:37:55.231 11494 INFO tempest.lib.common.rest_client [req-4c4ddaff-32d4-48cd-9a3a-61e72748c685 ] Request (TrunkTestJSON:_run_cleanups): 204 DELETE http://172.30.9.34:9696/v2.0/networks/a3ea0015-8f8f-4359-9b60-a1a8d640dea9 0.614s
2018-08-31 09:37:55.231 11494 DEBUG tempest.lib.common.rest_client [req-4c4ddaff-32d4-48cd-9a3a-61e72748c685 ] Request - Headers: {'Content-Type': 'application/json', 'Accept': 'application/json', 'X-Auth-Token': ''} Body: None Response - Headers: {'status': '204', u'content-length': '0', 'content-location': 'http://172.30.9.34:9696/v2.0/networks/a3ea0015-8f8f-4359-9b60-a1a8d640dea9', u'date': 'Fri, 31 Aug 2018 09:37:55 GMT', u'connection': 'close', u'x-openstack-request-id': 'req-4c4ddaff-32d4-48cd-9a3a-61e72748c685'} Body: _log_request_full /root/.rally/verification/verifier-79d2d55b-9c92-4360-9dcd-e03f5f71e7aa/repo/tempest/lib/common/rest_client.py:434
2018-08-31 09:37:55.252 11488 INFO tempest.lib.common.rest_client [req-8d50a22a-59ec-4db6-8342-fd6b9b4e7c1b ] Request (TrunkTest:test_trunk_subport_lifecycle): 200 GET http://172.30.9.34:9696/v2.0/ports/610635a8-1ac3-4519-bcb5-b77b0ec77d7d 0.044s
2018-08-31 09:37:55.252 11488 DEBUG tempest.lib.common.rest_client [req-8d50a22a-59ec-4db6-8342-fd6b9b4e7c1b ] Request - Headers: {'Content-Type': 'application/json', 'Accept': 'application/json', 'X-Auth-Token': ''} Body: None Response - Headers: {'status': '200', u'content-length': '679', 'content-location': 'http://172.30.9.34:9696/v2.0/ports/610635a8-1ac3-4519-bcb5-b77b0ec77d7d', u'date': 'Fri, 31 Aug 2018 09:37:55 GMT', u'content-type': 'application/json', u'connection': 'close', u'x-openstack-request-id': 'req-8d50a22a-59ec-4db6-8342-fd6b9b4e7c1b'} Body: {"port":{"allowed_address_pairs":[],"extra_dhcp_opts":[],"updated_at":"2018-08-31T09:37:54Z","device_owner":"trunk:subport","revision_number":5,"port_security_enabled":true,"fixed_ips":[],"id":"610635a8-1ac3-4519-bcb5-b77b0ec77d7d","security_groups":["52ba8731-bb08-4303-a002-c36493ce24e6"],"mac_address":"fa:16:3e:52:62:0c","device_id":"","status":"ACTIVE","description":"","tags":[],"name":"","project_id":"572f2bcabaa44364ba696fb7b04a96fd","qos_policy_id":null,"admin_state_up":true,"network_id":"3ca07bc4-61ce-4733-8f98-c753e5321245","tenant_id":"572f2bcabaa44364ba696fb7b04a96fd","created_at":"2018-08-31T09:37:47Z","binding:vnic_type":"normal","ip_allocation":"immediate"}} _log_request_full /root/.rally/verification/verifier-79d2d55b-9c92-4360-9dcd-e03f5f71e7aa/repo/tempest/lib/common/rest_client.py:434
2018-08-31 09:37:55.305 11488 INFO tempest.lib.common.rest_client [req-74d2a860-7342-4b0f-ab47-613eec6bbab2 ] Request (TrunkTest:test_trunk_subport_lifecycle): 200 GET http://172.30.9.34:9696/v2.0/ports/0be70622-7654-4dff-9739-342fccfbb96f 0.052s
2018-08-31 09:37:55.306 11488 DEBUG tempest.lib.common.rest_client [req-74d2a860-7342-4b0f-ab47-613eec6bbab2 ] Request - Headers: {'Content-Type': 'application/json', 'Accept': 'application/json', 'X-Auth-Token': ''} Body: None Response - Headers: {'status': '200', u'content-length': '679', 'content-location': 'http://172.30.9.34:9696/v2.0/ports/0be70622-7654-4dff-9739-342fccfbb96f', u'date': 'Fri, 31 Aug 2018 09:37:55 GMT', u'content-type': 'application/json', u'connection': 'close', u'x-openstack-request-id': 'req-74d2a860-7342-4b0f-ab47-613eec6bbab2'} Body: {"port":{"allowed_address_pairs":[],"extra_dhcp_opts":[],"updated_at":"2018-08-31T09:37:54Z","device_owner":"trunk:subport","revision_number":5,"port_security_enabled":true,"fixed_ips":[],"id":"0be70622-7654-4dff-9739-342fccfbb96f","security_groups":["52ba8731-bb08-4303-a002-c36493ce24e6"],"mac_address":"fa:16:3e:4c:09:64","device_id":"","status":"ACTIVE","description":"","tags":[],"name":"","project_id":"572f2bcabaa44364ba696fb7b04a96fd","qos_policy_id":null,"admin_state_up":true,"network_id":"a71b7062-58e8-44c7-b7cb-b3a37d76a867","tenant_id":"572f2bcabaa44364ba696fb7b04a96fd","created_at":"2018-08-31T09:37:48Z","binding:vnic_type":"normal","ip_allocation":"immediate"}} _log_request_full /root/.rally/verification/verifier-79d2d55b-9c92-4360-9dcd-e03f5f71e7aa/repo/tempest/lib/common/rest_client.py:434
2018-08-31 09:37:55.307 11488 INFO tempest.lib.common.ssh [-] Creating ssh connection to '172.30.9.201:22' as 'cirros' with public key authentication
2018-08-31 09:37:55.312 11488 INFO paramiko.transport [-] Connected (version 2.0, client dropbear_2015.67)
2018-08-31 09:37:55.412 11488 INFO paramiko.transport [-] Authentication (publickey) successful!
2018-08-31 09:37:55.425 11494 INFO tempest.lib.common.rest_client [req-6b19daec-2880-4b68-95ed-4369952e1c51 ] Request (TrunkTestJSON:test_create_trunk_with_subport_missing_segmentation_id): 201 POST http://172.30.9.34:9696/v2.0/networks 0.191s
2018-08-31 09:37:55.425 11494 DEBUG tempest.lib.common.rest_client [req-6b19daec-2880-4b68-95ed-4369952e1c51 ] Request - Headers: {'Content-Type': 'application/json', 'Accept': 'application/json', 'X-Auth-Token': ''} Body: {"network": {"name": "tempest-test-network--485136195"}} Response - Headers: {'status': '201', u'content-length': '609', 'content-location': 'http://172.30.9.34:9696/v2.0/networks', u'date': 'Fri, 31 Aug 2018 09:37:55 GMT', u'content-type': 'application/json', u'connection': 'close', u'x-openstack-request-id': 'req-6b19daec-2880-4b68-95ed-4369952e1c51'} Body: {"network":{"ipv6_address_scope":null,"revision_number":2,"port_security_enabled":true,"id":"a962c353-4452-46e1-b985-1f4d0fe438a7","router:external":false,"availability_zone_hints":[],"availability_zones":[],"ipv4_address_scope":null,"shared":false,"project_id":"d2bfcd48a03c41088eb7d81610cd215f","l2_adjacency":true,"status":"ACTIVE","subnets":[],"description":"","tags":[],"updated_at":"2018-08-31T09:37:55Z","is_default":false,"name":"tempest-test-network--485136195","qos_policy_id":null,"admin_state_up":true,"tenant_id":"d2bfcd48a03c41088eb7d81610cd215f","created_at":"2018-08-31T09:37:55Z","mtu":1450}} _log_request_full /root/.rally/verification/verifier-79d2d55b-9c92-4360-9dcd-e03f5f71e7aa/repo/tempest/lib/common/rest_client.py:434
2018-08-31 09:37:55.439 11488 INFO tempest.lib.common.ssh [-] ssh connection to cirros@172.30.9.201 successfully created
2018-08-31 09:37:55.598 11486 INFO tempest.lib.common.rest_client [req-b69bee9a-8375-4c81-a30d-868c3c364744 ] Request (TrunkTestJSON:_run_cleanups): 204 DELETE http://172.30.9.34:9696/v2.0/ports/a6288565-1a8c-476b-9c1e-a983032816d9 0.404s
2018-08-31 09:37:55.598 11486 DEBUG tempest.lib.common.rest_client [req-b69bee9a-8375-4c81-a30d-868c3c364744 ] Request - Headers: {'Content-Type': 'application/json', 'Accept': 'application/json', 'X-Auth-Token': ''} Body: None Response - Headers: {'status': '204', u'content-length': '0', 'content-location': 'http://172.30.9.34:9696/v2.0/ports/a6288565-1a8c-476b-9c1e-a983032816d9', u'date': 'Fri, 31 Aug 2018 09:37:55 GMT', u'connection': 'close', u'x-openstack-request-id': 'req-b69bee9a-8375-4c81-a30d-868c3c364744'} Body: _log_request_full /root/.rally/verification/verifier-79d2d55b-9c92-4360-9dcd-e03f5f71e7aa/repo/tempest/lib/common/rest_client.py:434
2018-08-31 09:37:55.621 11486 INFO tempest.lib.common.rest_client [req-29ad3c22-a096-46b0-a2ec-80074dcd68e0 ] Request (TrunkTestJSON:_run_cleanups): 404 DELETE http://172.30.9.34:9696/v2.0/networks/9f26efcb-421d-4ad2-a2bc-b49317e5d3f9 0.021s
2018-08-31 09:37:55.621 11486 DEBUG tempest.lib.common.rest_client [req-29ad3c22-a096-46b0-a2ec-80074dcd68e0 ] Request - Headers: {'Content-Type': 'application/json', 'Accept': 'application/json', 'X-Auth-Token': ''} Body: None Response - Headers: {'status': '404', u'content-length': '138', 'content-location': 'http://172.30.9.34:9696/v2.0/networks/9f26efcb-421d-4ad2-a2bc-b49317e5d3f9', u'date': 'Fri, 31 Aug 2018 09:37:55 GMT', u'content-type': 'application/json', u'connection': 'close', u'x-openstack-request-id': 'req-29ad3c22-a096-46b0-a2ec-80074dcd68e0'} Body: {"NeutronError": {"message": "Network 9f26efcb-421d-4ad2-a2bc-b49317e5d3f9 could not be found.", "type": "NetworkNotFound", "detail": ""}} _log_request_full /root/.rally/verification/verifier-79d2d55b-9c92-4360-9dcd-e03f5f71e7aa/repo/tempest/lib/common/rest_client.py:434
