2018-08-27 14:10:54.077 11501 DEBUG tempest.lib.common.rest_client [req-00858268-a095-4d6b-a1ba-910f9ba546b4 ] Request - Headers: {'Content-Type': 'application/json', 'Accept': 'application/json', 'X-Auth-Token': ''} Body: None Response - Headers: {'status': '404', u'content-length': '132', 'content-location': 'http://172.30.9.28:9696/v2.0/ports/a9f72be7-bdae-410e-9572-e4a322916dd4', u'date': 'Mon, 27 Aug 2018 14:10:54 GMT', u'content-type': 'application/json', u'connection': 'close', u'x-openstack-request-id': 'req-00858268-a095-4d6b-a1ba-910f9ba546b4'} Body: {"NeutronError": {"message": "Port a9f72be7-bdae-410e-9572-e4a322916dd4 could not be found.", "type": "PortNotFound", "detail": ""}} _log_request_full /root/.rally/verification/verifier-b5801ed3-d697-45f5-a0a2-0a71a71d6672/repo/tempest/lib/common/rest_client.py:434
2018-08-27 14:10:54.111 11501 INFO tempest.lib.common.rest_client [req-1c37a33b-64b2-4e2b-a14f-bc92d30f3d09 ] Request (TrunkTestJSON:_run_cleanups): 404 DELETE http://172.30.9.28:9696/v2.0/ports/02773d00-0fa7-45ce-a0b7-b78c256a3eef 0.033s
2018-08-27 14:10:54.111 11501 DEBUG tempest.lib.common.rest_client [req-1c37a33b-64b2-4e2b-a14f-bc92d30f3d09 ] Request - Headers: {'Content-Type': 'application/json', 'Accept': 'application/json', 'X-Auth-Token': ''} Body: None Response - Headers: {'status': '404', u'content-length': '132', 'content-location': 'http://172.30.9.28:9696/v2.0/ports/02773d00-0fa7-45ce-a0b7-b78c256a3eef', u'date': 'Mon, 27 Aug 2018 14:10:54 GMT', u'content-type': 'application/json', u'connection': 'close', u'x-openstack-request-id': 'req-1c37a33b-64b2-4e2b-a14f-bc92d30f3d09'} Body: {"NeutronError": {"message": "Port 02773d00-0fa7-45ce-a0b7-b78c256a3eef could not be found.", "type": "PortNotFound", "detail": ""}} _log_request_full /root/.rally/verification/verifier-b5801ed3-d697-45f5-a0a2-0a71a71d6672/repo/tempest/lib/common/rest_client.py:434
2018-08-27 14:10:54.127 11493 INFO tempest.lib.common.rest_client [req-f788094c-c884-4a00-a37f-92a6ff5eb812 ] Request (TrunkTestJSON:test_get_subports): 201 POST http://172.30.9.28:9696/v2.0/trunks 0.442s
2018-08-27 14:10:54.128 11493 DEBUG tempest.lib.common.rest_client [req-f788094c-c884-4a00-a37f-92a6ff5eb812 ] Request - Headers: {'Content-Type': 'application/json', 'Accept': 'application/json', 'X-Auth-Token': ''} Body: {"trunk": {"sub_ports": [{"segmentation_type": "vlan", "port_id": "54895db3-3055-4428-9111-13817fee47df", "segmentation_id": 2}], "port_id": "47ec5bc4-1f16-4b59-887b-50bfbb455c0f"}} Response - Headers: {'status': '201', u'content-length': '509', 'content-location': 'http://172.30.9.28:9696/v2.0/trunks', u'date': 'Mon, 27 Aug 2018 14:10:54 GMT', u'content-type': 'application/json', u'connection': 'close', u'x-openstack-request-id': 'req-f788094c-c884-4a00-a37f-92a6ff5eb812'} Body: {"trunk": {"status": "DOWN", "sub_ports": [{"segmentation_type": "vlan", "port_id": "54895db3-3055-4428-9111-13817fee47df", "segmentation_id": 2}], "name": "", "admin_state_up": true, "tenant_id": "09408e5ff1c9401c860ba975d835b5b1", "created_at": "2018-08-27T14:10:54Z", "tags": [], "updated_at": "2018-08-27T14:10:54Z", "revision_number": 0, "project_id": "09408e5ff1c9401c860ba975d835b5b1", "port_id": "47ec5bc4-1f16-4b59-887b-50bfbb455c0f", "id": "ba05ac52-e910-4691-82f7-a1690a19d38f", "description": ""}} _log_request_full /root/.rally/verification/verifier-b5801ed3-d697-45f5-a0a2-0a71a71d6672/repo/tempest/lib/common/rest_client.py:434
2018-08-27 14:10:54.145 11501 INFO tempest.lib.common.rest_client [req-3dcb0ee5-270c-4635-b4fa-0088ec8820cf ] Request (TrunkTestJSON:_run_cleanups): 404 DELETE http://172.30.9.28:9696/v2.0/ports/54fdee88-0238-4006-8aef-5ce57ed9d033 0.032s
2018-08-27 14:10:54.145 11501 DEBUG tempest.lib.common.rest_client [req-3dcb0ee5-270c-4635-b4fa-0088ec8820cf ] Request - Headers: {'Content-Type': 'application/json', 'Accept': 'application/json', 'X-Auth-Token': ''} Body: None Response - Headers: {'status': '404', u'content-length': '132', 'content-location': 'http://172.30.9.28:9696/v2.0/ports/54fdee88-0238-4006-8aef-5ce57ed9d033', u'date': 'Mon, 27 Aug 2018 14:10:54 GMT', u'content-type': 'application/json', u'connection': 'close', u'x-openstack-request-id': 'req-3dcb0ee5-270c-4635-b4fa-0088ec8820cf'} Body: {"NeutronError": {"message": "Port 54fdee88-0238-4006-8aef-5ce57ed9d033 could not be found.", "type": "PortNotFound", "detail": ""}} _log_request_full /root/.rally/verification/verifier-b5801ed3-d697-45f5-a0a2-0a71a71d6672/repo/tempest/lib/common/rest_client.py:434
2018-08-27 14:10:54.155 11493 INFO tempest.lib.common.rest_client [req-c9537e29-facd-450e-bf3d-1af2c9c9f20d ] Request (TrunkTestJSON:test_get_subports): 200 GET http://172.30.9.28:9696/v2.0/trunks/ba05ac52-e910-4691-82f7-a1690a19d38f/get_subports 0.026s
2018-08-27 14:10:54.156 11493 DEBUG tempest.lib.common.rest_client [req-c9537e29-facd-450e-bf3d-1af2c9c9f20d ] Request - Headers: {'Content-Type': 'application/json', 'Accept': 'application/json', 'X-Auth-Token': ''} Body: None Response - Headers: {'status': '200', u'content-length': '119', 'content-location': 'http://172.30.9.28:9696/v2.0/trunks/ba05ac52-e910-4691-82f7-a1690a19d38f/get_subports', u'date': 'Mon, 27 Aug 2018 14:10:54 GMT', u'content-type': 'application/json', u'connection': 'close', u'x-openstack-request-id': 'req-c9537e29-facd-450e-bf3d-1af2c9c9f20d'} Body: {"sub_ports": [{"segmentation_type": "vlan", "port_id": "54895db3-3055-4428-9111-13817fee47df", "segmentation_id": 2}]} _log_request_full /root/.rally/verification/verifier-b5801ed3-d697-45f5-a0a2-0a71a71d6672/repo/tempest/lib/common/rest_client.py:434
2018-08-27 14:10:54.169 11493 INFO tempest.lib.common.rest_client [req-e01637d9-8adb-4c93-b566-c290f10a9185 ] Request (TrunkTestJSON:_run_cleanups): 404 GET http://172.30.9.28:9696/v2.0/trunks/f3a2bd4f-8161-455f-b206-69dde5edd1d6/get_subports 0.012s
2018-08-27 14:10:54.170 11493 DEBUG tempest.lib.common.rest_client [req-e01637d9-8adb-4c93-b566-c290f10a9185 ] Request - Headers: {'Content-Type': 'application/json', 'Accept': 'application/json', 'X-Auth-Token': ''} Body: None Response - Headers: {'status': '404', u'content-length': '134', 'content-location': 'http://172.30.9.28:9696/v2.0/trunks/f3a2bd4f-8161-455f-b206-69dde5edd1d6/get_subports', u'date': 'Mon, 27 Aug 2018 14:10:54 GMT', u'content-type': 'application/json', u'connection': 'close', u'x-openstack-request-id': 'req-e01637d9-8adb-4c93-b566-c290f10a9185'} Body: {"NeutronError": {"message": "Trunk f3a2bd4f-8161-455f-b206-69dde5edd1d6 could not be found.", "type": "TrunkNotFound", "detail": ""}} _log_request_full /root/.rally/verification/verifier-b5801ed3-d697-45f5-a0a2-0a71a71d6672/repo/tempest/lib/common/rest_client.py:434
2018-08-27 14:10:54.176 11501 INFO tempest.lib.common.rest_client [req-6d3c4290-bd59-45cb-91fb-d44f393ff7a4 ] Request (TrunkTestJSON:_run_cleanups): 404 DELETE http://172.30.9.28:9696/v2.0/ports/73fe66cd-e2c1-487f-a14d-5241a82370e7 0.029s
2018-08-27 14:10:54.176 11501 DEBUG tempest.lib.common.rest_client [req-6d3c4290-bd59-45cb-91fb-d44f393ff7a4 ] Request - Headers: {'Content-Type': 'application/json', 'Accept': 'application/json', 'X-Auth-Token': ''} Body: None Response - Headers: {'status': '404', u'content-length': '132', 'content-location': 'http://172.30.9.28:9696/v2.0/ports/73fe66cd-e2c1-487f-a14d-5241a82370e7', u'date': 'Mon, 27 Aug 2018 14:10:54 GMT', u'content-type': 'application/json', u'connection': 'close', u'x-openstack-request-id': 'req-6d3c4290-bd59-45cb-91fb-d44f393ff7a4'} Body: {"NeutronError": {"message": "Port 73fe66cd-e2c1-487f-a14d-5241a82370e7 could not be found.", "type": "PortNotFound", "detail": ""}} _log_request_full /root/.rally/verification/verifier-b5801ed3-d697-45f5-a0a2-0a71a71d6672/repo/tempest/lib/common/rest_client.py:434
2018-08-27 14:10:54.189 11493 INFO tempest.lib.common.rest_client [req-542d931c-3376-4441-bead-de0911e9f5ec ] Request (TrunkTestJSON:_run_cleanups): 404 DELETE http://172.30.9.28:9696/v2.0/trunks/f3a2bd4f-8161-455f-b206-69dde5edd1d6 0.019s
2018-08-27 14:10:54.189 11493 DEBUG tempest.lib.common.rest_client [req-542d931c-3376-4441-bead-de0911e9f5ec ] Request - Headers: {'Content-Type': 'application/json', 'Accept': 'application/json', 'X-Auth-Token': ''} Body: None Response - Headers: {'status': '404', u'content-length': '134', 'content-location': 'http://172.30.9.28:9696/v2.0/trunks/f3a2bd4f-8161-455f-b206-69dde5edd1d6', u'date': 'Mon, 27 Aug 2018 14:10:54 GMT', u'content-type': 'application/json', u'connection': 'close', u'x-openstack-request-id': 'req-542d931c-3376-4441-bead-de0911e9f5ec'} Body: {"NeutronError": {"message": "Trunk f3a2bd4f-8161-455f-b206-69dde5edd1d6 could not be found.", "type": "TrunkNotFound", "detail": ""}} _log_request_full /root/.rally/verification/verifier-b5801ed3-d697-45f5-a0a2-0a71a71d6672/repo/tempest/lib/common/rest_client.py:434
2018-08-27 14:10:54.209 11493 INFO tempest.lib.common.rest_client [req-ec5efa67-6069-41d5-8ed9-e5c75f641321 ] Request (TrunkTestJSON:_run_cleanups): 404 GET http://172.30.9.28:9696/v2.0/trunks/4c5eef1e-e213-48e4-8677-13fbe1e12b01/get_subports 0.018s
2018-08-27 14:10:54.209 11493 DEBUG tempest.lib.common.rest_client [req-ec5efa67-6069-41d5-8ed9-e5c75f641321 ] Request - Headers: {'Content-Type': 'application/json', 'Accept': 'application/json', 'X-Auth-Token': ''} Body: None Response - Headers: {'status': '404', u'content-length': '134', 'content-location': 'http://172.30.9.28:9696/v2.0/trunks/4c5eef1e-e213-48e4-8677-13fbe1e12b01/get_subports', u'date': 'Mon, 27 Aug 2018 14:10:54 GMT', u'content-type': 'application/json', u'connection': 'close', u'x-openstack-request-id': 'req-ec5efa67-6069-41d5-8ed9-e5c75f641321'} Body: {"NeutronError": {"message": "Trunk 4c5eef1e-e213-48e4-8677-13fbe1e12b01 could not be found.", "type": "TrunkNotFound", "detail": ""}} _log_request_full /root/.rally/verification/verifier-b5801ed3-d697-45f5-a0a2-0a71a71d6672/repo/tempest/lib/common/rest_client.py:434
2018-08-27 14:10:54.210 11501 INFO tempest.lib.common.rest_client [req-2e696676-ce26-4d2b-9b44-e9ee9367fef9 ] Request (TrunkTestJSON:_run_cleanups): 404 DELETE http://172.30.9.28:9696/v2.0/ports/614afa94-a963-446c-ba01-c350a6da04a6 0.033s
2018-08-27 14:10:54.210 11501 DEBUG tempest.lib.common.rest_client [req-2e696676-ce26-4d2b-9b44-e9ee9367fef9 ] Request - Headers: {'Content-Type': 'application/json', 'Accept': 'application/json', 'X-Auth-Token': ''} Body: None Response - Headers: {'status': '404', u'content-length': '132', 'content-location': 'http://172.30.9.28:9696/v2.0/ports/614afa94-a963-446c-ba01-c350a6da04a6', u'date': 'Mon, 27 Aug 2018 14:10:54 GMT', u'content-type': 'application/json', u'connection': 'close', u'x-openstack-request-id': 'req-2e696676-ce26-4d2b-9b44-e9ee9367fef9'} Body: {"NeutronError": {"message": "Port 614afa94-a963-446c-ba01-c350a6da04a6 could not be found.", "type": "PortNotFound", "detail": ""}} _log_request_full /root/.rally/verification/verifier-b5801ed3-d697-45f5-a0a2-0a71a71d6672/repo/tempest/lib/common/rest_client.py:434
2018-08-27 14:10:54.224 11493 INFO tempest.lib.common.rest_client [req-a20cd302-8276-44e3-bbad-636a295501d8 ] Request (TrunkTestJSON:_run_cleanups): 404 DELETE http://172.30.9.28:9696/v2.0/trunks/4c5eef1e-e213-48e4-8677-13fbe1e12b01 0.014s
2018-08-27 14:10:54.225 11493 DEBUG tempest.lib.common.rest_client [req-a20cd302-8276-44e3-bbad-636a295501d8 ] Request - Headers: {'Content-Type': 'application/json', 'Accept': 'application/json', 'X-Auth-Token': ''} Body: None Response - Headers: {'status': '404', u'content-length': '134', 'content-location': 'http://172.30.9.28:9696/v2.0/trunks/4c5eef1e-e213-48e4-8677-13fbe1e12b01', u'date': 'Mon, 27 Aug 2018 14:10:54 GMT', u'content-type': 'application/json', u'connection': 'close', u'x-openstack-request-id': 'req-a20cd302-8276-44e3-bbad-636a295501d8'} Body: {"NeutronError": {"message": "Trunk 4c5eef1e-e213-48e4-8677-13fbe1e12b01 could not be found.", "type": "TrunkNotFound", "detail": ""}} _log_request_full /root/.rally/verification/verifier-b5801ed3-d697-45f5-a0a2-0a71a71d6672/repo/tempest/lib/common/rest_client.py:434
2018-08-27 14:10:54.239 11493 INFO tempest.lib.common.rest_client [req-d15abffc-c7ac-4ccd-bc34-576d8040c691 ] Request (TrunkTestJSON:_run_cleanups): 404 GET http://172.30.9.28:9696/v2.0/trunks/8830dcae-7417-48a7-92d1-3eaeacd27205/get_subports 0.013s
2018-08-27 14:10:54.239 11493 DEBUG tempest.lib.common.rest_client [req-d15abffc-c7ac-4ccd-bc34-576d8040c691 ] Request - Headers: {'Content-Type': 'application/json', 'Accept': 'application/json', 'X-Auth-Token': ''} Body: None Response - Headers: {'status': '404', u'content-length': '134', 'content-location': 'http://172.30.9.28:9696/v2.0/trunks/8830dcae-7417-48a7-92d1-3eaeacd27205/get_subports', u'date': 'Mon, 27 Aug 2018 14:10:54 GMT', u'content-type': 'application/json', u'connection': 'close', u'x-openstack-request-id': 'req-d15abffc-c7ac-4ccd-bc34-576d8040c691'} Body: {"NeutronError": {"message": "Trunk 8830dcae-7417-48a7-92d1-3eaeacd27205 could not be found.", "type": "TrunkNotFound", "detail": ""}} _log_request_full /root/.rally/verification/verifier-b5801ed3-d697-45f5-a0a2-0a71a71d6672/repo/tempest/lib/common/rest_client.py:434
2018-08-27 14:10:54.240 11501 INFO tempest.lib.common.rest_client [req-c351e772-10d9-49d6-8038-9a03da0802ae ] Request (TrunkTestJSON:_run_cleanups): 404 DELETE http://172.30.9.28:9696/v2.0/ports/a4399cb6-2a77-48d4-93cd-925fd7ff520d 0.029s
2018-08-27 14:10:54.240 11501 DEBUG tempest.lib.common.rest_client [req-c351e772-10d9-49d6-8038-9a03da0802ae ] Request - Headers: {'Content-Type': 'application/json', 'Accept': 'application/json', 'X-Auth-Token': ''} Body: None Response - Headers: {'status': '404', u'content-length': '132', 'content-location': 'http://172.30.9.28:9696/v2.0/ports/a4399cb6-2a77-48d4-93cd-925fd7ff520d', u'date': 'Mon, 27 Aug 2018 14:10:54 GMT', u'content-type': 'application/json', u'connection': 'close', u'x-openstack-request-id': 'req-c351e772-10d9-49d6-8038-9a03da0802ae'} Body: {"NeutronError": {"message": "Port a4399cb6-2a77-48d4-93cd-925fd7ff520d could not be found.", "type": "PortNotFound", "detail": ""}} _log_request_full /root/.rally/verification/verifier-b5801ed3-d697-45f5-a0a2-0a71a71d6672/repo/tempest/lib/common/rest_client.py:434
2018-08-27 14:10:54.256 11493 INFO tempest.lib.common.rest_client [req-09fc508f-37de-4278-ad8c-e134cff476e1 ] Request (TrunkTestJSON:_run_cleanups): 404 DELETE http://172.30.9.28:9696/v2.0/trunks/8830dcae-7417-48a7-92d1-3eaeacd27205 0.016s
2018-08-27 14:10:54.257 11493 DEBUG tempest.lib.common.rest_client [req-09fc508f-37de-4278-ad8c-e134cff476e1 ] Request - Headers: {'Content-Type': 'application/json', 'Accept': 'application/json', 'X-Auth-Token': ''} Body: None Response - Headers: {'status': '404', u'content-length': '134', 'content-location': 'http://172.30.9.28:9696/v2.0/trunks/8830dcae-7417-48a7-92d1-3eaeacd27205', u'date': 'Mon, 27 Aug 2018 14:10:54 GMT', u'content-type': 'application/json', u'connection': 'close', u'x-openstack-request-id': 'req-09fc508f-37de-4278-ad8c-e134cff476e1'} Body: {"NeutronError": {"message": "Trunk 8830dcae-7417-48a7-92d1-3eaeacd27205 could not be found.", "type": "TrunkNotFound", "detail": ""}} _log_request_full /root/.rally/verification/verifier-b5801ed3-d697-45f5-a0a2-0a71a71d6672/repo/tempest/lib/common/rest_client.py:434
2018-08-27 14:10:54.270 11493 INFO tempest.lib.common.rest_client [req-78d9967f-70ae-4550-8b88-4480348a6903 ] Request (TrunkTestJSON:_run_cleanups): 404 GET http://172.30.9.28:9696/v2.0/trunks/497f45c5-7f7f-4727-b1a3-391906d5f108/get_subports 0.012s
2018-08-27 14:10:54.270 11493 DEBUG tempest.lib.common.rest_client [req-78d9967f-70ae-4550-8b88-4480348a6903 ] Request - Headers: {'Content-Type': 'application/json', 'Accept': 'application/json', 'X-Auth-Token': ''} Body: None Response - Headers: {'status': '404', u'content-length': '134', 'content-location': 'http://172.30.9.28:9696/v2.0/trunks/497f45c5-7f7f-4727-b1a3-391906d5f108/get_subports', u'date': 'Mon, 27 Aug 2018 14:10:54 GMT', u'content-type': 'application/json', u'connection': 'close', u'x-openstack-request-id': 'req-78d9967f-70ae-4550-8b88-4480348a6903'} Body: {"NeutronError": {"message": "Trunk 497f45c5-7f7f-4727-b1a3-391906d5f108 could not be found.", "type": "TrunkNotFound", "detail": ""}} _log_request_full /root/.rally/verification/verifier-b5801ed3-d697-45f5-a0a2-0a71a71d6672/repo/tempest/lib/common/rest_client.py:434
2018-08-27 14:10:54.286 11493 INFO tempest.lib.common.rest_client [req-097163c1-9d30-4da4-8625-ec754bdb76ce ] Request (TrunkTestJSON:_run_cleanups): 404 DELETE http://172.30.9.28:9696/v2.0/trunks/497f45c5-7f7f-4727-b1a3-391906d5f108 0.015s
2018-08-27 14:10:54.287 11493 DEBUG tempest.lib.common.rest_client [req-097163c1-9d30-4da4-8625-ec754bdb76ce ] Request - Headers: {'Content-Type': 'application/json', 'Accept': 'application/json', 'X-Auth-Token': ''} Body: None Response - Headers: {'status': '404', u'content-length': '134', 'content-location': 'http://172.30.9.28:9696/v2.0/trunks/497f45c5-7f7f-4727-b1a3-391906d5f108', u'date': 'Mon, 27 Aug 2018 14:10:54 GMT', u'content-type': 'application/json', u'connection': 'close', u'x-openstack-request-id': 'req-097163c1-9d30-4da4-8625-ec754bdb76ce'} Body: {"NeutronError": {"message": "Trunk 497f45c5-7f7f-4727-b1a3-391906d5f108 could not be found.", "type": "TrunkNotFound", "detail": ""}} _log_request_full /root/.rally/verification/verifier-b5801ed3-d697-45f5-a0a2-0a71a71d6672/repo/tempest/lib/common/rest_client.py:434
2018-08-27 14:10:54.322 11493 INFO tempest.lib.common.rest_client [req-7da99cc4-4f90-45f8-b754-815ffb879d7e ] Request (TrunkTestJSON:_run_cleanups): 404 GET http://172.30.9.28:9696/v2.0/trunks/1d38c376-24eb-4d92-972b-f927351db440/get_subports 0.034s
2018-08-27 14:10:54.322 11493 DEBUG tempest.lib.common.rest_client [req-7da99cc4-4f90-45f8-b754-815ffb879d7e ] Request - Headers: {'Content-Type': 'application/json', 'Accept': 'application/json', 'X-Auth-Token': ''} Body: None Response - Headers: {'status': '404', u'content-length': '134', 'content-location': 'http://172.30.9.28:9696/v2.0/trunks/1d38c376-24eb-4d92-972b-f927351db440/get_subports', u'date': 'Mon, 27 Aug 2018 14:10:54 GMT', u'content-type': 'application/json', u'connection': 'close', u'x-openstack-request-id': 'req-7da99cc4-4f90-45f8-b754-815ffb879d7e'} Body: {"NeutronError": {"message": "Trunk 1d38c376-24eb-4d92-972b-f927351db440 could not be found.", "type": "TrunkNotFound", "detail": ""}} _log_request_full /root/.rally/verification/verifier-b5801ed3-d697-45f5-a0a2-0a71a71d6672/repo/tempest/lib/common/rest_client.py:434
2018-08-27 14:10:54.346 11493 INFO tempest.lib.common.rest_client [req-28297363-127d-4496-8f1f-e3739c602fd6 ] Request (TrunkTestJSON:_run_cleanups): 404 DELETE http://172.30.9.28:9696/v2.0/trunks/1d38c376-24eb-4d92-972b-f927351db440 0.023s
2018-08-27 14:10:54.347 11493 DEBUG tempest.lib.common.rest_client [req-28297363-127d-4496-8f1f-e3739c602fd6 ] Request - Headers: {'Content-Type': 'application/json', 'Accept': 'application/json', 'X-Auth-Token': ''} Body: None Response - Headers: {'status': '404', u'content-length': '134', 'content-location': 'http://172.30.9.28:9696/v2.0/trunks/1d38c376-24eb-4d92-972b-f927351db440', u'date': 'Mon, 27 Aug 2018 14:10:54 GMT', u'content-type': 'application/json', u'connection': 'close', u'x-openstack-request-id': 'req-28297363-127d-4496-8f1f-e3739c602fd6'} Body: {"NeutronError": {"message": "Trunk 1d38c376-24eb-4d92-972b-f927351db440 could not be found.", "type": "TrunkNotFound", "detail": ""}} _log_request_full /root/.rally/verification/verifier-b5801ed3-d697-45f5-a0a2-0a71a71d6672/repo/tempest/lib/common/rest_client.py:434
2018-08-27 14:10:54.361 11493 INFO tempest.lib.common.rest_client [req-f9c879fc-1b8e-403b-b66f-9a1c54c40403 ] Request (TrunkTestJSON:_run_cleanups): 404 GET http://172.30.9.28:9696/v2.0/trunks/5bb3f284-a50d-4614-a54c-d7a8de534751/get_subports 0.014s
2018-08-27 14:10:54.361 11493 DEBUG tempest.lib.common.rest_client [req-f9c879fc-1b8e-403b-b66f-9a1c54c40403 ] Request - Headers: {'Content-Type': 'application/json', 'Accept': 'application/json', 'X-Auth-Token': ''} Body: None Response - Headers: {'status': '404', u'content-length': '134', 'content-location': 'http://172.30.9.28:9696/v2.0/trunks/5bb3f284-a50d-4614-a54c-d7a8de534751/get_subports', u'date': 'Mon, 27 Aug 2018 14:10:54 GMT', u'content-type': 'application/json', u'connection': 'close', u'x-openstack-request-id': 'req-f9c879fc-1b8e-403b-b66f-9a1c54c40403'} Body: {"NeutronError": {"message": "Trunk 5bb3f284-a50d-4614-a54c-d7a8de534751 could not be found.", "type": "TrunkNotFound", "detail": ""}} _log_request_full /root/.rally/verification/verifier-b5801ed3-d697-45f5-a0a2-0a71a71d6672/repo/tempest/lib/common/rest_client.py:434
2018-08-27 14:10:54.378 11493 INFO tempest.lib.common.rest_client [req-da029ec6-b684-4a87-b5aa-098ba051e955 ] Request (TrunkTestJSON:_run_cleanups): 404 DELETE http://172.30.9.28:9696/v2.0/trunks/5bb3f284-a50d-4614-a54c-d7a8de534751 0.015s
2018-08-27 14:10:54.378 11493 DEBUG tempest.lib.common.rest_client [req-da029ec6-b684-4a87-b5aa-098ba051e955 ] Request - Headers: {'Content-Type': 'application/json', 'Accept': 'application/json', 'X-Auth-Token': ''} Body: None Response - Headers: {'status': '404', u'content-length': '134', 'content-location': 'http://172.30.9.28:9696/v2.0/trunks/5bb3f284-a50d-4614-a54c-d7a8de534751', u'date': 'Mon, 27 Aug 2018 14:10:54 GMT', u'content-type': 'application/json', u'connection': 'close', u'x-openstack-request-id': 'req-da029ec6-b684-4a87-b5aa-098ba051e955'} Body: {"NeutronError": {"message": "Trunk 5bb3f284-a50d-4614-a54c-d7a8de534751 could not be found.", "type": "TrunkNotFound", "detail": ""}} _log_request_full /root/.rally/verification/verifier-b5801ed3-d697-45f5-a0a2-0a71a71d6672/repo/tempest/lib/common/rest_client.py:434
2018-08-27 14:10:54.392 11493 INFO tempest.lib.common.rest_client [req-a1db4f87-7eb5-4af1-a16b-f449d1928442 ] Request (TrunkTestJSON:_run_cleanups): 404 GET http://172.30.9.28:9696/v2.0/trunks/51936c3c-e072-473f-adff-ebe7e20f4cb8/get_subports 0.013s
2018-08-27 14:10:54.393 11493 DEBUG tempest.lib.common.rest_client [req-a1db4f87-7eb5-4af1-a16b-f449d1928442 ] Request - Headers: {'Content-Type': 'application/json', 'Accept': 'application/json', 'X-Auth-Token': ''} Body: None Response - Headers: {'status': '404', u'content-length': '134', 'content-location': 'http://172.30.9.28:9696/v2.0/trunks/51936c3c-e072-473f-adff-ebe7e20f4cb8/get_subports', u'date': 'Mon, 27 Aug 2018 14:10:54 GMT', u'content-type': 'application/json', u'connection': 'close', u'x-openstack-request-id': 'req-a1db4f87-7eb5-4af1-a16b-f449d1928442'} Body: {"NeutronError": {"message": "Trunk 51936c3c-e072-473f-adff-ebe7e20f4cb8 could not be found.", "type": "TrunkNotFound", "detail": ""}} _log_request_full /root/.rally/verification/verifier-b5801ed3-d697-45f5-a0a2-0a71a71d6672/repo/tempest/lib/common/rest_client.py:434
2018-08-27 14:10:54.409 11493 INFO tempest.lib.common.rest_client [req-6aa4cd95-bb05-4c3a-990b-5c4d986327b2 ] Request (TrunkTestJSON:_run_cleanups): 404 DELETE http://172.30.9.28:9696/v2.0/trunks/51936c3c-e072-473f-adff-ebe7e20f4cb8 0.015s
2018-08-27 14:10:54.410 11493 DEBUG tempest.lib.common.rest_client [req-6aa4cd95-bb05-4c3a-990b-5c4d986327b2 ] Request - Headers: {'Content-Type': 'application/json', 'Accept': 'application/json', 'X-Auth-Token': ''} Body: None Response - Headers: {'status': '404', u'content-length': '134', 'content-location': 'http://172.30.9.28:9696/v2.0/trunks/51936c3c-e072-473f-adff-ebe7e20f4cb8', u'date': 'Mon, 27 Aug 2018 14:10:54 GMT', u'content-type': 'application/json', u'connection': 'close', u'x-openstack-request-id': 'req-6aa4cd95-bb05-4c3a-990b-5c4d986327b2'} Body: {"NeutronError": {"message": "Trunk 51936c3c-e072-473f-adff-ebe7e20f4cb8 could not be found.", "type": "TrunkNotFound", "detail": ""}} _log_request_full /root/.rally/verification/verifier-b5801ed3-d697-45f5-a0a2-0a71a71d6672/repo/tempest/lib/common/rest_client.py:434
2018-08-27 14:10:54.444 11493 INFO tempest.lib.common.rest_client [req-e803264c-19b7-4fa3-92c0-7ccfcd12b69f ] Request (TrunkTestJSON:_run_cleanups): 200 GET http://172.30.9.28:9696/v2.0/trunks/ba05ac52-e910-4691-82f7-a1690a19d38f/get_subports 0.034s
2018-08-27 14:10:54.445 11493 DEBUG tempest.lib.common.rest_client [req-e803264c-19b7-4fa3-92c0-7ccfcd12b69f ] Request - Headers: {'Content-Type': 'application/json', 'Accept': 'application/json', 'X-Auth-Token': ''} Body: None Response - Headers: {'status': '200', u'content-length': '119', 'content-location': 'http://172.30.9.28:9696/v2.0/trunks/ba05ac52-e910-4691-82f7-a1690a19d38f/get_subports', u'date': 'Mon, 27 Aug 2018 14:10:54 GMT', u'content-type': 'application/json', u'connection': 'close', u'x-openstack-request-id': 'req-e803264c-19b7-4fa3-92c0-7ccfcd12b69f'} Body: {"sub_ports": [{"segmentation_type": "vlan", "port_id": "54895db3-3055-4428-9111-13817fee47df", "segmentation_id": 2}]} _log_request_full /root/.rally/verification/verifier-b5801ed3-d697-45f5-a0a2-0a71a71d6672/repo/tempest/lib/common/rest_client.py:434
2018-08-27 14:10:54.499 11493 INFO tempest.lib.common.rest_client [req-01966ef1-c9bb-4d17-acd5-361b032d8929 ] Request (TrunkTestJSON:_run_cleanups): 200 PUT http://172.30.9.28:9696/v2.0/trunks/ba05ac52-e910-4691-82f7-a1690a19d38f/remove_subports 0.054s
2018-08-27 14:10:54.500 11493 DEBUG tempest.lib.common.rest_client [req-01966ef1-c9bb-4d17-acd5-361b032d8929 ] Request - Headers: {'Content-Type': 'application/json', 'Accept': 'application/json', 'X-Auth-Token': ''} Body: {"sub_ports": [{"port_id": "54895db3-3055-4428-9111-13817fee47df", "segmentation_type": "vlan", "segmentation_id": 2}]} Response - Headers: {'status': '200', u'content-length': '396', 'content-location': 'http://172.30.9.28:9696/v2.0/trunks/ba05ac52-e910-4691-82f7-a1690a19d38f/remove_subports', u'date': 'Mon, 27 Aug 2018 14:10:54 GMT', u'content-type': 'application/json', u'connection': 'close', u'x-openstack-request-id': 'req-01966ef1-c9bb-4d17-acd5-361b032d8929'} Body: {"status": "DOWN", "sub_ports": [], "name": "", "admin_state_up": true, "tenant_id": "09408e5ff1c9401c860ba975d835b5b1", "created_at": "2018-08-27T14:10:54Z", "tags": [], "updated_at": "2018-08-27T14:10:54Z", "revision_number": 1, "project_id": "09408e5ff1c9401c860ba975d835b5b1", "port_id": "47ec5bc4-1f16-4b59-887b-50bfbb455c0f", "id": "ba05ac52-e910-4691-82f7-a1690a19d38f", "description": ""} _log_request_full /root/.rally/verification/verifier-b5801ed3-d697-45f5-a0a2-0a71a71d6672/repo/tempest/lib/common/rest_client.py:434
2018-08-27 14:10:54.605 11495 INFO tempest.lib.common.rest_client [req-b30d1a12-3d5b-41b0-92e5-dff8bdf01ebd ] Request (TrunkTest:test_trunk_subport_lifecycle): 200 GET http://172.30.9.28:8774/v2.1/servers/2e070257-68da-4390-a4d6-cb9062e475c3 1.132s
2018-08-27 14:10:54.606 11495 DEBUG tempest.lib.common.rest_client [req-b30d1a12-3d5b-41b0-92e5-dff8bdf01ebd ] Request - Headers: {'Content-Type': 'application/json', 'Accept': 'application/json', 'X-Auth-Token': ''} Body: None Response - Headers: {'status': '200', u'content-length': '1684', 'content-location': 'http://172.30.9.28:8774/v2.1/servers/2e070257-68da-4390-a4d6-cb9062e475c3', u'x-compute-request-id': 'req-b30d1a12-3d5b-41b0-92e5-dff8bdf01ebd', u'vary': 'OpenStack-API-Version,X-OpenStack-Nova-API-Version,Accept-Encoding', u'server': 'Apache', u'openstack-api-version': 'compute 2.1', u'connection': 'close', u'x-openstack-nova-api-version': '2.1', u'date': 'Mon, 27 Aug 2018 14:10:53 GMT', u'content-type': 'application/json', u'x-openstack-request-id': 'req-b30d1a12-3d5b-41b0-92e5-dff8bdf01ebd'} Body: {"server": {"OS-EXT-STS:task_state": null, "addresses": {"tempest-test-network--1542926794": [{"OS-EXT-IPS-MAC:mac_addr": "fa:16:3e:9a:bd:ab", "version": 4, "addr": "10.100.0.5", "OS-EXT-IPS:type": "fixed"}, {"OS-EXT-IPS-MAC:mac_addr": "fa:16:3e:9a:bd:ab", "version": 4, "addr": "172.30.9.202", "OS-EXT-IPS:type": "floating"}]}, "links": [{"href": "http://172.30.9.28:8774/v2.1/servers/2e070257-68da-4390-a4d6-cb9062e475c3", "rel": "self"}, {"href": "http://172.30.9.28:8774/servers/2e070257-68da-4390-a4d6-cb9062e475c3", "rel": "bookmark"}], "image": {"id": "441ee0a1-e5dc-4114-b4a0-a0b8742e5c73", "links": [{"href": "http://172.30.9.28:8774/images/441ee0a1-e5dc-4114-b4a0-a0b8742e5c73", "rel": "bookmark"}]}, "OS-EXT-STS:vm_state": "active", "OS-SRV-USG:launched_at": "2018-08-27T14:10:51.000000", "flavor": {"id": "30f5dc37-ae7e-4f54-ad6c-364f05a57256", "links": [{"href": "http://172.30.9.28:8774/flavors/30f5dc37-ae7e-4f54-ad6c-364f05a57256", "rel": "bookmark"}]}, "id": "2e070257-68da-4390-a4d6-cb9062e475c3", "security_groups": [{"name": "tempest-secgroup-582620168"}], "user_id": "41d27cedfe9649de9bd99b2367902257", "OS-DCF:diskConfig": "MANUAL", "accessIPv4": "", "accessIPv6": "", "progress": 0, "OS-EXT-STS:power_state": 1, "OS-EXT-AZ:availability_zone": "nova", "config_drive": "", "status": "ACTIVE", "updated": "2018-08-27T14:10:51Z", "hostId": "09fe4db88c90abea0bff20fc9eb315c9c47c35dc44622328e64950eb", "OS-SRV-USG:terminated_at": null, "key_name": "tempest-keypair-test-39967640", "name": "tempest-server-test-1256081690", "created": "2018-08-27T14:10:42Z", "tenant_id": "3e28569fd90041b7b1e8f7962b6a3cff", "os-extended-volumes:volumes_attached": [], "metadata": {}}} _log_request_full /root/.rally/verification/verifier-b5801ed3-d697-45f5-a0a2-0a71a71d6672/repo/tempest/lib/common/rest_client.py:434
2018-08-27 14:10:54.609 11493 INFO tempest.lib.common.rest_client [req-ce2e04c5-81b5-49ba-a80c-15bfe8f9a475 ] Request (TrunkTestJSON:_run_cleanups): 204 DELETE http://172.30.9.28:9696/v2.0/trunks/ba05ac52-e910-4691-82f7-a1690a19d38f 0.108s
2018-08-27 14:10:54.609 11493 DEBUG tempest.lib.common.rest_client [req-ce2e04c5-81b5-49ba-a80c-15bfe8f9a475 ] Request - Headers: {'Content-Type': 'application/json', 'Accept': 'application/json', 'X-Auth-Token': ''} Body: None Response - Headers: {'status': '204', u'content-length': '0', 'content-location': 'http://172.30.9.28:9696/v2.0/trunks/ba05ac52-e910-4691-82f7-a1690a19d38f', u'date': 'Mon, 27 Aug 2018 14:10:54 GMT', u'connection': 'close', u'x-openstack-request-id': 'req-ce2e04c5-81b5-49ba-a80c-15bfe8f9a475'} Body: _log_request_full /root/.rally/verification/verifier-b5801ed3-d697-45f5-a0a2-0a71a71d6672/repo/tempest/lib/common/rest_client.py:434
2018-08-27 14:10:54.620 11495 INFO tempest.lib.common.ssh [-] Creating ssh connection to '172.30.9.202:22' as 'cirros' with public key authentication
2018-08-27 14:10:54.621 11495 WARNING tempest.lib.common.ssh [-] Failed to establish authenticated ssh connection to cirros@172.30.9.202 ([Errno None] Unable to connect to port 22 on 172.30.9.202). Number attempts: 1. Retry after 2 seconds.: NoValidConnectionsError: [Errno None] Unable to connect to port 22 on 172.30.9.202
2018-08-27 14:10:54.623 11493 INFO tempest.lib.common.rest_client [req-6b1e808a-14a1-4fed-9c52-82911abf63ec ] Request (TrunkTestJSON:_run_cleanups): 404 GET http://172.30.9.28:9696/v2.0/trunks/f3a2bd4f-8161-455f-b206-69dde5edd1d6 0.013s
2018-08-27 14:10:54.623 11493 DEBUG tempest.lib.common.rest_client [req-6b1e808a-14a1-4fed-9c52-82911abf63ec ] Request - Headers: {'Content-Type': 'application/json', 'Accept': 'application/json', 'X-Auth-Token': ''} Body: None Response - Headers: {'status': '404', u'content-length': '134', 'content-location': 'http://172.30.9.28:9696/v2.0/trunks/f3a2bd4f-8161-455f-b206-69dde5edd1d6', u'date': 'Mon, 27 Aug 2018 14:10:54 GMT', u'content-type': 'application/json', u'connection': 'close', u'x-openstack-request-id': 'req-6b1e808a-14a1-4fed-9c52-82911abf63ec'} Body: {"NeutronError": {"message": "Trunk f3a2bd4f-8161-455f-b206-69dde5edd1d6 could not be found.", "type": "TrunkNotFound", "detail": ""}} _log_request_full /root/.rally/verification/verifier-b5801ed3-d697-45f5-a0a2-0a71a71d6672/repo/tempest/lib/common/rest_client.py:434
2018-08-27 14:10:54.638 11493 INFO tempest.lib.common.rest_client [req-5956d4bb-f5b7-4ad1-9650-2e39a0b638ca ] Request (TrunkTestJSON:_run_cleanups): 404 GET http://172.30.9.28:9696/v2.0/trunks/4c5eef1e-e213-48e4-8677-13fbe1e12b01 0.014s
2018-08-27 14:10:54.639 11493 DEBUG tempest.lib.common.rest_client [req-5956d4bb-f5b7-4ad1-9650-2e39a0b638ca ] Request - Headers: {'Content-Type': 'application/json', 'Accept': 'application/json', 'X-Auth-Token': ''} Body: None Response - Headers: {'status': '404', u'content-length': '134', 'content-location': 'http://172.30.9.28:9696/v2.0/trunks/4c5eef1e-e213-48e4-8677-13fbe1e12b01', u'date': 'Mon, 27 Aug 2018 14:10:54 GMT', u'content-type': 'application/json', u'connection': 'close', u'x-openstack-request-id': 'req-5956d4bb-f5b7-4ad1-9650-2e39a0b638ca'} Body: {"NeutronError": {"message": "Trunk 4c5eef1e-e213-48e4-8677-13fbe1e12b01 could not be found.", "type": "TrunkNotFound", "detail": ""}} _log_request_full /root/.rally/verification/verifier-b5801ed3-d697-45f5-a0a2-0a71a71d6672/repo/tempest/lib/common/rest_client.py:434
2018-08-27 14:10:54.655 11493 INFO tempest.lib.common.rest_client [req-abca80de-e1ea-43d0-86e5-71d283f1d310 ] Request (TrunkTestJSON:_run_cleanups): 404 GET http://172.30.9.28:9696/v2.0/trunks/8830dcae-7417-48a7-92d1-3eaeacd27205 0.015s
2018-08-27 14:10:54.656 11493 DEBUG tempest.lib.common.rest_client [req-abca80de-e1ea-43d0-86e5-71d283f1d310 ] Request - Headers: {'Content-Type': 'application/json', 'Accept': 'application/json', 'X-Auth-Token': ''} Body: None Response - Headers: {'status': '404', u'content-length': '134', 'content-location': 'http://172.30.9.28:9696/v2.0/trunks/8830dcae-7417-48a7-92d1-3eaeacd27205', u'date': 'Mon, 27 Aug 2018 14:10:54 GMT', u'content-type': 'application/json', u'connection': 'close', u'x-openstack-request-id': 'req-abca80de-e1ea-43d0-86e5-71d283f1d310'} Body: {"NeutronError": {"message": "Trunk 8830dcae-7417-48a7-92d1-3eaeacd27205 could not be found.", "type": "TrunkNotFound", "detail": ""}} _log_request_full /root/.rally/verification/verifier-b5801ed3-d697-45f5-a0a2-0a71a71d6672/repo/tempest/lib/common/rest_client.py:434
2018-08-27 14:10:54.670 11493 INFO tempest.lib.common.rest_client [req-361314a2-d95e-4938-ab16-baedd1d27143 ] Request (TrunkTestJSON:_run_cleanups): 404 GET http://172.30.9.28:9696/v2.0/trunks/497f45c5-7f7f-4727-b1a3-391906d5f108 0.013s
2018-08-27 14:10:54.670 11493 DEBUG tempest.lib.common.rest_client [req-361314a2-d95e-4938-ab16-baedd1d27143 ] Request - Headers: {'Content-Type': 'application/json', 'Accept': 'application/json', 'X-Auth-Token': ''} Body: None Response - Headers: {'status': '404', u'content-length': '134', 'content-location': 'http://172.30.9.28:9696/v2.0/trunks/497f45c5-7f7f-4727-b1a3-391906d5f108', u'date': 'Mon, 27 Aug 2018 14:10:54 GMT', u'content-type': 'application/json', u'connection': 'close', u'x-openstack-request-id': 'req-361314a2-d95e-4938-ab16-baedd1d27143'} Body: {"NeutronError": {"message": "Trunk 497f45c5-7f7f-4727-b1a3-391906d5f108 could not be found.", "type": "TrunkNotFound", "detail": ""}} _log_request_full /root/.rally/verification/verifier-b5801ed3-d697-45f5-a0a2-0a71a71d6672/repo/tempest/lib/common/rest_client.py:434
2018-08-27 14:10:54.675 11501 INFO tempest.lib.common.rest_client [req-bb3720cc-012a-481d-8b42-ad7238cab11d ] Request (TrunkTestJSON:_run_cleanups): 204 DELETE http://172.30.9.28:9696/v2.0/ports/125f8484-6228-49a4-8be1-98dde23dc316 0.433s
2018-08-27 14:10:54.675 11501 DEBUG tempest.lib.common.rest_client [req-bb3720cc-012a-481d-8b42-ad7238cab11d ] Request - Headers: {'Content-Type': 'application/json', 'Accept': 'application/json', 'X-Auth-Token': ''} Body: None Response - Headers: {'status': '204', u'content-length': '0', 'content-location': 'http://172.30.9.28:9696/v2.0/ports/125f8484-6228-49a4-8be1-98dde23dc316', u'date': 'Mon, 27 Aug 2018 14:10:54 GMT', u'connection': 'close', u'x-openstack-request-id': 'req-bb3720cc-012a-481d-8b42-ad7238cab11d'} Body: _log_request_full /root/.rally/verification/verifier-b5801ed3-d697-45f5-a0a2-0a71a71d6672/repo/tempest/lib/common/rest_client.py:434
2018-08-27 14:10:54.685 11493 INFO tempest.lib.common.rest_client [req-af8e3d53-6333-41ba-a59a-fcc10540ab11 ] Request (TrunkTestJSON:_run_cleanups): 404 GET http://172.30.9.28:9696/v2.0/trunks/1d38c376-24eb-4d92-972b-f927351db440 0.014s
2018-08-27 14:10:54.686 11493 DEBUG tempest.lib.common.rest_client [req-af8e3d53-6333-41ba-a59a-fcc10540ab11 ] Request - Headers: {'Content-Type': 'application/json', 'Accept': 'application/json', 'X-Auth-Token': ''} Body: None Response - Headers: {'status': '404', u'content-length': '134', 'content-location': 'http://172.30.9.28:9696/v2.0/trunks/1d38c376-24eb-4d92-972b-f927351db440', u'date': 'Mon, 27 Aug 2018 14:10:54 GMT', u'content-type': 'application/json', u'connection': 'close', u'x-openstack-request-id': 'req-af8e3d53-6333-41ba-a59a-fcc10540ab11'} Body: {"NeutronError": {"message": "Trunk 1d38c376-24eb-4d92-972b-f927351db440 could not be found.", "type": "TrunkNotFound", "detail": ""}} _log_request_full /root/.rally/verification/verifier-b5801ed3-d697-45f5-a0a2-0a71a71d6672/repo/tempest/lib/common/rest_client.py:434
2018-08-27 14:10:54.699 11501 INFO tempest.lib.common.rest_client [req-724ad08c-b059-4015-a587-6238705d3831 ] Request (TrunkTestJSON:_run_cleanups): 404 DELETE http://172.30.9.28:9696/v2.0/networks/ef4bf1f8-358c-4242-90a6-c28872990807 0.023s
2018-08-27 14:10:54.700 11501 DEBUG tempest.lib.common.rest_client [req-724ad08c-b059-4015-a587-6238705d3831 ] Request - Headers: {'Content-Type': 'application/json', 'Accept': 'application/json', 'X-Auth-Token': ''} Body: None Response - Headers: {'status': '404', u'content-length': '138', 'content-location': 'http://172.30.9.28:9696/v2.0/networks/ef4bf1f8-358c-4242-90a6-c28872990807', u'date': 'Mon, 27 Aug 2018 14:10:54 GMT', u'content-type': 'application/json', u'connection': 'close', u'x-openstack-request-id': 'req-724ad08c-b059-4015-a587-6238705d3831'} Body: {"NeutronError": {"message": "Network ef4bf1f8-358c-4242-90a6-c28872990807 could not be found.", "type": "NetworkNotFound", "detail": ""}} _log_request_full /root/.rally/verification/verifier-b5801ed3-d697-45f5-a0a2-0a71a71d6672/repo/tempest/lib/common/rest_client.py:434
2018-08-27 14:10:54.702 11493 INFO tempest.lib.common.rest_client [req-7c78f769-93ad-444f-aaba-5fc83e732868 ] Request (TrunkTestJSON:_run_cleanups): 404 GET http://172.30.9.28:9696/v2.0/trunks/5bb3f284-a50d-4614-a54c-d7a8de534751 0.015s
2018-08-27 14:10:54.702 11493 DEBUG tempest.lib.common.rest_client [req-7c78f769-93ad-444f-aaba-5fc83e732868 ] Request - Headers: {'Content-Type': 'application/json', 'Accept': 'application/json', 'X-Auth-Token': ''} Body: None Response - Headers: {'status': '404', u'content-length': '134', 'content-location': 'http://172.30.9.28:9696/v2.0/trunks/5bb3f284-a50d-4614-a54c-d7a8de534751', u'date': 'Mon, 27 Aug 2018 14:10:54 GMT', u'content-type': 'application/json', u'connection': 'close', u'x-openstack-request-id': 'req-7c78f769-93ad-444f-aaba-5fc83e732868'} Body: {"NeutronError": {"message": "Trunk 5bb3f284-a50d-4614-a54c-d7a8de534751 could not be found.", "type": "TrunkNotFound", "detail": ""}} _log_request_full /root/.rally/verification/verifier-b5801ed3-d697-45f5-a0a2-0a71a71d6672/repo/tempest/lib/common/rest_client.py:434
2018-08-27 14:10:54.720 11493 INFO tempest.lib.common.rest_client [req-ff223815-b8d4-4b03-9fb0-227e53087543 ] Request (TrunkTestJSON:_run_cleanups): 404 GET http://172.30.9.28:9696/v2.0/trunks/51936c3c-e072-473f-adff-ebe7e20f4cb8 0.017s
2018-08-27 14:10:54.720 11493 DEBUG tempest.lib.common.rest_client [req-ff223815-b8d4-4b03-9fb0-227e53087543 ] Request - Headers: {'Content-Type': 'application/json', 'Accept': 'application/json', 'X-Auth-Token': ''} Body: None Response - Headers: {'status': '404', u'content-length': '134', 'content-location': 'http://172.30.9.28:9696/v2.0/trunks/51936c3c-e072-473f-adff-ebe7e20f4cb8', u'date': 'Mon, 27 Aug 2018 14:10:54 GMT', u'content-type': 'application/json', u'connection': 'close', u'x-openstack-request-id': 'req-ff223815-b8d4-4b03-9fb0-227e53087543'} Body: {"NeutronError": {"message": "Trunk 51936c3c-e072-473f-adff-ebe7e20f4cb8 could not be found.", "type": "TrunkNotFound", "detail": ""}} _log_request_full /root/.rally/verification/verifier-b5801ed3-d697-45f5-a0a2-0a71a71d6672/repo/tempest/lib/common/rest_client.py:434
2018-08-27 14:10:54.723 11501 INFO tempest.lib.common.rest_client [req-3f29de96-0088-453a-af73-9567a650e482 ] Request (TrunkTestJSON:_run_cleanups): 404 DELETE http://172.30.9.28:9696/v2.0/networks/f417ce25-72d4-4427-8223-b40617632b41 0.022s
2018-08-27 14:10:54.723 11501 DEBUG tempest.lib.common.rest_client [req-3f29de96-0088-453a-af73-9567a650e482 ] Request - Headers: {'Content-Type': 'application/json', 'Accept': 'application/json', 'X-Auth-Token': ''} Body: None Response - Headers: {'status': '404', u'content-length': '138', 'content-location': 'http://172.30.9.28:9696/v2.0/networks/f417ce25-72d4-4427-8223-b40617632b41', u'date': 'Mon, 27 Aug 2018 14:10:54 GMT', u'content-type': 'application/json', u'connection': 'close', u'x-openstack-request-id': 'req-3f29de96-0088-453a-af73-9567a650e482'} Body: {"NeutronError": {"message": "Network f417ce25-72d4-4427-8223-b40617632b41 could not be found.", "type": "NetworkNotFound", "detail": ""}} _log_request_full /root/.rally/verification/verifier-b5801ed3-d697-45f5-a0a2-0a71a71d6672/repo/tempest/lib/common/rest_client.py:434
2018-08-27 14:10:54.735 11493 INFO tempest.lib.common.rest_client [req-60d8dd9b-7396-483d-9795-0ccd97c58887 ] Request (TrunkTestJSON:_run_cleanups): 404 GET http://172.30.9.28:9696/v2.0/trunks/ba05ac52-e910-4691-82f7-a1690a19d38f 0.014s
2018-08-27 14:10:54.736 11493 DEBUG tempest.lib.common.rest_client [req-60d8dd9b-7396-483d-9795-0ccd97c58887 ] Request - Headers: {'Content-Type': 'application/json', 'Accept': 'application/json', 'X-Auth-Token': ''} Body: None Response - Headers: {'status': '404', u'content-length': '134', 'content-location': 'http://172.30.9.28:9696/v2.0/trunks/ba05ac52-e910-4691-82f7-a1690a19d38f', u'date': 'Mon, 27 Aug 2018 14:10:54 GMT', u'content-type': 'application/json', u'connection': 'close', u'x-openstack-request-id': 'req-60d8dd9b-7396-483d-9795-0ccd97c58887'} Body: {"NeutronError": {"message": "Trunk ba05ac52-e910-4691-82f7-a1690a19d38f could not be found.", "type": "TrunkNotFound", "detail": ""}} _log_request_full /root/.rally/verification/verifier-b5801ed3-d697-45f5-a0a2-0a71a71d6672/repo/tempest/lib/common/rest_client.py:434
2018-08-27 14:10:54.749 11501 INFO tempest.lib.common.rest_client [req-8f42840e-2848-49ce-bcf4-411d43bdf981 ] Request (TrunkTestJSON:_run_cleanups): 404 DELETE http://172.30.9.28:9696/v2.0/networks/2336b68a-7bb7-4628-8705-8af9214e8b73 0.025s
2018-08-27 14:10:54.750 11501 DEBUG tempest.lib.common.rest_client [req-8f42840e-2848-49ce-bcf4-411d43bdf981 ] Request - Headers: {'Content-Type': 'application/json', 'Accept': 'application/json', 'X-Auth-Token': ''} Body: None Response - Headers: {'status': '404', u'content-length': '138', 'content-location': 'http://172.30.9.28:9696/v2.0/networks/2336b68a-7bb7-4628-8705-8af9214e8b73', u'date': 'Mon, 27 Aug 2018 14:10:54 GMT', u'content-type': 'application/json', u'connection': 'close', u'x-openstack-request-id': 'req-8f42840e-2848-49ce-bcf4-411d43bdf981'} Body: {"NeutronError": {"message": "Network 2336b68a-7bb7-4628-8705-8af9214e8b73 could not be found.", "type": "NetworkNotFound", "detail": ""}} _log_request_full /root/.rally/verification/verifier-b5801ed3-d697-45f5-a0a2-0a71a71d6672/repo/tempest/lib/common/rest_client.py:434
2018-08-27 14:10:54.767 11493 INFO tempest.lib.common.rest_client [req-04a3b6bd-2b7f-4b8d-99ee-09fbe19a891d ] Request (TrunkTestJSON:_run_cleanups): 404 DELETE http://172.30.9.28:9696/v2.0/ports/f16c9f01-df3c-4452-8e49-bda5900a841c 0.030s
2018-08-27 14:10:54.767 11493 DEBUG tempest.lib.common.rest_client [req-04a3b6bd-2b7f-4b8d-99ee-09fbe19a891d ] Request - Headers: {'Content-Type': 'application/json', 'Accept': 'application/json', 'X-Auth-Token': ''} Body: None Response - Headers: {'status': '404', u'content-length': '132', 'content-location': 'http://172.30.9.28:9696/v2.0/ports/f16c9f01-df3c-4452-8e49-bda5900a841c', u'date': 'Mon, 27 Aug 2018 14:10:54 GMT', u'content-type': 'application/json', u'connection': 'close', u'x-openstack-request-id': 'req-04a3b6bd-2b7f-4b8d-99ee-09fbe19a891d'} Body: {"NeutronError": {"message": "Port f16c9f01-df3c-4452-8e49-bda5900a841c could not be found.", "type": "PortNotFound", "detail": ""}} _log_request_full /root/.rally/verification/verifier-b5801ed3-d697-45f5-a0a2-0a71a71d6672/repo/tempest/lib/common/rest_client.py:434
2018-08-27 14:10:54.775 11501 INFO tempest.lib.common.rest_client [req-f2904af6-7731-4ad8-87b3-2e8acd43fb42 ] Request (TrunkTestJSON:_run_cleanups): 404 DELETE http://172.30.9.28:9696/v2.0/networks/907a58e7-8bcd-4a66-9785-a9a08ff76a0b 0.024s
2018-08-27 14:10:54.775 11501 DEBUG tempest.lib.common.rest_client [req-f2904af6-7731-4ad8-87b3-2e8acd43fb42 ] Request - Headers: {'Content-Type': 'application/json', 'Accept': 'application/json', 'X-Auth-Token': ''} Body: None Response - Headers: {'status': '404', u'content-length': '138', 'content-location': 'http://172.30.9.28:9696/v2.0/networks/907a58e7-8bcd-4a66-9785-a9a08ff76a0b', u'date': 'Mon, 27 Aug 2018 14:10:54 GMT', u'content-type': 'application/json', u'connection': 'close', u'x-openstack-request-id': 'req-f2904af6-7731-4ad8-87b3-2e8acd43fb42'} Body: {"NeutronError": {"message": "Network 907a58e7-8bcd-4a66-9785-a9a08ff76a0b could not be found.", "type": "NetworkNotFound", "detail": ""}} _log_request_full /root/.rally/verification/verifier-b5801ed3-d697-45f5-a0a2-0a71a71d6672/repo/tempest/lib/common/rest_client.py:434
2018-08-27 14:10:54.798 11493 INFO tempest.lib.common.rest_client [req-b01d7cdc-e1e7-4756-a412-ddd5cfffda1d ] Request (TrunkTestJSON:_run_cleanups): 404 DELETE http://172.30.9.28:9696/v2.0/ports/528b3b3e-9841-4b31-99a2-872458e1bde0 0.029s
2018-08-27 14:10:54.798 11493 DEBUG tempest.lib.common.rest_client [req-b01d7cdc-e1e7-4756-a412-ddd5cfffda1d ] Request - Headers: {'Content-Type': 'application/json', 'Accept': 'application/json', 'X-Auth-Token': ''} Body: None Response - Headers: {'status': '404', u'content-length': '132', 'content-location': 'http://172.30.9.28:9696/v2.0/ports/528b3b3e-9841-4b31-99a2-872458e1bde0', u'date': 'Mon, 27 Aug 2018 14:10:54 GMT', u'content-type': 'application/json', u'connection': 'close', u'x-openstack-request-id': 'req-b01d7cdc-e1e7-4756-a412-ddd5cfffda1d'} Body: {"NeutronError": {"message": "Port 528b3b3e-9841-4b31-99a2-872458e1bde0 could not be found.", "type": "PortNotFound", "detail": ""}} _log_request_full /root/.rally/verification/verifier-b5801ed3-d697-45f5-a0a2-0a71a71d6672/repo/tempest/lib/common/rest_client.py:434
2018-08-27 14:10:54.803 11501 INFO tempest.lib.common.rest_client [req-432666ae-55b1-4ca2-a29b-960254bcf886 ] Request (TrunkTestJSON:_run_cleanups): 404 DELETE http://172.30.9.28:9696/v2.0/networks/b56e913c-7fdd-410f-aad3-8d434795f293 0.026s
2018-08-27 14:10:54.803 11501 DEBUG tempest.lib.common.rest_client [req-432666ae-55b1-4ca2-a29b-960254bcf886 ] Request - Headers: {'Content-Type': 'application/json', 'Accept': 'application/json', 'X-Auth-Token': ''} Body: None Response - Headers: {'status': '404', u'content-length': '138', 'content-location': 'http://172.30.9.28:9696/v2.0/networks/b56e913c-7fdd-410f-aad3-8d434795f293', u'date': 'Mon, 27 Aug 2018 14:10:54 GMT', u'content-type': 'application/json', u'connection': 'close', u'x-openstack-request-id': 'req-432666ae-55b1-4ca2-a29b-960254bcf886'} Body: {"NeutronError": {"message": "Network b56e913c-7fdd-410f-aad3-8d434795f293 could not be found.", "type": "NetworkNotFound", "detail": ""}} _log_request_full /root/.rally/verification/verifier-b5801ed3-d697-45f5-a0a2-0a71a71d6672/repo/tempest/lib/common/rest_client.py:434
2018-08-27 14:10:54.825 11501 INFO tempest.lib.common.rest_client [req-beb45de9-3d36-4fda-ae22-3fec5657cb59 ] Request (TrunkTestJSON:_run_cleanups): 404 DELETE http://172.30.9.28:9696/v2.0/networks/8a16f19f-8b34-44fc-b57d-0a3d003ac333 0.020s
2018-08-27 14:10:54.825 11501 DEBUG tempest.lib.common.rest_client [req-beb45de9-3d36-4fda-ae22-3fec5657cb59 ] Request - Headers: {'Content-Type': 'application/json', 'Accept': 'application/json', 'X-Auth-Token': ''} Body: None Response - Headers: {'status': '404', u'content-length': '138', 'content-location': 'http://172.30.9.28:9696/v2.0/networks/8a16f19f-8b34-44fc-b57d-0a3d003ac333', u'date': 'Mon, 27 Aug 2018 14:10:54 GMT', u'content-type': 'application/json', u'connection': 'close', u'x-openstack-request-id': 'req-beb45de9-3d36-4fda-ae22-3fec5657cb59'} Body: {"NeutronError": {"message": "Network 8a16f19f-8b34-44fc-b57d-0a3d003ac333 could not be found.", "type": "NetworkNotFound", "detail": ""}} _log_request_full /root/.rally/verification/verifier-b5801ed3-d697-45f5-a0a2-0a71a71d6672/repo/tempest/lib/common/rest_client.py:434
2018-08-27 14:10:54.836 11493 INFO tempest.lib.common.rest_client [req-3e2cc923-97ac-40b5-9d6a-eec3552adef3 ] Request (TrunkTestJSON:_run_cleanups): 404 DELETE http://172.30.9.28:9696/v2.0/ports/5520c244-8a5b-430a-95e0-947c1b15da28 0.036s
