2018-08-25 18:28:31.736 11505 DEBUG tempest.lib.common.rest_client [req-34a35c66-a1ec-408b-8330-68e795a906aa ] Request - Headers: {'Content-Type': 'application/json', 'Accept': 'application/json', 'X-Auth-Token': ''} Body: None Response - Headers: {'status': '404', u'content-length': '138', 'content-location': 'http://172.30.9.33:9696/v2.0/networks/11131b51-e588-48b1-b8d2-a01092644734', u'date': 'Sat, 25 Aug 2018 18:28:31 GMT', u'content-type': 'application/json', u'connection': 'close', u'x-openstack-request-id': 'req-34a35c66-a1ec-408b-8330-68e795a906aa'} Body: {"NeutronError": {"message": "Network 11131b51-e588-48b1-b8d2-a01092644734 could not be found.", "type": "NetworkNotFound", "detail": ""}} _log_request_full /root/.rally/verification/verifier-9e381b27-68ea-432c-a4b9-1c92d33412ec/repo/tempest/lib/common/rest_client.py:434
2018-08-25 18:28:31.752 11499 INFO tempest.lib.common.rest_client [req-505e1037-e942-41f3-bec6-e83018b0c4e9 ] Request (TrunkTest:tearDownClass): 204 DELETE http://172.30.9.33:9696/v2.0/ports/584717d8-959d-46e5-8126-329565ec817f 0.844s
2018-08-25 18:28:31.752 11499 DEBUG tempest.lib.common.rest_client [req-505e1037-e942-41f3-bec6-e83018b0c4e9 ] Request - Headers: {'Content-Type': 'application/json', 'Accept': 'application/json', 'X-Auth-Token': ''} Body: None Response - Headers: {'status': '204', u'content-length': '0', 'content-location': 'http://172.30.9.33:9696/v2.0/ports/584717d8-959d-46e5-8126-329565ec817f', u'date': 'Sat, 25 Aug 2018 18:28:31 GMT', u'connection': 'close', u'x-openstack-request-id': 'req-505e1037-e942-41f3-bec6-e83018b0c4e9'} Body: _log_request_full /root/.rally/verification/verifier-9e381b27-68ea-432c-a4b9-1c92d33412ec/repo/tempest/lib/common/rest_client.py:434
2018-08-25 18:28:32.024 11497 INFO tempest.lib.common.rest_client [req-8bb515d4-b3d2-41a3-887d-2397da62cfc4 ] Request (TrunkTestJSON:test_show_trunk_has_project_id): 201 POST http://172.30.9.33:9696/v2.0/ports 0.616s
2018-08-25 18:28:32.025 11497 DEBUG tempest.lib.common.rest_client [req-8bb515d4-b3d2-41a3-887d-2397da62cfc4 ] Request - Headers: {'Content-Type': 'application/json', 'Accept': 'application/json', 'X-Auth-Token': ''} Body: {"port": {"network_id": "071bf47c-87a5-401b-ab4f-146e2036bab3"}} Response - Headers: {'status': '201', u'content-length': '615', 'content-location': 'http://172.30.9.33:9696/v2.0/ports', u'date': 'Sat, 25 Aug 2018 18:28:32 GMT', u'content-type': 'application/json', u'connection': 'close', u'x-openstack-request-id': 'req-8bb515d4-b3d2-41a3-887d-2397da62cfc4'} Body: {"port":{"status":"DOWN","created_at":"2018-08-25T18:28:31Z","description":"","allowed_address_pairs":[],"tags":[],"network_id":"071bf47c-87a5-401b-ab4f-146e2036bab3","tenant_id":"e7f07e99b07445b5bd62e0f9658b5733","extra_dhcp_opts":[],"admin_state_up":true,"updated_at":"2018-08-25T18:28:31Z","name":"","device_owner":"","revision_number":1,"mac_address":"fa:16:3e:8c:c0:bd","binding:vnic_type":"normal","port_security_enabled":true,"project_id":"e7f07e99b07445b5bd62e0f9658b5733","fixed_ips":[],"id":"f925dac2-1874-400e-bc79-50c6621a290a","security_groups":["c4a3822d-ebba-4f22-ba8c-889fd252cd61"],"device_id":""}} _log_request_full /root/.rally/verification/verifier-9e381b27-68ea-432c-a4b9-1c92d33412ec/repo/tempest/lib/common/rest_client.py:434
2018-08-25 18:28:32.600 11499 INFO tempest.lib.common.rest_client [req-1679b7e0-c583-49b2-8b63-1ff0c2c4cafd ] Request (TrunkTest:tearDownClass): 204 DELETE http://172.30.9.33:9696/v2.0/ports/d9269191-175f-4178-a033-e192478316bc 0.847s
2018-08-25 18:28:32.601 11499 DEBUG tempest.lib.common.rest_client [req-1679b7e0-c583-49b2-8b63-1ff0c2c4cafd ] Request - Headers: {'Content-Type': 'application/json', 'Accept': 'application/json', 'X-Auth-Token': ''} Body: None Response - Headers: {'status': '204', u'content-length': '0', 'content-location': 'http://172.30.9.33:9696/v2.0/ports/d9269191-175f-4178-a033-e192478316bc', u'date': 'Sat, 25 Aug 2018 18:28:32 GMT', u'connection': 'close', u'x-openstack-request-id': 'req-1679b7e0-c583-49b2-8b63-1ff0c2c4cafd'} Body: _log_request_full /root/.rally/verification/verifier-9e381b27-68ea-432c-a4b9-1c92d33412ec/repo/tempest/lib/common/rest_client.py:434
2018-08-25 18:28:32.612 11505 INFO tempest.lib.common.rest_client [req-f780523b-a8f9-4bdc-a936-cc33416048cd ] Request (TrunkTestJSON:_run_cleanups): 204 DELETE http://172.30.9.33:9696/v2.0/networks/24fb2ae9-9731-4658-a3a7-a7764091980b 0.875s
2018-08-25 18:28:32.612 11505 DEBUG tempest.lib.common.rest_client [req-f780523b-a8f9-4bdc-a936-cc33416048cd ] Request - Headers: {'Content-Type': 'application/json', 'Accept': 'application/json', 'X-Auth-Token': ''} Body: None Response - Headers: {'status': '204', u'content-length': '0', 'content-location': 'http://172.30.9.33:9696/v2.0/networks/24fb2ae9-9731-4658-a3a7-a7764091980b', u'date': 'Sat, 25 Aug 2018 18:28:32 GMT', u'connection': 'close', u'x-openstack-request-id': 'req-f780523b-a8f9-4bdc-a936-cc33416048cd'} Body: _log_request_full /root/.rally/verification/verifier-9e381b27-68ea-432c-a4b9-1c92d33412ec/repo/tempest/lib/common/rest_client.py:434
2018-08-25 18:28:32.666 11497 INFO tempest.lib.common.rest_client [req-d868a9e5-e309-4aa5-b569-54399294bd99 ] Request (TrunkTestJSON:test_show_trunk_has_project_id): 201 POST http://172.30.9.33:9696/v2.0/trunks 0.641s
2018-08-25 18:28:32.667 11497 DEBUG tempest.lib.common.rest_client [req-d868a9e5-e309-4aa5-b569-54399294bd99 ] Request - Headers: {'Content-Type': 'application/json', 'Accept': 'application/json', 'X-Auth-Token': ''} Body: {"trunk": {"port_id": "f925dac2-1874-400e-bc79-50c6621a290a"}} Response - Headers: {'status': '201', u'content-length': '409', 'content-location': 'http://172.30.9.33:9696/v2.0/trunks', u'date': 'Sat, 25 Aug 2018 18:28:32 GMT', u'content-type': 'application/json', u'connection': 'close', u'x-openstack-request-id': 'req-d868a9e5-e309-4aa5-b569-54399294bd99'} Body: {"trunk": {"status": "ACTIVE", "sub_ports": [], "name": "", "admin_state_up": true, "tenant_id": "e7f07e99b07445b5bd62e0f9658b5733", "created_at": "2018-08-25T18:28:32Z", "tags": [], "updated_at": "2018-08-25T18:28:32Z", "revision_number": 1, "project_id": "e7f07e99b07445b5bd62e0f9658b5733", "port_id": "f925dac2-1874-400e-bc79-50c6621a290a", "id": "6dae15b5-e97d-4587-b07c-deff49682ad7", "description": ""}} _log_request_full /root/.rally/verification/verifier-9e381b27-68ea-432c-a4b9-1c92d33412ec/repo/tempest/lib/common/rest_client.py:434
2018-08-25 18:28:32.689 11497 INFO tempest.lib.common.rest_client [req-51a84ee9-44d0-48e4-a613-30d2d0ea4ce6 ] Request (TrunkTestJSON:test_show_trunk_has_project_id): 200 GET http://172.30.9.33:9696/v2.0/trunks/6dae15b5-e97d-4587-b07c-deff49682ad7 0.021s
2018-08-25 18:28:32.689 11497 DEBUG tempest.lib.common.rest_client [req-51a84ee9-44d0-48e4-a613-30d2d0ea4ce6 ] Request - Headers: {'Content-Type': 'application/json', 'Accept': 'application/json', 'X-Auth-Token': ''} Body: None Response - Headers: {'status': '200', u'content-length': '409', 'content-location': 'http://172.30.9.33:9696/v2.0/trunks/6dae15b5-e97d-4587-b07c-deff49682ad7', u'date': 'Sat, 25 Aug 2018 18:28:32 GMT', u'content-type': 'application/json', u'connection': 'close', u'x-openstack-request-id': 'req-51a84ee9-44d0-48e4-a613-30d2d0ea4ce6'} Body: {"trunk": {"status": "ACTIVE", "sub_ports": [], "name": "", "admin_state_up": true, "tenant_id": "e7f07e99b07445b5bd62e0f9658b5733", "created_at": "2018-08-25T18:28:32Z", "tags": [], "updated_at": "2018-08-25T18:28:32Z", "revision_number": 1, "project_id": "e7f07e99b07445b5bd62e0f9658b5733", "port_id": "f925dac2-1874-400e-bc79-50c6621a290a", "id": "6dae15b5-e97d-4587-b07c-deff49682ad7", "description": ""}} _log_request_full /root/.rally/verification/verifier-9e381b27-68ea-432c-a4b9-1c92d33412ec/repo/tempest/lib/common/rest_client.py:434
2018-08-25 18:28:32.703 11497 INFO tempest.lib.common.rest_client [req-674036d3-4135-4857-95a6-b50d07cdbb4f ] Request (TrunkTestJSON:_run_cleanups): 404 GET http://172.30.9.33:9696/v2.0/trunks/8ac51a99-78fa-49b9-86e2-582263916aa5/get_subports 0.013s
2018-08-25 18:28:32.703 11497 DEBUG tempest.lib.common.rest_client [req-674036d3-4135-4857-95a6-b50d07cdbb4f ] Request - Headers: {'Content-Type': 'application/json', 'Accept': 'application/json', 'X-Auth-Token': ''} Body: None Response - Headers: {'status': '404', u'content-length': '134', 'content-location': 'http://172.30.9.33:9696/v2.0/trunks/8ac51a99-78fa-49b9-86e2-582263916aa5/get_subports', u'date': 'Sat, 25 Aug 2018 18:28:32 GMT', u'content-type': 'application/json', u'connection': 'close', u'x-openstack-request-id': 'req-674036d3-4135-4857-95a6-b50d07cdbb4f'} Body: {"NeutronError": {"message": "Trunk 8ac51a99-78fa-49b9-86e2-582263916aa5 could not be found.", "type": "TrunkNotFound", "detail": ""}} _log_request_full /root/.rally/verification/verifier-9e381b27-68ea-432c-a4b9-1c92d33412ec/repo/tempest/lib/common/rest_client.py:434
2018-08-25 18:28:32.723 11497 INFO tempest.lib.common.rest_client [req-093cf97b-c06a-40f2-84d0-9cb97f702e82 ] Request (TrunkTestJSON:_run_cleanups): 404 DELETE http://172.30.9.33:9696/v2.0/trunks/8ac51a99-78fa-49b9-86e2-582263916aa5 0.020s
2018-08-25 18:28:32.724 11497 DEBUG tempest.lib.common.rest_client [req-093cf97b-c06a-40f2-84d0-9cb97f702e82 ] Request - Headers: {'Content-Type': 'application/json', 'Accept': 'application/json', 'X-Auth-Token': ''} Body: None Response - Headers: {'status': '404', u'content-length': '134', 'content-location': 'http://172.30.9.33:9696/v2.0/trunks/8ac51a99-78fa-49b9-86e2-582263916aa5', u'date': 'Sat, 25 Aug 2018 18:28:32 GMT', u'content-type': 'application/json', u'connection': 'close', u'x-openstack-request-id': 'req-093cf97b-c06a-40f2-84d0-9cb97f702e82'} Body: {"NeutronError": {"message": "Trunk 8ac51a99-78fa-49b9-86e2-582263916aa5 could not be found.", "type": "TrunkNotFound", "detail": ""}} _log_request_full /root/.rally/verification/verifier-9e381b27-68ea-432c-a4b9-1c92d33412ec/repo/tempest/lib/common/rest_client.py:434
2018-08-25 18:28:32.737 11497 INFO tempest.lib.common.rest_client [req-8137af0e-8250-4c5e-8943-8494032f1228 ] Request (TrunkTestJSON:_run_cleanups): 404 GET http://172.30.9.33:9696/v2.0/trunks/6f5b72fa-98dc-4445-a919-93f4500590a7/get_subports 0.013s
2018-08-25 18:28:32.738 11497 DEBUG tempest.lib.common.rest_client [req-8137af0e-8250-4c5e-8943-8494032f1228 ] Request - Headers: {'Content-Type': 'application/json', 'Accept': 'application/json', 'X-Auth-Token': ''} Body: None Response - Headers: {'status': '404', u'content-length': '134', 'content-location': 'http://172.30.9.33:9696/v2.0/trunks/6f5b72fa-98dc-4445-a919-93f4500590a7/get_subports', u'date': 'Sat, 25 Aug 2018 18:28:32 GMT', u'content-type': 'application/json', u'connection': 'close', u'x-openstack-request-id': 'req-8137af0e-8250-4c5e-8943-8494032f1228'} Body: {"NeutronError": {"message": "Trunk 6f5b72fa-98dc-4445-a919-93f4500590a7 could not be found.", "type": "TrunkNotFound", "detail": ""}} _log_request_full /root/.rally/verification/verifier-9e381b27-68ea-432c-a4b9-1c92d33412ec/repo/tempest/lib/common/rest_client.py:434
2018-08-25 18:28:32.751 11497 INFO tempest.lib.common.rest_client [req-b3dbfc82-0a6b-4ca7-8f06-73625cdd6744 ] Request (TrunkTestJSON:_run_cleanups): 404 DELETE http://172.30.9.33:9696/v2.0/trunks/6f5b72fa-98dc-4445-a919-93f4500590a7 0.013s
2018-08-25 18:28:32.751 11497 DEBUG tempest.lib.common.rest_client [req-b3dbfc82-0a6b-4ca7-8f06-73625cdd6744 ] Request - Headers: {'Content-Type': 'application/json', 'Accept': 'application/json', 'X-Auth-Token': ''} Body: None Response - Headers: {'status': '404', u'content-length': '134', 'content-location': 'http://172.30.9.33:9696/v2.0/trunks/6f5b72fa-98dc-4445-a919-93f4500590a7', u'date': 'Sat, 25 Aug 2018 18:28:32 GMT', u'content-type': 'application/json', u'connection': 'close', u'x-openstack-request-id': 'req-b3dbfc82-0a6b-4ca7-8f06-73625cdd6744'} Body: {"NeutronError": {"message": "Trunk 6f5b72fa-98dc-4445-a919-93f4500590a7 could not be found.", "type": "TrunkNotFound", "detail": ""}} _log_request_full /root/.rally/verification/verifier-9e381b27-68ea-432c-a4b9-1c92d33412ec/repo/tempest/lib/common/rest_client.py:434
2018-08-25 18:28:32.764 11497 INFO tempest.lib.common.rest_client [req-cb9080f7-e06c-4fcd-aa56-62c24a151039 ] Request (TrunkTestJSON:_run_cleanups): 404 GET http://172.30.9.33:9696/v2.0/trunks/399fa10b-bf46-4840-8983-2e5cf6226838/get_subports 0.012s
2018-08-25 18:28:32.765 11497 DEBUG tempest.lib.common.rest_client [req-cb9080f7-e06c-4fcd-aa56-62c24a151039 ] Request - Headers: {'Content-Type': 'application/json', 'Accept': 'application/json', 'X-Auth-Token': ''} Body: None Response - Headers: {'status': '404', u'content-length': '134', 'content-location': 'http://172.30.9.33:9696/v2.0/trunks/399fa10b-bf46-4840-8983-2e5cf6226838/get_subports', u'date': 'Sat, 25 Aug 2018 18:28:32 GMT', u'content-type': 'application/json', u'connection': 'close', u'x-openstack-request-id': 'req-cb9080f7-e06c-4fcd-aa56-62c24a151039'} Body: {"NeutronError": {"message": "Trunk 399fa10b-bf46-4840-8983-2e5cf6226838 could not be found.", "type": "TrunkNotFound", "detail": ""}} _log_request_full /root/.rally/verification/verifier-9e381b27-68ea-432c-a4b9-1c92d33412ec/repo/tempest/lib/common/rest_client.py:434
2018-08-25 18:28:32.815 11497 INFO tempest.lib.common.rest_client [req-44263314-d78b-4701-bb66-25eba8a1e45d ] Request (TrunkTestJSON:_run_cleanups): 404 DELETE http://172.30.9.33:9696/v2.0/trunks/399fa10b-bf46-4840-8983-2e5cf6226838 0.049s
2018-08-25 18:28:32.815 11497 DEBUG tempest.lib.common.rest_client [req-44263314-d78b-4701-bb66-25eba8a1e45d ] Request - Headers: {'Content-Type': 'application/json', 'Accept': 'application/json', 'X-Auth-Token': ''} Body: None Response - Headers: {'status': '404', u'content-length': '134', 'content-location': 'http://172.30.9.33:9696/v2.0/trunks/399fa10b-bf46-4840-8983-2e5cf6226838', u'date': 'Sat, 25 Aug 2018 18:28:32 GMT', u'content-type': 'application/json', u'connection': 'close', u'x-openstack-request-id': 'req-44263314-d78b-4701-bb66-25eba8a1e45d'} Body: {"NeutronError": {"message": "Trunk 399fa10b-bf46-4840-8983-2e5cf6226838 could not be found.", "type": "TrunkNotFound", "detail": ""}} _log_request_full /root/.rally/verification/verifier-9e381b27-68ea-432c-a4b9-1c92d33412ec/repo/tempest/lib/common/rest_client.py:434
2018-08-25 18:28:32.832 11497 INFO tempest.lib.common.rest_client [req-1a406c2f-7a22-4f31-8801-bb530e71b9d6 ] Request (TrunkTestJSON:_run_cleanups): 404 GET http://172.30.9.33:9696/v2.0/trunks/2b289d06-6ce5-4b95-a386-702815aacd62/get_subports 0.016s
2018-08-25 18:28:32.833 11497 DEBUG tempest.lib.common.rest_client [req-1a406c2f-7a22-4f31-8801-bb530e71b9d6 ] Request - Headers: {'Content-Type': 'application/json', 'Accept': 'application/json', 'X-Auth-Token': ''} Body: None Response - Headers: {'status': '404', u'content-length': '134', 'content-location': 'http://172.30.9.33:9696/v2.0/trunks/2b289d06-6ce5-4b95-a386-702815aacd62/get_subports', u'date': 'Sat, 25 Aug 2018 18:28:32 GMT', u'content-type': 'application/json', u'connection': 'close', u'x-openstack-request-id': 'req-1a406c2f-7a22-4f31-8801-bb530e71b9d6'} Body: {"NeutronError": {"message": "Trunk 2b289d06-6ce5-4b95-a386-702815aacd62 could not be found.", "type": "TrunkNotFound", "detail": ""}} _log_request_full /root/.rally/verification/verifier-9e381b27-68ea-432c-a4b9-1c92d33412ec/repo/tempest/lib/common/rest_client.py:434
2018-08-25 18:28:32.847 11497 INFO tempest.lib.common.rest_client [req-70ccbb2c-46cd-4188-80c5-3225aad2e349 ] Request (TrunkTestJSON:_run_cleanups): 404 DELETE http://172.30.9.33:9696/v2.0/trunks/2b289d06-6ce5-4b95-a386-702815aacd62 0.014s
2018-08-25 18:28:32.847 11497 DEBUG tempest.lib.common.rest_client [req-70ccbb2c-46cd-4188-80c5-3225aad2e349 ] Request - Headers: {'Content-Type': 'application/json', 'Accept': 'application/json', 'X-Auth-Token': ''} Body: None Response - Headers: {'status': '404', u'content-length': '134', 'content-location': 'http://172.30.9.33:9696/v2.0/trunks/2b289d06-6ce5-4b95-a386-702815aacd62', u'date': 'Sat, 25 Aug 2018 18:28:32 GMT', u'content-type': 'application/json', u'connection': 'close', u'x-openstack-request-id': 'req-70ccbb2c-46cd-4188-80c5-3225aad2e349'} Body: {"NeutronError": {"message": "Trunk 2b289d06-6ce5-4b95-a386-702815aacd62 could not be found.", "type": "TrunkNotFound", "detail": ""}} _log_request_full /root/.rally/verification/verifier-9e381b27-68ea-432c-a4b9-1c92d33412ec/repo/tempest/lib/common/rest_client.py:434
2018-08-25 18:28:32.862 11497 INFO tempest.lib.common.rest_client [req-e84f0d4e-00a9-44f2-97c9-51c9a4245d23 ] Request (TrunkTestJSON:_run_cleanups): 404 GET http://172.30.9.33:9696/v2.0/trunks/37cb22b0-fdb9-41af-b34e-a626100e2f3b/get_subports 0.013s
2018-08-25 18:28:32.862 11497 DEBUG tempest.lib.common.rest_client [req-e84f0d4e-00a9-44f2-97c9-51c9a4245d23 ] Request - Headers: {'Content-Type': 'application/json', 'Accept': 'application/json', 'X-Auth-Token': ''} Body: None Response - Headers: {'status': '404', u'content-length': '134', 'content-location': 'http://172.30.9.33:9696/v2.0/trunks/37cb22b0-fdb9-41af-b34e-a626100e2f3b/get_subports', u'date': 'Sat, 25 Aug 2018 18:28:32 GMT', u'content-type': 'application/json', u'connection': 'close', u'x-openstack-request-id': 'req-e84f0d4e-00a9-44f2-97c9-51c9a4245d23'} Body: {"NeutronError": {"message": "Trunk 37cb22b0-fdb9-41af-b34e-a626100e2f3b could not be found.", "type": "TrunkNotFound", "detail": ""}} _log_request_full /root/.rally/verification/verifier-9e381b27-68ea-432c-a4b9-1c92d33412ec/repo/tempest/lib/common/rest_client.py:434
2018-08-25 18:28:32.876 11497 INFO tempest.lib.common.rest_client [req-ceb0cd4b-6ce4-4205-a69c-90a99d5076ae ] Request (TrunkTestJSON:_run_cleanups): 404 DELETE http://172.30.9.33:9696/v2.0/trunks/37cb22b0-fdb9-41af-b34e-a626100e2f3b 0.013s
2018-08-25 18:28:32.876 11497 DEBUG tempest.lib.common.rest_client [req-ceb0cd4b-6ce4-4205-a69c-90a99d5076ae ] Request - Headers: {'Content-Type': 'application/json', 'Accept': 'application/json', 'X-Auth-Token': ''} Body: None Response - Headers: {'status': '404', u'content-length': '134', 'content-location': 'http://172.30.9.33:9696/v2.0/trunks/37cb22b0-fdb9-41af-b34e-a626100e2f3b', u'date': 'Sat, 25 Aug 2018 18:28:32 GMT', u'content-type': 'application/json', u'connection': 'close', u'x-openstack-request-id': 'req-ceb0cd4b-6ce4-4205-a69c-90a99d5076ae'} Body: {"NeutronError": {"message": "Trunk 37cb22b0-fdb9-41af-b34e-a626100e2f3b could not be found.", "type": "TrunkNotFound", "detail": ""}} _log_request_full /root/.rally/verification/verifier-9e381b27-68ea-432c-a4b9-1c92d33412ec/repo/tempest/lib/common/rest_client.py:434
2018-08-25 18:28:32.882 11505 INFO tempest.lib.common.rest_client [req-4029210f-e3d0-4cf4-a99a-ccdb9f9721df ] Request (TrunkTestJSON:test_create_trunk_with_subport_missing_segmentation_type): 201 POST http://172.30.9.33:9696/v2.0/networks 0.268s
2018-08-25 18:28:32.882 11505 DEBUG tempest.lib.common.rest_client [req-4029210f-e3d0-4cf4-a99a-ccdb9f9721df ] Request - Headers: {'Content-Type': 'application/json', 'Accept': 'application/json', 'X-Auth-Token': ''} Body: {"network": {"name": "tempest-test-network--1116910921"}} Response - Headers: {'status': '201', u'content-length': '569', 'content-location': 'http://172.30.9.33:9696/v2.0/networks', u'date': 'Sat, 25 Aug 2018 18:28:32 GMT', u'content-type': 'application/json', u'connection': 'close', u'x-openstack-request-id': 'req-4029210f-e3d0-4cf4-a99a-ccdb9f9721df'} Body: {"network":{"status":"ACTIVE","router:external":false,"availability_zone_hints":[],"availability_zones":[],"description":"","subnets":[],"shared":false,"tenant_id":"33298a08ba7c479497edd897524890f6","created_at":"2018-08-25T18:28:32Z","tags":[],"ipv6_address_scope":null,"mtu":1450,"updated_at":"2018-08-25T18:28:32Z","admin_state_up":true,"revision_number":1,"ipv4_address_scope":null,"is_default":false,"port_security_enabled":true,"project_id":"33298a08ba7c479497edd897524890f6","id":"e7c993f7-bc70-446f-8684-60419b47260a","name":"tempest-test-network--1116910921"}} _log_request_full /root/.rally/verification/verifier-9e381b27-68ea-432c-a4b9-1c92d33412ec/repo/tempest/lib/common/rest_client.py:434
2018-08-25 18:28:32.892 11497 INFO tempest.lib.common.rest_client [req-1ad4bd9b-a3b2-4736-9b91-96792ccf0074 ] Request (TrunkTestJSON:_run_cleanups): 404 GET http://172.30.9.33:9696/v2.0/trunks/ff5f4ea9-7b19-4c8e-8e94-d8dde7870774/get_subports 0.015s
2018-08-25 18:28:32.892 11497 DEBUG tempest.lib.common.rest_client [req-1ad4bd9b-a3b2-4736-9b91-96792ccf0074 ] Request - Headers: {'Content-Type': 'application/json', 'Accept': 'application/json', 'X-Auth-Token': ''} Body: None Response - Headers: {'status': '404', u'content-length': '134', 'content-location': 'http://172.30.9.33:9696/v2.0/trunks/ff5f4ea9-7b19-4c8e-8e94-d8dde7870774/get_subports', u'date': 'Sat, 25 Aug 2018 18:28:32 GMT', u'content-type': 'application/json', u'connection': 'close', u'x-openstack-request-id': 'req-1ad4bd9b-a3b2-4736-9b91-96792ccf0074'} Body: {"NeutronError": {"message": "Trunk ff5f4ea9-7b19-4c8e-8e94-d8dde7870774 could not be found.", "type": "TrunkNotFound", "detail": ""}} _log_request_full /root/.rally/verification/verifier-9e381b27-68ea-432c-a4b9-1c92d33412ec/repo/tempest/lib/common/rest_client.py:434
2018-08-25 18:28:32.910 11497 INFO tempest.lib.common.rest_client [req-c264d95a-27a2-4773-838e-2226c90f331a ] Request (TrunkTestJSON:_run_cleanups): 404 DELETE http://172.30.9.33:9696/v2.0/trunks/ff5f4ea9-7b19-4c8e-8e94-d8dde7870774 0.017s
2018-08-25 18:28:32.910 11497 DEBUG tempest.lib.common.rest_client [req-c264d95a-27a2-4773-838e-2226c90f331a ] Request - Headers: {'Content-Type': 'application/json', 'Accept': 'application/json', 'X-Auth-Token': ''} Body: None Response - Headers: {'status': '404', u'content-length': '134', 'content-location': 'http://172.30.9.33:9696/v2.0/trunks/ff5f4ea9-7b19-4c8e-8e94-d8dde7870774', u'date': 'Sat, 25 Aug 2018 18:28:32 GMT', u'content-type': 'application/json', u'connection': 'close', u'x-openstack-request-id': 'req-c264d95a-27a2-4773-838e-2226c90f331a'} Body: {"NeutronError": {"message": "Trunk ff5f4ea9-7b19-4c8e-8e94-d8dde7870774 could not be found.", "type": "TrunkNotFound", "detail": ""}} _log_request_full /root/.rally/verification/verifier-9e381b27-68ea-432c-a4b9-1c92d33412ec/repo/tempest/lib/common/rest_client.py:434
2018-08-25 18:28:32.929 11497 INFO tempest.lib.common.rest_client [req-a24473bf-18d3-4fff-9591-6f7d4d1acc9f ] Request (TrunkTestJSON:_run_cleanups): 404 GET http://172.30.9.33:9696/v2.0/trunks/54d8cbcc-40ab-4f7a-85d6-f1f44a8faa23/get_subports 0.018s
2018-08-25 18:28:32.930 11497 DEBUG tempest.lib.common.rest_client [req-a24473bf-18d3-4fff-9591-6f7d4d1acc9f ] Request - Headers: {'Content-Type': 'application/json', 'Accept': 'application/json', 'X-Auth-Token': ''} Body: None Response - Headers: {'status': '404', u'content-length': '134', 'content-location': 'http://172.30.9.33:9696/v2.0/trunks/54d8cbcc-40ab-4f7a-85d6-f1f44a8faa23/get_subports', u'date': 'Sat, 25 Aug 2018 18:28:32 GMT', u'content-type': 'application/json', u'connection': 'close', u'x-openstack-request-id': 'req-a24473bf-18d3-4fff-9591-6f7d4d1acc9f'} Body: {"NeutronError": {"message": "Trunk 54d8cbcc-40ab-4f7a-85d6-f1f44a8faa23 could not be found.", "type": "TrunkNotFound", "detail": ""}} _log_request_full /root/.rally/verification/verifier-9e381b27-68ea-432c-a4b9-1c92d33412ec/repo/tempest/lib/common/rest_client.py:434
2018-08-25 18:28:32.945 11497 INFO tempest.lib.common.rest_client [req-ddf1cdb4-cbce-4590-93af-b72d3498a85a ] Request (TrunkTestJSON:_run_cleanups): 404 DELETE http://172.30.9.33:9696/v2.0/trunks/54d8cbcc-40ab-4f7a-85d6-f1f44a8faa23 0.015s
2018-08-25 18:28:32.946 11497 DEBUG tempest.lib.common.rest_client [req-ddf1cdb4-cbce-4590-93af-b72d3498a85a ] Request - Headers: {'Content-Type': 'application/json', 'Accept': 'application/json', 'X-Auth-Token': ''} Body: None Response - Headers: {'status': '404', u'content-length': '134', 'content-location': 'http://172.30.9.33:9696/v2.0/trunks/54d8cbcc-40ab-4f7a-85d6-f1f44a8faa23', u'date': 'Sat, 25 Aug 2018 18:28:32 GMT', u'content-type': 'application/json', u'connection': 'close', u'x-openstack-request-id': 'req-ddf1cdb4-cbce-4590-93af-b72d3498a85a'} Body: {"NeutronError": {"message": "Trunk 54d8cbcc-40ab-4f7a-85d6-f1f44a8faa23 could not be found.", "type": "TrunkNotFound", "detail": ""}} _log_request_full /root/.rally/verification/verifier-9e381b27-68ea-432c-a4b9-1c92d33412ec/repo/tempest/lib/common/rest_client.py:434
2018-08-25 18:28:32.959 11497 INFO tempest.lib.common.rest_client [req-a9a0c280-33b8-486e-81d7-3bb88daf85f4 ] Request (TrunkTestJSON:_run_cleanups): 404 GET http://172.30.9.33:9696/v2.0/trunks/98d25fa2-5250-4629-bf34-576a64711252/get_subports 0.012s
2018-08-25 18:28:32.959 11497 DEBUG tempest.lib.common.rest_client [req-a9a0c280-33b8-486e-81d7-3bb88daf85f4 ] Request - Headers: {'Content-Type': 'application/json', 'Accept': 'application/json', 'X-Auth-Token': ''} Body: None Response - Headers: {'status': '404', u'content-length': '134', 'content-location': 'http://172.30.9.33:9696/v2.0/trunks/98d25fa2-5250-4629-bf34-576a64711252/get_subports', u'date': 'Sat, 25 Aug 2018 18:28:32 GMT', u'content-type': 'application/json', u'connection': 'close', u'x-openstack-request-id': 'req-a9a0c280-33b8-486e-81d7-3bb88daf85f4'} Body: {"NeutronError": {"message": "Trunk 98d25fa2-5250-4629-bf34-576a64711252 could not be found.", "type": "TrunkNotFound", "detail": ""}} _log_request_full /root/.rally/verification/verifier-9e381b27-68ea-432c-a4b9-1c92d33412ec/repo/tempest/lib/common/rest_client.py:434
2018-08-25 18:28:32.976 11497 INFO tempest.lib.common.rest_client [req-ca97712e-8f82-4a1e-8fc5-3dbcd1b1ea5e ] Request (TrunkTestJSON:_run_cleanups): 404 DELETE http://172.30.9.33:9696/v2.0/trunks/98d25fa2-5250-4629-bf34-576a64711252 0.017s
2018-08-25 18:28:32.977 11497 DEBUG tempest.lib.common.rest_client [req-ca97712e-8f82-4a1e-8fc5-3dbcd1b1ea5e ] Request - Headers: {'Content-Type': 'application/json', 'Accept': 'application/json', 'X-Auth-Token': ''} Body: None Response - Headers: {'status': '404', u'content-length': '134', 'content-location': 'http://172.30.9.33:9696/v2.0/trunks/98d25fa2-5250-4629-bf34-576a64711252', u'date': 'Sat, 25 Aug 2018 18:28:32 GMT', u'content-type': 'application/json', u'connection': 'close', u'x-openstack-request-id': 'req-ca97712e-8f82-4a1e-8fc5-3dbcd1b1ea5e'} Body: {"NeutronError": {"message": "Trunk 98d25fa2-5250-4629-bf34-576a64711252 could not be found.", "type": "TrunkNotFound", "detail": ""}} _log_request_full /root/.rally/verification/verifier-9e381b27-68ea-432c-a4b9-1c92d33412ec/repo/tempest/lib/common/rest_client.py:434
2018-08-25 18:28:32.990 11497 INFO tempest.lib.common.rest_client [req-2b94d21b-1722-42c4-ad68-21d0a4e82a62 ] Request (TrunkTestJSON:_run_cleanups): 404 GET http://172.30.9.33:9696/v2.0/trunks/d3708890-d125-4168-b4bc-3fbfd8598f36/get_subports 0.012s
2018-08-25 18:28:32.990 11497 DEBUG tempest.lib.common.rest_client [req-2b94d21b-1722-42c4-ad68-21d0a4e82a62 ] Request - Headers: {'Content-Type': 'application/json', 'Accept': 'application/json', 'X-Auth-Token': ''} Body: None Response - Headers: {'status': '404', u'content-length': '134', 'content-location': 'http://172.30.9.33:9696/v2.0/trunks/d3708890-d125-4168-b4bc-3fbfd8598f36/get_subports', u'date': 'Sat, 25 Aug 2018 18:28:32 GMT', u'content-type': 'application/json', u'connection': 'close', u'x-openstack-request-id': 'req-2b94d21b-1722-42c4-ad68-21d0a4e82a62'} Body: {"NeutronError": {"message": "Trunk d3708890-d125-4168-b4bc-3fbfd8598f36 could not be found.", "type": "TrunkNotFound", "detail": ""}} _log_request_full /root/.rally/verification/verifier-9e381b27-68ea-432c-a4b9-1c92d33412ec/repo/tempest/lib/common/rest_client.py:434
2018-08-25 18:28:33.009 11497 INFO tempest.lib.common.rest_client [req-d343893b-ca70-4f53-8880-8123e0083e0d ] Request (TrunkTestJSON:_run_cleanups): 404 DELETE http://172.30.9.33:9696/v2.0/trunks/d3708890-d125-4168-b4bc-3fbfd8598f36 0.018s
2018-08-25 18:28:33.009 11497 DEBUG tempest.lib.common.rest_client [req-d343893b-ca70-4f53-8880-8123e0083e0d ] Request - Headers: {'Content-Type': 'application/json', 'Accept': 'application/json', 'X-Auth-Token': ''} Body: None Response - Headers: {'status': '404', u'content-length': '134', 'content-location': 'http://172.30.9.33:9696/v2.0/trunks/d3708890-d125-4168-b4bc-3fbfd8598f36', u'date': 'Sat, 25 Aug 2018 18:28:33 GMT', u'content-type': 'application/json', u'connection': 'close', u'x-openstack-request-id': 'req-d343893b-ca70-4f53-8880-8123e0083e0d'} Body: {"NeutronError": {"message": "Trunk d3708890-d125-4168-b4bc-3fbfd8598f36 could not be found.", "type": "TrunkNotFound", "detail": ""}} _log_request_full /root/.rally/verification/verifier-9e381b27-68ea-432c-a4b9-1c92d33412ec/repo/tempest/lib/common/rest_client.py:434
2018-08-25 18:28:33.030 11497 INFO tempest.lib.common.rest_client [req-92c40a62-35eb-4122-afc4-c3683f9c3d55 ] Request (TrunkTestJSON:_run_cleanups): 404 GET http://172.30.9.33:9696/v2.0/trunks/bf370f8b-c165-4b48-9434-191cf14ea51a/get_subports 0.020s
2018-08-25 18:28:33.030 11497 DEBUG tempest.lib.common.rest_client [req-92c40a62-35eb-4122-afc4-c3683f9c3d55 ] Request - Headers: {'Content-Type': 'application/json', 'Accept': 'application/json', 'X-Auth-Token': ''} Body: None Response - Headers: {'status': '404', u'content-length': '134', 'content-location': 'http://172.30.9.33:9696/v2.0/trunks/bf370f8b-c165-4b48-9434-191cf14ea51a/get_subports', u'date': 'Sat, 25 Aug 2018 18:28:33 GMT', u'content-type': 'application/json', u'connection': 'close', u'x-openstack-request-id': 'req-92c40a62-35eb-4122-afc4-c3683f9c3d55'} Body: {"NeutronError": {"message": "Trunk bf370f8b-c165-4b48-9434-191cf14ea51a could not be found.", "type": "TrunkNotFound", "detail": ""}} _log_request_full /root/.rally/verification/verifier-9e381b27-68ea-432c-a4b9-1c92d33412ec/repo/tempest/lib/common/rest_client.py:434
2018-08-25 18:28:33.044 11497 INFO tempest.lib.common.rest_client [req-be80a5f1-edd5-4c48-8655-a7893790c13f ] Request (TrunkTestJSON:_run_cleanups): 404 DELETE http://172.30.9.33:9696/v2.0/trunks/bf370f8b-c165-4b48-9434-191cf14ea51a 0.013s
2018-08-25 18:28:33.044 11497 DEBUG tempest.lib.common.rest_client [req-be80a5f1-edd5-4c48-8655-a7893790c13f ] Request - Headers: {'Content-Type': 'application/json', 'Accept': 'application/json', 'X-Auth-Token': ''} Body: None Response - Headers: {'status': '404', u'content-length': '134', 'content-location': 'http://172.30.9.33:9696/v2.0/trunks/bf370f8b-c165-4b48-9434-191cf14ea51a', u'date': 'Sat, 25 Aug 2018 18:28:33 GMT', u'content-type': 'application/json', u'connection': 'close', u'x-openstack-request-id': 'req-be80a5f1-edd5-4c48-8655-a7893790c13f'} Body: {"NeutronError": {"message": "Trunk bf370f8b-c165-4b48-9434-191cf14ea51a could not be found.", "type": "TrunkNotFound", "detail": ""}} _log_request_full /root/.rally/verification/verifier-9e381b27-68ea-432c-a4b9-1c92d33412ec/repo/tempest/lib/common/rest_client.py:434
2018-08-25 18:28:33.056 11497 INFO tempest.lib.common.rest_client [req-b5208635-bccc-4015-9c43-c8f323bdec7f ] Request (TrunkTestJSON:_run_cleanups): 404 GET http://172.30.9.33:9696/v2.0/trunks/187e741e-d050-4ed5-82e4-d5fe4c02c484/get_subports 0.011s
2018-08-25 18:28:33.057 11497 DEBUG tempest.lib.common.rest_client [req-b5208635-bccc-4015-9c43-c8f323bdec7f ] Request - Headers: {'Content-Type': 'application/json', 'Accept': 'application/json', 'X-Auth-Token': ''} Body: None Response - Headers: {'status': '404', u'content-length': '134', 'content-location': 'http://172.30.9.33:9696/v2.0/trunks/187e741e-d050-4ed5-82e4-d5fe4c02c484/get_subports', u'date': 'Sat, 25 Aug 2018 18:28:33 GMT', u'content-type': 'application/json', u'connection': 'close', u'x-openstack-request-id': 'req-b5208635-bccc-4015-9c43-c8f323bdec7f'} Body: {"NeutronError": {"message": "Trunk 187e741e-d050-4ed5-82e4-d5fe4c02c484 could not be found.", "type": "TrunkNotFound", "detail": ""}} _log_request_full /root/.rally/verification/verifier-9e381b27-68ea-432c-a4b9-1c92d33412ec/repo/tempest/lib/common/rest_client.py:434
2018-08-25 18:28:33.070 11497 INFO tempest.lib.common.rest_client [req-67a2df60-8e2d-463c-b7dd-485aaa4d99dd ] Request (TrunkTestJSON:_run_cleanups): 404 DELETE http://172.30.9.33:9696/v2.0/trunks/187e741e-d050-4ed5-82e4-d5fe4c02c484 0.013s
2018-08-25 18:28:33.071 11497 DEBUG tempest.lib.common.rest_client [req-67a2df60-8e2d-463c-b7dd-485aaa4d99dd ] Request - Headers: {'Content-Type': 'application/json', 'Accept': 'application/json', 'X-Auth-Token': ''} Body: None Response - Headers: {'status': '404', u'content-length': '134', 'content-location': 'http://172.30.9.33:9696/v2.0/trunks/187e741e-d050-4ed5-82e4-d5fe4c02c484', u'date': 'Sat, 25 Aug 2018 18:28:33 GMT', u'content-type': 'application/json', u'connection': 'close', u'x-openstack-request-id': 'req-67a2df60-8e2d-463c-b7dd-485aaa4d99dd'} Body: {"NeutronError": {"message": "Trunk 187e741e-d050-4ed5-82e4-d5fe4c02c484 could not be found.", "type": "TrunkNotFound", "detail": ""}} _log_request_full /root/.rally/verification/verifier-9e381b27-68ea-432c-a4b9-1c92d33412ec/repo/tempest/lib/common/rest_client.py:434
2018-08-25 18:28:33.095 11497 INFO tempest.lib.common.rest_client [req-1f499e4a-add9-4035-a90a-2870f7eb4eb9 ] Request (TrunkTestJSON:_run_cleanups): 200 GET http://172.30.9.33:9696/v2.0/trunks/6dae15b5-e97d-4587-b07c-deff49682ad7/get_subports 0.024s
2018-08-25 18:28:33.096 11497 DEBUG tempest.lib.common.rest_client [req-1f499e4a-add9-4035-a90a-2870f7eb4eb9 ] Request - Headers: {'Content-Type': 'application/json', 'Accept': 'application/json', 'X-Auth-Token': ''} Body: None Response - Headers: {'status': '200', u'content-length': '17', 'content-location': 'http://172.30.9.33:9696/v2.0/trunks/6dae15b5-e97d-4587-b07c-deff49682ad7/get_subports', u'date': 'Sat, 25 Aug 2018 18:28:33 GMT', u'content-type': 'application/json', u'connection': 'close', u'x-openstack-request-id': 'req-1f499e4a-add9-4035-a90a-2870f7eb4eb9'} Body: {"sub_ports": []} _log_request_full /root/.rally/verification/verifier-9e381b27-68ea-432c-a4b9-1c92d33412ec/repo/tempest/lib/common/rest_client.py:434
2018-08-25 18:28:33.104 11499 INFO tempest.lib.common.rest_client [req-76a1221d-df50-4699-8625-72b8c470022f ] Request (TrunkTest:tearDownClass): 204 DELETE http://172.30.9.33:9696/v2.0/ports/9da87edb-f2d6-4f13-828c-5de73f01cc17 0.502s
2018-08-25 18:28:33.104 11499 DEBUG tempest.lib.common.rest_client [req-76a1221d-df50-4699-8625-72b8c470022f ] Request - Headers: {'Content-Type': 'application/json', 'Accept': 'application/json', 'X-Auth-Token': ''} Body: None Response - Headers: {'status': '204', u'content-length': '0', 'content-location': 'http://172.30.9.33:9696/v2.0/ports/9da87edb-f2d6-4f13-828c-5de73f01cc17', u'date': 'Sat, 25 Aug 2018 18:28:33 GMT', u'connection': 'close', u'x-openstack-request-id': 'req-76a1221d-df50-4699-8625-72b8c470022f'} Body: _log_request_full /root/.rally/verification/verifier-9e381b27-68ea-432c-a4b9-1c92d33412ec/repo/tempest/lib/common/rest_client.py:434
2018-08-25 18:28:33.144 11497 INFO tempest.lib.common.rest_client [req-da990117-6e09-4219-b6db-e285f14a44e7 ] Request (TrunkTestJSON:_run_cleanups): 200 PUT http://172.30.9.33:9696/v2.0/trunks/6dae15b5-e97d-4587-b07c-deff49682ad7/remove_subports 0.048s
2018-08-25 18:28:33.144 11497 DEBUG tempest.lib.common.rest_client [req-da990117-6e09-4219-b6db-e285f14a44e7 ] Request - Headers: {'Content-Type': 'application/json', 'Accept': 'application/json', 'X-Auth-Token': ''} Body: {"sub_ports": []} Response - Headers: {'status': '200', u'content-length': '396', 'content-location': 'http://172.30.9.33:9696/v2.0/trunks/6dae15b5-e97d-4587-b07c-deff49682ad7/remove_subports', u'date': 'Sat, 25 Aug 2018 18:28:33 GMT', u'content-type': 'application/json', u'connection': 'close', u'x-openstack-request-id': 'req-da990117-6e09-4219-b6db-e285f14a44e7'} Body: {"status": "DOWN", "sub_ports": [], "name": "", "admin_state_up": true, "tenant_id": "e7f07e99b07445b5bd62e0f9658b5733", "created_at": "2018-08-25T18:28:32Z", "tags": [], "updated_at": "2018-08-25T18:28:33Z", "revision_number": 2, "project_id": "e7f07e99b07445b5bd62e0f9658b5733", "port_id": "f925dac2-1874-400e-bc79-50c6621a290a", "id": "6dae15b5-e97d-4587-b07c-deff49682ad7", "description": ""} _log_request_full /root/.rally/verification/verifier-9e381b27-68ea-432c-a4b9-1c92d33412ec/repo/tempest/lib/common/rest_client.py:434
2018-08-25 18:28:33.736 11505 INFO tempest.lib.common.rest_client [req-5bdafd08-b7b7-4ab5-9c68-a021e1cdbb5f ] Request (TrunkTestJSON:test_create_trunk_with_subport_missing_segmentation_type): 201 POST http://172.30.9.33:9696/v2.0/ports 0.852s
2018-08-25 18:28:33.736 11505 DEBUG tempest.lib.common.rest_client [req-5bdafd08-b7b7-4ab5-9c68-a021e1cdbb5f ] Request - Headers: {'Content-Type': 'application/json', 'Accept': 'application/json', 'X-Auth-Token': ''} Body: {"port": {"network_id": "e7c993f7-bc70-446f-8684-60419b47260a"}} Response - Headers: {'status': '201', u'content-length': '615', 'content-location': 'http://172.30.9.33:9696/v2.0/ports', u'date': 'Sat, 25 Aug 2018 18:28:33 GMT', u'content-type': 'application/json', u'connection': 'close', u'x-openstack-request-id': 'req-5bdafd08-b7b7-4ab5-9c68-a021e1cdbb5f'} Body: {"port":{"status":"DOWN","created_at":"2018-08-25T18:28:33Z","description":"","allowed_address_pairs":[],"tags":[],"network_id":"e7c993f7-bc70-446f-8684-60419b47260a","tenant_id":"33298a08ba7c479497edd897524890f6","extra_dhcp_opts":[],"admin_state_up":true,"updated_at":"2018-08-25T18:28:33Z","name":"","device_owner":"","revision_number":1,"mac_address":"fa:16:3e:55:43:ac","binding:vnic_type":"normal","port_security_enabled":true,"project_id":"33298a08ba7c479497edd897524890f6","fixed_ips":[],"id":"6b1a9400-5436-4295-8bff-3b52d2d81636","security_groups":["14270190-e4a0-48dc-975b-e25f6478058f"],"device_id":""}} _log_request_full /root/.rally/verification/verifier-9e381b27-68ea-432c-a4b9-1c92d33412ec/repo/tempest/lib/common/rest_client.py:434
2018-08-25 18:28:33.745 11505 INFO tempest.lib.common.rest_client [req-b2805ce8-e2f4-4670-af82-a8abe232b573 ] Request (TrunkTestJSON:test_create_trunk_with_subport_missing_segmentation_type): 400 POST http://172.30.9.33:9696/v2.0/trunks 0.008s
2018-08-25 18:28:33.746 11505 DEBUG tempest.lib.common.rest_client [req-b2805ce8-e2f4-4670-af82-a8abe232b573 ] Request - Headers: {'Content-Type': 'application/json', 'Accept': 'application/json', 'X-Auth-Token': ''} Body: {"trunk": {"sub_ports": [{"segmentation_id": 3, "port_id": "e7d3990c-baa7-4856-8c89-4030aaa23013"}], "port_id": "6b1a9400-5436-4295-8bff-3b52d2d81636"}} Response - Headers: {'status': '400', u'content-length': '304', 'content-location': 'http://172.30.9.33:9696/v2.0/trunks', u'date': 'Sat, 25 Aug 2018 18:28:33 GMT', u'content-type': 'application/json', u'connection': 'close', u'x-openstack-request-id': 'req-b2805ce8-e2f4-4670-af82-a8abe232b573'} Body: {"NeutronError": {"message": "Invalid input for sub_ports. Reason: Invalid subport details '{u'segmentation_id': 3, u'port_id': u'e7d3990c-baa7-4856-8c89-4030aaa23013'}': missing segmentation information. Must specify both segmentation_id and segmentation_type.", "type": "HTTPBadRequest", "detail": ""}} _log_request_full /root/.rally/verification/verifier-9e381b27-68ea-432c-a4b9-1c92d33412ec/repo/tempest/lib/common/rest_client.py:434
2018-08-25 18:28:33.757 11497 INFO tempest.lib.common.rest_client [req-cdf3ce7f-dcdb-47cb-9564-2b86f4d2c7ed ] Request (TrunkTestJSON:_run_cleanups): 204 DELETE http://172.30.9.33:9696/v2.0/trunks/6dae15b5-e97d-4587-b07c-deff49682ad7 0.612s
2018-08-25 18:28:33.757 11497 DEBUG tempest.lib.common.rest_client [req-cdf3ce7f-dcdb-47cb-9564-2b86f4d2c7ed ] Request - Headers: {'Content-Type': 'application/json', 'Accept': 'application/json', 'X-Auth-Token': ''} Body: None Response - Headers: {'status': '204', u'content-length': '0', 'content-location': 'http://172.30.9.33:9696/v2.0/trunks/6dae15b5-e97d-4587-b07c-deff49682ad7', u'date': 'Sat, 25 Aug 2018 18:28:33 GMT', u'connection': 'close', u'x-openstack-request-id': 'req-cdf3ce7f-dcdb-47cb-9564-2b86f4d2c7ed'} Body: _log_request_full /root/.rally/verification/verifier-9e381b27-68ea-432c-a4b9-1c92d33412ec/repo/tempest/lib/common/rest_client.py:434
2018-08-25 18:28:33.761 11505 INFO tempest.lib.common.rest_client [req-628d4af5-fa05-482b-a11d-c09654de9f25 ] Request (TrunkTestJSON:_run_cleanups): 404 GET http://172.30.9.33:9696/v2.0/trunks/120e990c-b8b2-4385-847e-c9f85fe12343/get_subports 0.014s
2018-08-25 18:28:33.761 11505 DEBUG tempest.lib.common.rest_client [req-628d4af5-fa05-482b-a11d-c09654de9f25 ] Request - Headers: {'Content-Type': 'application/json', 'Accept': 'application/json', 'X-Auth-Token': ''} Body: None Response - Headers: {'status': '404', u'content-length': '134', 'content-location': 'http://172.30.9.33:9696/v2.0/trunks/120e990c-b8b2-4385-847e-c9f85fe12343/get_subports', u'date': 'Sat, 25 Aug 2018 18:28:33 GMT', u'content-type': 'application/json', u'connection': 'close', u'x-openstack-request-id': 'req-628d4af5-fa05-482b-a11d-c09654de9f25'} Body: {"NeutronError": {"message": "Trunk 120e990c-b8b2-4385-847e-c9f85fe12343 could not be found.", "type": "TrunkNotFound", "detail": ""}} _log_request_full /root/.rally/verification/verifier-9e381b27-68ea-432c-a4b9-1c92d33412ec/repo/tempest/lib/common/rest_client.py:434
2018-08-25 18:28:33.776 11497 INFO tempest.lib.common.rest_client [req-0d07892c-1d8e-4fc4-96af-3ec31ee143e8 ] Request (TrunkTestJSON:_run_cleanups): 404 GET http://172.30.9.33:9696/v2.0/trunks/8ac51a99-78fa-49b9-86e2-582263916aa5 0.018s
2018-08-25 18:28:33.777 11497 DEBUG tempest.lib.common.rest_client [req-0d07892c-1d8e-4fc4-96af-3ec31ee143e8 ] Request - Headers: {'Content-Type': 'application/json', 'Accept': 'application/json', 'X-Auth-Token': ''} Body: None Response - Headers: {'status': '404', u'content-length': '134', 'content-location': 'http://172.30.9.33:9696/v2.0/trunks/8ac51a99-78fa-49b9-86e2-582263916aa5', u'date': 'Sat, 25 Aug 2018 18:28:33 GMT', u'content-type': 'application/json', u'connection': 'close', u'x-openstack-request-id': 'req-0d07892c-1d8e-4fc4-96af-3ec31ee143e8'} Body: {"NeutronError": {"message": "Trunk 8ac51a99-78fa-49b9-86e2-582263916aa5 could not be found.", "type": "TrunkNotFound", "detail": ""}} _log_request_full /root/.rally/verification/verifier-9e381b27-68ea-432c-a4b9-1c92d33412ec/repo/tempest/lib/common/rest_client.py:434
2018-08-25 18:28:33.783 11505 INFO tempest.lib.common.rest_client [req-38bc93b8-d44d-46bf-b632-a5962c54b0a8 ] Request (TrunkTestJSON:_run_cleanups): 404 DELETE http://172.30.9.33:9696/v2.0/trunks/120e990c-b8b2-4385-847e-c9f85fe12343 0.021s
2018-08-25 18:28:33.783 11505 DEBUG tempest.lib.common.rest_client [req-38bc93b8-d44d-46bf-b632-a5962c54b0a8 ] Request - Headers: {'Content-Type': 'application/json', 'Accept': 'application/json', 'X-Auth-Token': ''} Body: None Response - Headers: {'status': '404', u'content-length': '134', 'content-location': 'http://172.30.9.33:9696/v2.0/trunks/120e990c-b8b2-4385-847e-c9f85fe12343', u'date': 'Sat, 25 Aug 2018 18:28:33 GMT', u'content-type': 'application/json', u'connection': 'close', u'x-openstack-request-id': 'req-38bc93b8-d44d-46bf-b632-a5962c54b0a8'} Body: {"NeutronError": {"message": "Trunk 120e990c-b8b2-4385-847e-c9f85fe12343 could not be found.", "type": "TrunkNotFound", "detail": ""}} _log_request_full /root/.rally/verification/verifier-9e381b27-68ea-432c-a4b9-1c92d33412ec/repo/tempest/lib/common/rest_client.py:434
2018-08-25 18:28:33.793 11497 INFO tempest.lib.common.rest_client [req-85f38f53-902c-43d6-944e-6b57e6c3f069 ] Request (TrunkTestJSON:_run_cleanups): 404 GET http://172.30.9.33:9696/v2.0/trunks/6f5b72fa-98dc-4445-a919-93f4500590a7 0.015s
2018-08-25 18:28:33.793 11497 DEBUG tempest.lib.common.rest_client [req-85f38f53-902c-43d6-944e-6b57e6c3f069 ] Request - Headers: {'Content-Type': 'application/json', 'Accept': 'application/json', 'X-Auth-Token': ''} Body: None Response - Headers: {'status': '404', u'content-length': '134', 'content-location': 'http://172.30.9.33:9696/v2.0/trunks/6f5b72fa-98dc-4445-a919-93f4500590a7', u'date': 'Sat, 25 Aug 2018 18:28:33 GMT', u'content-type': 'application/json', u'connection': 'close', u'x-openstack-request-id': 'req-85f38f53-902c-43d6-944e-6b57e6c3f069'} Body: {"NeutronError": {"message": "Trunk 6f5b72fa-98dc-4445-a919-93f4500590a7 could not be found.", "type": "TrunkNotFound", "detail": ""}} _log_request_full /root/.rally/verification/verifier-9e381b27-68ea-432c-a4b9-1c92d33412ec/repo/tempest/lib/common/rest_client.py:434
2018-08-25 18:28:33.800 11505 INFO tempest.lib.common.rest_client [req-96d5d9bb-7930-457a-9f98-1b9e36fc9524 ] Request (TrunkTestJSON:_run_cleanups): 404 GET http://172.30.9.33:9696/v2.0/trunks/e1a41a6c-353e-4a66-820e-e8364778c767/get_subports 0.016s
2018-08-25 18:28:33.800 11505 DEBUG tempest.lib.common.rest_client [req-96d5d9bb-7930-457a-9f98-1b9e36fc9524 ] Request - Headers: {'Content-Type': 'application/json', 'Accept': 'application/json', 'X-Auth-Token': ''} Body: None Response - Headers: {'status': '404', u'content-length': '134', 'content-location': 'http://172.30.9.33:9696/v2.0/trunks/e1a41a6c-353e-4a66-820e-e8364778c767/get_subports', u'date': 'Sat, 25 Aug 2018 18:28:33 GMT', u'content-type': 'application/json', u'connection': 'close', u'x-openstack-request-id': 'req-96d5d9bb-7930-457a-9f98-1b9e36fc9524'} Body: {"NeutronError": {"message": "Trunk e1a41a6c-353e-4a66-820e-e8364778c767 could not be found.", "type": "TrunkNotFound", "detail": ""}} _log_request_full /root/.rally/verification/verifier-9e381b27-68ea-432c-a4b9-1c92d33412ec/repo/tempest/lib/common/rest_client.py:434
2018-08-25 18:28:33.808 11497 INFO tempest.lib.common.rest_client [req-a71bafaf-971c-4a59-bcf1-a1cb2b922081 ] Request (TrunkTestJSON:_run_cleanups): 404 GET http://172.30.9.33:9696/v2.0/trunks/399fa10b-bf46-4840-8983-2e5cf6226838 0.014s
2018-08-25 18:28:33.808 11497 DEBUG tempest.lib.common.rest_client [req-a71bafaf-971c-4a59-bcf1-a1cb2b922081 ] Request - Headers: {'Content-Type': 'application/json', 'Accept': 'application/json', 'X-Auth-Token': ''} Body: None Response - Headers: {'status': '404', u'content-length': '134', 'content-location': 'http://172.30.9.33:9696/v2.0/trunks/399fa10b-bf46-4840-8983-2e5cf6226838', u'date': 'Sat, 25 Aug 2018 18:28:33 GMT', u'content-type': 'application/json', u'connection': 'close', u'x-openstack-request-id': 'req-a71bafaf-971c-4a59-bcf1-a1cb2b922081'} Body: {"NeutronError": {"message": "Trunk 399fa10b-bf46-4840-8983-2e5cf6226838 could not be found.", "type": "TrunkNotFound", "detail": ""}} _log_request_full /root/.rally/verification/verifier-9e381b27-68ea-432c-a4b9-1c92d33412ec/repo/tempest/lib/common/rest_client.py:434
2018-08-25 18:28:33.817 11505 INFO tempest.lib.common.rest_client [req-0875998f-df41-4cc8-bcfd-9b297eb5deb4 ] Request (TrunkTestJSON:_run_cleanups): 404 DELETE http://172.30.9.33:9696/v2.0/trunks/e1a41a6c-353e-4a66-820e-e8364778c767 0.016s
2018-08-25 18:28:33.817 11505 DEBUG tempest.lib.common.rest_client [req-0875998f-df41-4cc8-bcfd-9b297eb5deb4 ] Request - Headers: {'Content-Type': 'application/json', 'Accept': 'application/json', 'X-Auth-Token': ''} Body: None Response - Headers: {'status': '404', u'content-length': '134', 'content-location': 'http://172.30.9.33:9696/v2.0/trunks/e1a41a6c-353e-4a66-820e-e8364778c767', u'date': 'Sat, 25 Aug 2018 18:28:33 GMT', u'content-type': 'application/json', u'connection': 'close', u'x-openstack-request-id': 'req-0875998f-df41-4cc8-bcfd-9b297eb5deb4'} Body: {"NeutronError": {"message": "Trunk e1a41a6c-353e-4a66-820e-e8364778c767 could not be found.", "type": "TrunkNotFound", "detail": ""}} _log_request_full /root/.rally/verification/verifier-9e381b27-68ea-432c-a4b9-1c92d33412ec/repo/tempest/lib/common/rest_client.py:434
2018-08-25 18:28:33.822 11497 INFO tempest.lib.common.rest_client [req-6a9b6319-63d5-48b4-9af7-c084da00494d ] Request (TrunkTestJSON:_run_cleanups): 404 GET http://172.30.9.33:9696/v2.0/trunks/2b289d06-6ce5-4b95-a386-702815aacd62 0.013s
2018-08-25 18:28:33.823 11497 DEBUG tempest.lib.common.rest_client [req-6a9b6319-63d5-48b4-9af7-c084da00494d ] Request - Headers: {'Content-Type': 'application/json', 'Accept': 'application/json', 'X-Auth-Token': ''} Body: None Response - Headers: {'status': '404', u'content-length': '134', 'content-location': 'http://172.30.9.33:9696/v2.0/trunks/2b289d06-6ce5-4b95-a386-702815aacd62', u'date': 'Sat, 25 Aug 2018 18:28:33 GMT', u'content-type': 'application/json', u'connection': 'close', u'x-openstack-request-id': 'req-6a9b6319-63d5-48b4-9af7-c084da00494d'} Body: {"NeutronError": {"message": "Trunk 2b289d06-6ce5-4b95-a386-702815aacd62 could not be found.", "type": "TrunkNotFound", "detail": ""}} _log_request_full /root/.rally/verification/verifier-9e381b27-68ea-432c-a4b9-1c92d33412ec/repo/tempest/lib/common/rest_client.py:434
2018-08-25 18:28:33.837 11505 INFO tempest.lib.common.rest_client [req-d09819c6-37b8-4e0d-86e6-093c61aa77b5 ] Request (TrunkTestJSON:_run_cleanups): 404 GET http://172.30.9.33:9696/v2.0/trunks/a67ab5c0-b1d5-47ed-a867-b15448947b3a/get_subports 0.019s
