2018-08-25 18:28:02.001 11497 DEBUG tempest.lib.common.rest_client [req-d6537177-aa9d-4925-a05f-3e3c88efd0ed ] Request - Headers: {'Content-Type': 'application/json', 'Accept': 'application/json', 'X-Auth-Token': ''} Body: None Response - Headers: {'status': '404', u'content-length': '134', 'content-location': 'http://172.30.9.33:9696/v2.0/trunks/54d8cbcc-40ab-4f7a-85d6-f1f44a8faa23', u'date': 'Sat, 25 Aug 2018 18:28:02 GMT', u'content-type': 'application/json', u'connection': 'close', u'x-openstack-request-id': 'req-d6537177-aa9d-4925-a05f-3e3c88efd0ed'} Body: {"NeutronError": {"message": "Trunk 54d8cbcc-40ab-4f7a-85d6-f1f44a8faa23 could not be found.", "type": "TrunkNotFound", "detail": ""}} _log_request_full /root/.rally/verification/verifier-9e381b27-68ea-432c-a4b9-1c92d33412ec/repo/tempest/lib/common/rest_client.py:434
2018-08-25 18:28:02.032 11497 INFO tempest.lib.common.rest_client [req-d29cf36c-bebb-42f6-9bbd-034a4ac8be50 ] Request (TrunkTestJSON:_run_cleanups): 404 GET http://172.30.9.33:9696/v2.0/trunks/8ac51a99-78fa-49b9-86e2-582263916aa5 0.030s
2018-08-25 18:28:02.032 11497 DEBUG tempest.lib.common.rest_client [req-d29cf36c-bebb-42f6-9bbd-034a4ac8be50 ] Request - Headers: {'Content-Type': 'application/json', 'Accept': 'application/json', 'X-Auth-Token': ''} Body: None Response - Headers: {'status': '404', u'content-length': '134', 'content-location': 'http://172.30.9.33:9696/v2.0/trunks/8ac51a99-78fa-49b9-86e2-582263916aa5', u'date': 'Sat, 25 Aug 2018 18:28:02 GMT', u'content-type': 'application/json', u'connection': 'close', u'x-openstack-request-id': 'req-d29cf36c-bebb-42f6-9bbd-034a4ac8be50'} Body: {"NeutronError": {"message": "Trunk 8ac51a99-78fa-49b9-86e2-582263916aa5 could not be found.", "type": "TrunkNotFound", "detail": ""}} _log_request_full /root/.rally/verification/verifier-9e381b27-68ea-432c-a4b9-1c92d33412ec/repo/tempest/lib/common/rest_client.py:434
2018-08-25 18:28:02.052 11497 INFO tempest.lib.common.rest_client [req-8bdb9b86-0d28-4002-b8f9-ea33a4a3a6d6 ] Request (TrunkTestJSON:_run_cleanups): 404 GET http://172.30.9.33:9696/v2.0/trunks/6f5b72fa-98dc-4445-a919-93f4500590a7 0.018s
2018-08-25 18:28:02.052 11497 DEBUG tempest.lib.common.rest_client [req-8bdb9b86-0d28-4002-b8f9-ea33a4a3a6d6 ] Request - Headers: {'Content-Type': 'application/json', 'Accept': 'application/json', 'X-Auth-Token': ''} Body: None Response - Headers: {'status': '404', u'content-length': '134', 'content-location': 'http://172.30.9.33:9696/v2.0/trunks/6f5b72fa-98dc-4445-a919-93f4500590a7', u'date': 'Sat, 25 Aug 2018 18:28:02 GMT', u'content-type': 'application/json', u'connection': 'close', u'x-openstack-request-id': 'req-8bdb9b86-0d28-4002-b8f9-ea33a4a3a6d6'} Body: {"NeutronError": {"message": "Trunk 6f5b72fa-98dc-4445-a919-93f4500590a7 could not be found.", "type": "TrunkNotFound", "detail": ""}} _log_request_full /root/.rally/verification/verifier-9e381b27-68ea-432c-a4b9-1c92d33412ec/repo/tempest/lib/common/rest_client.py:434
2018-08-25 18:28:02.071 11497 INFO tempest.lib.common.rest_client [req-4d400d2b-9789-4404-977d-3ff942e18168 ] Request (TrunkTestJSON:_run_cleanups): 404 GET http://172.30.9.33:9696/v2.0/trunks/399fa10b-bf46-4840-8983-2e5cf6226838 0.018s
2018-08-25 18:28:02.071 11497 DEBUG tempest.lib.common.rest_client [req-4d400d2b-9789-4404-977d-3ff942e18168 ] Request - Headers: {'Content-Type': 'application/json', 'Accept': 'application/json', 'X-Auth-Token': ''} Body: None Response - Headers: {'status': '404', u'content-length': '134', 'content-location': 'http://172.30.9.33:9696/v2.0/trunks/399fa10b-bf46-4840-8983-2e5cf6226838', u'date': 'Sat, 25 Aug 2018 18:28:02 GMT', u'content-type': 'application/json', u'connection': 'close', u'x-openstack-request-id': 'req-4d400d2b-9789-4404-977d-3ff942e18168'} Body: {"NeutronError": {"message": "Trunk 399fa10b-bf46-4840-8983-2e5cf6226838 could not be found.", "type": "TrunkNotFound", "detail": ""}} _log_request_full /root/.rally/verification/verifier-9e381b27-68ea-432c-a4b9-1c92d33412ec/repo/tempest/lib/common/rest_client.py:434
2018-08-25 18:28:02.090 11497 INFO tempest.lib.common.rest_client [req-7f630c7f-11a9-44ca-ac70-1f5d84d8e3d7 ] Request (TrunkTestJSON:_run_cleanups): 404 GET http://172.30.9.33:9696/v2.0/trunks/2b289d06-6ce5-4b95-a386-702815aacd62 0.018s
2018-08-25 18:28:02.090 11497 DEBUG tempest.lib.common.rest_client [req-7f630c7f-11a9-44ca-ac70-1f5d84d8e3d7 ] Request - Headers: {'Content-Type': 'application/json', 'Accept': 'application/json', 'X-Auth-Token': ''} Body: None Response - Headers: {'status': '404', u'content-length': '134', 'content-location': 'http://172.30.9.33:9696/v2.0/trunks/2b289d06-6ce5-4b95-a386-702815aacd62', u'date': 'Sat, 25 Aug 2018 18:28:02 GMT', u'content-type': 'application/json', u'connection': 'close', u'x-openstack-request-id': 'req-7f630c7f-11a9-44ca-ac70-1f5d84d8e3d7'} Body: {"NeutronError": {"message": "Trunk 2b289d06-6ce5-4b95-a386-702815aacd62 could not be found.", "type": "TrunkNotFound", "detail": ""}} _log_request_full /root/.rally/verification/verifier-9e381b27-68ea-432c-a4b9-1c92d33412ec/repo/tempest/lib/common/rest_client.py:434
2018-08-25 18:28:02.116 11497 INFO tempest.lib.common.rest_client [req-174ea76f-3a66-4ffe-bbc5-1ce0cc444b71 ] Request (TrunkTestJSON:_run_cleanups): 404 GET http://172.30.9.33:9696/v2.0/trunks/37cb22b0-fdb9-41af-b34e-a626100e2f3b 0.025s
2018-08-25 18:28:02.116 11497 DEBUG tempest.lib.common.rest_client [req-174ea76f-3a66-4ffe-bbc5-1ce0cc444b71 ] Request - Headers: {'Content-Type': 'application/json', 'Accept': 'application/json', 'X-Auth-Token': ''} Body: None Response - Headers: {'status': '404', u'content-length': '134', 'content-location': 'http://172.30.9.33:9696/v2.0/trunks/37cb22b0-fdb9-41af-b34e-a626100e2f3b', u'date': 'Sat, 25 Aug 2018 18:28:02 GMT', u'content-type': 'application/json', u'connection': 'close', u'x-openstack-request-id': 'req-174ea76f-3a66-4ffe-bbc5-1ce0cc444b71'} Body: {"NeutronError": {"message": "Trunk 37cb22b0-fdb9-41af-b34e-a626100e2f3b could not be found.", "type": "TrunkNotFound", "detail": ""}} _log_request_full /root/.rally/verification/verifier-9e381b27-68ea-432c-a4b9-1c92d33412ec/repo/tempest/lib/common/rest_client.py:434
2018-08-25 18:28:02.129 11497 INFO tempest.lib.common.rest_client [req-1d53867d-3177-4a45-afdd-81e2aa371175 ] Request (TrunkTestJSON:_run_cleanups): 404 GET http://172.30.9.33:9696/v2.0/trunks/ff5f4ea9-7b19-4c8e-8e94-d8dde7870774 0.012s
2018-08-25 18:28:02.129 11497 DEBUG tempest.lib.common.rest_client [req-1d53867d-3177-4a45-afdd-81e2aa371175 ] Request - Headers: {'Content-Type': 'application/json', 'Accept': 'application/json', 'X-Auth-Token': ''} Body: None Response - Headers: {'status': '404', u'content-length': '134', 'content-location': 'http://172.30.9.33:9696/v2.0/trunks/ff5f4ea9-7b19-4c8e-8e94-d8dde7870774', u'date': 'Sat, 25 Aug 2018 18:28:02 GMT', u'content-type': 'application/json', u'connection': 'close', u'x-openstack-request-id': 'req-1d53867d-3177-4a45-afdd-81e2aa371175'} Body: {"NeutronError": {"message": "Trunk ff5f4ea9-7b19-4c8e-8e94-d8dde7870774 could not be found.", "type": "TrunkNotFound", "detail": ""}} _log_request_full /root/.rally/verification/verifier-9e381b27-68ea-432c-a4b9-1c92d33412ec/repo/tempest/lib/common/rest_client.py:434
2018-08-25 18:28:02.147 11497 INFO tempest.lib.common.rest_client [req-a7dbe991-29c2-4231-92ff-36072d056479 ] Request (TrunkTestJSON:_run_cleanups): 404 GET http://172.30.9.33:9696/v2.0/trunks/54d8cbcc-40ab-4f7a-85d6-f1f44a8faa23 0.017s
2018-08-25 18:28:02.147 11497 DEBUG tempest.lib.common.rest_client [req-a7dbe991-29c2-4231-92ff-36072d056479 ] Request - Headers: {'Content-Type': 'application/json', 'Accept': 'application/json', 'X-Auth-Token': ''} Body: None Response - Headers: {'status': '404', u'content-length': '134', 'content-location': 'http://172.30.9.33:9696/v2.0/trunks/54d8cbcc-40ab-4f7a-85d6-f1f44a8faa23', u'date': 'Sat, 25 Aug 2018 18:28:02 GMT', u'content-type': 'application/json', u'connection': 'close', u'x-openstack-request-id': 'req-a7dbe991-29c2-4231-92ff-36072d056479'} Body: {"NeutronError": {"message": "Trunk 54d8cbcc-40ab-4f7a-85d6-f1f44a8faa23 could not be found.", "type": "TrunkNotFound", "detail": ""}} _log_request_full /root/.rally/verification/verifier-9e381b27-68ea-432c-a4b9-1c92d33412ec/repo/tempest/lib/common/rest_client.py:434
2018-08-25 18:28:02.183 11497 INFO tempest.lib.common.rest_client [req-306946d4-1b66-4345-9ea7-315dcff7d1f1 ] Request (TrunkTestJSON:_run_cleanups): 404 DELETE http://172.30.9.33:9696/v2.0/ports/48e82ddc-14bb-4c19-9354-8cc8508ee125 0.035s
2018-08-25 18:28:02.184 11497 DEBUG tempest.lib.common.rest_client [req-306946d4-1b66-4345-9ea7-315dcff7d1f1 ] Request - Headers: {'Content-Type': 'application/json', 'Accept': 'application/json', 'X-Auth-Token': ''} Body: None Response - Headers: {'status': '404', u'content-length': '132', 'content-location': 'http://172.30.9.33:9696/v2.0/ports/48e82ddc-14bb-4c19-9354-8cc8508ee125', u'date': 'Sat, 25 Aug 2018 18:28:02 GMT', u'content-type': 'application/json', u'connection': 'close', u'x-openstack-request-id': 'req-306946d4-1b66-4345-9ea7-315dcff7d1f1'} Body: {"NeutronError": {"message": "Port 48e82ddc-14bb-4c19-9354-8cc8508ee125 could not be found.", "type": "PortNotFound", "detail": ""}} _log_request_full /root/.rally/verification/verifier-9e381b27-68ea-432c-a4b9-1c92d33412ec/repo/tempest/lib/common/rest_client.py:434
2018-08-25 18:28:02.217 11497 INFO tempest.lib.common.rest_client [req-eece8e7c-3f8c-45c7-8c4c-0f441f701400 ] Request (TrunkTestJSON:_run_cleanups): 404 DELETE http://172.30.9.33:9696/v2.0/ports/0e85926b-6c0e-486d-94ba-3c9c8ab61989 0.032s
2018-08-25 18:28:02.217 11497 DEBUG tempest.lib.common.rest_client [req-eece8e7c-3f8c-45c7-8c4c-0f441f701400 ] Request - Headers: {'Content-Type': 'application/json', 'Accept': 'application/json', 'X-Auth-Token': ''} Body: None Response - Headers: {'status': '404', u'content-length': '132', 'content-location': 'http://172.30.9.33:9696/v2.0/ports/0e85926b-6c0e-486d-94ba-3c9c8ab61989', u'date': 'Sat, 25 Aug 2018 18:28:02 GMT', u'content-type': 'application/json', u'connection': 'close', u'x-openstack-request-id': 'req-eece8e7c-3f8c-45c7-8c4c-0f441f701400'} Body: {"NeutronError": {"message": "Port 0e85926b-6c0e-486d-94ba-3c9c8ab61989 could not be found.", "type": "PortNotFound", "detail": ""}} _log_request_full /root/.rally/verification/verifier-9e381b27-68ea-432c-a4b9-1c92d33412ec/repo/tempest/lib/common/rest_client.py:434
2018-08-25 18:28:02.248 11497 INFO tempest.lib.common.rest_client [req-bc05dc6b-2462-4162-95e7-d14cfde52389 ] Request (TrunkTestJSON:_run_cleanups): 404 DELETE http://172.30.9.33:9696/v2.0/ports/c1eb02c4-036d-4b2b-b1bf-611382a3bab5 0.029s
2018-08-25 18:28:02.248 11497 DEBUG tempest.lib.common.rest_client [req-bc05dc6b-2462-4162-95e7-d14cfde52389 ] Request - Headers: {'Content-Type': 'application/json', 'Accept': 'application/json', 'X-Auth-Token': ''} Body: None Response - Headers: {'status': '404', u'content-length': '132', 'content-location': 'http://172.30.9.33:9696/v2.0/ports/c1eb02c4-036d-4b2b-b1bf-611382a3bab5', u'date': 'Sat, 25 Aug 2018 18:28:02 GMT', u'content-type': 'application/json', u'connection': 'close', u'x-openstack-request-id': 'req-bc05dc6b-2462-4162-95e7-d14cfde52389'} Body: {"NeutronError": {"message": "Port c1eb02c4-036d-4b2b-b1bf-611382a3bab5 could not be found.", "type": "PortNotFound", "detail": ""}} _log_request_full /root/.rally/verification/verifier-9e381b27-68ea-432c-a4b9-1c92d33412ec/repo/tempest/lib/common/rest_client.py:434
2018-08-25 18:28:02.277 11497 INFO tempest.lib.common.rest_client [req-d56af9d9-959f-46af-b5bc-9ce4055383ca ] Request (TrunkTestJSON:_run_cleanups): 404 DELETE http://172.30.9.33:9696/v2.0/ports/3479da43-6706-47aa-9bf1-700959c2d7e4 0.028s
2018-08-25 18:28:02.278 11497 DEBUG tempest.lib.common.rest_client [req-d56af9d9-959f-46af-b5bc-9ce4055383ca ] Request - Headers: {'Content-Type': 'application/json', 'Accept': 'application/json', 'X-Auth-Token': ''} Body: None Response - Headers: {'status': '404', u'content-length': '132', 'content-location': 'http://172.30.9.33:9696/v2.0/ports/3479da43-6706-47aa-9bf1-700959c2d7e4', u'date': 'Sat, 25 Aug 2018 18:28:02 GMT', u'content-type': 'application/json', u'connection': 'close', u'x-openstack-request-id': 'req-d56af9d9-959f-46af-b5bc-9ce4055383ca'} Body: {"NeutronError": {"message": "Port 3479da43-6706-47aa-9bf1-700959c2d7e4 could not be found.", "type": "PortNotFound", "detail": ""}} _log_request_full /root/.rally/verification/verifier-9e381b27-68ea-432c-a4b9-1c92d33412ec/repo/tempest/lib/common/rest_client.py:434
2018-08-25 18:28:02.309 11497 INFO tempest.lib.common.rest_client [req-06d8a4a7-e03c-47e4-a4b4-22bc0c97d3bf ] Request (TrunkTestJSON:_run_cleanups): 404 DELETE http://172.30.9.33:9696/v2.0/ports/be82eb57-196c-41fc-94fa-648b6301be25 0.031s
2018-08-25 18:28:02.310 11497 DEBUG tempest.lib.common.rest_client [req-06d8a4a7-e03c-47e4-a4b4-22bc0c97d3bf ] Request - Headers: {'Content-Type': 'application/json', 'Accept': 'application/json', 'X-Auth-Token': ''} Body: None Response - Headers: {'status': '404', u'content-length': '132', 'content-location': 'http://172.30.9.33:9696/v2.0/ports/be82eb57-196c-41fc-94fa-648b6301be25', u'date': 'Sat, 25 Aug 2018 18:28:02 GMT', u'content-type': 'application/json', u'connection': 'close', u'x-openstack-request-id': 'req-06d8a4a7-e03c-47e4-a4b4-22bc0c97d3bf'} Body: {"NeutronError": {"message": "Port be82eb57-196c-41fc-94fa-648b6301be25 could not be found.", "type": "PortNotFound", "detail": ""}} _log_request_full /root/.rally/verification/verifier-9e381b27-68ea-432c-a4b9-1c92d33412ec/repo/tempest/lib/common/rest_client.py:434
2018-08-25 18:28:02.338 11497 INFO tempest.lib.common.rest_client [req-39904e7a-f665-4ebe-8ac8-f102902fea7f ] Request (TrunkTestJSON:_run_cleanups): 404 DELETE http://172.30.9.33:9696/v2.0/ports/4574d5f8-0d72-4798-b82a-5f461b1859d6 0.028s
2018-08-25 18:28:02.339 11497 DEBUG tempest.lib.common.rest_client [req-39904e7a-f665-4ebe-8ac8-f102902fea7f ] Request - Headers: {'Content-Type': 'application/json', 'Accept': 'application/json', 'X-Auth-Token': ''} Body: None Response - Headers: {'status': '404', u'content-length': '132', 'content-location': 'http://172.30.9.33:9696/v2.0/ports/4574d5f8-0d72-4798-b82a-5f461b1859d6', u'date': 'Sat, 25 Aug 2018 18:28:02 GMT', u'content-type': 'application/json', u'connection': 'close', u'x-openstack-request-id': 'req-39904e7a-f665-4ebe-8ac8-f102902fea7f'} Body: {"NeutronError": {"message": "Port 4574d5f8-0d72-4798-b82a-5f461b1859d6 could not be found.", "type": "PortNotFound", "detail": ""}} _log_request_full /root/.rally/verification/verifier-9e381b27-68ea-432c-a4b9-1c92d33412ec/repo/tempest/lib/common/rest_client.py:434
2018-08-25 18:28:02.368 11497 INFO tempest.lib.common.rest_client [req-0260b8da-9c84-4487-8076-efb9d3320ecc ] Request (TrunkTestJSON:_run_cleanups): 404 DELETE http://172.30.9.33:9696/v2.0/ports/bd237bb6-2a13-4965-8b75-b1040be4224b 0.028s
2018-08-25 18:28:02.369 11497 DEBUG tempest.lib.common.rest_client [req-0260b8da-9c84-4487-8076-efb9d3320ecc ] Request - Headers: {'Content-Type': 'application/json', 'Accept': 'application/json', 'X-Auth-Token': ''} Body: None Response - Headers: {'status': '404', u'content-length': '132', 'content-location': 'http://172.30.9.33:9696/v2.0/ports/bd237bb6-2a13-4965-8b75-b1040be4224b', u'date': 'Sat, 25 Aug 2018 18:28:02 GMT', u'content-type': 'application/json', u'connection': 'close', u'x-openstack-request-id': 'req-0260b8da-9c84-4487-8076-efb9d3320ecc'} Body: {"NeutronError": {"message": "Port bd237bb6-2a13-4965-8b75-b1040be4224b could not be found.", "type": "PortNotFound", "detail": ""}} _log_request_full /root/.rally/verification/verifier-9e381b27-68ea-432c-a4b9-1c92d33412ec/repo/tempest/lib/common/rest_client.py:434
2018-08-25 18:28:02.773 11505 INFO tempest.lib.common.rest_client [req-941d1b7b-3055-4c6e-9fd5-393c9dfb9b9e ] Request (TrunkTestJSON:test_create_subport_nonexistent_port_id): 201 POST http://172.30.9.33:9696/v2.0/ports 0.788s
2018-08-25 18:28:02.773 11505 DEBUG tempest.lib.common.rest_client [req-941d1b7b-3055-4c6e-9fd5-393c9dfb9b9e ] Request - Headers: {'Content-Type': 'application/json', 'Accept': 'application/json', 'X-Auth-Token': ''} Body: {"port": {"network_id": "cf702611-3590-482f-97fd-32601c484026"}} Response - Headers: {'status': '201', u'content-length': '615', 'content-location': 'http://172.30.9.33:9696/v2.0/ports', u'date': 'Sat, 25 Aug 2018 18:28:02 GMT', u'content-type': 'application/json', u'connection': 'close', u'x-openstack-request-id': 'req-941d1b7b-3055-4c6e-9fd5-393c9dfb9b9e'} Body: {"port":{"status":"DOWN","created_at":"2018-08-25T18:28:02Z","description":"","allowed_address_pairs":[],"tags":[],"network_id":"cf702611-3590-482f-97fd-32601c484026","tenant_id":"33298a08ba7c479497edd897524890f6","extra_dhcp_opts":[],"admin_state_up":true,"updated_at":"2018-08-25T18:28:02Z","name":"","device_owner":"","revision_number":1,"mac_address":"fa:16:3e:32:ac:01","binding:vnic_type":"normal","port_security_enabled":true,"project_id":"33298a08ba7c479497edd897524890f6","fixed_ips":[],"id":"ddc9cc55-7603-4383-9b50-ae3c0ae6f7f5","security_groups":["14270190-e4a0-48dc-975b-e25f6478058f"],"device_id":""}} _log_request_full /root/.rally/verification/verifier-9e381b27-68ea-432c-a4b9-1c92d33412ec/repo/tempest/lib/common/rest_client.py:434
2018-08-25 18:28:02.883 11497 INFO tempest.lib.common.rest_client [req-d379a2ce-7796-4e4f-9f29-9364c18da951 ] Request (TrunkTestJSON:_run_cleanups): 204 DELETE http://172.30.9.33:9696/v2.0/ports/efc20468-8e26-4c75-961b-1247881ed6d5 0.513s
2018-08-25 18:28:02.883 11497 DEBUG tempest.lib.common.rest_client [req-d379a2ce-7796-4e4f-9f29-9364c18da951 ] Request - Headers: {'Content-Type': 'application/json', 'Accept': 'application/json', 'X-Auth-Token': ''} Body: None Response - Headers: {'status': '204', u'content-length': '0', 'content-location': 'http://172.30.9.33:9696/v2.0/ports/efc20468-8e26-4c75-961b-1247881ed6d5', u'date': 'Sat, 25 Aug 2018 18:28:02 GMT', u'connection': 'close', u'x-openstack-request-id': 'req-d379a2ce-7796-4e4f-9f29-9364c18da951'} Body: _log_request_full /root/.rally/verification/verifier-9e381b27-68ea-432c-a4b9-1c92d33412ec/repo/tempest/lib/common/rest_client.py:434
2018-08-25 18:28:03.118 11505 INFO tempest.lib.common.rest_client [req-9d954535-8199-4176-9924-bc76e5648d41 ] Request (TrunkTestJSON:test_create_subport_nonexistent_port_id): 201 POST http://172.30.9.33:9696/v2.0/trunks 0.343s
2018-08-25 18:28:03.118 11505 DEBUG tempest.lib.common.rest_client [req-9d954535-8199-4176-9924-bc76e5648d41 ] Request - Headers: {'Content-Type': 'application/json', 'Accept': 'application/json', 'X-Auth-Token': ''} Body: {"trunk": {"sub_ports": [], "port_id": "ddc9cc55-7603-4383-9b50-ae3c0ae6f7f5"}} Response - Headers: {'status': '201', u'content-length': '409', 'content-location': 'http://172.30.9.33:9696/v2.0/trunks', u'date': 'Sat, 25 Aug 2018 18:28:03 GMT', u'content-type': 'application/json', u'connection': 'close', u'x-openstack-request-id': 'req-9d954535-8199-4176-9924-bc76e5648d41'} Body: {"trunk": {"status": "ACTIVE", "sub_ports": [], "name": "", "admin_state_up": true, "tenant_id": "33298a08ba7c479497edd897524890f6", "created_at": "2018-08-25T18:28:03Z", "tags": [], "updated_at": "2018-08-25T18:28:03Z", "revision_number": 1, "project_id": "33298a08ba7c479497edd897524890f6", "port_id": "ddc9cc55-7603-4383-9b50-ae3c0ae6f7f5", "id": "254f68c4-14ee-4106-a24c-4b60ecfdca6f", "description": ""}} _log_request_full /root/.rally/verification/verifier-9e381b27-68ea-432c-a4b9-1c92d33412ec/repo/tempest/lib/common/rest_client.py:434
2018-08-25 18:28:03.368 11505 INFO tempest.lib.common.rest_client [req-7c74254a-52a5-4ee5-adf2-fddd7af52ba5 ] Request (TrunkTestJSON:test_create_subport_nonexistent_port_id): 404 PUT http://172.30.9.33:9696/v2.0/trunks/254f68c4-14ee-4106-a24c-4b60ecfdca6f/add_subports 0.248s
2018-08-25 18:28:03.368 11505 DEBUG tempest.lib.common.rest_client [req-7c74254a-52a5-4ee5-adf2-fddd7af52ba5 ] Request - Headers: {'Content-Type': 'application/json', 'Accept': 'application/json', 'X-Auth-Token': ''} Body: {"sub_ports": [{"segmentation_type": "vlan", "port_id": "a3bf27ac-99b3-4b9a-b7c9-3e3b5531d3af", "segmentation_id": 2}]} Response - Headers: {'status': '404', u'content-length': '132', 'content-location': 'http://172.30.9.33:9696/v2.0/trunks/254f68c4-14ee-4106-a24c-4b60ecfdca6f/add_subports', u'date': 'Sat, 25 Aug 2018 18:28:03 GMT', u'content-type': 'application/json', u'connection': 'close', u'x-openstack-request-id': 'req-7c74254a-52a5-4ee5-adf2-fddd7af52ba5'} Body: {"NeutronError": {"message": "Port a3bf27ac-99b3-4b9a-b7c9-3e3b5531d3af could not be found.", "type": "PortNotFound", "detail": ""}} _log_request_full /root/.rally/verification/verifier-9e381b27-68ea-432c-a4b9-1c92d33412ec/repo/tempest/lib/common/rest_client.py:434
2018-08-25 18:28:03.373 11497 INFO tempest.lib.common.rest_client [req-567dbfb2-ddcc-4816-b679-cd6876f77166 ] Request (TrunkTestJSON:_run_cleanups): 204 DELETE http://172.30.9.33:9696/v2.0/ports/43db3356-a556-47f5-897f-84ea23e12363 0.489s
2018-08-25 18:28:03.373 11497 DEBUG tempest.lib.common.rest_client [req-567dbfb2-ddcc-4816-b679-cd6876f77166 ] Request - Headers: {'Content-Type': 'application/json', 'Accept': 'application/json', 'X-Auth-Token': ''} Body: None Response - Headers: {'status': '204', u'content-length': '0', 'content-location': 'http://172.30.9.33:9696/v2.0/ports/43db3356-a556-47f5-897f-84ea23e12363', u'date': 'Sat, 25 Aug 2018 18:28:03 GMT', u'connection': 'close', u'x-openstack-request-id': 'req-567dbfb2-ddcc-4816-b679-cd6876f77166'} Body: _log_request_full /root/.rally/verification/verifier-9e381b27-68ea-432c-a4b9-1c92d33412ec/repo/tempest/lib/common/rest_client.py:434
2018-08-25 18:28:03.387 11505 INFO tempest.lib.common.rest_client [req-6b8ac10e-adaf-4018-ba23-282af41041d2 ] Request (TrunkTestJSON:_run_cleanups): 404 GET http://172.30.9.33:9696/v2.0/trunks/120e990c-b8b2-4385-847e-c9f85fe12343/get_subports 0.017s
2018-08-25 18:28:03.387 11505 DEBUG tempest.lib.common.rest_client [req-6b8ac10e-adaf-4018-ba23-282af41041d2 ] Request - Headers: {'Content-Type': 'application/json', 'Accept': 'application/json', 'X-Auth-Token': ''} Body: None Response - Headers: {'status': '404', u'content-length': '134', 'content-location': 'http://172.30.9.33:9696/v2.0/trunks/120e990c-b8b2-4385-847e-c9f85fe12343/get_subports', u'date': 'Sat, 25 Aug 2018 18:28:03 GMT', u'content-type': 'application/json', u'connection': 'close', u'x-openstack-request-id': 'req-6b8ac10e-adaf-4018-ba23-282af41041d2'} Body: {"NeutronError": {"message": "Trunk 120e990c-b8b2-4385-847e-c9f85fe12343 could not be found.", "type": "TrunkNotFound", "detail": ""}} _log_request_full /root/.rally/verification/verifier-9e381b27-68ea-432c-a4b9-1c92d33412ec/repo/tempest/lib/common/rest_client.py:434
2018-08-25 18:28:03.400 11497 INFO tempest.lib.common.rest_client [req-686fa86f-3876-4724-9014-bc15296bc3b6 ] Request (TrunkTestJSON:_run_cleanups): 404 DELETE http://172.30.9.33:9696/v2.0/networks/7ab7e372-cc58-4d97-8861-84c4b02e6870 0.026s
2018-08-25 18:28:03.400 11497 DEBUG tempest.lib.common.rest_client [req-686fa86f-3876-4724-9014-bc15296bc3b6 ] Request - Headers: {'Content-Type': 'application/json', 'Accept': 'application/json', 'X-Auth-Token': ''} Body: None Response - Headers: {'status': '404', u'content-length': '138', 'content-location': 'http://172.30.9.33:9696/v2.0/networks/7ab7e372-cc58-4d97-8861-84c4b02e6870', u'date': 'Sat, 25 Aug 2018 18:28:03 GMT', u'content-type': 'application/json', u'connection': 'close', u'x-openstack-request-id': 'req-686fa86f-3876-4724-9014-bc15296bc3b6'} Body: {"NeutronError": {"message": "Network 7ab7e372-cc58-4d97-8861-84c4b02e6870 could not be found.", "type": "NetworkNotFound", "detail": ""}} _log_request_full /root/.rally/verification/verifier-9e381b27-68ea-432c-a4b9-1c92d33412ec/repo/tempest/lib/common/rest_client.py:434
2018-08-25 18:28:03.419 11505 INFO tempest.lib.common.rest_client [req-bd6b37ca-021a-42e5-829d-889cad22f1e0 ] Request (TrunkTestJSON:_run_cleanups): 404 DELETE http://172.30.9.33:9696/v2.0/trunks/120e990c-b8b2-4385-847e-c9f85fe12343 0.031s
2018-08-25 18:28:03.419 11505 DEBUG tempest.lib.common.rest_client [req-bd6b37ca-021a-42e5-829d-889cad22f1e0 ] Request - Headers: {'Content-Type': 'application/json', 'Accept': 'application/json', 'X-Auth-Token': ''} Body: None Response - Headers: {'status': '404', u'content-length': '134', 'content-location': 'http://172.30.9.33:9696/v2.0/trunks/120e990c-b8b2-4385-847e-c9f85fe12343', u'date': 'Sat, 25 Aug 2018 18:28:03 GMT', u'content-type': 'application/json', u'connection': 'close', u'x-openstack-request-id': 'req-bd6b37ca-021a-42e5-829d-889cad22f1e0'} Body: {"NeutronError": {"message": "Trunk 120e990c-b8b2-4385-847e-c9f85fe12343 could not be found.", "type": "TrunkNotFound", "detail": ""}} _log_request_full /root/.rally/verification/verifier-9e381b27-68ea-432c-a4b9-1c92d33412ec/repo/tempest/lib/common/rest_client.py:434
2018-08-25 18:28:03.426 11497 INFO tempest.lib.common.rest_client [req-ffa84db1-2584-4efb-b8a1-87bca0d941e1 ] Request (TrunkTestJSON:_run_cleanups): 404 DELETE http://172.30.9.33:9696/v2.0/networks/7d655cbf-05d0-4f1a-b257-9d1f7a1ee893 0.025s
2018-08-25 18:28:03.427 11497 DEBUG tempest.lib.common.rest_client [req-ffa84db1-2584-4efb-b8a1-87bca0d941e1 ] Request - Headers: {'Content-Type': 'application/json', 'Accept': 'application/json', 'X-Auth-Token': ''} Body: None Response - Headers: {'status': '404', u'content-length': '138', 'content-location': 'http://172.30.9.33:9696/v2.0/networks/7d655cbf-05d0-4f1a-b257-9d1f7a1ee893', u'date': 'Sat, 25 Aug 2018 18:28:03 GMT', u'content-type': 'application/json', u'connection': 'close', u'x-openstack-request-id': 'req-ffa84db1-2584-4efb-b8a1-87bca0d941e1'} Body: {"NeutronError": {"message": "Network 7d655cbf-05d0-4f1a-b257-9d1f7a1ee893 could not be found.", "type": "NetworkNotFound", "detail": ""}} _log_request_full /root/.rally/verification/verifier-9e381b27-68ea-432c-a4b9-1c92d33412ec/repo/tempest/lib/common/rest_client.py:434
2018-08-25 18:28:03.435 11505 INFO tempest.lib.common.rest_client [req-de372180-89c0-4ede-b613-16f898e72d37 ] Request (TrunkTestJSON:_run_cleanups): 404 GET http://172.30.9.33:9696/v2.0/trunks/e1a41a6c-353e-4a66-820e-e8364778c767/get_subports 0.015s
2018-08-25 18:28:03.435 11505 DEBUG tempest.lib.common.rest_client [req-de372180-89c0-4ede-b613-16f898e72d37 ] Request - Headers: {'Content-Type': 'application/json', 'Accept': 'application/json', 'X-Auth-Token': ''} Body: None Response - Headers: {'status': '404', u'content-length': '134', 'content-location': 'http://172.30.9.33:9696/v2.0/trunks/e1a41a6c-353e-4a66-820e-e8364778c767/get_subports', u'date': 'Sat, 25 Aug 2018 18:28:03 GMT', u'content-type': 'application/json', u'connection': 'close', u'x-openstack-request-id': 'req-de372180-89c0-4ede-b613-16f898e72d37'} Body: {"NeutronError": {"message": "Trunk e1a41a6c-353e-4a66-820e-e8364778c767 could not be found.", "type": "TrunkNotFound", "detail": ""}} _log_request_full /root/.rally/verification/verifier-9e381b27-68ea-432c-a4b9-1c92d33412ec/repo/tempest/lib/common/rest_client.py:434
2018-08-25 18:28:03.450 11497 INFO tempest.lib.common.rest_client [req-0fce9e83-a329-4121-959a-e58a70c36e9d ] Request (TrunkTestJSON:_run_cleanups): 404 DELETE http://172.30.9.33:9696/v2.0/networks/dd8a1514-1107-4464-a50f-cea8ae55852e 0.022s
2018-08-25 18:28:03.450 11497 DEBUG tempest.lib.common.rest_client [req-0fce9e83-a329-4121-959a-e58a70c36e9d ] Request - Headers: {'Content-Type': 'application/json', 'Accept': 'application/json', 'X-Auth-Token': ''} Body: None Response - Headers: {'status': '404', u'content-length': '138', 'content-location': 'http://172.30.9.33:9696/v2.0/networks/dd8a1514-1107-4464-a50f-cea8ae55852e', u'date': 'Sat, 25 Aug 2018 18:28:03 GMT', u'content-type': 'application/json', u'connection': 'close', u'x-openstack-request-id': 'req-0fce9e83-a329-4121-959a-e58a70c36e9d'} Body: {"NeutronError": {"message": "Network dd8a1514-1107-4464-a50f-cea8ae55852e could not be found.", "type": "NetworkNotFound", "detail": ""}} _log_request_full /root/.rally/verification/verifier-9e381b27-68ea-432c-a4b9-1c92d33412ec/repo/tempest/lib/common/rest_client.py:434
2018-08-25 18:28:03.452 11505 INFO tempest.lib.common.rest_client [req-6c0b7a58-b4c9-48ef-a0fe-cc62a6f7c77d ] Request (TrunkTestJSON:_run_cleanups): 404 DELETE http://172.30.9.33:9696/v2.0/trunks/e1a41a6c-353e-4a66-820e-e8364778c767 0.016s
2018-08-25 18:28:03.452 11505 DEBUG tempest.lib.common.rest_client [req-6c0b7a58-b4c9-48ef-a0fe-cc62a6f7c77d ] Request - Headers: {'Content-Type': 'application/json', 'Accept': 'application/json', 'X-Auth-Token': ''} Body: None Response - Headers: {'status': '404', u'content-length': '134', 'content-location': 'http://172.30.9.33:9696/v2.0/trunks/e1a41a6c-353e-4a66-820e-e8364778c767', u'date': 'Sat, 25 Aug 2018 18:28:03 GMT', u'content-type': 'application/json', u'connection': 'close', u'x-openstack-request-id': 'req-6c0b7a58-b4c9-48ef-a0fe-cc62a6f7c77d'} Body: {"NeutronError": {"message": "Trunk e1a41a6c-353e-4a66-820e-e8364778c767 could not be found.", "type": "TrunkNotFound", "detail": ""}} _log_request_full /root/.rally/verification/verifier-9e381b27-68ea-432c-a4b9-1c92d33412ec/repo/tempest/lib/common/rest_client.py:434
2018-08-25 18:28:03.467 11505 INFO tempest.lib.common.rest_client [req-f0953748-c4dc-4c30-8ba5-cf1bad0ea1b4 ] Request (TrunkTestJSON:_run_cleanups): 404 GET http://172.30.9.33:9696/v2.0/trunks/a67ab5c0-b1d5-47ed-a867-b15448947b3a/get_subports 0.013s
2018-08-25 18:28:03.467 11505 DEBUG tempest.lib.common.rest_client [req-f0953748-c4dc-4c30-8ba5-cf1bad0ea1b4 ] Request - Headers: {'Content-Type': 'application/json', 'Accept': 'application/json', 'X-Auth-Token': ''} Body: None Response - Headers: {'status': '404', u'content-length': '134', 'content-location': 'http://172.30.9.33:9696/v2.0/trunks/a67ab5c0-b1d5-47ed-a867-b15448947b3a/get_subports', u'date': 'Sat, 25 Aug 2018 18:28:03 GMT', u'content-type': 'application/json', u'connection': 'close', u'x-openstack-request-id': 'req-f0953748-c4dc-4c30-8ba5-cf1bad0ea1b4'} Body: {"NeutronError": {"message": "Trunk a67ab5c0-b1d5-47ed-a867-b15448947b3a could not be found.", "type": "TrunkNotFound", "detail": ""}} _log_request_full /root/.rally/verification/verifier-9e381b27-68ea-432c-a4b9-1c92d33412ec/repo/tempest/lib/common/rest_client.py:434
2018-08-25 18:28:03.471 11497 INFO tempest.lib.common.rest_client [req-b13cb549-609e-4720-a51d-277c942cee1e ] Request (TrunkTestJSON:_run_cleanups): 404 DELETE http://172.30.9.33:9696/v2.0/networks/65a28c31-a150-4b2f-a98b-e8269876fa48 0.020s
2018-08-25 18:28:03.472 11497 DEBUG tempest.lib.common.rest_client [req-b13cb549-609e-4720-a51d-277c942cee1e ] Request - Headers: {'Content-Type': 'application/json', 'Accept': 'application/json', 'X-Auth-Token': ''} Body: None Response - Headers: {'status': '404', u'content-length': '138', 'content-location': 'http://172.30.9.33:9696/v2.0/networks/65a28c31-a150-4b2f-a98b-e8269876fa48', u'date': 'Sat, 25 Aug 2018 18:28:03 GMT', u'content-type': 'application/json', u'connection': 'close', u'x-openstack-request-id': 'req-b13cb549-609e-4720-a51d-277c942cee1e'} Body: {"NeutronError": {"message": "Network 65a28c31-a150-4b2f-a98b-e8269876fa48 could not be found.", "type": "NetworkNotFound", "detail": ""}} _log_request_full /root/.rally/verification/verifier-9e381b27-68ea-432c-a4b9-1c92d33412ec/repo/tempest/lib/common/rest_client.py:434
2018-08-25 18:28:03.481 11505 INFO tempest.lib.common.rest_client [req-f151d6a8-749a-4584-bf01-57485c91ef51 ] Request (TrunkTestJSON:_run_cleanups): 404 DELETE http://172.30.9.33:9696/v2.0/trunks/a67ab5c0-b1d5-47ed-a867-b15448947b3a 0.013s
2018-08-25 18:28:03.482 11505 DEBUG tempest.lib.common.rest_client [req-f151d6a8-749a-4584-bf01-57485c91ef51 ] Request - Headers: {'Content-Type': 'application/json', 'Accept': 'application/json', 'X-Auth-Token': ''} Body: None Response - Headers: {'status': '404', u'content-length': '134', 'content-location': 'http://172.30.9.33:9696/v2.0/trunks/a67ab5c0-b1d5-47ed-a867-b15448947b3a', u'date': 'Sat, 25 Aug 2018 18:28:03 GMT', u'content-type': 'application/json', u'connection': 'close', u'x-openstack-request-id': 'req-f151d6a8-749a-4584-bf01-57485c91ef51'} Body: {"NeutronError": {"message": "Trunk a67ab5c0-b1d5-47ed-a867-b15448947b3a could not be found.", "type": "TrunkNotFound", "detail": ""}} _log_request_full /root/.rally/verification/verifier-9e381b27-68ea-432c-a4b9-1c92d33412ec/repo/tempest/lib/common/rest_client.py:434
2018-08-25 18:28:03.493 11497 INFO tempest.lib.common.rest_client [req-ec2d71a5-41b0-4c00-abbb-4facc19b90af ] Request (TrunkTestJSON:_run_cleanups): 404 DELETE http://172.30.9.33:9696/v2.0/networks/3004c590-dd1a-45fc-9f40-77cc7ecf3bc8 0.020s
2018-08-25 18:28:03.493 11497 DEBUG tempest.lib.common.rest_client [req-ec2d71a5-41b0-4c00-abbb-4facc19b90af ] Request - Headers: {'Content-Type': 'application/json', 'Accept': 'application/json', 'X-Auth-Token': ''} Body: None Response - Headers: {'status': '404', u'content-length': '138', 'content-location': 'http://172.30.9.33:9696/v2.0/networks/3004c590-dd1a-45fc-9f40-77cc7ecf3bc8', u'date': 'Sat, 25 Aug 2018 18:28:03 GMT', u'content-type': 'application/json', u'connection': 'close', u'x-openstack-request-id': 'req-ec2d71a5-41b0-4c00-abbb-4facc19b90af'} Body: {"NeutronError": {"message": "Network 3004c590-dd1a-45fc-9f40-77cc7ecf3bc8 could not be found.", "type": "NetworkNotFound", "detail": ""}} _log_request_full /root/.rally/verification/verifier-9e381b27-68ea-432c-a4b9-1c92d33412ec/repo/tempest/lib/common/rest_client.py:434
2018-08-25 18:28:03.501 11505 INFO tempest.lib.common.rest_client [req-40b0c566-8d04-4ca0-9d04-9a0db6476eb4 ] Request (TrunkTestJSON:_run_cleanups): 404 GET http://172.30.9.33:9696/v2.0/trunks/79cd0a12-c81b-48b7-8af1-107de4b25881/get_subports 0.019s
2018-08-25 18:28:03.502 11505 DEBUG tempest.lib.common.rest_client [req-40b0c566-8d04-4ca0-9d04-9a0db6476eb4 ] Request - Headers: {'Content-Type': 'application/json', 'Accept': 'application/json', 'X-Auth-Token': ''} Body: None Response - Headers: {'status': '404', u'content-length': '134', 'content-location': 'http://172.30.9.33:9696/v2.0/trunks/79cd0a12-c81b-48b7-8af1-107de4b25881/get_subports', u'date': 'Sat, 25 Aug 2018 18:28:03 GMT', u'content-type': 'application/json', u'connection': 'close', u'x-openstack-request-id': 'req-40b0c566-8d04-4ca0-9d04-9a0db6476eb4'} Body: {"NeutronError": {"message": "Trunk 79cd0a12-c81b-48b7-8af1-107de4b25881 could not be found.", "type": "TrunkNotFound", "detail": ""}} _log_request_full /root/.rally/verification/verifier-9e381b27-68ea-432c-a4b9-1c92d33412ec/repo/tempest/lib/common/rest_client.py:434
2018-08-25 18:28:03.517 11505 INFO tempest.lib.common.rest_client [req-1db827f1-4273-48c2-bfd5-66c5c6d2625b ] Request (TrunkTestJSON:_run_cleanups): 404 DELETE http://172.30.9.33:9696/v2.0/trunks/79cd0a12-c81b-48b7-8af1-107de4b25881 0.015s
2018-08-25 18:28:03.517 11505 DEBUG tempest.lib.common.rest_client [req-1db827f1-4273-48c2-bfd5-66c5c6d2625b ] Request - Headers: {'Content-Type': 'application/json', 'Accept': 'application/json', 'X-Auth-Token': ''} Body: None Response - Headers: {'status': '404', u'content-length': '134', 'content-location': 'http://172.30.9.33:9696/v2.0/trunks/79cd0a12-c81b-48b7-8af1-107de4b25881', u'date': 'Sat, 25 Aug 2018 18:28:03 GMT', u'content-type': 'application/json', u'connection': 'close', u'x-openstack-request-id': 'req-1db827f1-4273-48c2-bfd5-66c5c6d2625b'} Body: {"NeutronError": {"message": "Trunk 79cd0a12-c81b-48b7-8af1-107de4b25881 could not be found.", "type": "TrunkNotFound", "detail": ""}} _log_request_full /root/.rally/verification/verifier-9e381b27-68ea-432c-a4b9-1c92d33412ec/repo/tempest/lib/common/rest_client.py:434
2018-08-25 18:28:03.523 11497 INFO tempest.lib.common.rest_client [req-232172b7-fe02-4b63-9813-b509b4df6795 ] Request (TrunkTestJSON:_run_cleanups): 404 DELETE http://172.30.9.33:9696/v2.0/networks/761ff9f6-c396-408c-9655-9d99e32057d6 0.029s
2018-08-25 18:28:03.523 11497 DEBUG tempest.lib.common.rest_client [req-232172b7-fe02-4b63-9813-b509b4df6795 ] Request - Headers: {'Content-Type': 'application/json', 'Accept': 'application/json', 'X-Auth-Token': ''} Body: None Response - Headers: {'status': '404', u'content-length': '138', 'content-location': 'http://172.30.9.33:9696/v2.0/networks/761ff9f6-c396-408c-9655-9d99e32057d6', u'date': 'Sat, 25 Aug 2018 18:28:03 GMT', u'content-type': 'application/json', u'connection': 'close', u'x-openstack-request-id': 'req-232172b7-fe02-4b63-9813-b509b4df6795'} Body: {"NeutronError": {"message": "Network 761ff9f6-c396-408c-9655-9d99e32057d6 could not be found.", "type": "NetworkNotFound", "detail": ""}} _log_request_full /root/.rally/verification/verifier-9e381b27-68ea-432c-a4b9-1c92d33412ec/repo/tempest/lib/common/rest_client.py:434
2018-08-25 18:28:03.530 11505 INFO tempest.lib.common.rest_client [req-461ac0d5-c16c-486f-b788-6cca8b6879aa ] Request (TrunkTestJSON:_run_cleanups): 404 GET http://172.30.9.33:9696/v2.0/trunks/5496d019-c9b4-45e9-a069-65db09940243/get_subports 0.012s
2018-08-25 18:28:03.530 11505 DEBUG tempest.lib.common.rest_client [req-461ac0d5-c16c-486f-b788-6cca8b6879aa ] Request - Headers: {'Content-Type': 'application/json', 'Accept': 'application/json', 'X-Auth-Token': ''} Body: None Response - Headers: {'status': '404', u'content-length': '134', 'content-location': 'http://172.30.9.33:9696/v2.0/trunks/5496d019-c9b4-45e9-a069-65db09940243/get_subports', u'date': 'Sat, 25 Aug 2018 18:28:03 GMT', u'content-type': 'application/json', u'connection': 'close', u'x-openstack-request-id': 'req-461ac0d5-c16c-486f-b788-6cca8b6879aa'} Body: {"NeutronError": {"message": "Trunk 5496d019-c9b4-45e9-a069-65db09940243 could not be found.", "type": "TrunkNotFound", "detail": ""}} _log_request_full /root/.rally/verification/verifier-9e381b27-68ea-432c-a4b9-1c92d33412ec/repo/tempest/lib/common/rest_client.py:434
2018-08-25 18:28:03.550 11505 INFO tempest.lib.common.rest_client [req-9ad1178c-5940-491b-8101-d79f63f011fc ] Request (TrunkTestJSON:_run_cleanups): 404 DELETE http://172.30.9.33:9696/v2.0/trunks/5496d019-c9b4-45e9-a069-65db09940243 0.019s
2018-08-25 18:28:03.550 11505 DEBUG tempest.lib.common.rest_client [req-9ad1178c-5940-491b-8101-d79f63f011fc ] Request - Headers: {'Content-Type': 'application/json', 'Accept': 'application/json', 'X-Auth-Token': ''} Body: None Response - Headers: {'status': '404', u'content-length': '134', 'content-location': 'http://172.30.9.33:9696/v2.0/trunks/5496d019-c9b4-45e9-a069-65db09940243', u'date': 'Sat, 25 Aug 2018 18:28:03 GMT', u'content-type': 'application/json', u'connection': 'close', u'x-openstack-request-id': 'req-9ad1178c-5940-491b-8101-d79f63f011fc'} Body: {"NeutronError": {"message": "Trunk 5496d019-c9b4-45e9-a069-65db09940243 could not be found.", "type": "TrunkNotFound", "detail": ""}} _log_request_full /root/.rally/verification/verifier-9e381b27-68ea-432c-a4b9-1c92d33412ec/repo/tempest/lib/common/rest_client.py:434
2018-08-25 18:28:03.552 11497 INFO tempest.lib.common.rest_client [req-e78aa5cf-1965-4721-8421-b76cb2de7446 ] Request (TrunkTestJSON:_run_cleanups): 404 DELETE http://172.30.9.33:9696/v2.0/networks/77cd71ca-5a7a-4fcf-b1a1-75649ebcddd4 0.028s
2018-08-25 18:28:03.553 11497 DEBUG tempest.lib.common.rest_client [req-e78aa5cf-1965-4721-8421-b76cb2de7446 ] Request - Headers: {'Content-Type': 'application/json', 'Accept': 'application/json', 'X-Auth-Token': ''} Body: None Response - Headers: {'status': '404', u'content-length': '138', 'content-location': 'http://172.30.9.33:9696/v2.0/networks/77cd71ca-5a7a-4fcf-b1a1-75649ebcddd4', u'date': 'Sat, 25 Aug 2018 18:28:03 GMT', u'content-type': 'application/json', u'connection': 'close', u'x-openstack-request-id': 'req-e78aa5cf-1965-4721-8421-b76cb2de7446'} Body: {"NeutronError": {"message": "Network 77cd71ca-5a7a-4fcf-b1a1-75649ebcddd4 could not be found.", "type": "NetworkNotFound", "detail": ""}} _log_request_full /root/.rally/verification/verifier-9e381b27-68ea-432c-a4b9-1c92d33412ec/repo/tempest/lib/common/rest_client.py:434
2018-08-25 18:28:03.577 11505 INFO tempest.lib.common.rest_client [req-bee1dbf3-cc7e-4e94-9612-9a7bf271f151 ] Request (TrunkTestJSON:_run_cleanups): 200 GET http://172.30.9.33:9696/v2.0/trunks/254f68c4-14ee-4106-a24c-4b60ecfdca6f/get_subports 0.026s
2018-08-25 18:28:03.577 11505 DEBUG tempest.lib.common.rest_client [req-bee1dbf3-cc7e-4e94-9612-9a7bf271f151 ] Request - Headers: {'Content-Type': 'application/json', 'Accept': 'application/json', 'X-Auth-Token': ''} Body: None Response - Headers: {'status': '200', u'content-length': '17', 'content-location': 'http://172.30.9.33:9696/v2.0/trunks/254f68c4-14ee-4106-a24c-4b60ecfdca6f/get_subports', u'date': 'Sat, 25 Aug 2018 18:28:03 GMT', u'content-type': 'application/json', u'connection': 'close', u'x-openstack-request-id': 'req-bee1dbf3-cc7e-4e94-9612-9a7bf271f151'} Body: {"sub_ports": []} _log_request_full /root/.rally/verification/verifier-9e381b27-68ea-432c-a4b9-1c92d33412ec/repo/tempest/lib/common/rest_client.py:434
2018-08-25 18:28:03.625 11505 INFO tempest.lib.common.rest_client [req-3c837980-2326-4c73-af19-196d68b3a7d6 ] Request (TrunkTestJSON:_run_cleanups): 200 PUT http://172.30.9.33:9696/v2.0/trunks/254f68c4-14ee-4106-a24c-4b60ecfdca6f/remove_subports 0.047s
2018-08-25 18:28:03.625 11505 DEBUG tempest.lib.common.rest_client [req-3c837980-2326-4c73-af19-196d68b3a7d6 ] Request - Headers: {'Content-Type': 'application/json', 'Accept': 'application/json', 'X-Auth-Token': ''} Body: {"sub_ports": []} Response - Headers: {'status': '200', u'content-length': '396', 'content-location': 'http://172.30.9.33:9696/v2.0/trunks/254f68c4-14ee-4106-a24c-4b60ecfdca6f/remove_subports', u'date': 'Sat, 25 Aug 2018 18:28:03 GMT', u'content-type': 'application/json', u'connection': 'close', u'x-openstack-request-id': 'req-3c837980-2326-4c73-af19-196d68b3a7d6'} Body: {"status": "DOWN", "sub_ports": [], "name": "", "admin_state_up": true, "tenant_id": "33298a08ba7c479497edd897524890f6", "created_at": "2018-08-25T18:28:03Z", "tags": [], "updated_at": "2018-08-25T18:28:03Z", "revision_number": 2, "project_id": "33298a08ba7c479497edd897524890f6", "port_id": "ddc9cc55-7603-4383-9b50-ae3c0ae6f7f5", "id": "254f68c4-14ee-4106-a24c-4b60ecfdca6f", "description": ""} _log_request_full /root/.rally/verification/verifier-9e381b27-68ea-432c-a4b9-1c92d33412ec/repo/tempest/lib/common/rest_client.py:434
2018-08-25 18:28:03.747 11505 INFO tempest.lib.common.rest_client [req-98fa3e5e-fc29-457a-b08c-c62e87fe01b1 ] Request (TrunkTestJSON:_run_cleanups): 204 DELETE http://172.30.9.33:9696/v2.0/trunks/254f68c4-14ee-4106-a24c-4b60ecfdca6f 0.121s
2018-08-25 18:28:03.747 11505 DEBUG tempest.lib.common.rest_client [req-98fa3e5e-fc29-457a-b08c-c62e87fe01b1 ] Request - Headers: {'Content-Type': 'application/json', 'Accept': 'application/json', 'X-Auth-Token': ''} Body: None Response - Headers: {'status': '204', u'content-length': '0', 'content-location': 'http://172.30.9.33:9696/v2.0/trunks/254f68c4-14ee-4106-a24c-4b60ecfdca6f', u'date': 'Sat, 25 Aug 2018 18:28:03 GMT', u'connection': 'close', u'x-openstack-request-id': 'req-98fa3e5e-fc29-457a-b08c-c62e87fe01b1'} Body: _log_request_full /root/.rally/verification/verifier-9e381b27-68ea-432c-a4b9-1c92d33412ec/repo/tempest/lib/common/rest_client.py:434
2018-08-25 18:28:03.769 11505 INFO tempest.lib.common.rest_client [req-adbe29e4-4435-4e94-a5fb-5c10324f4e92 ] Request (TrunkTestJSON:_run_cleanups): 404 GET http://172.30.9.33:9696/v2.0/trunks/120e990c-b8b2-4385-847e-c9f85fe12343 0.021s
2018-08-25 18:28:03.770 11505 DEBUG tempest.lib.common.rest_client [req-adbe29e4-4435-4e94-a5fb-5c10324f4e92 ] Request - Headers: {'Content-Type': 'application/json', 'Accept': 'application/json', 'X-Auth-Token': ''} Body: None Response - Headers: {'status': '404', u'content-length': '134', 'content-location': 'http://172.30.9.33:9696/v2.0/trunks/120e990c-b8b2-4385-847e-c9f85fe12343', u'date': 'Sat, 25 Aug 2018 18:28:03 GMT', u'content-type': 'application/json', u'connection': 'close', u'x-openstack-request-id': 'req-adbe29e4-4435-4e94-a5fb-5c10324f4e92'} Body: {"NeutronError": {"message": "Trunk 120e990c-b8b2-4385-847e-c9f85fe12343 could not be found.", "type": "TrunkNotFound", "detail": ""}} _log_request_full /root/.rally/verification/verifier-9e381b27-68ea-432c-a4b9-1c92d33412ec/repo/tempest/lib/common/rest_client.py:434
2018-08-25 18:28:03.785 11505 INFO tempest.lib.common.rest_client [req-07b0992c-5f42-49e4-89a3-83783512c98b ] Request (TrunkTestJSON:_run_cleanups): 404 GET http://172.30.9.33:9696/v2.0/trunks/e1a41a6c-353e-4a66-820e-e8364778c767 0.015s
2018-08-25 18:28:03.786 11505 DEBUG tempest.lib.common.rest_client [req-07b0992c-5f42-49e4-89a3-83783512c98b ] Request - Headers: {'Content-Type': 'application/json', 'Accept': 'application/json', 'X-Auth-Token': ''} Body: None Response - Headers: {'status': '404', u'content-length': '134', 'content-location': 'http://172.30.9.33:9696/v2.0/trunks/e1a41a6c-353e-4a66-820e-e8364778c767', u'date': 'Sat, 25 Aug 2018 18:28:03 GMT', u'content-type': 'application/json', u'connection': 'close', u'x-openstack-request-id': 'req-07b0992c-5f42-49e4-89a3-83783512c98b'} Body: {"NeutronError": {"message": "Trunk e1a41a6c-353e-4a66-820e-e8364778c767 could not be found.", "type": "TrunkNotFound", "detail": ""}} _log_request_full /root/.rally/verification/verifier-9e381b27-68ea-432c-a4b9-1c92d33412ec/repo/tempest/lib/common/rest_client.py:434
2018-08-25 18:28:03.801 11505 INFO tempest.lib.common.rest_client [req-da976c14-d911-4f40-a1fe-72d599627f72 ] Request (TrunkTestJSON:_run_cleanups): 404 GET http://172.30.9.33:9696/v2.0/trunks/a67ab5c0-b1d5-47ed-a867-b15448947b3a 0.015s
2018-08-25 18:28:03.802 11505 DEBUG tempest.lib.common.rest_client [req-da976c14-d911-4f40-a1fe-72d599627f72 ] Request - Headers: {'Content-Type': 'application/json', 'Accept': 'application/json', 'X-Auth-Token': ''} Body: None Response - Headers: {'status': '404', u'content-length': '134', 'content-location': 'http://172.30.9.33:9696/v2.0/trunks/a67ab5c0-b1d5-47ed-a867-b15448947b3a', u'date': 'Sat, 25 Aug 2018 18:28:03 GMT', u'content-type': 'application/json', u'connection': 'close', u'x-openstack-request-id': 'req-da976c14-d911-4f40-a1fe-72d599627f72'} Body: {"NeutronError": {"message": "Trunk a67ab5c0-b1d5-47ed-a867-b15448947b3a could not be found.", "type": "TrunkNotFound", "detail": ""}} _log_request_full /root/.rally/verification/verifier-9e381b27-68ea-432c-a4b9-1c92d33412ec/repo/tempest/lib/common/rest_client.py:434
2018-08-25 18:28:03.816 11505 INFO tempest.lib.common.rest_client [req-192a4c9d-8989-4598-bd00-ffccdf125826 ] Request (TrunkTestJSON:_run_cleanups): 404 GET http://172.30.9.33:9696/v2.0/trunks/79cd0a12-c81b-48b7-8af1-107de4b25881 0.014s
2018-08-25 18:28:03.817 11505 DEBUG tempest.lib.common.rest_client [req-192a4c9d-8989-4598-bd00-ffccdf125826 ] Request - Headers: {'Content-Type': 'application/json', 'Accept': 'application/json', 'X-Auth-Token': ''} Body: None Response - Headers: {'status': '404', u'content-length': '134', 'content-location': 'http://172.30.9.33:9696/v2.0/trunks/79cd0a12-c81b-48b7-8af1-107de4b25881', u'date': 'Sat, 25 Aug 2018 18:28:03 GMT', u'content-type': 'application/json', u'connection': 'close', u'x-openstack-request-id': 'req-192a4c9d-8989-4598-bd00-ffccdf125826'} Body: {"NeutronError": {"message": "Trunk 79cd0a12-c81b-48b7-8af1-107de4b25881 could not be found.", "type": "TrunkNotFound", "detail": ""}} _log_request_full /root/.rally/verification/verifier-9e381b27-68ea-432c-a4b9-1c92d33412ec/repo/tempest/lib/common/rest_client.py:434
2018-08-25 18:28:04.014 11505 INFO tempest.lib.common.rest_client [req-800bb598-7e46-477c-b5a9-f418cadfdd89 ] Request (TrunkTestJSON:_run_cleanups): 404 GET http://172.30.9.33:9696/v2.0/trunks/5496d019-c9b4-45e9-a069-65db09940243 0.196s
2018-08-25 18:28:04.014 11505 DEBUG tempest.lib.common.rest_client [req-800bb598-7e46-477c-b5a9-f418cadfdd89 ] Request - Headers: {'Content-Type': 'application/json', 'Accept': 'application/json', 'X-Auth-Token': ''} Body: None Response - Headers: {'status': '404', u'content-length': '134', 'content-location': 'http://172.30.9.33:9696/v2.0/trunks/5496d019-c9b4-45e9-a069-65db09940243', u'date': 'Sat, 25 Aug 2018 18:28:04 GMT', u'content-type': 'application/json', u'connection': 'close', u'x-openstack-request-id': 'req-800bb598-7e46-477c-b5a9-f418cadfdd89'} Body: {"NeutronError": {"message": "Trunk 5496d019-c9b4-45e9-a069-65db09940243 could not be found.", "type": "TrunkNotFound", "detail": ""}} _log_request_full /root/.rally/verification/verifier-9e381b27-68ea-432c-a4b9-1c92d33412ec/repo/tempest/lib/common/rest_client.py:434
2018-08-25 18:28:04.039 11505 INFO tempest.lib.common.rest_client [req-765b222e-984f-4c75-af99-d9c143d240b4 ] Request (TrunkTestJSON:_run_cleanups): 404 GET http://172.30.9.33:9696/v2.0/trunks/254f68c4-14ee-4106-a24c-4b60ecfdca6f 0.024s
2018-08-25 18:28:04.039 11505 DEBUG tempest.lib.common.rest_client [req-765b222e-984f-4c75-af99-d9c143d240b4 ] Request - Headers: {'Content-Type': 'application/json', 'Accept': 'application/json', 'X-Auth-Token': ''} Body: None Response - Headers: {'status': '404', u'content-length': '134', 'content-location': 'http://172.30.9.33:9696/v2.0/trunks/254f68c4-14ee-4106-a24c-4b60ecfdca6f', u'date': 'Sat, 25 Aug 2018 18:28:04 GMT', u'content-type': 'application/json', u'connection': 'close', u'x-openstack-request-id': 'req-765b222e-984f-4c75-af99-d9c143d240b4'} Body: {"NeutronError": {"message": "Trunk 254f68c4-14ee-4106-a24c-4b60ecfdca6f could not be found.", "type": "TrunkNotFound", "detail": ""}} _log_request_full /root/.rally/verification/verifier-9e381b27-68ea-432c-a4b9-1c92d33412ec/repo/tempest/lib/common/rest_client.py:434
