2018-08-23 10:45:40.869 11497 DEBUG tempest.lib.common.rest_client [req-2aa4bd86-d42f-49e7-acbf-63694d70b4ba ] Request - Headers: {'Content-Type': 'application/json', 'Accept': 'application/json', 'X-Auth-Token': ''} Body: None Response - Headers: {'status': '404', u'content-length': '134', 'content-location': 'http://172.30.9.21:9696/v2.0/trunks/a394f1f5-5402-4839-850a-16dc4e386f1b', u'date': 'Thu, 23 Aug 2018 10:45:40 GMT', u'content-type': 'application/json', u'connection': 'close', u'x-openstack-request-id': 'req-2aa4bd86-d42f-49e7-acbf-63694d70b4ba'} Body: {"NeutronError": {"message": "Trunk a394f1f5-5402-4839-850a-16dc4e386f1b could not be found.", "type": "TrunkNotFound", "detail": ""}} _log_request_full /root/.rally/verification/verifier-2d17f7ea-c249-4cc1-b13e-e2775902037b/repo/tempest/lib/common/rest_client.py:434
2018-08-23 10:45:40.884 11497 INFO tempest.lib.common.rest_client [req-926d5f9f-1a05-4e89-9c40-77c5012cb854 ] Request (TrunkTestJSON:_run_cleanups): 404 GET http://172.30.9.21:9696/v2.0/trunks/5ddb4b94-3de2-446e-b012-be608ee3aada/get_subports 0.013s
2018-08-23 10:45:40.884 11497 DEBUG tempest.lib.common.rest_client [req-926d5f9f-1a05-4e89-9c40-77c5012cb854 ] Request - Headers: {'Content-Type': 'application/json', 'Accept': 'application/json', 'X-Auth-Token': ''} Body: None Response - Headers: {'status': '404', u'content-length': '134', 'content-location': 'http://172.30.9.21:9696/v2.0/trunks/5ddb4b94-3de2-446e-b012-be608ee3aada/get_subports', u'date': 'Thu, 23 Aug 2018 10:45:40 GMT', u'content-type': 'application/json', u'connection': 'close', u'x-openstack-request-id': 'req-926d5f9f-1a05-4e89-9c40-77c5012cb854'} Body: {"NeutronError": {"message": "Trunk 5ddb4b94-3de2-446e-b012-be608ee3aada could not be found.", "type": "TrunkNotFound", "detail": ""}} _log_request_full /root/.rally/verification/verifier-2d17f7ea-c249-4cc1-b13e-e2775902037b/repo/tempest/lib/common/rest_client.py:434
2018-08-23 10:45:40.903 11497 INFO tempest.lib.common.rest_client [req-8b976de6-270c-4519-9a71-8492d78323c1 ] Request (TrunkTestJSON:_run_cleanups): 404 DELETE http://172.30.9.21:9696/v2.0/trunks/5ddb4b94-3de2-446e-b012-be608ee3aada 0.018s
2018-08-23 10:45:40.903 11497 DEBUG tempest.lib.common.rest_client [req-8b976de6-270c-4519-9a71-8492d78323c1 ] Request - Headers: {'Content-Type': 'application/json', 'Accept': 'application/json', 'X-Auth-Token': ''} Body: None Response - Headers: {'status': '404', u'content-length': '134', 'content-location': 'http://172.30.9.21:9696/v2.0/trunks/5ddb4b94-3de2-446e-b012-be608ee3aada', u'date': 'Thu, 23 Aug 2018 10:45:40 GMT', u'content-type': 'application/json', u'connection': 'close', u'x-openstack-request-id': 'req-8b976de6-270c-4519-9a71-8492d78323c1'} Body: {"NeutronError": {"message": "Trunk 5ddb4b94-3de2-446e-b012-be608ee3aada could not be found.", "type": "TrunkNotFound", "detail": ""}} _log_request_full /root/.rally/verification/verifier-2d17f7ea-c249-4cc1-b13e-e2775902037b/repo/tempest/lib/common/rest_client.py:434
2018-08-23 10:45:40.923 11497 INFO tempest.lib.common.rest_client [req-30b715cb-82fb-4edb-8174-6c2c1ac78e28 ] Request (TrunkTestJSON:_run_cleanups): 404 GET http://172.30.9.21:9696/v2.0/trunks/72c57ccb-7650-47b4-a4da-9a7f2d630420/get_subports 0.018s
2018-08-23 10:45:40.923 11497 DEBUG tempest.lib.common.rest_client [req-30b715cb-82fb-4edb-8174-6c2c1ac78e28 ] Request - Headers: {'Content-Type': 'application/json', 'Accept': 'application/json', 'X-Auth-Token': ''} Body: None Response - Headers: {'status': '404', u'content-length': '134', 'content-location': 'http://172.30.9.21:9696/v2.0/trunks/72c57ccb-7650-47b4-a4da-9a7f2d630420/get_subports', u'date': 'Thu, 23 Aug 2018 10:45:40 GMT', u'content-type': 'application/json', u'connection': 'close', u'x-openstack-request-id': 'req-30b715cb-82fb-4edb-8174-6c2c1ac78e28'} Body: {"NeutronError": {"message": "Trunk 72c57ccb-7650-47b4-a4da-9a7f2d630420 could not be found.", "type": "TrunkNotFound", "detail": ""}} _log_request_full /root/.rally/verification/verifier-2d17f7ea-c249-4cc1-b13e-e2775902037b/repo/tempest/lib/common/rest_client.py:434
2018-08-23 10:45:40.939 11497 INFO tempest.lib.common.rest_client [req-401c7694-3e10-4932-8a66-a1bc350a624b ] Request (TrunkTestJSON:_run_cleanups): 404 DELETE http://172.30.9.21:9696/v2.0/trunks/72c57ccb-7650-47b4-a4da-9a7f2d630420 0.015s
2018-08-23 10:45:40.939 11497 DEBUG tempest.lib.common.rest_client [req-401c7694-3e10-4932-8a66-a1bc350a624b ] Request - Headers: {'Content-Type': 'application/json', 'Accept': 'application/json', 'X-Auth-Token': ''} Body: None Response - Headers: {'status': '404', u'content-length': '134', 'content-location': 'http://172.30.9.21:9696/v2.0/trunks/72c57ccb-7650-47b4-a4da-9a7f2d630420', u'date': 'Thu, 23 Aug 2018 10:45:40 GMT', u'content-type': 'application/json', u'connection': 'close', u'x-openstack-request-id': 'req-401c7694-3e10-4932-8a66-a1bc350a624b'} Body: {"NeutronError": {"message": "Trunk 72c57ccb-7650-47b4-a4da-9a7f2d630420 could not be found.", "type": "TrunkNotFound", "detail": ""}} _log_request_full /root/.rally/verification/verifier-2d17f7ea-c249-4cc1-b13e-e2775902037b/repo/tempest/lib/common/rest_client.py:434
2018-08-23 10:45:40.954 11497 INFO tempest.lib.common.rest_client [req-860f8b80-56a1-4c2b-bd71-0f18f6823cb8 ] Request (TrunkTestJSON:_run_cleanups): 404 GET http://172.30.9.21:9696/v2.0/trunks/1442420a-ddf3-4636-b3bc-e23328dbae24/get_subports 0.014s
2018-08-23 10:45:40.954 11497 DEBUG tempest.lib.common.rest_client [req-860f8b80-56a1-4c2b-bd71-0f18f6823cb8 ] Request - Headers: {'Content-Type': 'application/json', 'Accept': 'application/json', 'X-Auth-Token': ''} Body: None Response - Headers: {'status': '404', u'content-length': '134', 'content-location': 'http://172.30.9.21:9696/v2.0/trunks/1442420a-ddf3-4636-b3bc-e23328dbae24/get_subports', u'date': 'Thu, 23 Aug 2018 10:45:40 GMT', u'content-type': 'application/json', u'connection': 'close', u'x-openstack-request-id': 'req-860f8b80-56a1-4c2b-bd71-0f18f6823cb8'} Body: {"NeutronError": {"message": "Trunk 1442420a-ddf3-4636-b3bc-e23328dbae24 could not be found.", "type": "TrunkNotFound", "detail": ""}} _log_request_full /root/.rally/verification/verifier-2d17f7ea-c249-4cc1-b13e-e2775902037b/repo/tempest/lib/common/rest_client.py:434
2018-08-23 10:45:40.970 11497 INFO tempest.lib.common.rest_client [req-bfb13674-c1bc-4ce4-81c0-8abb7de9b044 ] Request (TrunkTestJSON:_run_cleanups): 404 DELETE http://172.30.9.21:9696/v2.0/trunks/1442420a-ddf3-4636-b3bc-e23328dbae24 0.015s
2018-08-23 10:45:40.970 11497 DEBUG tempest.lib.common.rest_client [req-bfb13674-c1bc-4ce4-81c0-8abb7de9b044 ] Request - Headers: {'Content-Type': 'application/json', 'Accept': 'application/json', 'X-Auth-Token': ''} Body: None Response - Headers: {'status': '404', u'content-length': '134', 'content-location': 'http://172.30.9.21:9696/v2.0/trunks/1442420a-ddf3-4636-b3bc-e23328dbae24', u'date': 'Thu, 23 Aug 2018 10:45:40 GMT', u'content-type': 'application/json', u'connection': 'close', u'x-openstack-request-id': 'req-bfb13674-c1bc-4ce4-81c0-8abb7de9b044'} Body: {"NeutronError": {"message": "Trunk 1442420a-ddf3-4636-b3bc-e23328dbae24 could not be found.", "type": "TrunkNotFound", "detail": ""}} _log_request_full /root/.rally/verification/verifier-2d17f7ea-c249-4cc1-b13e-e2775902037b/repo/tempest/lib/common/rest_client.py:434
2018-08-23 10:45:40.992 11497 INFO tempest.lib.common.rest_client [req-7656d716-b385-40f0-9c52-41a03fb0be05 ] Request (TrunkTestJSON:_run_cleanups): 404 GET http://172.30.9.21:9696/v2.0/trunks/cc9e5626-768c-48f7-a721-b979a31f3f84/get_subports 0.021s
2018-08-23 10:45:40.993 11497 DEBUG tempest.lib.common.rest_client [req-7656d716-b385-40f0-9c52-41a03fb0be05 ] Request - Headers: {'Content-Type': 'application/json', 'Accept': 'application/json', 'X-Auth-Token': ''} Body: None Response - Headers: {'status': '404', u'content-length': '134', 'content-location': 'http://172.30.9.21:9696/v2.0/trunks/cc9e5626-768c-48f7-a721-b979a31f3f84/get_subports', u'date': 'Thu, 23 Aug 2018 10:45:40 GMT', u'content-type': 'application/json', u'connection': 'close', u'x-openstack-request-id': 'req-7656d716-b385-40f0-9c52-41a03fb0be05'} Body: {"NeutronError": {"message": "Trunk cc9e5626-768c-48f7-a721-b979a31f3f84 could not be found.", "type": "TrunkNotFound", "detail": ""}} _log_request_full /root/.rally/verification/verifier-2d17f7ea-c249-4cc1-b13e-e2775902037b/repo/tempest/lib/common/rest_client.py:434
2018-08-23 10:45:41.015 11497 INFO tempest.lib.common.rest_client [req-fd597641-23d2-4117-81d2-329288e6a990 ] Request (TrunkTestJSON:_run_cleanups): 404 DELETE http://172.30.9.21:9696/v2.0/trunks/cc9e5626-768c-48f7-a721-b979a31f3f84 0.022s
2018-08-23 10:45:41.015 11497 DEBUG tempest.lib.common.rest_client [req-fd597641-23d2-4117-81d2-329288e6a990 ] Request - Headers: {'Content-Type': 'application/json', 'Accept': 'application/json', 'X-Auth-Token': ''} Body: None Response - Headers: {'status': '404', u'content-length': '134', 'content-location': 'http://172.30.9.21:9696/v2.0/trunks/cc9e5626-768c-48f7-a721-b979a31f3f84', u'date': 'Thu, 23 Aug 2018 10:45:41 GMT', u'content-type': 'application/json', u'connection': 'close', u'x-openstack-request-id': 'req-fd597641-23d2-4117-81d2-329288e6a990'} Body: {"NeutronError": {"message": "Trunk cc9e5626-768c-48f7-a721-b979a31f3f84 could not be found.", "type": "TrunkNotFound", "detail": ""}} _log_request_full /root/.rally/verification/verifier-2d17f7ea-c249-4cc1-b13e-e2775902037b/repo/tempest/lib/common/rest_client.py:434
2018-08-23 10:45:41.033 11497 INFO tempest.lib.common.rest_client [req-b47d9b15-8699-4046-942a-de0facc5b55e ] Request (TrunkTestJSON:_run_cleanups): 404 GET http://172.30.9.21:9696/v2.0/trunks/2d872e40-7b3c-4274-99c3-40f6e5a66130/get_subports 0.018s
2018-08-23 10:45:41.034 11497 DEBUG tempest.lib.common.rest_client [req-b47d9b15-8699-4046-942a-de0facc5b55e ] Request - Headers: {'Content-Type': 'application/json', 'Accept': 'application/json', 'X-Auth-Token': ''} Body: None Response - Headers: {'status': '404', u'content-length': '134', 'content-location': 'http://172.30.9.21:9696/v2.0/trunks/2d872e40-7b3c-4274-99c3-40f6e5a66130/get_subports', u'date': 'Thu, 23 Aug 2018 10:45:41 GMT', u'content-type': 'application/json', u'connection': 'close', u'x-openstack-request-id': 'req-b47d9b15-8699-4046-942a-de0facc5b55e'} Body: {"NeutronError": {"message": "Trunk 2d872e40-7b3c-4274-99c3-40f6e5a66130 could not be found.", "type": "TrunkNotFound", "detail": ""}} _log_request_full /root/.rally/verification/verifier-2d17f7ea-c249-4cc1-b13e-e2775902037b/repo/tempest/lib/common/rest_client.py:434
2018-08-23 10:45:41.053 11497 INFO tempest.lib.common.rest_client [req-bcdf7249-82e7-468f-b415-30683be58031 ] Request (TrunkTestJSON:_run_cleanups): 404 DELETE http://172.30.9.21:9696/v2.0/trunks/2d872e40-7b3c-4274-99c3-40f6e5a66130 0.018s
2018-08-23 10:45:41.053 11497 DEBUG tempest.lib.common.rest_client [req-bcdf7249-82e7-468f-b415-30683be58031 ] Request - Headers: {'Content-Type': 'application/json', 'Accept': 'application/json', 'X-Auth-Token': ''} Body: None Response - Headers: {'status': '404', u'content-length': '134', 'content-location': 'http://172.30.9.21:9696/v2.0/trunks/2d872e40-7b3c-4274-99c3-40f6e5a66130', u'date': 'Thu, 23 Aug 2018 10:45:41 GMT', u'content-type': 'application/json', u'connection': 'close', u'x-openstack-request-id': 'req-bcdf7249-82e7-468f-b415-30683be58031'} Body: {"NeutronError": {"message": "Trunk 2d872e40-7b3c-4274-99c3-40f6e5a66130 could not be found.", "type": "TrunkNotFound", "detail": ""}} _log_request_full /root/.rally/verification/verifier-2d17f7ea-c249-4cc1-b13e-e2775902037b/repo/tempest/lib/common/rest_client.py:434
2018-08-23 10:45:41.057 11505 INFO tempest.lib.common.rest_client [req-ce2ed0ab-7114-4014-9acb-36f5d6efb549 ] Request (TrunkTestJSON:test_create_trunk_with_subport_missing_segmentation_id): 201 POST http://172.30.9.21:9696/v2.0/ports 0.767s
2018-08-23 10:45:41.057 11505 DEBUG tempest.lib.common.rest_client [req-ce2ed0ab-7114-4014-9acb-36f5d6efb549 ] Request - Headers: {'Content-Type': 'application/json', 'Accept': 'application/json', 'X-Auth-Token': ''} Body: {"port": {"network_id": "f2d81510-e9b3-4167-bb81-431facd7dc7e"}} Response - Headers: {'status': '201', u'content-length': '615', 'content-location': 'http://172.30.9.21:9696/v2.0/ports', u'date': 'Thu, 23 Aug 2018 10:45:41 GMT', u'content-type': 'application/json', u'connection': 'close', u'x-openstack-request-id': 'req-ce2ed0ab-7114-4014-9acb-36f5d6efb549'} Body: {"port":{"status":"DOWN","created_at":"2018-08-23T10:45:40Z","description":"","allowed_address_pairs":[],"tags":[],"network_id":"f2d81510-e9b3-4167-bb81-431facd7dc7e","tenant_id":"3429d4dc8cc2458b8d81c153f7c72b29","extra_dhcp_opts":[],"admin_state_up":true,"updated_at":"2018-08-23T10:45:40Z","name":"","device_owner":"","revision_number":1,"mac_address":"fa:16:3e:0c:33:39","binding:vnic_type":"normal","port_security_enabled":true,"project_id":"3429d4dc8cc2458b8d81c153f7c72b29","fixed_ips":[],"id":"e9558c4e-18a9-426a-8d06-6e7e7970e789","security_groups":["b1e22918-4ba7-43bd-a73d-61d2c6bc6bc1"],"device_id":""}} _log_request_full /root/.rally/verification/verifier-2d17f7ea-c249-4cc1-b13e-e2775902037b/repo/tempest/lib/common/rest_client.py:434
2018-08-23 10:45:41.067 11505 INFO tempest.lib.common.rest_client [req-6038f004-cd33-43e3-890b-10decdb0ee36 ] Request (TrunkTestJSON:test_create_trunk_with_subport_missing_segmentation_id): 400 POST http://172.30.9.21:9696/v2.0/trunks 0.009s
2018-08-23 10:45:41.067 11505 DEBUG tempest.lib.common.rest_client [req-6038f004-cd33-43e3-890b-10decdb0ee36 ] Request - Headers: {'Content-Type': 'application/json', 'Accept': 'application/json', 'X-Auth-Token': ''} Body: {"trunk": {"sub_ports": [{"segmentation_type": "vlan", "port_id": "bcf4840c-9884-48f4-af42-9a65d97b0a17"}], "port_id": "e9558c4e-18a9-426a-8d06-6e7e7970e789"}} Response - Headers: {'status': '400', u'content-length': '312', 'content-location': 'http://172.30.9.21:9696/v2.0/trunks', u'date': 'Thu, 23 Aug 2018 10:45:41 GMT', u'content-type': 'application/json', u'connection': 'close', u'x-openstack-request-id': 'req-6038f004-cd33-43e3-890b-10decdb0ee36'} Body: {"NeutronError": {"message": "Invalid input for sub_ports. Reason: Invalid subport details '{u'segmentation_type': u'vlan', u'port_id': u'bcf4840c-9884-48f4-af42-9a65d97b0a17'}': missing segmentation information. Must specify both segmentation_id and segmentation_type.", "type": "HTTPBadRequest", "detail": ""}} _log_request_full /root/.rally/verification/verifier-2d17f7ea-c249-4cc1-b13e-e2775902037b/repo/tempest/lib/common/rest_client.py:434
2018-08-23 10:45:41.080 11505 INFO tempest.lib.common.rest_client [req-6b125043-bd19-40e7-bc15-670703fbbb45 ] Request (TrunkTestJSON:_run_cleanups): 404 GET http://172.30.9.21:9696/v2.0/trunks/27c38289-50b6-4183-bd35-34a9ddcf8811/get_subports 0.012s
2018-08-23 10:45:41.080 11505 DEBUG tempest.lib.common.rest_client [req-6b125043-bd19-40e7-bc15-670703fbbb45 ] Request - Headers: {'Content-Type': 'application/json', 'Accept': 'application/json', 'X-Auth-Token': ''} Body: None Response - Headers: {'status': '404', u'content-length': '134', 'content-location': 'http://172.30.9.21:9696/v2.0/trunks/27c38289-50b6-4183-bd35-34a9ddcf8811/get_subports', u'date': 'Thu, 23 Aug 2018 10:45:41 GMT', u'content-type': 'application/json', u'connection': 'close', u'x-openstack-request-id': 'req-6b125043-bd19-40e7-bc15-670703fbbb45'} Body: {"NeutronError": {"message": "Trunk 27c38289-50b6-4183-bd35-34a9ddcf8811 could not be found.", "type": "TrunkNotFound", "detail": ""}} _log_request_full /root/.rally/verification/verifier-2d17f7ea-c249-4cc1-b13e-e2775902037b/repo/tempest/lib/common/rest_client.py:434
2018-08-23 10:45:41.091 11497 INFO tempest.lib.common.rest_client [req-49c4e2e3-f153-49b7-b4d6-5d2116ab621a ] Request (TrunkTestJSON:_run_cleanups): 404 GET http://172.30.9.21:9696/v2.0/trunks/680b003e-be82-46de-8291-d633f5c97ed6/get_subports 0.037s
2018-08-23 10:45:41.092 11497 DEBUG tempest.lib.common.rest_client [req-49c4e2e3-f153-49b7-b4d6-5d2116ab621a ] Request - Headers: {'Content-Type': 'application/json', 'Accept': 'application/json', 'X-Auth-Token': ''} Body: None Response - Headers: {'status': '404', u'content-length': '134', 'content-location': 'http://172.30.9.21:9696/v2.0/trunks/680b003e-be82-46de-8291-d633f5c97ed6/get_subports', u'date': 'Thu, 23 Aug 2018 10:45:41 GMT', u'content-type': 'application/json', u'connection': 'close', u'x-openstack-request-id': 'req-49c4e2e3-f153-49b7-b4d6-5d2116ab621a'} Body: {"NeutronError": {"message": "Trunk 680b003e-be82-46de-8291-d633f5c97ed6 could not be found.", "type": "TrunkNotFound", "detail": ""}} _log_request_full /root/.rally/verification/verifier-2d17f7ea-c249-4cc1-b13e-e2775902037b/repo/tempest/lib/common/rest_client.py:434
2018-08-23 10:45:41.107 11505 INFO tempest.lib.common.rest_client [req-a5a67b4b-cf9a-4d20-b7d1-f503873c6060 ] Request (TrunkTestJSON:_run_cleanups): 404 DELETE http://172.30.9.21:9696/v2.0/trunks/27c38289-50b6-4183-bd35-34a9ddcf8811 0.026s
2018-08-23 10:45:41.107 11505 DEBUG tempest.lib.common.rest_client [req-a5a67b4b-cf9a-4d20-b7d1-f503873c6060 ] Request - Headers: {'Content-Type': 'application/json', 'Accept': 'application/json', 'X-Auth-Token': ''} Body: None Response - Headers: {'status': '404', u'content-length': '134', 'content-location': 'http://172.30.9.21:9696/v2.0/trunks/27c38289-50b6-4183-bd35-34a9ddcf8811', u'date': 'Thu, 23 Aug 2018 10:45:41 GMT', u'content-type': 'application/json', u'connection': 'close', u'x-openstack-request-id': 'req-a5a67b4b-cf9a-4d20-b7d1-f503873c6060'} Body: {"NeutronError": {"message": "Trunk 27c38289-50b6-4183-bd35-34a9ddcf8811 could not be found.", "type": "TrunkNotFound", "detail": ""}} _log_request_full /root/.rally/verification/verifier-2d17f7ea-c249-4cc1-b13e-e2775902037b/repo/tempest/lib/common/rest_client.py:434
2018-08-23 10:45:41.109 11497 INFO tempest.lib.common.rest_client [req-a10dbf15-959f-472d-a518-b2dbc809b85a ] Request (TrunkTestJSON:_run_cleanups): 404 DELETE http://172.30.9.21:9696/v2.0/trunks/680b003e-be82-46de-8291-d633f5c97ed6 0.017s
2018-08-23 10:45:41.110 11497 DEBUG tempest.lib.common.rest_client [req-a10dbf15-959f-472d-a518-b2dbc809b85a ] Request - Headers: {'Content-Type': 'application/json', 'Accept': 'application/json', 'X-Auth-Token': ''} Body: None Response - Headers: {'status': '404', u'content-length': '134', 'content-location': 'http://172.30.9.21:9696/v2.0/trunks/680b003e-be82-46de-8291-d633f5c97ed6', u'date': 'Thu, 23 Aug 2018 10:45:41 GMT', u'content-type': 'application/json', u'connection': 'close', u'x-openstack-request-id': 'req-a10dbf15-959f-472d-a518-b2dbc809b85a'} Body: {"NeutronError": {"message": "Trunk 680b003e-be82-46de-8291-d633f5c97ed6 could not be found.", "type": "TrunkNotFound", "detail": ""}} _log_request_full /root/.rally/verification/verifier-2d17f7ea-c249-4cc1-b13e-e2775902037b/repo/tempest/lib/common/rest_client.py:434
2018-08-23 10:45:41.123 11497 INFO tempest.lib.common.rest_client [req-edc35208-5c91-4d74-9b3f-d0bbdd70c810 ] Request (TrunkTestJSON:_run_cleanups): 404 GET http://172.30.9.21:9696/v2.0/trunks/6eed5dad-65e6-4b47-b1a6-f1248708a024/get_subports 0.013s
2018-08-23 10:45:41.123 11497 DEBUG tempest.lib.common.rest_client [req-edc35208-5c91-4d74-9b3f-d0bbdd70c810 ] Request - Headers: {'Content-Type': 'application/json', 'Accept': 'application/json', 'X-Auth-Token': ''} Body: None Response - Headers: {'status': '404', u'content-length': '134', 'content-location': 'http://172.30.9.21:9696/v2.0/trunks/6eed5dad-65e6-4b47-b1a6-f1248708a024/get_subports', u'date': 'Thu, 23 Aug 2018 10:45:41 GMT', u'content-type': 'application/json', u'connection': 'close', u'x-openstack-request-id': 'req-edc35208-5c91-4d74-9b3f-d0bbdd70c810'} Body: {"NeutronError": {"message": "Trunk 6eed5dad-65e6-4b47-b1a6-f1248708a024 could not be found.", "type": "TrunkNotFound", "detail": ""}} _log_request_full /root/.rally/verification/verifier-2d17f7ea-c249-4cc1-b13e-e2775902037b/repo/tempest/lib/common/rest_client.py:434
2018-08-23 10:45:41.128 11505 INFO tempest.lib.common.rest_client [req-3e2f3850-6500-4f0d-8361-6368a556bec1 ] Request (TrunkTestJSON:_run_cleanups): 404 GET http://172.30.9.21:9696/v2.0/trunks/2d71804a-82eb-45c0-90ed-24c7f97756e5/get_subports 0.020s
2018-08-23 10:45:41.128 11505 DEBUG tempest.lib.common.rest_client [req-3e2f3850-6500-4f0d-8361-6368a556bec1 ] Request - Headers: {'Content-Type': 'application/json', 'Accept': 'application/json', 'X-Auth-Token': ''} Body: None Response - Headers: {'status': '404', u'content-length': '134', 'content-location': 'http://172.30.9.21:9696/v2.0/trunks/2d71804a-82eb-45c0-90ed-24c7f97756e5/get_subports', u'date': 'Thu, 23 Aug 2018 10:45:41 GMT', u'content-type': 'application/json', u'connection': 'close', u'x-openstack-request-id': 'req-3e2f3850-6500-4f0d-8361-6368a556bec1'} Body: {"NeutronError": {"message": "Trunk 2d71804a-82eb-45c0-90ed-24c7f97756e5 could not be found.", "type": "TrunkNotFound", "detail": ""}} _log_request_full /root/.rally/verification/verifier-2d17f7ea-c249-4cc1-b13e-e2775902037b/repo/tempest/lib/common/rest_client.py:434
2018-08-23 10:45:41.146 11497 INFO tempest.lib.common.rest_client [req-9e4bef92-bddb-4c95-a145-cd62e9736324 ] Request (TrunkTestJSON:_run_cleanups): 404 DELETE http://172.30.9.21:9696/v2.0/trunks/6eed5dad-65e6-4b47-b1a6-f1248708a024 0.022s
2018-08-23 10:45:41.146 11497 DEBUG tempest.lib.common.rest_client [req-9e4bef92-bddb-4c95-a145-cd62e9736324 ] Request - Headers: {'Content-Type': 'application/json', 'Accept': 'application/json', 'X-Auth-Token': ''} Body: None Response - Headers: {'status': '404', u'content-length': '134', 'content-location': 'http://172.30.9.21:9696/v2.0/trunks/6eed5dad-65e6-4b47-b1a6-f1248708a024', u'date': 'Thu, 23 Aug 2018 10:45:41 GMT', u'content-type': 'application/json', u'connection': 'close', u'x-openstack-request-id': 'req-9e4bef92-bddb-4c95-a145-cd62e9736324'} Body: {"NeutronError": {"message": "Trunk 6eed5dad-65e6-4b47-b1a6-f1248708a024 could not be found.", "type": "TrunkNotFound", "detail": ""}} _log_request_full /root/.rally/verification/verifier-2d17f7ea-c249-4cc1-b13e-e2775902037b/repo/tempest/lib/common/rest_client.py:434
2018-08-23 10:45:41.150 11505 INFO tempest.lib.common.rest_client [req-c0db22f1-32ce-49f4-9660-5246c83d5faf ] Request (TrunkTestJSON:_run_cleanups): 404 DELETE http://172.30.9.21:9696/v2.0/trunks/2d71804a-82eb-45c0-90ed-24c7f97756e5 0.021s
2018-08-23 10:45:41.150 11505 DEBUG tempest.lib.common.rest_client [req-c0db22f1-32ce-49f4-9660-5246c83d5faf ] Request - Headers: {'Content-Type': 'application/json', 'Accept': 'application/json', 'X-Auth-Token': ''} Body: None Response - Headers: {'status': '404', u'content-length': '134', 'content-location': 'http://172.30.9.21:9696/v2.0/trunks/2d71804a-82eb-45c0-90ed-24c7f97756e5', u'date': 'Thu, 23 Aug 2018 10:45:41 GMT', u'content-type': 'application/json', u'connection': 'close', u'x-openstack-request-id': 'req-c0db22f1-32ce-49f4-9660-5246c83d5faf'} Body: {"NeutronError": {"message": "Trunk 2d71804a-82eb-45c0-90ed-24c7f97756e5 could not be found.", "type": "TrunkNotFound", "detail": ""}} _log_request_full /root/.rally/verification/verifier-2d17f7ea-c249-4cc1-b13e-e2775902037b/repo/tempest/lib/common/rest_client.py:434
2018-08-23 10:45:41.162 11497 INFO tempest.lib.common.rest_client [req-67f4b19a-2eba-4fa6-bf14-aee8ccd9caab ] Request (TrunkTestJSON:_run_cleanups): 404 GET http://172.30.9.21:9696/v2.0/trunks/eaaab40a-445c-4599-a12c-6cb94bcdd9cb/get_subports 0.015s
2018-08-23 10:45:41.162 11497 DEBUG tempest.lib.common.rest_client [req-67f4b19a-2eba-4fa6-bf14-aee8ccd9caab ] Request - Headers: {'Content-Type': 'application/json', 'Accept': 'application/json', 'X-Auth-Token': ''} Body: None Response - Headers: {'status': '404', u'content-length': '134', 'content-location': 'http://172.30.9.21:9696/v2.0/trunks/eaaab40a-445c-4599-a12c-6cb94bcdd9cb/get_subports', u'date': 'Thu, 23 Aug 2018 10:45:41 GMT', u'content-type': 'application/json', u'connection': 'close', u'x-openstack-request-id': 'req-67f4b19a-2eba-4fa6-bf14-aee8ccd9caab'} Body: {"NeutronError": {"message": "Trunk eaaab40a-445c-4599-a12c-6cb94bcdd9cb could not be found.", "type": "TrunkNotFound", "detail": ""}} _log_request_full /root/.rally/verification/verifier-2d17f7ea-c249-4cc1-b13e-e2775902037b/repo/tempest/lib/common/rest_client.py:434
2018-08-23 10:45:41.168 11505 INFO tempest.lib.common.rest_client [req-28c1c266-4eb1-45b2-9b32-5195331ceda1 ] Request (TrunkTestJSON:_run_cleanups): 404 GET http://172.30.9.21:9696/v2.0/trunks/a4eaa25e-cdce-4183-b016-0db68077fb05/get_subports 0.018s
2018-08-23 10:45:41.169 11505 DEBUG tempest.lib.common.rest_client [req-28c1c266-4eb1-45b2-9b32-5195331ceda1 ] Request - Headers: {'Content-Type': 'application/json', 'Accept': 'application/json', 'X-Auth-Token': ''} Body: None Response - Headers: {'status': '404', u'content-length': '134', 'content-location': 'http://172.30.9.21:9696/v2.0/trunks/a4eaa25e-cdce-4183-b016-0db68077fb05/get_subports', u'date': 'Thu, 23 Aug 2018 10:45:41 GMT', u'content-type': 'application/json', u'connection': 'close', u'x-openstack-request-id': 'req-28c1c266-4eb1-45b2-9b32-5195331ceda1'} Body: {"NeutronError": {"message": "Trunk a4eaa25e-cdce-4183-b016-0db68077fb05 could not be found.", "type": "TrunkNotFound", "detail": ""}} _log_request_full /root/.rally/verification/verifier-2d17f7ea-c249-4cc1-b13e-e2775902037b/repo/tempest/lib/common/rest_client.py:434
2018-08-23 10:45:41.184 11497 INFO tempest.lib.common.rest_client [req-6dc16985-97fd-4c70-b083-b5f64d97f41a ] Request (TrunkTestJSON:_run_cleanups): 404 DELETE http://172.30.9.21:9696/v2.0/trunks/eaaab40a-445c-4599-a12c-6cb94bcdd9cb 0.022s
2018-08-23 10:45:41.185 11497 DEBUG tempest.lib.common.rest_client [req-6dc16985-97fd-4c70-b083-b5f64d97f41a ] Request - Headers: {'Content-Type': 'application/json', 'Accept': 'application/json', 'X-Auth-Token': ''} Body: None Response - Headers: {'status': '404', u'content-length': '134', 'content-location': 'http://172.30.9.21:9696/v2.0/trunks/eaaab40a-445c-4599-a12c-6cb94bcdd9cb', u'date': 'Thu, 23 Aug 2018 10:45:41 GMT', u'content-type': 'application/json', u'connection': 'close', u'x-openstack-request-id': 'req-6dc16985-97fd-4c70-b083-b5f64d97f41a'} Body: {"NeutronError": {"message": "Trunk eaaab40a-445c-4599-a12c-6cb94bcdd9cb could not be found.", "type": "TrunkNotFound", "detail": ""}} _log_request_full /root/.rally/verification/verifier-2d17f7ea-c249-4cc1-b13e-e2775902037b/repo/tempest/lib/common/rest_client.py:434
2018-08-23 10:45:41.187 11505 INFO tempest.lib.common.rest_client [req-a0ed1ac6-5ce4-4fda-813b-fe0e76b2f412 ] Request (TrunkTestJSON:_run_cleanups): 404 DELETE http://172.30.9.21:9696/v2.0/trunks/a4eaa25e-cdce-4183-b016-0db68077fb05 0.018s
2018-08-23 10:45:41.188 11505 DEBUG tempest.lib.common.rest_client [req-a0ed1ac6-5ce4-4fda-813b-fe0e76b2f412 ] Request - Headers: {'Content-Type': 'application/json', 'Accept': 'application/json', 'X-Auth-Token': ''} Body: None Response - Headers: {'status': '404', u'content-length': '134', 'content-location': 'http://172.30.9.21:9696/v2.0/trunks/a4eaa25e-cdce-4183-b016-0db68077fb05', u'date': 'Thu, 23 Aug 2018 10:45:41 GMT', u'content-type': 'application/json', u'connection': 'close', u'x-openstack-request-id': 'req-a0ed1ac6-5ce4-4fda-813b-fe0e76b2f412'} Body: {"NeutronError": {"message": "Trunk a4eaa25e-cdce-4183-b016-0db68077fb05 could not be found.", "type": "TrunkNotFound", "detail": ""}} _log_request_full /root/.rally/verification/verifier-2d17f7ea-c249-4cc1-b13e-e2775902037b/repo/tempest/lib/common/rest_client.py:434
2018-08-23 10:45:41.218 11505 INFO tempest.lib.common.rest_client [req-5126c9af-c127-45b4-9858-3f6ac233f01f ] Request (TrunkTestJSON:_run_cleanups): 404 GET http://172.30.9.21:9696/v2.0/trunks/7014d763-b80d-4338-9fa9-dd4cd0b6aa02/get_subports 0.029s
2018-08-23 10:45:41.218 11505 DEBUG tempest.lib.common.rest_client [req-5126c9af-c127-45b4-9858-3f6ac233f01f ] Request - Headers: {'Content-Type': 'application/json', 'Accept': 'application/json', 'X-Auth-Token': ''} Body: None Response - Headers: {'status': '404', u'content-length': '134', 'content-location': 'http://172.30.9.21:9696/v2.0/trunks/7014d763-b80d-4338-9fa9-dd4cd0b6aa02/get_subports', u'date': 'Thu, 23 Aug 2018 10:45:41 GMT', u'content-type': 'application/json', u'connection': 'close', u'x-openstack-request-id': 'req-5126c9af-c127-45b4-9858-3f6ac233f01f'} Body: {"NeutronError": {"message": "Trunk 7014d763-b80d-4338-9fa9-dd4cd0b6aa02 could not be found.", "type": "TrunkNotFound", "detail": ""}} _log_request_full /root/.rally/verification/verifier-2d17f7ea-c249-4cc1-b13e-e2775902037b/repo/tempest/lib/common/rest_client.py:434
2018-08-23 10:45:41.221 11499 INFO tempest.lib.common.rest_client [req-19e7f119-a70a-4808-84ff-ca2c871e31ca ] Request (TrunkTest:_run_cleanups): 200 GET http://172.30.9.21:8774/v2.1/servers/3a9a49b6-58a1-4e90-8ba9-ba5ea08255c3 0.358s
2018-08-23 10:45:41.221 11499 DEBUG tempest.lib.common.rest_client [req-19e7f119-a70a-4808-84ff-ca2c871e31ca ] Request - Headers: {'Content-Type': 'application/json', 'Accept': 'application/json', 'X-Auth-Token': ''} Body: None Response - Headers: {'status': '200', u'content-length': '1361', 'content-location': 'http://172.30.9.21:8774/v2.1/servers/3a9a49b6-58a1-4e90-8ba9-ba5ea08255c3', u'x-compute-request-id': 'req-19e7f119-a70a-4808-84ff-ca2c871e31ca', u'vary': 'OpenStack-API-Version,X-OpenStack-Nova-API-Version,Accept-Encoding', u'server': 'Apache', u'openstack-api-version': 'compute 2.1', u'connection': 'close', u'x-openstack-nova-api-version': '2.1', u'date': 'Thu, 23 Aug 2018 10:45:40 GMT', u'content-type': 'application/json', u'x-openstack-request-id': 'req-19e7f119-a70a-4808-84ff-ca2c871e31ca'} Body: {"server": {"OS-EXT-STS:task_state": "deleting", "addresses": {}, "links": [{"href": "http://172.30.9.21:8774/v2.1/servers/3a9a49b6-58a1-4e90-8ba9-ba5ea08255c3", "rel": "self"}, {"href": "http://172.30.9.21:8774/servers/3a9a49b6-58a1-4e90-8ba9-ba5ea08255c3", "rel": "bookmark"}], "image": {"id": "75f59691-4831-4d99-a1ab-81d0d78c6653", "links": [{"href": "http://172.30.9.21:8774/images/75f59691-4831-4d99-a1ab-81d0d78c6653", "rel": "bookmark"}]}, "OS-EXT-STS:vm_state": "active", "OS-SRV-USG:launched_at": "2018-08-23T10:45:08.000000", "flavor": {"id": "56b7089a-9259-47e5-a8eb-10c6ed40c45f", "links": [{"href": "http://172.30.9.21:8774/flavors/56b7089a-9259-47e5-a8eb-10c6ed40c45f", "rel": "bookmark"}]}, "id": "3a9a49b6-58a1-4e90-8ba9-ba5ea08255c3", "user_id": "3cadd40d97364b188842284838837ed0", "OS-DCF:diskConfig": "MANUAL", "accessIPv4": "", "accessIPv6": "", "progress": 0, "OS-EXT-STS:power_state": 1, "OS-EXT-AZ:availability_zone": "nova", "config_drive": "", "status": "ACTIVE", "updated": "2018-08-23T10:45:40Z", "hostId": "5998854bb54dff2844ccbc6de9936bd0f9a235ff3236e009dcdeeae2", "OS-SRV-USG:terminated_at": null, "key_name": "tempest-keypair-test-176482024", "name": "tempest-server-test-1532306009", "created": "2018-08-23T10:44:58Z", "tenant_id": "b500f4f3bb504f0ebfaf96713e2cf9fc", "os-extended-volumes:volumes_attached": [], "metadata": {}}} _log_request_full /root/.rally/verification/verifier-2d17f7ea-c249-4cc1-b13e-e2775902037b/repo/tempest/lib/common/rest_client.py:434
2018-08-23 10:45:41.231 11497 INFO tempest.lib.common.rest_client [req-094b5d96-daac-453d-9a0c-315773bb52bc ] Request (TrunkTestJSON:_run_cleanups): 200 GET http://172.30.9.21:9696/v2.0/trunks/3d2aeab3-d834-4545-a3a4-a27003999c45/get_subports 0.046s
2018-08-23 10:45:41.231 11497 DEBUG tempest.lib.common.rest_client [req-094b5d96-daac-453d-9a0c-315773bb52bc ] Request - Headers: {'Content-Type': 'application/json', 'Accept': 'application/json', 'X-Auth-Token': ''} Body: None Response - Headers: {'status': '200', u'content-length': '119', 'content-location': 'http://172.30.9.21:9696/v2.0/trunks/3d2aeab3-d834-4545-a3a4-a27003999c45/get_subports', u'date': 'Thu, 23 Aug 2018 10:45:41 GMT', u'content-type': 'application/json', u'connection': 'close', u'x-openstack-request-id': 'req-094b5d96-daac-453d-9a0c-315773bb52bc'} Body: {"sub_ports": [{"segmentation_type": "vlan", "port_id": "f3e76f13-4045-4ef3-a8d8-5cce24377a4c", "segmentation_id": 4}]} _log_request_full /root/.rally/verification/verifier-2d17f7ea-c249-4cc1-b13e-e2775902037b/repo/tempest/lib/common/rest_client.py:434
2018-08-23 10:45:41.236 11505 INFO tempest.lib.common.rest_client [req-d90583df-3db4-435b-a28c-f628b8817b8b ] Request (TrunkTestJSON:_run_cleanups): 404 DELETE http://172.30.9.21:9696/v2.0/trunks/7014d763-b80d-4338-9fa9-dd4cd0b6aa02 0.017s
2018-08-23 10:45:41.236 11505 DEBUG tempest.lib.common.rest_client [req-d90583df-3db4-435b-a28c-f628b8817b8b ] Request - Headers: {'Content-Type': 'application/json', 'Accept': 'application/json', 'X-Auth-Token': ''} Body: None Response - Headers: {'status': '404', u'content-length': '134', 'content-location': 'http://172.30.9.21:9696/v2.0/trunks/7014d763-b80d-4338-9fa9-dd4cd0b6aa02', u'date': 'Thu, 23 Aug 2018 10:45:41 GMT', u'content-type': 'application/json', u'connection': 'close', u'x-openstack-request-id': 'req-d90583df-3db4-435b-a28c-f628b8817b8b'} Body: {"NeutronError": {"message": "Trunk 7014d763-b80d-4338-9fa9-dd4cd0b6aa02 could not be found.", "type": "TrunkNotFound", "detail": ""}} _log_request_full /root/.rally/verification/verifier-2d17f7ea-c249-4cc1-b13e-e2775902037b/repo/tempest/lib/common/rest_client.py:434
2018-08-23 10:45:41.252 11505 INFO tempest.lib.common.rest_client [req-9e55f058-2e1f-4704-a338-9be197db1a6c ] Request (TrunkTestJSON:_run_cleanups): 404 GET http://172.30.9.21:9696/v2.0/trunks/3d4cf763-d689-4126-8bcf-9e4793e6e3d3/get_subports 0.015s
2018-08-23 10:45:41.252 11505 DEBUG tempest.lib.common.rest_client [req-9e55f058-2e1f-4704-a338-9be197db1a6c ] Request - Headers: {'Content-Type': 'application/json', 'Accept': 'application/json', 'X-Auth-Token': ''} Body: None Response - Headers: {'status': '404', u'content-length': '134', 'content-location': 'http://172.30.9.21:9696/v2.0/trunks/3d4cf763-d689-4126-8bcf-9e4793e6e3d3/get_subports', u'date': 'Thu, 23 Aug 2018 10:45:41 GMT', u'content-type': 'application/json', u'connection': 'close', u'x-openstack-request-id': 'req-9e55f058-2e1f-4704-a338-9be197db1a6c'} Body: {"NeutronError": {"message": "Trunk 3d4cf763-d689-4126-8bcf-9e4793e6e3d3 could not be found.", "type": "TrunkNotFound", "detail": ""}} _log_request_full /root/.rally/verification/verifier-2d17f7ea-c249-4cc1-b13e-e2775902037b/repo/tempest/lib/common/rest_client.py:434
2018-08-23 10:45:41.266 11505 INFO tempest.lib.common.rest_client [req-1a79cd16-1b24-4f50-93cf-d076f7c9c2de ] Request (TrunkTestJSON:_run_cleanups): 404 DELETE http://172.30.9.21:9696/v2.0/trunks/3d4cf763-d689-4126-8bcf-9e4793e6e3d3 0.013s
2018-08-23 10:45:41.266 11505 DEBUG tempest.lib.common.rest_client [req-1a79cd16-1b24-4f50-93cf-d076f7c9c2de ] Request - Headers: {'Content-Type': 'application/json', 'Accept': 'application/json', 'X-Auth-Token': ''} Body: None Response - Headers: {'status': '404', u'content-length': '134', 'content-location': 'http://172.30.9.21:9696/v2.0/trunks/3d4cf763-d689-4126-8bcf-9e4793e6e3d3', u'date': 'Thu, 23 Aug 2018 10:45:41 GMT', u'content-type': 'application/json', u'connection': 'close', u'x-openstack-request-id': 'req-1a79cd16-1b24-4f50-93cf-d076f7c9c2de'} Body: {"NeutronError": {"message": "Trunk 3d4cf763-d689-4126-8bcf-9e4793e6e3d3 could not be found.", "type": "TrunkNotFound", "detail": ""}} _log_request_full /root/.rally/verification/verifier-2d17f7ea-c249-4cc1-b13e-e2775902037b/repo/tempest/lib/common/rest_client.py:434
2018-08-23 10:45:41.278 11505 INFO tempest.lib.common.rest_client [req-ddb8c41e-b094-4c9b-92f4-9cfc3b1e2697 ] Request (TrunkTestJSON:_run_cleanups): 404 GET http://172.30.9.21:9696/v2.0/trunks/3e1b4f15-cb1f-4cc1-b69b-c3d87fdd8cf3/get_subports 0.011s
2018-08-23 10:45:41.279 11505 DEBUG tempest.lib.common.rest_client [req-ddb8c41e-b094-4c9b-92f4-9cfc3b1e2697 ] Request - Headers: {'Content-Type': 'application/json', 'Accept': 'application/json', 'X-Auth-Token': ''} Body: None Response - Headers: {'status': '404', u'content-length': '134', 'content-location': 'http://172.30.9.21:9696/v2.0/trunks/3e1b4f15-cb1f-4cc1-b69b-c3d87fdd8cf3/get_subports', u'date': 'Thu, 23 Aug 2018 10:45:41 GMT', u'content-type': 'application/json', u'connection': 'close', u'x-openstack-request-id': 'req-ddb8c41e-b094-4c9b-92f4-9cfc3b1e2697'} Body: {"NeutronError": {"message": "Trunk 3e1b4f15-cb1f-4cc1-b69b-c3d87fdd8cf3 could not be found.", "type": "TrunkNotFound", "detail": ""}} _log_request_full /root/.rally/verification/verifier-2d17f7ea-c249-4cc1-b13e-e2775902037b/repo/tempest/lib/common/rest_client.py:434
2018-08-23 10:45:41.293 11505 INFO tempest.lib.common.rest_client [req-be924e2e-d512-48af-964a-abfe95c7a00e ] Request (TrunkTestJSON:_run_cleanups): 404 DELETE http://172.30.9.21:9696/v2.0/trunks/3e1b4f15-cb1f-4cc1-b69b-c3d87fdd8cf3 0.013s
2018-08-23 10:45:41.293 11505 DEBUG tempest.lib.common.rest_client [req-be924e2e-d512-48af-964a-abfe95c7a00e ] Request - Headers: {'Content-Type': 'application/json', 'Accept': 'application/json', 'X-Auth-Token': ''} Body: None Response - Headers: {'status': '404', u'content-length': '134', 'content-location': 'http://172.30.9.21:9696/v2.0/trunks/3e1b4f15-cb1f-4cc1-b69b-c3d87fdd8cf3', u'date': 'Thu, 23 Aug 2018 10:45:41 GMT', u'content-type': 'application/json', u'connection': 'close', u'x-openstack-request-id': 'req-be924e2e-d512-48af-964a-abfe95c7a00e'} Body: {"NeutronError": {"message": "Trunk 3e1b4f15-cb1f-4cc1-b69b-c3d87fdd8cf3 could not be found.", "type": "TrunkNotFound", "detail": ""}} _log_request_full /root/.rally/verification/verifier-2d17f7ea-c249-4cc1-b13e-e2775902037b/repo/tempest/lib/common/rest_client.py:434
2018-08-23 10:45:41.306 11505 INFO tempest.lib.common.rest_client [req-291c1f6d-efe1-4cd5-bdd7-4da4165bdee6 ] Request (TrunkTestJSON:_run_cleanups): 404 GET http://172.30.9.21:9696/v2.0/trunks/9003796a-2f93-4277-bdeb-d18c664a19db/get_subports 0.012s
2018-08-23 10:45:41.306 11505 DEBUG tempest.lib.common.rest_client [req-291c1f6d-efe1-4cd5-bdd7-4da4165bdee6 ] Request - Headers: {'Content-Type': 'application/json', 'Accept': 'application/json', 'X-Auth-Token': ''} Body: None Response - Headers: {'status': '404', u'content-length': '134', 'content-location': 'http://172.30.9.21:9696/v2.0/trunks/9003796a-2f93-4277-bdeb-d18c664a19db/get_subports', u'date': 'Thu, 23 Aug 2018 10:45:41 GMT', u'content-type': 'application/json', u'connection': 'close', u'x-openstack-request-id': 'req-291c1f6d-efe1-4cd5-bdd7-4da4165bdee6'} Body: {"NeutronError": {"message": "Trunk 9003796a-2f93-4277-bdeb-d18c664a19db could not be found.", "type": "TrunkNotFound", "detail": ""}} _log_request_full /root/.rally/verification/verifier-2d17f7ea-c249-4cc1-b13e-e2775902037b/repo/tempest/lib/common/rest_client.py:434
2018-08-23 10:45:41.321 11505 INFO tempest.lib.common.rest_client [req-f2962778-14a4-40ad-a9a6-463c98933fe4 ] Request (TrunkTestJSON:_run_cleanups): 404 DELETE http://172.30.9.21:9696/v2.0/trunks/9003796a-2f93-4277-bdeb-d18c664a19db 0.015s
2018-08-23 10:45:41.322 11505 DEBUG tempest.lib.common.rest_client [req-f2962778-14a4-40ad-a9a6-463c98933fe4 ] Request - Headers: {'Content-Type': 'application/json', 'Accept': 'application/json', 'X-Auth-Token': ''} Body: None Response - Headers: {'status': '404', u'content-length': '134', 'content-location': 'http://172.30.9.21:9696/v2.0/trunks/9003796a-2f93-4277-bdeb-d18c664a19db', u'date': 'Thu, 23 Aug 2018 10:45:41 GMT', u'content-type': 'application/json', u'connection': 'close', u'x-openstack-request-id': 'req-f2962778-14a4-40ad-a9a6-463c98933fe4'} Body: {"NeutronError": {"message": "Trunk 9003796a-2f93-4277-bdeb-d18c664a19db could not be found.", "type": "TrunkNotFound", "detail": ""}} _log_request_full /root/.rally/verification/verifier-2d17f7ea-c249-4cc1-b13e-e2775902037b/repo/tempest/lib/common/rest_client.py:434
2018-08-23 10:45:41.335 11505 INFO tempest.lib.common.rest_client [req-d8d31837-2257-4959-abf4-9437d265df8b ] Request (TrunkTestJSON:_run_cleanups): 404 GET http://172.30.9.21:9696/v2.0/trunks/27c38289-50b6-4183-bd35-34a9ddcf8811 0.013s
2018-08-23 10:45:41.335 11505 DEBUG tempest.lib.common.rest_client [req-d8d31837-2257-4959-abf4-9437d265df8b ] Request - Headers: {'Content-Type': 'application/json', 'Accept': 'application/json', 'X-Auth-Token': ''} Body: None Response - Headers: {'status': '404', u'content-length': '134', 'content-location': 'http://172.30.9.21:9696/v2.0/trunks/27c38289-50b6-4183-bd35-34a9ddcf8811', u'date': 'Thu, 23 Aug 2018 10:45:41 GMT', u'content-type': 'application/json', u'connection': 'close', u'x-openstack-request-id': 'req-d8d31837-2257-4959-abf4-9437d265df8b'} Body: {"NeutronError": {"message": "Trunk 27c38289-50b6-4183-bd35-34a9ddcf8811 could not be found.", "type": "TrunkNotFound", "detail": ""}} _log_request_full /root/.rally/verification/verifier-2d17f7ea-c249-4cc1-b13e-e2775902037b/repo/tempest/lib/common/rest_client.py:434
2018-08-23 10:45:41.349 11505 INFO tempest.lib.common.rest_client [req-2237ce74-46d5-4fb5-b9d3-6afe883ee0e6 ] Request (TrunkTestJSON:_run_cleanups): 404 GET http://172.30.9.21:9696/v2.0/trunks/2d71804a-82eb-45c0-90ed-24c7f97756e5 0.013s
2018-08-23 10:45:41.349 11505 DEBUG tempest.lib.common.rest_client [req-2237ce74-46d5-4fb5-b9d3-6afe883ee0e6 ] Request - Headers: {'Content-Type': 'application/json', 'Accept': 'application/json', 'X-Auth-Token': ''} Body: None Response - Headers: {'status': '404', u'content-length': '134', 'content-location': 'http://172.30.9.21:9696/v2.0/trunks/2d71804a-82eb-45c0-90ed-24c7f97756e5', u'date': 'Thu, 23 Aug 2018 10:45:41 GMT', u'content-type': 'application/json', u'connection': 'close', u'x-openstack-request-id': 'req-2237ce74-46d5-4fb5-b9d3-6afe883ee0e6'} Body: {"NeutronError": {"message": "Trunk 2d71804a-82eb-45c0-90ed-24c7f97756e5 could not be found.", "type": "TrunkNotFound", "detail": ""}} _log_request_full /root/.rally/verification/verifier-2d17f7ea-c249-4cc1-b13e-e2775902037b/repo/tempest/lib/common/rest_client.py:434
2018-08-23 10:45:41.363 11505 INFO tempest.lib.common.rest_client [req-48ae9412-7407-4ad6-8e41-1884f3a65329 ] Request (TrunkTestJSON:_run_cleanups): 404 GET http://172.30.9.21:9696/v2.0/trunks/a4eaa25e-cdce-4183-b016-0db68077fb05 0.014s
2018-08-23 10:45:41.363 11505 DEBUG tempest.lib.common.rest_client [req-48ae9412-7407-4ad6-8e41-1884f3a65329 ] Request - Headers: {'Content-Type': 'application/json', 'Accept': 'application/json', 'X-Auth-Token': ''} Body: None Response - Headers: {'status': '404', u'content-length': '134', 'content-location': 'http://172.30.9.21:9696/v2.0/trunks/a4eaa25e-cdce-4183-b016-0db68077fb05', u'date': 'Thu, 23 Aug 2018 10:45:41 GMT', u'content-type': 'application/json', u'connection': 'close', u'x-openstack-request-id': 'req-48ae9412-7407-4ad6-8e41-1884f3a65329'} Body: {"NeutronError": {"message": "Trunk a4eaa25e-cdce-4183-b016-0db68077fb05 could not be found.", "type": "TrunkNotFound", "detail": ""}} _log_request_full /root/.rally/verification/verifier-2d17f7ea-c249-4cc1-b13e-e2775902037b/repo/tempest/lib/common/rest_client.py:434
2018-08-23 10:45:41.370 11497 INFO tempest.lib.common.rest_client [req-e57d7f26-2904-42ed-9d9d-ede8bb57e7e7 ] Request (TrunkTestJSON:_run_cleanups): 200 PUT http://172.30.9.21:9696/v2.0/trunks/3d2aeab3-d834-4545-a3a4-a27003999c45/remove_subports 0.137s
2018-08-23 10:45:41.370 11497 DEBUG tempest.lib.common.rest_client [req-e57d7f26-2904-42ed-9d9d-ede8bb57e7e7 ] Request - Headers: {'Content-Type': 'application/json', 'Accept': 'application/json', 'X-Auth-Token': ''} Body: {"sub_ports": [{"port_id": "f3e76f13-4045-4ef3-a8d8-5cce24377a4c", "segmentation_type": "vlan", "segmentation_id": 4}]} Response - Headers: {'status': '200', u'content-length': '398', 'content-location': 'http://172.30.9.21:9696/v2.0/trunks/3d2aeab3-d834-4545-a3a4-a27003999c45/remove_subports', u'date': 'Thu, 23 Aug 2018 10:45:41 GMT', u'content-type': 'application/json', u'connection': 'close', u'x-openstack-request-id': 'req-e57d7f26-2904-42ed-9d9d-ede8bb57e7e7'} Body: {"status": "ACTIVE", "sub_ports": [], "name": "", "admin_state_up": true, "tenant_id": "31fa5fa7de0a48beb490ee69bc706cf5", "created_at": "2018-08-23T10:45:40Z", "tags": [], "updated_at": "2018-08-23T10:45:41Z", "revision_number": 7, "project_id": "31fa5fa7de0a48beb490ee69bc706cf5", "port_id": "ce508d5e-70db-4c2d-b8b6-2d913f7587a6", "id": "3d2aeab3-d834-4545-a3a4-a27003999c45", "description": ""} _log_request_full /root/.rally/verification/verifier-2d17f7ea-c249-4cc1-b13e-e2775902037b/repo/tempest/lib/common/rest_client.py:434
2018-08-23 10:45:41.382 11505 INFO tempest.lib.common.rest_client [req-89332edd-eafe-4144-b22c-253f37555701 ] Request (TrunkTestJSON:_run_cleanups): 404 GET http://172.30.9.21:9696/v2.0/trunks/7014d763-b80d-4338-9fa9-dd4cd0b6aa02 0.018s
2018-08-23 10:45:41.382 11505 DEBUG tempest.lib.common.rest_client [req-89332edd-eafe-4144-b22c-253f37555701 ] Request - Headers: {'Content-Type': 'application/json', 'Accept': 'application/json', 'X-Auth-Token': ''} Body: None Response - Headers: {'status': '404', u'content-length': '134', 'content-location': 'http://172.30.9.21:9696/v2.0/trunks/7014d763-b80d-4338-9fa9-dd4cd0b6aa02', u'date': 'Thu, 23 Aug 2018 10:45:41 GMT', u'content-type': 'application/json', u'connection': 'close', u'x-openstack-request-id': 'req-89332edd-eafe-4144-b22c-253f37555701'} Body: {"NeutronError": {"message": "Trunk 7014d763-b80d-4338-9fa9-dd4cd0b6aa02 could not be found.", "type": "TrunkNotFound", "detail": ""}} _log_request_full /root/.rally/verification/verifier-2d17f7ea-c249-4cc1-b13e-e2775902037b/repo/tempest/lib/common/rest_client.py:434
2018-08-23 10:45:41.399 11505 INFO tempest.lib.common.rest_client [req-b98f55ca-1490-4aee-8925-873c840acb20 ] Request (TrunkTestJSON:_run_cleanups): 404 GET http://172.30.9.21:9696/v2.0/trunks/3d4cf763-d689-4126-8bcf-9e4793e6e3d3 0.016s
2018-08-23 10:45:41.399 11505 DEBUG tempest.lib.common.rest_client [req-b98f55ca-1490-4aee-8925-873c840acb20 ] Request - Headers: {'Content-Type': 'application/json', 'Accept': 'application/json', 'X-Auth-Token': ''} Body: None Response - Headers: {'status': '404', u'content-length': '134', 'content-location': 'http://172.30.9.21:9696/v2.0/trunks/3d4cf763-d689-4126-8bcf-9e4793e6e3d3', u'date': 'Thu, 23 Aug 2018 10:45:41 GMT', u'content-type': 'application/json', u'connection': 'close', u'x-openstack-request-id': 'req-b98f55ca-1490-4aee-8925-873c840acb20'} Body: {"NeutronError": {"message": "Trunk 3d4cf763-d689-4126-8bcf-9e4793e6e3d3 could not be found.", "type": "TrunkNotFound", "detail": ""}} _log_request_full /root/.rally/verification/verifier-2d17f7ea-c249-4cc1-b13e-e2775902037b/repo/tempest/lib/common/rest_client.py:434
2018-08-23 10:45:41.418 11505 INFO tempest.lib.common.rest_client [req-7d86dade-a5fe-4dde-8371-d4c0061da96a ] Request (TrunkTestJSON:_run_cleanups): 404 GET http://172.30.9.21:9696/v2.0/trunks/3e1b4f15-cb1f-4cc1-b69b-c3d87fdd8cf3 0.018s
2018-08-23 10:45:41.418 11505 DEBUG tempest.lib.common.rest_client [req-7d86dade-a5fe-4dde-8371-d4c0061da96a ] Request - Headers: {'Content-Type': 'application/json', 'Accept': 'application/json', 'X-Auth-Token': ''} Body: None Response - Headers: {'status': '404', u'content-length': '134', 'content-location': 'http://172.30.9.21:9696/v2.0/trunks/3e1b4f15-cb1f-4cc1-b69b-c3d87fdd8cf3', u'date': 'Thu, 23 Aug 2018 10:45:41 GMT', u'content-type': 'application/json', u'connection': 'close', u'x-openstack-request-id': 'req-7d86dade-a5fe-4dde-8371-d4c0061da96a'} Body: {"NeutronError": {"message": "Trunk 3e1b4f15-cb1f-4cc1-b69b-c3d87fdd8cf3 could not be found.", "type": "TrunkNotFound", "detail": ""}} _log_request_full /root/.rally/verification/verifier-2d17f7ea-c249-4cc1-b13e-e2775902037b/repo/tempest/lib/common/rest_client.py:434
2018-08-23 10:45:41.434 11505 INFO tempest.lib.common.rest_client [req-fe2cd907-adfd-42e2-b45d-866ba1321811 ] Request (TrunkTestJSON:_run_cleanups): 404 GET http://172.30.9.21:9696/v2.0/trunks/9003796a-2f93-4277-bdeb-d18c664a19db 0.015s
2018-08-23 10:45:41.434 11505 DEBUG tempest.lib.common.rest_client [req-fe2cd907-adfd-42e2-b45d-866ba1321811 ] Request - Headers: {'Content-Type': 'application/json', 'Accept': 'application/json', 'X-Auth-Token': ''} Body: None Response - Headers: {'status': '404', u'content-length': '134', 'content-location': 'http://172.30.9.21:9696/v2.0/trunks/9003796a-2f93-4277-bdeb-d18c664a19db', u'date': 'Thu, 23 Aug 2018 10:45:41 GMT', u'content-type': 'application/json', u'connection': 'close', u'x-openstack-request-id': 'req-fe2cd907-adfd-42e2-b45d-866ba1321811'} Body: {"NeutronError": {"message": "Trunk 9003796a-2f93-4277-bdeb-d18c664a19db could not be found.", "type": "TrunkNotFound", "detail": ""}} _log_request_full /root/.rally/verification/verifier-2d17f7ea-c249-4cc1-b13e-e2775902037b/repo/tempest/lib/common/rest_client.py:434
2018-08-23 10:45:41.467 11505 INFO tempest.lib.common.rest_client [req-abb069f3-c354-4ad0-8b5b-eea63112c109 ] Request (TrunkTestJSON:_run_cleanups): 404 DELETE http://172.30.9.21:9696/v2.0/ports/4eaaffda-5e34-4129-815c-941569a01e21 0.032s
